52.230.152.81 - - [20/Jun/2024:09:10:54 +0800] "GET /news/pdf/2022110102142.pdf HTTP/1.0" 200 60501 "-" "Mozilla/5.0 AppleWebKit/537.36 (KHTML, like Gecko; compatible; GPTBot/1.0; +https://openai.com/gptbot)" 52.230.152.81
52.230.152.81 - - [20/Jun/2024:09:10:55 +0800] "GET /news/pdf/2021092901850.pdf HTTP/1.0" 200 831546 "-" "Mozilla/5.0 AppleWebKit/537.36 (KHTML, like Gecko; compatible; GPTBot/1.0; +https://openai.com/gptbot)" 52.230.152.81
52.230.152.81 - - [20/Jun/2024:09:10:52 +0800] "GET /news/pdf/2023102600272.pdf HTTP/1.0" 200 10660671 "-" "Mozilla/5.0 AppleWebKit/537.36 (KHTML, like Gecko; compatible; GPTBot/1.0; +https://openai.com/gptbot)" 52.230.152.81
52.230.152.81 - - [20/Jun/2024:09:10:57 +0800] "GET /news/2006/LTN20060331090.pdf HTTP/1.0" 200 41782 "-" "Mozilla/5.0 AppleWebKit/537.36 (KHTML, like Gecko; compatible; GPTBot/1.0; +https://openai.com/gptbot)" 52.230.152.81
52.230.152.81 - - [20/Jun/2024:09:11:00 +0800] "GET /news/2009/E-20090710-01.pdf HTTP/1.0" 200 159822 "-" "Mozilla/5.0 AppleWebKit/537.36 (KHTML, like Gecko; compatible; GPTBot/1.0; +https://openai.com/gptbot)" 52.230.152.81
52.230.152.81 - - [20/Jun/2024:09:11:04 +0800] "GET /news/2008/E-20080418-01.pdf HTTP/1.0" 200 83848 "-" "Mozilla/5.0 AppleWebKit/537.36 (KHTML, like Gecko; compatible; GPTBot/1.0; +https://openai.com/gptbot)" 52.230.152.81
52.230.152.81 - - [20/Jun/2024:09:11:07 +0800] "GET /news/2007/E-20071217-01.pdf HTTP/1.0" 200 214473 "-" "Mozilla/5.0 AppleWebKit/537.36 (KHTML, like Gecko; compatible; GPTBot/1.0; +https://openai.com/gptbot)" 52.230.152.81
52.230.152.81 - - [20/Jun/2024:09:11:10 +0800] "GET /news/pdf/2021080201273.pdf HTTP/1.0" 200 62050 "-" "Mozilla/5.0 AppleWebKit/537.36 (KHTML, like Gecko; compatible; GPTBot/1.0; +https://openai.com/gptbot)" 52.230.152.81
52.230.152.81 - - [20/Jun/2024:09:11:13 +0800] "GET /news/pdf/2021092801093.pdf HTTP/1.0" 200 457505 "-" "Mozilla/5.0 AppleWebKit/537.36 (KHTML, like Gecko; compatible; GPTBot/1.0; +https://openai.com/gptbot)" 52.230.152.81
52.230.152.81 - - [20/Jun/2024:09:11:16 +0800] "GET /news/2006/LTN20060327061.pdf HTTP/1.0" 200 113117 "-" "Mozilla/5.0 AppleWebKit/537.36 (KHTML, like Gecko; compatible; GPTBot/1.0; +https://openai.com/gptbot)" 52.230.152.81
52.230.152.241 - - [20/Jun/2024:09:11:18 +0800] "GET /news/pdf/2020120102167.pdf HTTP/1.0" 200 75940 "-" "Mozilla/5.0 AppleWebKit/537.36 (KHTML, like Gecko; compatible; GPTBot/1.0; +https://openai.com/gptbot)" 52.230.152.241
52.230.152.241 - - [20/Jun/2024:09:11:21 +0800] "GET /news/2004/8-12%20Annual%20Report%20.pdf HTTP/1.0" 200 31166 "-" "Mozilla/5.0 AppleWebKit/537.36 (KHTML, like Gecko; compatible; GPTBot/1.0; +https://openai.com/gptbot)" 52.230.152.241
52.230.152.241 - - [20/Jun/2024:09:11:23 +0800] "GET /news/2004/8-10%20Annual%20Report%20.pdf HTTP/1.0" 200 26416 "-" "Mozilla/5.0 AppleWebKit/537.36 (KHTML, like Gecko; compatible; GPTBot/1.0; +https://openai.com/gptbot)" 52.230.152.241
52.230.152.241 - - [20/Jun/2024:09:11:25 +0800] "GET /news/2005/2Joint%20Announcement%20&%20Resumption%20of%20HUA%20YI%20COPPER%20LTN20050705017.pdf HTTP/1.0" 200 82789 "-" "Mozilla/5.0 AppleWebKit/537.36 (KHTML, like Gecko; compatible; GPTBot/1.0; +https://openai.com/gptbot)" 52.230.152.241
52.230.152.241 - - [20/Jun/2024:09:11:26 +0800] "GET /news/2004/8-7%20Annual%20Report%20.pdf HTTP/1.0" 200 29532 "-" "Mozilla/5.0 AppleWebKit/537.36 (KHTML, like Gecko; compatible; GPTBot/1.0; +https://openai.com/gptbot)" 52.230.152.241
52.230.152.241 - - [20/Jun/2024:09:11:29 +0800] "GET /news/2009/E-20090709-01.pdf HTTP/1.0" 200 80211 "-" "Mozilla/5.0 AppleWebKit/537.36 (KHTML, like Gecko; compatible; GPTBot/1.0; +https://openai.com/gptbot)" 52.230.152.241
52.230.152.241 - - [20/Jun/2024:09:11:29 +0800] "GET /news/2008/E-20081216-01.pdf HTTP/1.0" 200 99775 "-" "Mozilla/5.0 AppleWebKit/537.36 (KHTML, like Gecko; compatible; GPTBot/1.0; +https://openai.com/gptbot)" 52.230.152.241
52.230.152.241 - - [20/Jun/2024:09:11:31 +0800] "GET /news/2008/E-20080331-02.pdf HTTP/1.0" 200 216943 "-" "Mozilla/5.0 AppleWebKit/537.36 (KHTML, like Gecko; compatible; GPTBot/1.0; +https://openai.com/gptbot)" 52.230.152.241
52.230.152.241 - - [20/Jun/2024:09:11:32 +0800] "GET /news/2004/8-1%20Annual%20Report%2020040730.pdf HTTP/1.0" 200 195753 "-" "Mozilla/5.0 AppleWebKit/537.36 (KHTML, like Gecko; compatible; GPTBot/1.0; +https://openai.com/gptbot)" 52.230.152.241
52.230.152.241 - - [20/Jun/2024:09:11:34 +0800] "GET /news/pdf/2021070201980.pdf HTTP/1.0" 200 58141 "-" "Mozilla/5.0 AppleWebKit/537.36 (KHTML, like Gecko; compatible; GPTBot/1.0; +https://openai.com/gptbot)" 52.230.152.241
69.191.249.211 - - [20/Jun/2024:09:11:35 +0800] "GET /tc/annual_interim.php HTTP/1.0" 200 28903 "-" "BLP_bbot/0.1" 69.191.249.211
52.230.152.241 - - [20/Jun/2024:09:11:36 +0800] "GET /news/2009/E-20090603-01.pdf HTTP/1.0" 200 109873 "-" "Mozilla/5.0 AppleWebKit/537.36 (KHTML, like Gecko; compatible; GPTBot/1.0; +https://openai.com/gptbot)" 52.230.152.241
69.191.249.201 - - [20/Jun/2024:09:11:37 +0800] "GET /annual_interim.php HTTP/1.0" 200 29165 "-" "BLP_bbot/0.1" 69.191.249.201
52.230.152.241 - - [20/Jun/2024:09:11:38 +0800] "GET /news/2004/LTN20040802196.pdf HTTP/1.0" 200 94648 "-" "Mozilla/5.0 AppleWebKit/537.36 (KHTML, like Gecko; compatible; GPTBot/1.0; +https://openai.com/gptbot)" 52.230.152.241
52.230.152.241 - - [20/Jun/2024:09:11:39 +0800] "GET /news/2004/LTN20040614060.pdf HTTP/1.0" 200 158561 "-" "Mozilla/5.0 AppleWebKit/537.36 (KHTML, like Gecko; compatible; GPTBot/1.0; +https://openai.com/gptbot)" 52.230.152.241
52.230.152.241 - - [20/Jun/2024:09:11:41 +0800] "GET /news/pdf/2021092701045.pdf HTTP/1.0" 200 466916 "-" "Mozilla/5.0 AppleWebKit/537.36 (KHTML, like Gecko; compatible; GPTBot/1.0; +https://openai.com/gptbot)" 52.230.152.241
52.230.152.241 - - [20/Jun/2024:09:11:42 +0800] "GET /news/2007/E-20071127-01.pdf HTTP/1.0" 200 213450 "-" "Mozilla/5.0 AppleWebKit/537.36 (KHTML, like Gecko; compatible; GPTBot/1.0; +https://openai.com/gptbot)" 52.230.152.241
52.230.152.241 - - [20/Jun/2024:09:11:44 +0800] "GET /news/2004/6Joint%20Announcement%2020040812002.pdf HTTP/1.0" 200 55416 "-" "Mozilla/5.0 AppleWebKit/537.36 (KHTML, like Gecko; compatible; GPTBot/1.0; +https://openai.com/gptbot)" 52.230.152.241
52.230.152.241 - - [20/Jun/2024:09:11:45 +0800] "GET /news/pdf/2021022500636.pdf HTTP/1.0" 200 463566 "-" "Mozilla/5.0 AppleWebKit/537.36 (KHTML, like Gecko; compatible; GPTBot/1.0; +https://openai.com/gptbot)" 52.230.152.241
52.230.152.241 - - [20/Jun/2024:09:11:47 +0800] "GET /news/pdf/2020112600362.pdf HTTP/1.0" 200 461117 "-" "Mozilla/5.0 AppleWebKit/537.36 (KHTML, like Gecko; compatible; GPTBot/1.0; +https://openai.com/gptbot)" 52.230.152.241
52.230.152.241 - - [20/Jun/2024:09:11:48 +0800] "GET /news/pdf/2020092901670.pdf HTTP/1.0" 200 808109 "-" "Mozilla/5.0 AppleWebKit/537.36 (KHTML, like Gecko; compatible; GPTBot/1.0; +https://openai.com/gptbot)" 52.230.152.241
52.230.152.241 - - [20/Jun/2024:09:11:50 +0800] "GET /news/2004/8-6%20Annual%20Report%20.pdf HTTP/1.0" 200 33604 "-" "Mozilla/5.0 AppleWebKit/537.36 (KHTML, like Gecko; compatible; GPTBot/1.0; +https://openai.com/gptbot)" 52.230.152.241
52.230.152.241 - - [20/Jun/2024:09:11:51 +0800] "GET /news/2004/EWF101AR2004.pdf HTTP/1.0" 200 658554 "-" "Mozilla/5.0 AppleWebKit/537.36 (KHTML, like Gecko; compatible; GPTBot/1.0; +https://openai.com/gptbot)" 52.230.152.241
52.230.152.241 - - [20/Jun/2024:09:11:53 +0800] "GET /news/2008/E-20080331-01.pdf HTTP/1.0" 200 272602 "-" "Mozilla/5.0 AppleWebKit/537.36 (KHTML, like Gecko; compatible; GPTBot/1.0; +https://openai.com/gptbot)" 52.230.152.241
52.230.152.241 - - [20/Jun/2024:09:11:54 +0800] "GET /news/2004/5Change%20of%20financial%20year%20end%20date20040823026.pdf HTTP/1.0" 200 33040 "-" "Mozilla/5.0 AppleWebKit/537.36 (KHTML, like Gecko; compatible; GPTBot/1.0; +https://openai.com/gptbot)" 52.230.152.241
52.230.152.241 - - [20/Jun/2024:09:11:56 +0800] "GET /news/pdf/2021091000571.pdf HTTP/1.0" 200 18744 "-" "Mozilla/5.0 AppleWebKit/537.36 (KHTML, like Gecko; compatible; GPTBot/1.0; +https://openai.com/gptbot)" 52.230.152.241
52.230.152.241 - - [20/Jun/2024:09:11:57 +0800] "GET /news/2007/E-20071123-01.pdf HTTP/1.0" 200 179411 "-" "Mozilla/5.0 AppleWebKit/537.36 (KHTML, like Gecko; compatible; GPTBot/1.0; +https://openai.com/gptbot)" 52.230.152.241
52.230.152.241 - - [20/Jun/2024:09:11:59 +0800] "GET /news/2007/LTN20070706079.pdf HTTP/1.0" 200 63718 "-" "Mozilla/5.0 AppleWebKit/537.36 (KHTML, like Gecko; compatible; GPTBot/1.0; +https://openai.com/gptbot)" 52.230.152.241
52.230.152.241 - - [20/Jun/2024:09:12:01 +0800] "GET /news/2004/4Announcement%2020041015105.pdf HTTP/1.0" 200 36243 "-" "Mozilla/5.0 AppleWebKit/537.36 (KHTML, like Gecko; compatible; GPTBot/1.0; +https://openai.com/gptbot)" 52.230.152.241
52.230.152.241 - - [20/Jun/2024:09:12:03 +0800] "GET /news/pdf/2020110202488.pdf HTTP/1.0" 200 70001 "-" "Mozilla/5.0 AppleWebKit/537.36 (KHTML, like Gecko; compatible; GPTBot/1.0; +https://openai.com/gptbot)" 52.230.152.241
52.230.152.241 - - [20/Jun/2024:09:12:04 +0800] "GET /news/2004/9Results%20Announcement20040723147.pdf HTTP/1.0" 200 65197 "-" "Mozilla/5.0 AppleWebKit/537.36 (KHTML, like Gecko; compatible; GPTBot/1.0; +https://openai.com/gptbot)" 52.230.152.241
52.230.152.241 - - [20/Jun/2024:09:12:05 +0800] "GET /news/pdf/2021060102170.pdf HTTP/1.0" 200 58788 "-" "Mozilla/5.0 AppleWebKit/537.36 (KHTML, like Gecko; compatible; GPTBot/1.0; +https://openai.com/gptbot)" 52.230.152.241
52.230.152.241 - - [20/Jun/2024:09:12:06 +0800] "GET /news/2004/8-5%20Annual%20Report%20.pdf HTTP/1.0" 200 28491 "-" "Mozilla/5.0 AppleWebKit/537.36 (KHTML, like Gecko; compatible; GPTBot/1.0; +https://openai.com/gptbot)" 52.230.152.241
52.230.152.241 - - [20/Jun/2024:09:12:08 +0800] "GET /news/2008/E-20080324-01.pdf HTTP/1.0" 200 256607 "-" "Mozilla/5.0 AppleWebKit/537.36 (KHTML, like Gecko; compatible; GPTBot/1.0; +https://openai.com/gptbot)" 52.230.152.241
52.230.152.241 - - [20/Jun/2024:09:12:09 +0800] "GET /news/2004/8-4%20Annual%20Report%20.pdf HTTP/1.0" 200 41232 "-" "Mozilla/5.0 AppleWebKit/537.36 (KHTML, like Gecko; compatible; GPTBot/1.0; +https://openai.com/gptbot)" 52.230.152.241
52.230.152.241 - - [20/Jun/2024:09:12:11 +0800] "GET /news/pdf/2021020101369.pdf HTTP/1.0" 200 58777 "-" "Mozilla/5.0 AppleWebKit/537.36 (KHTML, like Gecko; compatible; GPTBot/1.0; +https://openai.com/gptbot)" 52.230.152.241
52.230.152.241 - - [20/Jun/2024:09:12:12 +0800] "GET /news/2007/LTN20070608110.pdf HTTP/1.0" 200 151389 "-" "Mozilla/5.0 AppleWebKit/537.36 (KHTML, like Gecko; compatible; GPTBot/1.0; +https://openai.com/gptbot)" 52.230.152.241
52.230.152.241 - - [20/Jun/2024:09:12:14 +0800] "GET /news/2008/E-20081210-01.pdf HTTP/1.0" 200 440835 "-" "Mozilla/5.0 AppleWebKit/537.36 (KHTML, like Gecko; compatible; GPTBot/1.0; +https://openai.com/gptbot)" 52.230.152.241
52.230.152.241 - - [20/Jun/2024:09:12:15 +0800] "GET /news/2009/E-20090702-01.pdf HTTP/1.0" 200 112113 "-" "Mozilla/5.0 AppleWebKit/537.36 (KHTML, like Gecko; compatible; GPTBot/1.0; +https://openai.com/gptbot)" 52.230.152.241
52.230.152.115 - - [20/Jun/2024:09:12:17 +0800] "GET /news/pdf/2021050301741.pdf HTTP/1.0" 200 58787 "-" "Mozilla/5.0 AppleWebKit/537.36 (KHTML, like Gecko; compatible; GPTBot/1.0; +https://openai.com/gptbot)" 52.230.152.115
52.230.152.115 - - [20/Jun/2024:09:12:18 +0800] "GET /news/2006/EWF101AR.pdf HTTP/1.0" 200 2209559 "-" "Mozilla/5.0 AppleWebKit/537.36 (KHTML, like Gecko; compatible; GPTBot/1.0; +https://openai.com/gptbot)" 52.230.152.115
52.230.152.115 - - [20/Jun/2024:09:12:20 +0800] "GET /news/2004/8-3%20Annual%20Report%20.pdf HTTP/1.0" 200 23685 "-" "Mozilla/5.0 AppleWebKit/537.36 (KHTML, like Gecko; compatible; GPTBot/1.0; +https://openai.com/gptbot)" 52.230.152.115
52.230.152.115 - - [20/Jun/2024:09:12:21 +0800] "GET /news/2004/3Announcement%2020041201131.pdf HTTP/1.0" 200 44837 "-" "Mozilla/5.0 AppleWebKit/537.36 (KHTML, like Gecko; compatible; GPTBot/1.0; +https://openai.com/gptbot)" 52.230.152.115
52.230.152.115 - - [20/Jun/2024:09:12:23 +0800] "GET /news/2008/E-20081028-01.pdf HTTP/1.0" 200 593834 "-" "Mozilla/5.0 AppleWebKit/537.36 (KHTML, like Gecko; compatible; GPTBot/1.0; +https://openai.com/gptbot)" 52.230.152.115
52.230.152.115 - - [20/Jun/2024:09:12:24 +0800] "GET /news/2008/E-20081028-04.pdf HTTP/1.0" 200 78241 "-" "Mozilla/5.0 AppleWebKit/537.36 (KHTML, like Gecko; compatible; GPTBot/1.0; +https://openai.com/gptbot)" 52.230.152.115
52.230.152.115 - - [20/Jun/2024:09:12:26 +0800] "GET /news/2007/E-20071030-04.pdf HTTP/1.0" 200 136849 "-" "Mozilla/5.0 AppleWebKit/537.36 (KHTML, like Gecko; compatible; GPTBot/1.0; +https://openai.com/gptbot)" 52.230.152.115
52.230.152.115 - - [20/Jun/2024:09:12:27 +0800] "GET /news/2004/2Results%20Announcement20041223141.pdf HTTP/1.0" 200 56566 "-" "Mozilla/5.0 AppleWebKit/537.36 (KHTML, like Gecko; compatible; GPTBot/1.0; +https://openai.com/gptbot)" 52.230.152.115
52.230.152.115 - - [20/Jun/2024:09:12:29 +0800] "GET /news/2004/8-9%20Annual%20Report%20.pdf HTTP/1.0" 200 30099 "-" "Mozilla/5.0 AppleWebKit/537.36 (KHTML, like Gecko; compatible; GPTBot/1.0; +https://openai.com/gptbot)" 52.230.152.115
52.230.152.115 - - [20/Jun/2024:09:12:30 +0800] "GET /news/2005/LTN20051117078.pdf HTTP/1.0" 200 102384 "-" "Mozilla/5.0 AppleWebKit/537.36 (KHTML, like Gecko; compatible; GPTBot/1.0; +https://openai.com/gptbot)" 52.230.152.115
52.230.152.115 - - [20/Jun/2024:09:12:32 +0800] "GET /news/2008/E-20081028-03.pdf HTTP/1.0" 200 219770 "-" "Mozilla/5.0 AppleWebKit/537.36 (KHTML, like Gecko; compatible; GPTBot/1.0; +https://openai.com/gptbot)" 52.230.152.115
52.230.152.115 - - [20/Jun/2024:09:12:33 +0800] "GET /news/2005/LTN20050715095.pdf HTTP/1.0" 200 98930 "-" "Mozilla/5.0 AppleWebKit/537.36 (KHTML, like Gecko; compatible; GPTBot/1.0; +https://openai.com/gptbot)" 52.230.152.115
52.230.152.115 - - [20/Jun/2024:09:12:35 +0800] "GET /news/2007/LTN20070412045.pdf HTTP/1.0" 200 201279 "-" "Mozilla/5.0 AppleWebKit/537.36 (KHTML, like Gecko; compatible; GPTBot/1.0; +https://openai.com/gptbot)" 52.230.152.115
52.230.152.115 - - [20/Jun/2024:09:12:36 +0800] "GET /news/2007/E-20071030-02.pdf HTTP/1.0" 200 746231 "-" "Mozilla/5.0 AppleWebKit/537.36 (KHTML, like Gecko; compatible; GPTBot/1.0; +https://openai.com/gptbot)" 52.230.152.115
52.230.152.115 - - [20/Jun/2024:09:12:38 +0800] "GET /news/2008/E-20081105-01.pdf HTTP/1.0" 200 38366 "-" "Mozilla/5.0 AppleWebKit/537.36 (KHTML, like Gecko; compatible; GPTBot/1.0; +https://openai.com/gptbot)" 52.230.152.115
52.230.152.115 - - [20/Jun/2024:09:12:40 +0800] "GET /news/2005/LTN20051017084.pdf HTTP/1.0" 200 51199 "-" "Mozilla/5.0 AppleWebKit/537.36 (KHTML, like Gecko; compatible; GPTBot/1.0; +https://openai.com/gptbot)" 52.230.152.115
52.230.152.115 - - [20/Jun/2024:09:12:41 +0800] "GET /news/2008/E-20081015-01.pdf HTTP/1.0" 200 202348 "-" "Mozilla/5.0 AppleWebKit/537.36 (KHTML, like Gecko; compatible; GPTBot/1.0; +https://openai.com/gptbot)" 52.230.152.115
52.230.152.115 - - [20/Jun/2024:09:12:43 +0800] "GET /images/logo2.gif HTTP/1.0" 200 1783 "-" "Mozilla/5.0 AppleWebKit/537.36 (KHTML, like Gecko; compatible; GPTBot/1.0; +https://openai.com/gptbot)" 52.230.152.115
52.230.152.115 - - [20/Jun/2024:09:12:44 +0800] "GET /news/pdf/2021040101799.pdf HTTP/1.0" 200 58781 "-" "Mozilla/5.0 AppleWebKit/537.36 (KHTML, like Gecko; compatible; GPTBot/1.0; +https://openai.com/gptbot)" 52.230.152.115
52.230.152.115 - - [20/Jun/2024:09:12:45 +0800] "GET /images/heading-contact.gif HTTP/1.0" 200 1804 "-" "Mozilla/5.0 AppleWebKit/537.36 (KHTML, like Gecko; compatible; GPTBot/1.0; +https://openai.com/gptbot)" 52.230.152.115
69.191.249.216 - - [20/Jun/2024:09:12:46 +0800] "GET /pressrelease.php HTTP/1.0" 200 368765 "-" "BLP_bbot/0.1" 69.191.249.216
52.230.152.115 - - [20/Jun/2024:09:12:47 +0800] "GET /news/2005/E_Solartech(AR).pdf HTTP/1.0" 200 353498 "-" "Mozilla/5.0 AppleWebKit/537.36 (KHTML, like Gecko; compatible; GPTBot/1.0; +https://openai.com/gptbot)" 52.230.152.115
52.230.152.115 - - [20/Jun/2024:09:12:48 +0800] "GET /news/2005/LTN20051028037.pdf HTTP/1.0" 200 128413 "-" "Mozilla/5.0 AppleWebKit/537.36 (KHTML, like Gecko; compatible; GPTBot/1.0; +https://openai.com/gptbot)" 52.230.152.115
52.230.152.115 - - [20/Jun/2024:09:12:50 +0800] "GET /news/2004/8-2%20Annual%20Report%2020040730.pdf HTTP/1.0" 200 10741 "-" "Mozilla/5.0 AppleWebKit/537.36 (KHTML, like Gecko; compatible; GPTBot/1.0; +https://openai.com/gptbot)" 52.230.152.115
52.230.152.115 - - [20/Jun/2024:09:12:51 +0800] "GET /news/2007/LTN20070404240.pdf HTTP/1.0" 200 30879 "-" "Mozilla/5.0 AppleWebKit/537.36 (KHTML, like Gecko; compatible; GPTBot/1.0; +https://openai.com/gptbot)" 52.230.152.115
52.230.152.115 - - [20/Jun/2024:09:12:53 +0800] "GET /news/2005/LTN20050801214.pdf HTTP/1.0" 200 35277 "-" "Mozilla/5.0 AppleWebKit/537.36 (KHTML, like Gecko; compatible; GPTBot/1.0; +https://openai.com/gptbot)" 52.230.152.115
52.230.152.115 - - [20/Jun/2024:09:12:55 +0800] "GET /news/2005/LTN20050909047.pdf HTTP/1.0" 200 122736 "-" "Mozilla/5.0 AppleWebKit/537.36 (KHTML, like Gecko; compatible; GPTBot/1.0; +https://openai.com/gptbot)" 52.230.152.115
52.230.152.115 - - [20/Jun/2024:09:12:56 +0800] "GET /news/2004/1Interim%20Report%2020041230.pdf HTTP/1.0" 200 156223 "-" "Mozilla/5.0 AppleWebKit/537.36 (KHTML, like Gecko; compatible; GPTBot/1.0; +https://openai.com/gptbot)" 52.230.152.115
52.230.152.115 - - [20/Jun/2024:09:12:57 +0800] "GET /news/2005/5Announcement%20%20LTN20050525023.pdf HTTP/1.0" 200 47749 "-" "Mozilla/5.0 AppleWebKit/537.36 (KHTML, like Gecko; compatible; GPTBot/1.0; +https://openai.com/gptbot)" 52.230.152.115
52.230.152.115 - - [20/Jun/2024:09:12:59 +0800] "GET /news/2004/10Announcement%2020040630140.pdf HTTP/1.0" 200 38764 "-" "Mozilla/5.0 AppleWebKit/537.36 (KHTML, like Gecko; compatible; GPTBot/1.0; +https://openai.com/gptbot)" 52.230.152.115
52.230.152.115 - - [20/Jun/2024:09:13:00 +0800] "GET /images/heading-pressrelease.gif HTTP/1.0" 200 1802 "-" "Mozilla/5.0 AppleWebKit/537.36 (KHTML, like Gecko; compatible; GPTBot/1.0; +https://openai.com/gptbot)" 52.230.152.115
52.230.152.115 - - [20/Jun/2024:09:13:02 +0800] "GET /images/heading1.jpg HTTP/1.0" 200 21104 "-" "Mozilla/5.0 AppleWebKit/537.36 (KHTML, like Gecko; compatible; GPTBot/1.0; +https://openai.com/gptbot)" 52.230.152.115
66.249.66.160 - - [20/Jun/2024:09:13:31 +0800] "GET / HTTP/1.0" 200 13829 "-" "Mozilla/5.0 (Linux; Android 6.0.1; Nexus 5X Build/MMB29P) AppleWebKit/537.36 (KHTML, like Gecko) Chrome/125.0.6422.175 Mobile Safari/537.36 (compatible; Googlebot/2.1; +http://www.google.com/bot.html)" 66.249.66.160
69.191.249.216 - - [20/Jun/2024:09:14:57 +0800] "GET /tc/pressrelease.php HTTP/1.0" 200 368714 "-" "BLP_bbot/0.1" 69.191.249.216
69.191.249.206 - - [20/Jun/2024:09:15:41 +0800] "GET /tc/annual_interim.php HTTP/1.0" 200 28903 "-" "BLP_bbot/0.1" 69.191.249.206
69.191.249.217 - - [20/Jun/2024:09:15:45 +0800] "GET /annual_interim.php HTTP/1.0" 200 29165 "-" "BLP_bbot/0.1" 69.191.249.217
69.191.249.206 - - [20/Jun/2024:09:16:51 +0800] "GET /pressrelease.php HTTP/1.0" 200 368765 "-" "BLP_bbot/0.1" 69.191.249.206
114.119.155.78 - - [20/Jun/2024:09:17:15 +0800] "GET /news/pdf/LTN20141217846.pdf HTTP/1.0" 200 87949 "http://www.1166hk.com/pressrelease.php" "Mozilla/5.0 (Linux; Android 7.0;) AppleWebKit/537.36 (KHTML, like Gecko) Mobile Safari/537.36 (compatible; PetalBot;+https://webmaster.petalsearch.com/site/petalbot)" 10.179.80.116, 114.119.155.78
69.191.249.210 - - [20/Jun/2024:09:18:54 +0800] "GET /tc/pressrelease.php HTTP/1.0" 200 368714 "-" "BLP_bbot/0.1" 69.191.249.210
69.191.249.219 - - [20/Jun/2024:09:19:39 +0800] "GET /annual_interim.php HTTP/1.0" 200 29165 "-" "BLP_bbot/0.1" 69.191.249.219
69.191.249.207 - - [20/Jun/2024:09:19:52 +0800] "GET /tc/annual_interim.php HTTP/1.0" 200 28903 "-" "BLP_bbot/0.1" 69.191.249.207
69.191.249.210 - - [20/Jun/2024:09:20:49 +0800] "GET /pressrelease.php HTTP/1.0" 200 368765 "-" "BLP_bbot/0.1" 69.191.249.210
69.191.249.218 - - [20/Jun/2024:09:22:50 +0800] "GET /tc/pressrelease.php HTTP/1.0" 200 368714 "-" "BLP_bbot/0.1" 69.191.249.218
51.222.253.18 - - [20/Jun/2024:09:23:28 +0800] "GET /robots.txt HTTP/1.0" 404 9957 "-" "Mozilla/5.0 (compatible; AhrefsBot/7.0; +http://ahrefs.com/robot/)" 51.222.253.18
54.36.149.24 - - [20/Jun/2024:09:23:29 +0800] "GET /Hua_Yi_Copper_Products/index.html HTTP/1.0" 200 570 "-" "Mozilla/5.0 (compatible; AhrefsBot/7.0; +http://ahrefs.com/robot/)" 54.36.149.24
69.191.249.220 - - [20/Jun/2024:09:23:31 +0800] "GET /annual_interim.php HTTP/1.0" 200 29165 "-" "BLP_bbot/0.1" 69.191.249.220
69.191.249.201 - - [20/Jun/2024:09:23:41 +0800] "GET /tc/annual_interim.php HTTP/1.0" 200 28903 "-" "BLP_bbot/0.1" 69.191.249.201
69.191.249.201 - - [20/Jun/2024:09:24:55 +0800] "GET /pressrelease.php HTTP/1.0" 200 368765 "-" "BLP_bbot/0.1" 69.191.249.201
66.249.66.168 - - [20/Jun/2024:09:25:19 +0800] "GET /tc/pressrelease.php/tc/news/news/2008/C-20081028-03.pdf HTTP/1.0" 200 368714 "-" "Mozilla/5.0 (Linux; Android 6.0.1; Nexus 5X Build/MMB29P) AppleWebKit/537.36 (KHTML, like Gecko) Chrome/125.0.6422.175 Mobile Safari/537.36 (compatible; Googlebot/2.1; +http://www.google.com/bot.html)" 66.249.66.168
69.191.249.220 - - [20/Jun/2024:09:26:48 +0800] "GET /tc/pressrelease.php HTTP/1.0" 200 368714 "-" "BLP_bbot/0.1" 69.191.249.220
69.191.249.216 - - [20/Jun/2024:09:27:30 +0800] "GET /annual_interim.php HTTP/1.0" 200 29165 "-" "BLP_bbot/0.1" 69.191.249.216
69.191.249.210 - - [20/Jun/2024:09:27:35 +0800] "GET /tc/annual_interim.php HTTP/1.0" 200 28903 "-" "BLP_bbot/0.1" 69.191.249.210
135.181.140.36 - - [20/Jun/2024:09:27:48 +0800] "GET /robots.txt HTTP/1.0" 404 9957 "-" "Mozilla/5.0 (compatible; Optimizer)" 135.181.140.36
135.181.140.36 - - [20/Jun/2024:09:27:49 +0800] "GET / HTTP/1.0" 200 13829 "-" "Mozilla/5.0 (compatible; Optimizer)" 135.181.140.36
69.191.249.218 - - [20/Jun/2024:09:28:56 +0800] "GET /pressrelease.php HTTP/1.0" 200 368765 "-" "BLP_bbot/0.1" 69.191.249.218
111.172.8.101 - - [20/Jun/2024:09:29:02 +0800] "GET /tc/pressrelease.php HTTP/1.0" 200 368714 "-" "Mozilla/5.0 (Macintosh; Intel Mac OS X 10_15_7) AppleWebKit/537.36 (KHTML, like Gecko) Chrome/109.0.0.0 Safari/537.36" 111.172.8.101
69.191.249.216 - - [20/Jun/2024:09:30:49 +0800] "GET /tc/pressrelease.php HTTP/1.0" 200 368714 "-" "BLP_bbot/0.1" 69.191.249.216
69.191.249.210 - - [20/Jun/2024:09:31:21 +0800] "GET /annual_interim.php HTTP/1.0" 200 29165 "-" "BLP_bbot/0.1" 69.191.249.210
69.191.249.210 - - [20/Jun/2024:09:31:40 +0800] "GET /tc/annual_interim.php HTTP/1.0" 200 28903 "-" "BLP_bbot/0.1" 69.191.249.210
69.191.249.212 - - [20/Jun/2024:09:32:47 +0800] "GET /pressrelease.php HTTP/1.0" 200 368765 "-" "BLP_bbot/0.1" 69.191.249.212
66.249.66.160 - - [20/Jun/2024:09:32:47 +0800] "GET /news/pdf/2021060102170.pdf HTTP/1.0" 200 58788 "-" "Mozilla/5.0 (Linux; Android 6.0.1; Nexus 5X Build/MMB29P) AppleWebKit/537.36 (KHTML, like Gecko) Chrome/125.0.6422.175 Mobile Safari/537.36 (compatible; GoogleOther)" 66.249.66.160
66.249.66.160 - - [20/Jun/2024:09:33:13 +0800] "GET / HTTP/1.0" 200 13829 "-" "Mozilla/5.0 (compatible; Googlebot/2.1; +http://www.google.com/bot.html)" 66.249.66.160
69.191.249.220 - - [20/Jun/2024:09:34:38 +0800] "GET /tc/pressrelease.php HTTP/1.0" 200 368714 "-" "BLP_bbot/0.1" 69.191.249.220
69.191.249.212 - - [20/Jun/2024:09:35:18 +0800] "GET /annual_interim.php HTTP/1.0" 200 29165 "-" "BLP_bbot/0.1" 69.191.249.212
69.191.249.206 - - [20/Jun/2024:09:35:44 +0800] "GET /tc/annual_interim.php HTTP/1.0" 200 28903 "-" "BLP_bbot/0.1" 69.191.249.206
69.191.249.210 - - [20/Jun/2024:09:36:42 +0800] "GET /pressrelease.php HTTP/1.0" 200 368765 "-" "BLP_bbot/0.1" 69.191.249.210
66.249.66.160 - - [20/Jun/2024:09:36:52 +0800] "GET /news/pdf/LTN20150208013.pdf HTTP/1.0" 200 250355 "-" "Mozilla/5.0 (Linux; Android 6.0.1; Nexus 5X Build/MMB29P) AppleWebKit/537.36 (KHTML, like Gecko) Chrome/125.0.6422.175 Mobile Safari/537.36 (compatible; GoogleOther)" 66.249.66.160
121.207.122.225 - - [20/Jun/2024:09:37:00 +0800] "GET / HTTP/1.0" 200 13829 "-" "Mozilla/5.0 (Macintosh; Intel Mac OS X 10_15_7) AppleWebKit/537.36 (KHTML, like Gecko) Chrome/109.0.0.0 Safari/537.36" 121.207.122.225
59.58.49.238 - - [20/Jun/2024:09:37:03 +0800] "GET / HTTP/1.0" 200 13829 "-" "Mozilla/5.0 (Macintosh; Intel Mac OS X 10_15_7) AppleWebKit/537.36 (KHTML, like Gecko) Chrome/109.0.0.0 Safari/537.36" 59.58.49.238
69.191.249.218 - - [20/Jun/2024:09:38:51 +0800] "GET /tc/pressrelease.php HTTP/1.0" 200 368714 "-" "BLP_bbot/0.1" 69.191.249.218
69.191.249.216 - - [20/Jun/2024:09:39:24 +0800] "GET /annual_interim.php HTTP/1.0" 200 29165 "-" "BLP_bbot/0.1" 69.191.249.216
69.191.249.212 - - [20/Jun/2024:09:39:53 +0800] "GET /tc/annual_interim.php HTTP/1.0" 200 28903 "-" "BLP_bbot/0.1" 69.191.249.212
69.191.249.206 - - [20/Jun/2024:09:40:46 +0800] "GET /pressrelease.php HTTP/1.0" 200 368765 "-" "BLP_bbot/0.1" 69.191.249.206
69.191.249.218 - - [20/Jun/2024:09:42:58 +0800] "GET /tc/pressrelease.php HTTP/1.0" 200 368714 "-" "BLP_bbot/0.1" 69.191.249.218
69.191.249.221 - - [20/Jun/2024:09:43:25 +0800] "GET /annual_interim.php HTTP/1.0" 200 29165 "-" "BLP_bbot/0.1" 69.191.249.221
69.191.249.211 - - [20/Jun/2024:09:44:03 +0800] "GET /tc/annual_interim.php HTTP/1.0" 200 28903 "-" "BLP_bbot/0.1" 69.191.249.211
66.249.66.197 - - [20/Jun/2024:09:44:38 +0800] "GET / HTTP/1.0" 200 13829 "-" "Mozilla/5.0 (compatible; Googlebot/2.1; +http://www.google.com/bot.html)" 66.249.66.197
113.83.138.67 - - [20/Jun/2024:09:44:40 +0800] "GET /Hua_Yi_Copper_Products_SC/guan_yu_wo_men.html HTTP/1.0" 200 19607 "https://www.bing.com/" "Mozilla/5.0 (Windows NT 10.0; Win64; x64) AppleWebKit/537.36 (KHTML, like Gecko) Chrome/126.0.0.0 Safari/537.36 Edg/126.0.0.0" 113.83.138.67
113.83.138.67 - - [20/Jun/2024:09:44:40 +0800] "GET /Hua_Yi_Copper_Products_SC/guan_yu_wo_men_files/guan_yu_wo_men.css HTTP/1.0" 200 7590 "http://www.1166hk.com/Hua_Yi_Copper_Products_SC/guan_yu_wo_men.html" "Mozilla/5.0 (Windows NT 10.0; Win64; x64) AppleWebKit/537.36 (KHTML, like Gecko) Chrome/126.0.0.0 Safari/537.36 Edg/126.0.0.0" 113.83.138.67
113.83.138.67 - - [20/Jun/2024:09:44:40 +0800] "GET /Hua_Yi_Copper_Products_SC/Scripts/iWebSite.js HTTP/1.0" 200 146386 "http://www.1166hk.com/Hua_Yi_Copper_Products_SC/guan_yu_wo_men.html" "Mozilla/5.0 (Windows NT 10.0; Win64; x64) AppleWebKit/537.36 (KHTML, like Gecko) Chrome/126.0.0.0 Safari/537.36 Edg/126.0.0.0" 113.83.138.67
113.83.138.67 - - [20/Jun/2024:09:44:40 +0800] "GET /Hua_Yi_Copper_Products_SC/guan_yu_wo_men_files/guan_yu_wo_men.js HTTP/1.0" 200 2063 "http://www.1166hk.com/Hua_Yi_Copper_Products_SC/guan_yu_wo_men.html" "Mozilla/5.0 (Windows NT 10.0; Win64; x64) AppleWebKit/537.36 (KHTML, like Gecko) Chrome/126.0.0.0 Safari/537.36 Edg/126.0.0.0" 113.83.138.67
113.83.138.67 - - [20/Jun/2024:09:44:40 +0800] "GET /Hua_Yi_Copper_Products_SC/Scripts/iWebImage.js HTTP/1.0" 200 39931 "http://www.1166hk.com/Hua_Yi_Copper_Products_SC/guan_yu_wo_men.html" "Mozilla/5.0 (Windows NT 10.0; Win64; x64) AppleWebKit/537.36 (KHTML, like Gecko) Chrome/126.0.0.0 Safari/537.36 Edg/126.0.0.0" 113.83.138.67
113.83.138.67 - - [20/Jun/2024:09:44:40 +0800] "GET /Hua_Yi_Copper_Products_SC/Scripts/Widgets/Navbar/navbar.js HTTP/1.0" 200 6254 "http://www.1166hk.com/Hua_Yi_Copper_Products_SC/guan_yu_wo_men.html" "Mozilla/5.0 (Windows NT 10.0; Win64; x64) AppleWebKit/537.36 (KHTML, like Gecko) Chrome/126.0.0.0 Safari/537.36 Edg/126.0.0.0" 113.83.138.67
113.83.138.67 - - [20/Jun/2024:09:44:40 +0800] "GET /Hua_Yi_Copper_Products_SC/Scripts/Widgets/SharedResources/WidgetCommon.js HTTP/1.0" 200 36393 "http://www.1166hk.com/Hua_Yi_Copper_Products_SC/guan_yu_wo_men.html" "Mozilla/5.0 (Windows NT 10.0; Win64; x64) AppleWebKit/537.36 (KHTML, like Gecko) Chrome/126.0.0.0 Safari/537.36 Edg/126.0.0.0" 113.83.138.67
113.83.138.67 - - [20/Jun/2024:09:44:40 +0800] "GET /Hua_Yi_Copper_Products_SC/guan_yu_wo_men_files/Header_ip-3.jpg HTTP/1.0" 200 64079 "http://www.1166hk.com/Hua_Yi_Copper_Products_SC/guan_yu_wo_men.html" "Mozilla/5.0 (Windows NT 10.0; Win64; x64) AppleWebKit/537.36 (KHTML, like Gecko) Chrome/126.0.0.0 Safari/537.36 Edg/126.0.0.0" 113.83.138.67
113.83.138.67 - - [20/Jun/2024:09:44:40 +0800] "GET /Hua_Yi_Copper_Products_SC/guan_yu_wo_men_files/Navbar_shape_ip.png HTTP/1.0" 200 31323 "http://www.1166hk.com/Hua_Yi_Copper_Products_SC/guan_yu_wo_men.html" "Mozilla/5.0 (Windows NT 10.0; Win64; x64) AppleWebKit/537.36 (KHTML, like Gecko) Chrome/126.0.0.0 Safari/537.36 Edg/126.0.0.0" 113.83.138.67
113.83.138.67 - - [20/Jun/2024:09:44:40 +0800] "GET /Hua_Yi_Copper_Products_SC/guan_yu_wo_men_files/shapeimage_1.png HTTP/1.0" 200 107159 "http://www.1166hk.com/Hua_Yi_Copper_Products_SC/guan_yu_wo_men.html" "Mozilla/5.0 (Windows NT 10.0; Win64; x64) AppleWebKit/537.36 (KHTML, like Gecko) Chrome/126.0.0.0 Safari/537.36 Edg/126.0.0.0" 113.83.138.67
113.83.138.67 - - [20/Jun/2024:09:44:40 +0800] "GET /Hua_Yi_Copper_Products_SC/feed.xml HTTP/1.0" 200 2445 "http://www.1166hk.com/Hua_Yi_Copper_Products_SC/guan_yu_wo_men.html" "Mozilla/5.0 (Windows NT 10.0; Win64; x64) AppleWebKit/537.36 (KHTML, like Gecko) Chrome/126.0.0.0 Safari/537.36 Edg/126.0.0.0" 113.83.138.67
113.83.138.67 - - [20/Jun/2024:09:44:40 +0800] "GET /Hua_Yi_Copper_Products_SC/guan_yu_wo_men_files/shapeimage_3.png HTTP/1.0" 200 107290 "http://www.1166hk.com/Hua_Yi_Copper_Products_SC/guan_yu_wo_men.html" "Mozilla/5.0 (Windows NT 10.0; Win64; x64) AppleWebKit/537.36 (KHTML, like Gecko) Chrome/126.0.0.0 Safari/537.36 Edg/126.0.0.0" 113.83.138.67
113.83.138.67 - - [20/Jun/2024:09:44:40 +0800] "GET /Hua_Yi_Copper_Products_SC/guan_yu_wo_men_files/Screen%20shot%202010-04-29%20at%203.13.04%20PM.jpg HTTP/1.0" 200 21052 "http://www.1166hk.com/Hua_Yi_Copper_Products_SC/guan_yu_wo_men.html" "Mozilla/5.0 (Windows NT 10.0; Win64; x64) AppleWebKit/537.36 (KHTML, like Gecko) Chrome/126.0.0.0 Safari/537.36 Edg/126.0.0.0" 113.83.138.67
113.83.138.67 - - [20/Jun/2024:09:44:40 +0800] "GET /Hua_Yi_Copper_Products_SC/guan_yu_wo_men_files/Photo_shape_ip-2.png HTTP/1.0" 200 146786 "http://www.1166hk.com/Hua_Yi_Copper_Products_SC/guan_yu_wo_men.html" "Mozilla/5.0 (Windows NT 10.0; Win64; x64) AppleWebKit/537.36 (KHTML, like Gecko) Chrome/126.0.0.0 Safari/537.36 Edg/126.0.0.0" 113.83.138.67
113.83.138.67 - - [20/Jun/2024:09:44:40 +0800] "GET /Hua_Yi_Copper_Products_SC/guan_yu_wo_men_files/shapeimage_2.png HTTP/1.0" 200 146329 "http://www.1166hk.com/Hua_Yi_Copper_Products_SC/guan_yu_wo_men.html" "Mozilla/5.0 (Windows NT 10.0; Win64; x64) AppleWebKit/537.36 (KHTML, like Gecko) Chrome/126.0.0.0 Safari/537.36 Edg/126.0.0.0" 113.83.138.67
113.83.138.67 - - [20/Jun/2024:09:44:40 +0800] "GET /Hua_Yi_Copper_Products_SC/guan_yu_wo_men_files/Navbar_shape_ip_1.png HTTP/1.0" 200 39389 "http://www.1166hk.com/Hua_Yi_Copper_Products_SC/guan_yu_wo_men.html" "Mozilla/5.0 (Windows NT 10.0; Win64; x64) AppleWebKit/537.36 (KHTML, like Gecko) Chrome/126.0.0.0 Safari/537.36 Edg/126.0.0.0" 113.83.138.67
113.83.138.67 - - [20/Jun/2024:09:44:40 +0800] "GET /Hua_Yi_Copper_Products_SC/guan_yu_wo_men_files/droppedImage.png HTTP/1.0" 200 3885 "http://www.1166hk.com/Hua_Yi_Copper_Products_SC/guan_yu_wo_men.html" "Mozilla/5.0 (Windows NT 10.0; Win64; x64) AppleWebKit/537.36 (KHTML, like Gecko) Chrome/126.0.0.0 Safari/537.36 Edg/126.0.0.0" 113.83.138.67
113.83.138.67 - - [20/Jun/2024:09:44:40 +0800] "GET /Hua_Yi_Copper_Products_SC/guan_yu_wo_men_files/Back_ip.jpg HTTP/1.0" 200 1236 "http://www.1166hk.com/Hua_Yi_Copper_Products_SC/guan_yu_wo_men.html" "Mozilla/5.0 (Windows NT 10.0; Win64; x64) AppleWebKit/537.36 (KHTML, like Gecko) Chrome/126.0.0.0 Safari/537.36 Edg/126.0.0.0" 113.83.138.67
113.83.138.67 - - [20/Jun/2024:09:44:40 +0800] "GET /Hua_Yi_Copper_Products_SC/guan_yu_wo_men_files/Photo_shape_ip-2_1.png HTTP/1.0" 200 79596 "http://www.1166hk.com/Hua_Yi_Copper_Products_SC/guan_yu_wo_men.html" "Mozilla/5.0 (Windows NT 10.0; Win64; x64) AppleWebKit/537.36 (KHTML, like Gecko) Chrome/126.0.0.0 Safari/537.36 Edg/126.0.0.0" 113.83.138.67
113.83.138.67 - - [20/Jun/2024:09:44:40 +0800] "GET /Hua_Yi_Copper_Products_SC/guan_yu_wo_men_files/Bg_page_ip-6.jpg HTTP/1.0" 200 14576 "http://www.1166hk.com/Hua_Yi_Copper_Products_SC/guan_yu_wo_men.html" "Mozilla/5.0 (Windows NT 10.0; Win64; x64) AppleWebKit/537.36 (KHTML, like Gecko) Chrome/126.0.0.0 Safari/537.36 Edg/126.0.0.0" 113.83.138.67
113.83.138.67 - - [20/Jun/2024:09:44:40 +0800] "GET /Hua_Yi_Copper_Products_SC/guan_yu_wo_men_files/shapeimage_4.png HTTP/1.0" 200 61939 "http://www.1166hk.com/Hua_Yi_Copper_Products_SC/guan_yu_wo_men.html" "Mozilla/5.0 (Windows NT 10.0; Win64; x64) AppleWebKit/537.36 (KHTML, like Gecko) Chrome/126.0.0.0 Safari/537.36 Edg/126.0.0.0" 113.83.138.67
113.83.138.67 - - [20/Jun/2024:09:44:40 +0800] "GET /Hua_Yi_Copper_Products_SC/bg_nav.png HTTP/1.0" 404 9957 "http://www.1166hk.com/Hua_Yi_Copper_Products_SC/guan_yu_wo_men.html" "Mozilla/5.0 (Windows NT 10.0; Win64; x64) AppleWebKit/537.36 (KHTML, like Gecko) Chrome/126.0.0.0 Safari/537.36 Edg/126.0.0.0" 113.83.138.67
113.83.138.67 - - [20/Jun/2024:09:44:40 +0800] "GET /Hua_Yi_Copper_Products_SC/guan_yu_wo_men_files/Screen%20shot%202010-06-04%20at%202.45.01%20PM.jpg HTTP/1.0" 200 2428 "http://www.1166hk.com/Hua_Yi_Copper_Products_SC/guan_yu_wo_men.html" "Mozilla/5.0 (Windows NT 10.0; Win64; x64) AppleWebKit/537.36 (KHTML, like Gecko) Chrome/126.0.0.0 Safari/537.36 Edg/126.0.0.0" 113.83.138.67
113.83.138.67 - - [20/Jun/2024:09:44:40 +0800] "GET /Hua_Yi_Copper_Products_SC/guan_yu_wo_men_files/Screen%20shot%202010-06-04%20at%202.32.00%20PM.jpg HTTP/1.0" 200 2577 "http://www.1166hk.com/Hua_Yi_Copper_Products_SC/guan_yu_wo_men.html" "Mozilla/5.0 (Windows NT 10.0; Win64; x64) AppleWebKit/537.36 (KHTML, like Gecko) Chrome/126.0.0.0 Safari/537.36 Edg/126.0.0.0" 113.83.138.67
113.83.138.67 - - [20/Jun/2024:09:44:40 +0800] "GET /Hua_Yi_Copper_Products_SC/guan_yu_wo_men_files/Footer_ip-4.jpg HTTP/1.0" 200 37804 "http://www.1166hk.com/Hua_Yi_Copper_Products_SC/guan_yu_wo_men.html" "Mozilla/5.0 (Windows NT 10.0; Win64; x64) AppleWebKit/537.36 (KHTML, like Gecko) Chrome/126.0.0.0 Safari/537.36 Edg/126.0.0.0" 113.83.138.67
113.83.138.67 - - [20/Jun/2024:09:44:40 +0800] "GET /Hua_Yi_Copper_Products_SC/guan_yu_wo_men_files/Back_ip_1.jpg HTTP/1.0" 200 1236 "http://www.1166hk.com/Hua_Yi_Copper_Products_SC/guan_yu_wo_men_files/guan_yu_wo_men.css" "Mozilla/5.0 (Windows NT 10.0; Win64; x64) AppleWebKit/537.36 (KHTML, like Gecko) Chrome/126.0.0.0 Safari/537.36 Edg/126.0.0.0" 113.83.138.67
113.83.138.67 - - [20/Jun/2024:09:44:40 +0800] "GET /Hua_Yi_Copper_Products_SC/guan_yu_wo_men_files/shapeimage_5.png HTTP/1.0" 200 6813 "http://www.1166hk.com/Hua_Yi_Copper_Products_SC/guan_yu_wo_men.html" "Mozilla/5.0 (Windows NT 10.0; Win64; x64) AppleWebKit/537.36 (KHTML, like Gecko) Chrome/126.0.0.0 Safari/537.36 Edg/126.0.0.0" 113.83.138.67
113.83.138.67 - - [20/Jun/2024:09:44:40 +0800] "GET /Hua_Yi_Copper_Products_SC/guan_yu_wo_men_files/shapeimage_6.png HTTP/1.0" 200 14502 "http://www.1166hk.com/Hua_Yi_Copper_Products_SC/guan_yu_wo_men.html" "Mozilla/5.0 (Windows NT 10.0; Win64; x64) AppleWebKit/537.36 (KHTML, like Gecko) Chrome/126.0.0.0 Safari/537.36 Edg/126.0.0.0" 113.83.138.67
113.83.138.67 - - [20/Jun/2024:09:44:40 +0800] "GET /favicon.ico HTTP/1.0" 404 9957 "http://www.1166hk.com/Hua_Yi_Copper_Products_SC/guan_yu_wo_men.html" "Mozilla/5.0 (Windows NT 10.0; Win64; x64) AppleWebKit/537.36 (KHTML, like Gecko) Chrome/126.0.0.0 Safari/537.36 Edg/126.0.0.0" 113.83.138.67
69.191.249.219 - - [20/Jun/2024:09:44:51 +0800] "GET /pressrelease.php HTTP/1.0" 200 368765 "-" "BLP_bbot/0.1" 69.191.249.219
69.191.249.216 - - [20/Jun/2024:09:46:57 +0800] "GET /tc/pressrelease.php HTTP/1.0" 200 368714 "-" "BLP_bbot/0.1" 69.191.249.216
69.191.249.217 - - [20/Jun/2024:09:47:31 +0800] "GET /annual_interim.php HTTP/1.0" 200 29165 "-" "BLP_bbot/0.1" 69.191.249.217
69.191.249.212 - - [20/Jun/2024:09:48:00 +0800] "GET /tc/annual_interim.php HTTP/1.0" 200 28903 "-" "BLP_bbot/0.1" 69.191.249.212
69.191.249.219 - - [20/Jun/2024:09:48:53 +0800] "GET /pressrelease.php HTTP/1.0" 200 368765 "-" "BLP_bbot/0.1" 69.191.249.219
69.191.249.207 - - [20/Jun/2024:09:50:53 +0800] "GET /tc/pressrelease.php HTTP/1.0" 200 368714 "-" "BLP_bbot/0.1" 69.191.249.207
69.191.249.207 - - [20/Jun/2024:09:51:42 +0800] "GET /annual_interim.php HTTP/1.0" 200 29165 "-" "BLP_bbot/0.1" 69.191.249.207
69.191.249.201 - - [20/Jun/2024:09:52:07 +0800] "GET /tc/annual_interim.php HTTP/1.0" 200 28903 "-" "BLP_bbot/0.1" 69.191.249.201
69.191.249.216 - - [20/Jun/2024:09:52:55 +0800] "GET /pressrelease.php HTTP/1.0" 200 368765 "-" "BLP_bbot/0.1" 69.191.249.216
69.191.249.212 - - [20/Jun/2024:09:54:49 +0800] "GET /tc/pressrelease.php HTTP/1.0" 200 368714 "-" "BLP_bbot/0.1" 69.191.249.212
66.249.66.197 - - [20/Jun/2024:09:55:20 +0800] "GET /robots.txt HTTP/1.0" 404 9957 "-" "Mozilla/5.0 (compatible; Googlebot/2.1; +http://www.google.com/bot.html)" 66.249.66.197
69.191.249.210 - - [20/Jun/2024:09:55:35 +0800] "GET /annual_interim.php HTTP/1.0" 200 29165 "-" "BLP_bbot/0.1" 69.191.249.210
69.191.249.219 - - [20/Jun/2024:09:56:13 +0800] "GET /tc/annual_interim.php HTTP/1.0" 200 28903 "-" "BLP_bbot/0.1" 69.191.249.219
69.191.249.211 - - [20/Jun/2024:09:56:55 +0800] "GET /pressrelease.php HTTP/1.0" 200 368765 "-" "BLP_bbot/0.1" 69.191.249.211
69.191.249.207 - - [20/Jun/2024:09:58:43 +0800] "GET /tc/pressrelease.php HTTP/1.0" 200 368714 "-" "BLP_bbot/0.1" 69.191.249.207
69.191.249.201 - - [20/Jun/2024:09:59:28 +0800] "GET /annual_interim.php HTTP/1.0" 200 29165 "-" "BLP_bbot/0.1" 69.191.249.201
69.191.249.206 - - [20/Jun/2024:10:00:09 +0800] "GET /tc/annual_interim.php HTTP/1.0" 200 28903 "-" "BLP_bbot/0.1" 69.191.249.206
223.197.41.93 - - [20/Jun/2024:10:00:43 +0800] "GET /favicon.ico HTTP/1.0" 404 9957 "http://www.1166hk.com/news/pdf/2023102600272.pdf" "Mozilla/5.0 (Windows NT 10.0; Win64; x64) AppleWebKit/537.36 (KHTML, like Gecko) Chrome/126.0.0.0 Safari/537.36" 223.197.41.93
223.197.41.93 - - [20/Jun/2024:10:00:43 +0800] "GET /news/pdf/2023102600272.pdf HTTP/1.0" 200 10660671 "https://www.google.com/" "Mozilla/5.0 (Windows NT 10.0; Win64; x64) AppleWebKit/537.36 (KHTML, like Gecko) Chrome/126.0.0.0 Safari/537.36" 223.197.41.93
69.191.249.217 - - [20/Jun/2024:10:00:53 +0800] "GET /pressrelease.php HTTP/1.0" 200 368765 "-" "BLP_bbot/0.1" 69.191.249.217
69.191.249.211 - - [20/Jun/2024:10:02:41 +0800] "GET /tc/pressrelease.php HTTP/1.0" 200 368714 "-" "BLP_bbot/0.1" 69.191.249.211
122.9.180.127 - - [20/Jun/2024:10:03:11 +0800] "GET / HTTP/1.0" 200 13829 "-" "Mozilla/5.0 (Windows NT 6.1; Win64; x64) AppleWebKit/537.36 (KHTML, like Gecko) Chrome/65.0.3325.181 Safari/537.36" 122.9.180.127
69.191.249.216 - - [20/Jun/2024:10:03:34 +0800] "GET /annual_interim.php HTTP/1.0" 200 29165 "-" "BLP_bbot/0.1" 69.191.249.216
116.179.32.68 - - [20/Jun/2024:10:03:36 +0800] "GET /news/pdf/LTN201504011110_C.pdf HTTP/1.0" 200 28960 "-" "Mozilla/5.0 (compatible; Baiduspider/2.0; +http://www.baidu.com/search/spider.html)" 116.179.32.68
220.181.51.90 - - [20/Jun/2024:10:03:52 +0800] "GET /robots.txt HTTP/1.0" 404 9957 "-" "Mozilla/5.0 (Windows NT 10.0; WOW64) AppleWebKit/537.36 (KHTML, like Gecko) Chrome/48.0.2564.116 Safari/537.36" 220.181.51.90
69.191.249.211 - - [20/Jun/2024:10:04:02 +0800] "GET /tc/annual_interim.php HTTP/1.0" 200 28903 "-" "BLP_bbot/0.1" 69.191.249.211
69.191.249.221 - - [20/Jun/2024:10:04:51 +0800] "GET /pressrelease.php HTTP/1.0" 200 368765 "-" "BLP_bbot/0.1" 69.191.249.221
69.191.249.201 - - [20/Jun/2024:10:06:52 +0800] "GET /tc/pressrelease.php HTTP/1.0" 200 368714 "-" "BLP_bbot/0.1" 69.191.249.201
69.191.249.218 - - [20/Jun/2024:10:07:28 +0800] "GET /annual_interim.php HTTP/1.0" 200 29165 "-" "BLP_bbot/0.1" 69.191.249.218
69.191.249.219 - - [20/Jun/2024:10:08:08 +0800] "GET /tc/annual_interim.php HTTP/1.0" 200 28903 "-" "BLP_bbot/0.1" 69.191.249.219
69.191.249.207 - - [20/Jun/2024:10:08:48 +0800] "GET /pressrelease.php HTTP/1.0" 200 368765 "-" "BLP_bbot/0.1" 69.191.249.207
40.77.167.32 - - [20/Jun/2024:10:10:29 +0800] "GET /news/pdf/LTN20101026207.pdf HTTP/1.0" 200 81534 "-" "Mozilla/5.0 AppleWebKit/537.36 (KHTML, like Gecko; compatible; bingbot/2.0; +http://www.bing.com/bingbot.htm) Chrome/116.0.1938.76 Safari/537.36" 40.77.167.32
69.191.249.206 - - [20/Jun/2024:10:10:46 +0800] "GET /tc/pressrelease.php HTTP/1.0" 200 368714 "-" "BLP_bbot/0.1" 69.191.249.206
69.191.249.211 - - [20/Jun/2024:10:11:32 +0800] "GET /annual_interim.php HTTP/1.0" 200 29165 "-" "BLP_bbot/0.1" 69.191.249.211
66.249.66.160 - - [20/Jun/2024:10:11:51 +0800] "GET / HTTP/1.0" 200 13829 "-" "Mozilla/5.0 (Linux; Android 6.0.1; Nexus 5X Build/MMB29P) AppleWebKit/537.36 (KHTML, like Gecko) Chrome/125.0.6422.175 Mobile Safari/537.36 (compatible; Googlebot/2.1; +http://www.google.com/bot.html)" 66.249.66.160
66.249.66.169 - - [20/Jun/2024:10:11:57 +0800] "GET /favicon.ico HTTP/1.0" 404 9957 "-" "Googlebot-Image/1.0" 66.249.66.169
69.191.249.210 - - [20/Jun/2024:10:12:18 +0800] "GET /tc/annual_interim.php HTTP/1.0" 200 28903 "-" "BLP_bbot/0.1" 69.191.249.210
69.191.249.211 - - [20/Jun/2024:10:12:57 +0800] "GET /pressrelease.php HTTP/1.0" 200 368765 "-" "BLP_bbot/0.1" 69.191.249.211
69.191.249.217 - - [20/Jun/2024:10:14:48 +0800] "GET /tc/pressrelease.php HTTP/1.0" 200 368714 "-" "BLP_bbot/0.1" 69.191.249.217
69.191.249.216 - - [20/Jun/2024:10:15:25 +0800] "GET /annual_interim.php HTTP/1.0" 200 29165 "-" "BLP_bbot/0.1" 69.191.249.216
69.191.249.211 - - [20/Jun/2024:10:16:18 +0800] "GET /tc/annual_interim.php HTTP/1.0" 200 28903 "-" "BLP_bbot/0.1" 69.191.249.211
69.191.249.220 - - [20/Jun/2024:10:17:05 +0800] "GET /pressrelease.php HTTP/1.0" 200 368765 "-" "BLP_bbot/0.1" 69.191.249.220
88.88.133.174 - - [20/Jun/2024:10:17:10 +0800] "GET /robots.txt HTTP/1.0" 404 9957 "-" "Mozilla/5.0 (compatible; MJ12bot/v1.4.8; http://mj12bot.com/)" 88.88.133.174
88.88.133.174 - - [20/Jun/2024:10:17:12 +0800] "GET /tc/board_comm.php HTTP/1.0" 200 11654 "-" "Mozilla/5.0 (compatible; MJ12bot/v1.4.8; http://mj12bot.com/)" 88.88.133.174
88.88.133.174 - - [20/Jun/2024:10:17:14 +0800] "GET /tc/memo.php HTTP/1.0" 200 10958 "-" "Mozilla/5.0 (compatible; MJ12bot/v1.4.8; http://mj12bot.com/)" 88.88.133.174
195.191.219.130 - - [20/Jun/2024:10:17:16 +0800] "GET /robots.txt HTTP/1.0" 404 9957 "-" "Mozilla/5.0 (compatible; MJ12bot/v1.4.8; http://mj12bot.com/)" 195.191.219.130
195.191.219.130 - - [20/Jun/2024:10:17:18 +0800] "GET / HTTP/1.0" 200 13829 "-" "Mozilla/5.0 (compatible; MJ12bot/v1.4.8; http://mj12bot.com/)" 195.191.219.130
69.191.249.220 - - [20/Jun/2024:10:18:55 +0800] "GET /tc/pressrelease.php HTTP/1.0" 200 368714 "-" "BLP_bbot/0.1" 69.191.249.220
69.191.249.207 - - [20/Jun/2024:10:19:23 +0800] "GET /annual_interim.php HTTP/1.0" 200 29165 "-" "BLP_bbot/0.1" 69.191.249.207
69.191.249.207 - - [20/Jun/2024:10:20:19 +0800] "GET /tc/annual_interim.php HTTP/1.0" 200 28903 "-" "BLP_bbot/0.1" 69.191.249.207
69.191.249.216 - - [20/Jun/2024:10:21:05 +0800] "GET /pressrelease.php HTTP/1.0" 200 368765 "-" "BLP_bbot/0.1" 69.191.249.216
69.191.249.219 - - [20/Jun/2024:10:23:05 +0800] "GET /tc/pressrelease.php HTTP/1.0" 200 368714 "-" "BLP_bbot/0.1" 69.191.249.219
69.191.249.218 - - [20/Jun/2024:10:23:28 +0800] "GET /annual_interim.php HTTP/1.0" 200 29165 "-" "BLP_bbot/0.1" 69.191.249.218
69.191.249.207 - - [20/Jun/2024:10:24:29 +0800] "GET /tc/annual_interim.php HTTP/1.0" 200 28903 "-" "BLP_bbot/0.1" 69.191.249.207
69.191.249.211 - - [20/Jun/2024:10:25:08 +0800] "GET /pressrelease.php HTTP/1.0" 200 368765 "-" "BLP_bbot/0.1" 69.191.249.211
69.191.249.216 - - [20/Jun/2024:10:27:05 +0800] "GET /tc/pressrelease.php HTTP/1.0" 200 368714 "-" "BLP_bbot/0.1" 69.191.249.216
69.191.249.221 - - [20/Jun/2024:10:27:21 +0800] "GET /annual_interim.php HTTP/1.0" 200 29165 "-" "BLP_bbot/0.1" 69.191.249.221
69.191.249.221 - - [20/Jun/2024:10:28:22 +0800] "GET /tc/annual_interim.php HTTP/1.0" 200 28903 "-" "BLP_bbot/0.1" 69.191.249.221
119.101.54.124 - - [20/Jun/2024:10:29:11 +0800] "GET /tc/pressrelease.php HTTP/1.0" 200 368714 "-" "Mozilla/5.0 (Macintosh; Intel Mac OS X 10_15_7) AppleWebKit/537.36 (KHTML, like Gecko) Chrome/109.0.0.0 Safari/537.36" 119.101.54.124
69.191.249.206 - - [20/Jun/2024:10:29:14 +0800] "GET /pressrelease.php HTTP/1.0" 200 368765 "-" "BLP_bbot/0.1" 69.191.249.206
66.249.66.169 - - [20/Jun/2024:10:30:37 +0800] "GET /tc/pressrelease.php/news/2007/news/2008/C-20081002-01.pdf HTTP/1.0" 200 368714 "-" "Mozilla/5.0 (Linux; Android 6.0.1; Nexus 5X Build/MMB29P) AppleWebKit/537.36 (KHTML, like Gecko) Chrome/125.0.6422.175 Mobile Safari/537.36 (compatible; GoogleOther)" 66.249.66.169
69.191.249.219 - - [20/Jun/2024:10:31:03 +0800] "GET /tc/pressrelease.php HTTP/1.0" 200 368714 "-" "BLP_bbot/0.1" 69.191.249.219
69.191.249.211 - - [20/Jun/2024:10:31:33 +0800] "GET /annual_interim.php HTTP/1.0" 200 29165 "-" "BLP_bbot/0.1" 69.191.249.211
69.191.249.201 - - [20/Jun/2024:10:32:16 +0800] "GET /tc/annual_interim.php HTTP/1.0" 200 28903 "-" "BLP_bbot/0.1" 69.191.249.201
69.191.249.219 - - [20/Jun/2024:10:33:26 +0800] "GET /pressrelease.php HTTP/1.0" 200 368765 "-" "BLP_bbot/0.1" 69.191.249.219
66.249.66.160 - - [20/Jun/2024:10:34:05 +0800] "GET /tc/pressrelease.php/tc/news/pdf/2023031600379_c.pdf HTTP/1.0" 200 368714 "-" "Mozilla/5.0 (Linux; Android 6.0.1; Nexus 5X Build/MMB29P) AppleWebKit/537.36 (KHTML, like Gecko) Chrome/125.0.6422.175 Mobile Safari/537.36 (compatible; GoogleOther)" 66.249.66.160
69.191.249.218 - - [20/Jun/2024:10:35:06 +0800] "GET /tc/pressrelease.php HTTP/1.0" 200 368714 "-" "BLP_bbot/0.1" 69.191.249.218
69.191.249.216 - - [20/Jun/2024:10:35:22 +0800] "GET /annual_interim.php HTTP/1.0" 200 29165 "-" "BLP_bbot/0.1" 69.191.249.216
66.249.66.160 - - [20/Jun/2024:10:36:11 +0800] "GET /tc/pressrelease.php/tc/news/news/2005/iesuck.js HTTP/1.0" 200 368714 "http://www.1166hk.com/tc/pressrelease.php/tc/news/news/2005/20050715095_C.pdf" "Mozilla/5.0 (Linux; Android 6.0.1; Nexus 5X Build/MMB29P) AppleWebKit/537.36 (KHTML, like Gecko) Chrome/125.0.6422.154 Mobile Safari/537.36 (compatible; Googlebot/2.1; +http://www.google.com/bot.html)" 66.249.66.160
66.249.66.168 - - [20/Jun/2024:10:36:12 +0800] "GET /tc/pressrelease.php/tc/news/news/2005/common_tc.css HTTP/1.0" 200 368714 "http://www.1166hk.com/tc/pressrelease.php/tc/news/news/2005/20050715095_C.pdf" "Mozilla/5.0 (Linux; Android 6.0.1; Nexus 5X Build/MMB29P) AppleWebKit/537.36 (KHTML, like Gecko) Chrome/125.0.6422.154 Mobile Safari/537.36 (compatible; Googlebot/2.1; +http://www.google.com/bot.html)" 66.249.66.168
69.191.249.206 - - [20/Jun/2024:10:36:28 +0800] "GET /tc/annual_interim.php HTTP/1.0" 200 28903 "-" "BLP_bbot/0.1" 69.191.249.206
139.5.200.146 - - [20/Jun/2024:10:36:57 +0800] "GET /1234.php HTTP/1.0" 404 9957 "-" "Mozilla/5.0 (Windows NT 10.0; WOW64; rv:48.0) Gecko/20100101 Firefox/48.0" 139.5.200.146
69.191.249.219 - - [20/Jun/2024:10:37:31 +0800] "GET /pressrelease.php HTTP/1.0" 200 368765 "-" "BLP_bbot/0.1" 69.191.249.219
66.249.66.168 - - [20/Jun/2024:10:37:33 +0800] "GET /tc/pressrelease.php/tc/news/pdf/LTN20150729684_C.pdf HTTP/1.0" 200 368714 "-" "Mozilla/5.0 (Linux; Android 6.0.1; Nexus 5X Build/MMB29P) AppleWebKit/537.36 (KHTML, like Gecko) Chrome/125.0.6422.175 Mobile Safari/537.36 (compatible; GoogleOther)" 66.249.66.168
114.239.148.238 - - [20/Jun/2024:10:37:38 +0800] "GET / HTTP/1.0" 200 13829 "-" "Mozilla/5.0 (Macintosh; Intel Mac OS X 10_15_7) AppleWebKit/537.36 (KHTML, like Gecko) Chrome/109.0.0.0 Safari/537.36" 114.239.148.238
116.179.32.51 - - [20/Jun/2024:10:37:54 +0800] "GET /news/pdf/LTN20170801478_C.pdf HTTP/1.0" 200 24847 "-" "Mozilla/5.0 (compatible; Baiduspider/2.0; +http://www.baidu.com/search/spider.html)" 116.179.32.51
69.191.249.201 - - [20/Jun/2024:10:39:07 +0800] "GET /tc/pressrelease.php HTTP/1.0" 200 368714 "-" "BLP_bbot/0.1" 69.191.249.201
69.191.249.201 - - [20/Jun/2024:10:39:16 +0800] "GET /annual_interim.php HTTP/1.0" 200 29165 "-" "BLP_bbot/0.1" 69.191.249.201
66.249.66.160 - - [20/Jun/2024:10:39:37 +0800] "GET / HTTP/1.0" 200 13829 "-" "Mozilla/5.0 (compatible; Googlebot/2.1; +http://www.google.com/bot.html)" 66.249.66.160
69.191.249.212 - - [20/Jun/2024:10:40:28 +0800] "GET /tc/annual_interim.php HTTP/1.0" 200 28903 "-" "BLP_bbot/0.1" 69.191.249.212
69.191.249.212 - - [20/Jun/2024:10:41:31 +0800] "GET /pressrelease.php HTTP/1.0" 200 368765 "-" "BLP_bbot/0.1" 69.191.249.212
69.191.249.212 - - [20/Jun/2024:10:43:18 +0800] "GET /tc/pressrelease.php HTTP/1.0" 200 368714 "-" "BLP_bbot/0.1" 69.191.249.212
69.191.249.216 - - [20/Jun/2024:10:43:27 +0800] "GET /annual_interim.php HTTP/1.0" 200 29165 "-" "BLP_bbot/0.1" 69.191.249.216
114.119.149.71 - - [20/Jun/2024:10:43:32 +0800] "GET /company.php HTTP/1.0" 200 12986 "http://www.1166hk.com/links.php" "Mozilla/5.0 (Linux; Android 7.0;) AppleWebKit/537.36 (KHTML, like Gecko) Mobile Safari/537.36 (compatible; PetalBot;+https://webmaster.petalsearch.com/site/petalbot)" 10.179.80.126, 114.119.149.71
121.229.156.52 - - [20/Jun/2024:10:43:42 +0800] "GET / HTTP/1.0" 200 13829 "-" "Sogou web spider/4.0(+http://www.sogou.com/docs/help/webmasters.htm#07)" 121.229.156.52
69.191.249.207 - - [20/Jun/2024:10:44:38 +0800] "GET /tc/annual_interim.php HTTP/1.0" 200 28903 "-" "BLP_bbot/0.1" 69.191.249.207
69.191.249.221 - - [20/Jun/2024:10:45:26 +0800] "GET /pressrelease.php HTTP/1.0" 200 368765 "-" "BLP_bbot/0.1" 69.191.249.221
69.191.249.201 - - [20/Jun/2024:10:47:17 +0800] "GET /annual_interim.php HTTP/1.0" 200 29165 "-" "BLP_bbot/0.1" 69.191.249.201
69.191.249.211 - - [20/Jun/2024:10:47:20 +0800] "GET /tc/pressrelease.php HTTP/1.0" 200 368714 "-" "BLP_bbot/0.1" 69.191.249.211
69.191.249.219 - - [20/Jun/2024:10:48:44 +0800] "GET /tc/annual_interim.php HTTP/1.0" 200 28903 "-" "BLP_bbot/0.1" 69.191.249.219
