66.249.66.169 - - [20/Jun/2024:05:04:43 +0800] "GET / HTTP/1.0" 200 13829 "-" "Mozilla/5.0 (compatible; Googlebot/2.1; +http://www.google.com/bot.html)" 66.249.66.169
69.191.249.211 - - [20/Jun/2024:05:06:52 +0800] "GET /annual_interim.php HTTP/1.0" 200 29165 "-" "BLP_bbot/0.1" 69.191.249.211
52.167.144.233 - - [20/Jun/2024:05:07:54 +0800] "GET /news/pdf/LTN20100715196_C.pdf HTTP/1.0" 200 202033 "-" "Mozilla/5.0 AppleWebKit/537.36 (KHTML, like Gecko; compatible; bingbot/2.0; +http://www.bing.com/bingbot.htm) Chrome/116.0.1938.76 Safari/537.36" 52.167.144.233
69.191.249.218 - - [20/Jun/2024:05:08:16 +0800] "GET /pressrelease.php HTTP/1.0" 200 368765 "-" "BLP_bbot/0.1" 69.191.249.218
69.191.249.220 - - [20/Jun/2024:05:08:17 +0800] "GET /tc/pressrelease.php HTTP/1.0" 200 368714 "-" "BLP_bbot/0.1" 69.191.249.220
69.191.249.218 - - [20/Jun/2024:05:08:47 +0800] "GET /tc/annual_interim.php HTTP/1.0" 200 28903 "-" "BLP_bbot/0.1" 69.191.249.218
69.191.249.206 - - [20/Jun/2024:05:10:54 +0800] "GET /annual_interim.php HTTP/1.0" 200 29165 "-" "BLP_bbot/0.1" 69.191.249.206
69.191.249.216 - - [20/Jun/2024:05:12:20 +0800] "GET /pressrelease.php HTTP/1.0" 200 368765 "-" "BLP_bbot/0.1" 69.191.249.216
69.191.249.211 - - [20/Jun/2024:05:12:29 +0800] "GET /tc/pressrelease.php HTTP/1.0" 200 368714 "-" "BLP_bbot/0.1" 69.191.249.211
69.191.249.219 - - [20/Jun/2024:05:12:53 +0800] "GET /tc/annual_interim.php HTTP/1.0" 200 28903 "-" "BLP_bbot/0.1" 69.191.249.219
69.191.249.217 - - [20/Jun/2024:05:15:01 +0800] "GET /annual_interim.php HTTP/1.0" 200 29165 "-" "BLP_bbot/0.1" 69.191.249.217
69.191.249.216 - - [20/Jun/2024:05:16:22 +0800] "GET /pressrelease.php HTTP/1.0" 200 368765 "-" "BLP_bbot/0.1" 69.191.249.216
69.191.249.219 - - [20/Jun/2024:05:16:29 +0800] "GET /tc/pressrelease.php HTTP/1.0" 200 368714 "-" "BLP_bbot/0.1" 69.191.249.219
69.191.249.218 - - [20/Jun/2024:05:16:46 +0800] "GET /tc/annual_interim.php HTTP/1.0" 200 28903 "-" "BLP_bbot/0.1" 69.191.249.218
114.119.137.174 - - [20/Jun/2024:05:18:20 +0800] "GET /pressrelease.php/news/2009/news/2008/news/pdf/news/2006/tc/news/2004/8-3%20Annual%20Report%20.pdf HTTP/1.0" 200 368765 "http://www.1166hk.com/pressrelease.php/news/2009/news/2008/news/pdf/news/2006/tc/pressrelease.php" "Mozilla/5.0 (Linux; Android 7.0;) AppleWebKit/537.36 (KHTML, like Gecko) Mobile Safari/537.36 (compatible; PetalBot;+https://webmaster.petalsearch.com/site/petalbot)" 10.179.80.83, 114.119.137.174
69.191.249.207 - - [20/Jun/2024:05:18:52 +0800] "GET /annual_interim.php HTTP/1.0" 200 29165 "-" "BLP_bbot/0.1" 69.191.249.207
103.146.179.69 - - [20/Jun/2024:05:19:22 +0800] "GET /images HTTP/1.0" 301 556 "-" "Mozilla/5.0 (Windows NT 6.3; Win64; x64) AppleWebKit/537.36 (KHTML, like Gecko) Chrome/37.0.2049.0 Safari/537.36" 103.146.179.69
103.146.179.69 - - [20/Jun/2024:05:19:22 +0800] "GET /images/ HTTP/1.0" 403 9961 "http://www.1166hk.com/images" "Mozilla/5.0 (Windows NT 6.3; Win64; x64) AppleWebKit/537.36 (KHTML, like Gecko) Chrome/37.0.2049.0 Safari/537.36" 103.146.179.69
103.146.179.69 - - [20/Jun/2024:05:19:22 +0800] "GET /js HTTP/1.0" 301 548 "-" "Mozilla/5.0 (Windows NT 6.3; Win64; x64) AppleWebKit/537.36 (KHTML, like Gecko) Chrome/37.0.2049.0 Safari/537.36" 103.146.179.69
103.146.179.69 - - [20/Jun/2024:05:19:22 +0800] "GET /js/ HTTP/1.0" 403 9961 "http://www.1166hk.com/js" "Mozilla/5.0 (Windows NT 6.3; Win64; x64) AppleWebKit/537.36 (KHTML, like Gecko) Chrome/37.0.2049.0 Safari/537.36" 103.146.179.69
103.146.179.69 - - [20/Jun/2024:05:19:22 +0800] "GET /css HTTP/1.0" 404 9957 "-" "Mozilla/5.0 (Windows NT 6.3; Win64; x64) AppleWebKit/537.36 (KHTML, like Gecko) Chrome/37.0.2049.0 Safari/537.36" 103.146.179.69
114.119.130.33 - - [20/Jun/2024:05:19:43 +0800] "GET /news/pdf/LTN20100601532_C.pdf HTTP/1.0" 200 192130 "http://www.1166hk.com/tc/pressrelease.php" "Mozilla/5.0 (Linux; Android 7.0;) AppleWebKit/537.36 (KHTML, like Gecko) Mobile Safari/537.36 (compatible; PetalBot;+https://webmaster.petalsearch.com/site/petalbot)" 10.179.80.65, 114.119.130.33
69.191.249.216 - - [20/Jun/2024:05:20:23 +0800] "GET /tc/pressrelease.php HTTP/1.0" 200 368714 "-" "BLP_bbot/0.1" 69.191.249.216
69.191.249.220 - - [20/Jun/2024:05:20:32 +0800] "GET /pressrelease.php HTTP/1.0" 200 368765 "-" "BLP_bbot/0.1" 69.191.249.220
69.191.249.220 - - [20/Jun/2024:05:20:43 +0800] "GET /tc/annual_interim.php HTTP/1.0" 200 28903 "-" "BLP_bbot/0.1" 69.191.249.220
66.249.66.160 - - [20/Jun/2024:05:20:45 +0800] "GET / HTTP/1.0" 200 13829 "-" "Mozilla/5.0 (Linux; Android 6.0.1; Nexus 5X Build/MMB29P) AppleWebKit/537.36 (KHTML, like Gecko) Chrome/125.0.6422.175 Mobile Safari/537.36 (compatible; Googlebot/2.1; +http://www.google.com/bot.html)" 66.249.66.160
66.249.66.168 - - [20/Jun/2024:05:20:57 +0800] "GET /favicon.ico HTTP/1.0" 404 9957 "-" "Googlebot-Image/1.0" 66.249.66.168
114.119.158.167 - - [20/Jun/2024:05:21:06 +0800] "GET /news/2008/E-20081230-05.pdf HTTP/1.0" 200 73337 "http://www.1166hk.com/pressrelease.php" "Mozilla/5.0 (Linux; Android 7.0;) AppleWebKit/537.36 (KHTML, like Gecko) Mobile Safari/537.36 (compatible; PetalBot;+https://webmaster.petalsearch.com/site/petalbot)" 10.179.80.54, 114.119.158.167
114.119.130.33 - - [20/Jun/2024:05:22:30 +0800] "GET /news/pdf/LTN20100805388_C.pdf HTTP/1.0" 200 220651 "http://1166hk.com/tc/pressrelease.php" "Mozilla/5.0 (Linux; Android 7.0;) AppleWebKit/537.36 (KHTML, like Gecko) Mobile Safari/537.36 (compatible; PetalBot;+https://webmaster.petalsearch.com/site/petalbot)" 10.179.80.225, 114.119.130.33
69.191.249.206 - - [20/Jun/2024:05:22:45 +0800] "GET /annual_interim.php HTTP/1.0" 200 29165 "-" "BLP_bbot/0.1" 69.191.249.206
69.191.249.206 - - [20/Jun/2024:05:24:19 +0800] "GET /tc/pressrelease.php HTTP/1.0" 200 368714 "-" "BLP_bbot/0.1" 69.191.249.206
69.191.249.218 - - [20/Jun/2024:05:24:25 +0800] "GET /pressrelease.php HTTP/1.0" 200 368765 "-" "BLP_bbot/0.1" 69.191.249.218
61.155.157.57 - - [20/Jun/2024:05:24:37 +0800] "GET / HTTP/1.0" 200 13829 "-" "Mozilla/5.0 (Windows NT 10.0; Win64; x64) AppleWebKit/537.36 (KHTML, like Gecko) Chrome/114.0.0.0 Safari/537.36" 61.155.157.57
69.191.249.221 - - [20/Jun/2024:05:24:40 +0800] "GET /tc/annual_interim.php HTTP/1.0" 200 28903 "-" "BLP_bbot/0.1" 69.191.249.221
61.155.157.57 - - [20/Jun/2024:05:24:53 +0800] "GET / HTTP/1.0" 200 13829 "-" "Mozilla/5.0 (Windows NT 10.0; Win64; x64) AppleWebKit/537.36 (KHTML, like Gecko) Chrome/114.0.0.0 Safari/537.36" 61.155.157.57
61.155.157.57 - - [20/Jun/2024:05:25:16 +0800] "GET / HTTP/1.0" 200 13829 "-" "Mozilla/5.0 (Windows NT 10.0; Win64; x64) AppleWebKit/537.36 (KHTML, like Gecko) Chrome/114.0.0.0 Safari/537.36" 61.155.157.57
61.155.157.57 - - [20/Jun/2024:05:25:59 +0800] "GET / HTTP/1.0" 200 13829 "-" "Mozilla/5.0 (Windows NT 10.0; Win64; x64) AppleWebKit/537.36 (KHTML, like Gecko) Chrome/114.0.0.0 Safari/537.36" 61.155.157.57
61.155.157.57 - - [20/Jun/2024:05:26:16 +0800] "GET / HTTP/1.0" 200 13829 "-" "Mozilla/5.0 (Windows NT 10.0; Win64; x64) AppleWebKit/537.36 (KHTML, like Gecko) Chrome/114.0.0.0 Safari/537.36" 61.155.157.57
69.191.249.212 - - [20/Jun/2024:05:26:38 +0800] "GET /annual_interim.php HTTP/1.0" 200 29165 "-" "BLP_bbot/0.1" 69.191.249.212
69.191.249.201 - - [20/Jun/2024:05:28:20 +0800] "GET /tc/pressrelease.php HTTP/1.0" 200 368714 "-" "BLP_bbot/0.1" 69.191.249.201
69.191.249.210 - - [20/Jun/2024:05:28:26 +0800] "GET /pressrelease.php HTTP/1.0" 200 368765 "-" "BLP_bbot/0.1" 69.191.249.210
69.191.249.219 - - [20/Jun/2024:05:28:36 +0800] "GET /tc/annual_interim.php HTTP/1.0" 200 28903 "-" "BLP_bbot/0.1" 69.191.249.219
125.87.86.247 - - [20/Jun/2024:05:30:05 +0800] "GET /tc/pressrelease.php HTTP/1.0" 200 368714 "-" "Mozilla/5.0 (Macintosh; Intel Mac OS X 10_15_7) AppleWebKit/537.36 (KHTML, like Gecko) Chrome/109.0.0.0 Safari/537.36" 125.87.86.247
69.191.249.216 - - [20/Jun/2024:05:30:37 +0800] "GET /annual_interim.php HTTP/1.0" 200 29165 "-" "BLP_bbot/0.1" 69.191.249.216
69.191.249.207 - - [20/Jun/2024:05:32:16 +0800] "GET /pressrelease.php HTTP/1.0" 200 368765 "-" "BLP_bbot/0.1" 69.191.249.207
69.191.249.217 - - [20/Jun/2024:05:32:32 +0800] "GET /tc/pressrelease.php HTTP/1.0" 200 368714 "-" "BLP_bbot/0.1" 69.191.249.217
69.191.249.212 - - [20/Jun/2024:05:32:34 +0800] "GET /tc/annual_interim.php HTTP/1.0" 200 28903 "-" "BLP_bbot/0.1" 69.191.249.212
66.249.66.169 - - [20/Jun/2024:05:33:28 +0800] "GET /tc/pressrelease.php/tc/news/pdf/LTN20140416592_C.pdf HTTP/1.0" 200 368714 "-" "Mozilla/5.0 (Linux; Android 6.0.1; Nexus 5X Build/MMB29P) AppleWebKit/537.36 (KHTML, like Gecko) Chrome/125.0.6422.175 Mobile Safari/537.36 (compatible; Googlebot/2.1; +http://www.google.com/bot.html)" 66.249.66.169
69.191.249.218 - - [20/Jun/2024:05:34:40 +0800] "GET /annual_interim.php HTTP/1.0" 200 29165 "-" "BLP_bbot/0.1" 69.191.249.218
69.191.249.216 - - [20/Jun/2024:05:36:15 +0800] "GET /pressrelease.php HTTP/1.0" 200 368765 "-" "BLP_bbot/0.1" 69.191.249.216
69.191.249.210 - - [20/Jun/2024:05:36:25 +0800] "GET /tc/annual_interim.php HTTP/1.0" 200 28903 "-" "BLP_bbot/0.1" 69.191.249.210
69.191.249.212 - - [20/Jun/2024:05:36:33 +0800] "GET /tc/pressrelease.php HTTP/1.0" 200 368714 "-" "BLP_bbot/0.1" 69.191.249.212
125.77.34.86 - - [20/Jun/2024:05:37:01 +0800] "GET / HTTP/1.0" 200 13829 "-" "Mozilla/5.0 (Macintosh; Intel Mac OS X 10_15_7) AppleWebKit/537.36 (KHTML, like Gecko) Chrome/109.0.0.0 Safari/537.36" 125.77.34.86
118.113.244.62 - - [20/Jun/2024:05:37:13 +0800] "GET / HTTP/1.0" 200 13829 "-" "Mozilla/5.0 (Macintosh; Intel Mac OS X 10_15_7) AppleWebKit/537.36 (KHTML, like Gecko) Chrome/109.0.0.0 Safari/537.36" 118.113.244.62
69.191.249.207 - - [20/Jun/2024:05:38:29 +0800] "GET /annual_interim.php HTTP/1.0" 200 29165 "-" "BLP_bbot/0.1" 69.191.249.207
69.191.249.210 - - [20/Jun/2024:05:40:06 +0800] "GET /pressrelease.php HTTP/1.0" 200 368765 "-" "BLP_bbot/0.1" 69.191.249.210
69.191.249.220 - - [20/Jun/2024:05:40:23 +0800] "GET /tc/pressrelease.php HTTP/1.0" 200 368714 "-" "BLP_bbot/0.1" 69.191.249.220
69.191.249.211 - - [20/Jun/2024:05:40:24 +0800] "GET /tc/annual_interim.php HTTP/1.0" 200 28903 "-" "BLP_bbot/0.1" 69.191.249.211
69.191.249.206 - - [20/Jun/2024:05:42:37 +0800] "GET /annual_interim.php HTTP/1.0" 200 29165 "-" "BLP_bbot/0.1" 69.191.249.206
69.191.249.206 - - [20/Jun/2024:05:44:03 +0800] "GET /pressrelease.php HTTP/1.0" 200 368765 "-" "BLP_bbot/0.1" 69.191.249.206
69.191.249.210 - - [20/Jun/2024:05:44:17 +0800] "GET /tc/annual_interim.php HTTP/1.0" 200 28903 "-" "BLP_bbot/0.1" 69.191.249.210
69.191.249.220 - - [20/Jun/2024:05:44:29 +0800] "GET /tc/pressrelease.php HTTP/1.0" 200 368714 "-" "BLP_bbot/0.1" 69.191.249.220
69.191.249.221 - - [20/Jun/2024:05:46:31 +0800] "GET /annual_interim.php HTTP/1.0" 200 29165 "-" "BLP_bbot/0.1" 69.191.249.221
51.222.253.19 - - [20/Jun/2024:05:47:09 +0800] "GET / HTTP/1.0" 200 13829 "-" "Mozilla/5.0 (compatible; AhrefsBot/7.0; +http://ahrefs.com/robot/)" 51.222.253.19
69.191.249.220 - - [20/Jun/2024:05:48:05 +0800] "GET /pressrelease.php HTTP/1.0" 200 368765 "-" "BLP_bbot/0.1" 69.191.249.220
69.191.249.206 - - [20/Jun/2024:05:48:17 +0800] "GET /tc/annual_interim.php HTTP/1.0" 200 28903 "-" "BLP_bbot/0.1" 69.191.249.206
69.191.249.221 - - [20/Jun/2024:05:48:26 +0800] "GET /tc/pressrelease.php HTTP/1.0" 200 368714 "-" "BLP_bbot/0.1" 69.191.249.221
69.191.249.212 - - [20/Jun/2024:05:50:26 +0800] "GET /annual_interim.php HTTP/1.0" 200 29165 "-" "BLP_bbot/0.1" 69.191.249.212
69.191.249.206 - - [20/Jun/2024:05:52:09 +0800] "GET /pressrelease.php HTTP/1.0" 200 368765 "-" "BLP_bbot/0.1" 69.191.249.206
69.191.249.211 - - [20/Jun/2024:05:52:25 +0800] "GET /tc/annual_interim.php HTTP/1.0" 200 28903 "-" "BLP_bbot/0.1" 69.191.249.211
69.191.249.218 - - [20/Jun/2024:05:52:33 +0800] "GET /tc/pressrelease.php HTTP/1.0" 200 368714 "-" "BLP_bbot/0.1" 69.191.249.218
69.191.249.218 - - [20/Jun/2024:05:54:37 +0800] "GET /annual_interim.php HTTP/1.0" 200 29165 "-" "BLP_bbot/0.1" 69.191.249.218
66.249.66.168 - - [20/Jun/2024:05:55:52 +0800] "GET /tc/news/2008/C-20080331-01.pdf HTTP/1.0" 200 508642 "-" "Mozilla/5.0 (Linux; Android 6.0.1; Nexus 5X Build/MMB29P) AppleWebKit/537.36 (KHTML, like Gecko) Chrome/125.0.6422.175 Mobile Safari/537.36 (compatible; Googlebot/2.1; +http://www.google.com/bot.html)" 66.249.66.168
69.191.249.207 - - [20/Jun/2024:05:55:59 +0800] "GET /pressrelease.php HTTP/1.0" 200 368765 "-" "BLP_bbot/0.1" 69.191.249.207
69.191.249.206 - - [20/Jun/2024:05:56:25 +0800] "GET /tc/annual_interim.php HTTP/1.0" 200 28903 "-" "BLP_bbot/0.1" 69.191.249.206
69.191.249.207 - - [20/Jun/2024:05:56:40 +0800] "GET /tc/pressrelease.php HTTP/1.0" 200 368714 "-" "BLP_bbot/0.1" 69.191.249.207
69.191.249.216 - - [20/Jun/2024:05:58:47 +0800] "GET /annual_interim.php HTTP/1.0" 200 29165 "-" "BLP_bbot/0.1" 69.191.249.216
69.191.249.212 - - [20/Jun/2024:05:59:58 +0800] "GET /pressrelease.php HTTP/1.0" 200 368765 "-" "BLP_bbot/0.1" 69.191.249.212
69.191.249.219 - - [20/Jun/2024:06:00:34 +0800] "GET /tc/annual_interim.php HTTP/1.0" 200 28903 "-" "BLP_bbot/0.1" 69.191.249.219
69.191.249.210 - - [20/Jun/2024:06:00:49 +0800] "GET /tc/pressrelease.php HTTP/1.0" 200 368714 "-" "BLP_bbot/0.1" 69.191.249.210
66.249.66.160 - - [20/Jun/2024:06:02:47 +0800] "GET / HTTP/1.0" 200 13829 "-" "Mozilla/5.0 (compatible; Googlebot/2.1; +http://www.google.com/bot.html)" 66.249.66.160
69.191.249.221 - - [20/Jun/2024:06:02:56 +0800] "GET /annual_interim.php HTTP/1.0" 200 29165 "-" "BLP_bbot/0.1" 69.191.249.221
121.52.252.92 - - [20/Jun/2024:06:03:07 +0800] "GET / HTTP/1.0" 200 13829 "-" "Mozilla/5.0 (Windows NT 6.1; Win64; x64) AppleWebKit/537.36 (KHTML, like Gecko) Chrome/65.0.3325.181 Safari/537.36" 121.52.252.92
69.191.249.217 - - [20/Jun/2024:06:04:04 +0800] "GET /pressrelease.php HTTP/1.0" 200 368765 "-" "BLP_bbot/0.1" 69.191.249.217
69.191.249.219 - - [20/Jun/2024:06:04:27 +0800] "GET /tc/annual_interim.php HTTP/1.0" 200 28903 "-" "BLP_bbot/0.1" 69.191.249.219
69.191.249.218 - - [20/Jun/2024:06:04:44 +0800] "GET /tc/pressrelease.php HTTP/1.0" 200 368714 "-" "BLP_bbot/0.1" 69.191.249.218
69.191.249.217 - - [20/Jun/2024:06:06:46 +0800] "GET /annual_interim.php HTTP/1.0" 200 29165 "-" "BLP_bbot/0.1" 69.191.249.217
69.191.249.212 - - [20/Jun/2024:06:08:08 +0800] "GET /pressrelease.php HTTP/1.0" 200 368765 "-" "BLP_bbot/0.1" 69.191.249.212
69.191.249.212 - - [20/Jun/2024:06:08:25 +0800] "GET /tc/annual_interim.php HTTP/1.0" 200 28903 "-" "BLP_bbot/0.1" 69.191.249.212
66.249.71.42 - - [20/Jun/2024:06:08:27 +0800] "GET /robots.txt HTTP/1.0" 404 9957 "-" "Mozilla/5.0 (compatible; Googlebot/2.1; +http://www.google.com/bot.html)" 66.249.71.42
69.191.249.219 - - [20/Jun/2024:06:08:51 +0800] "GET /tc/pressrelease.php HTTP/1.0" 200 368714 "-" "BLP_bbot/0.1" 69.191.249.219
69.191.249.220 - - [20/Jun/2024:06:10:36 +0800] "GET /annual_interim.php HTTP/1.0" 200 29165 "-" "BLP_bbot/0.1" 69.191.249.220
69.191.249.210 - - [20/Jun/2024:06:12:10 +0800] "GET /pressrelease.php HTTP/1.0" 200 368765 "-" "BLP_bbot/0.1" 69.191.249.210
66.249.71.137 - - [20/Jun/2024:06:12:19 +0800] "GET / HTTP/1.0" 200 13829 "-" "Mozilla/5.0 (compatible; Googlebot/2.1; +http://www.google.com/bot.html)" 66.249.71.137
69.191.249.219 - - [20/Jun/2024:06:12:29 +0800] "GET /tc/annual_interim.php HTTP/1.0" 200 28903 "-" "BLP_bbot/0.1" 69.191.249.219
61.155.157.28 - - [20/Jun/2024:06:12:42 +0800] "GET / HTTP/1.0" 200 13829 "-" "Mozilla/5.0 (Windows NT 10.0; Win64; x64) AppleWebKit/537.36 (KHTML, like Gecko) Chrome/100.0.4896.127 Safari/537.36" 61.155.157.28
61.155.157.28 - - [20/Jun/2024:06:12:43 +0800] "GET /common.css HTTP/1.0" 200 2745 "http://www.1166hk.com/" "Mozilla/5.0 (Windows NT 10.0; Win64; x64) AppleWebKit/537.36 (KHTML, like Gecko) Chrome/100.0.4896.127 Safari/537.36" 61.155.157.28
61.155.157.28 - - [20/Jun/2024:06:12:43 +0800] "GET /images/heading1.jpg HTTP/1.0" 200 21104 "http://www.1166hk.com/" "Mozilla/5.0 (Windows NT 10.0; Win64; x64) AppleWebKit/537.36 (KHTML, like Gecko) Chrome/100.0.4896.127 Safari/537.36" 61.155.157.28
61.155.157.28 - - [20/Jun/2024:06:12:44 +0800] "GET /iesuck.js HTTP/1.0" 200 877 "http://www.1166hk.com/" "Mozilla/5.0 (Windows NT 10.0; Win64; x64) AppleWebKit/537.36 (KHTML, like Gecko) Chrome/100.0.4896.127 Safari/537.36" 61.155.157.28
61.155.157.28 - - [20/Jun/2024:06:12:44 +0800] "GET /images/bt_home.gif HTTP/1.0" 200 452 "http://www.1166hk.com/" "Mozilla/5.0 (Windows NT 10.0; Win64; x64) AppleWebKit/537.36 (KHTML, like Gecko) Chrome/100.0.4896.127 Safari/537.36" 61.155.157.28
61.155.157.28 - - [20/Jun/2024:06:12:44 +0800] "GET /images/web-1_04.gif HTTP/1.0" 200 311 "http://www.1166hk.com/" "Mozilla/5.0 (Windows NT 10.0; Win64; x64) AppleWebKit/537.36 (KHTML, like Gecko) Chrome/100.0.4896.127 Safari/537.36" 61.155.157.28
61.155.157.28 - - [20/Jun/2024:06:12:44 +0800] "GET /images/bt_chin.gif HTTP/1.0" 200 566 "http://www.1166hk.com/" "Mozilla/5.0 (Windows NT 10.0; Win64; x64) AppleWebKit/537.36 (KHTML, like Gecko) Chrome/100.0.4896.127 Safari/537.36" 61.155.157.28
61.155.157.28 - - [20/Jun/2024:06:12:44 +0800] "GET /images/bt_contact.gif HTTP/1.0" 200 565 "http://www.1166hk.com/" "Mozilla/5.0 (Windows NT 10.0; Win64; x64) AppleWebKit/537.36 (KHTML, like Gecko) Chrome/100.0.4896.127 Safari/537.36" 61.155.157.28
61.155.157.28 - - [20/Jun/2024:06:12:44 +0800] "GET /images/bt_eng_sel.gif HTTP/1.0" 200 710 "http://www.1166hk.com/" "Mozilla/5.0 (Windows NT 10.0; Win64; x64) AppleWebKit/537.36 (KHTML, like Gecko) Chrome/100.0.4896.127 Safari/537.36" 61.155.157.28
61.155.157.28 - - [20/Jun/2024:06:12:44 +0800] "GET /images/graphic1_03.gif HTTP/1.0" 200 622 "http://www.1166hk.com/" "Mozilla/5.0 (Windows NT 10.0; Win64; x64) AppleWebKit/537.36 (KHTML, like Gecko) Chrome/100.0.4896.127 Safari/537.36" 61.155.157.28
61.155.157.28 - - [20/Jun/2024:06:12:44 +0800] "GET /images/spacer.gif HTTP/1.0" 200 301 "http://www.1166hk.com/" "Mozilla/5.0 (Windows NT 10.0; Win64; x64) AppleWebKit/537.36 (KHTML, like Gecko) Chrome/100.0.4896.127 Safari/537.36" 61.155.157.28
61.155.157.28 - - [20/Jun/2024:06:12:44 +0800] "GET /images/logo.gif HTTP/1.0" 200 3202 "http://www.1166hk.com/" "Mozilla/5.0 (Windows NT 10.0; Win64; x64) AppleWebKit/537.36 (KHTML, like Gecko) Chrome/100.0.4896.127 Safari/537.36" 61.155.157.28
69.191.249.216 - - [20/Jun/2024:06:12:45 +0800] "GET /tc/pressrelease.php HTTP/1.0" 200 368714 "-" "BLP_bbot/0.1" 69.191.249.216
61.155.157.28 - - [20/Jun/2024:06:12:53 +0800] "GET /images/menu-r3.gif HTTP/1.0" 200 611 "http://www.1166hk.com/" "Mozilla/5.0 (Windows NT 10.0; Win64; x64) AppleWebKit/537.36 (KHTML, like Gecko) Chrome/100.0.4896.127 Safari/537.36" 61.155.157.28
61.155.157.28 - - [20/Jun/2024:06:13:00 +0800] "GET /images/bt_contact_up.gif HTTP/1.0" 200 2343 "http://www.1166hk.com/" "Mozilla/5.0 (Windows NT 10.0; Win64; x64) AppleWebKit/537.36 (KHTML, like Gecko) Chrome/100.0.4896.127 Safari/537.36" 61.155.157.28
61.155.157.28 - - [20/Jun/2024:06:13:00 +0800] "GET /images/bt_home_up.gif HTTP/1.0" 200 1729 "http://www.1166hk.com/" "Mozilla/5.0 (Windows NT 10.0; Win64; x64) AppleWebKit/537.36 (KHTML, like Gecko) Chrome/100.0.4896.127 Safari/537.36" 61.155.157.28
61.155.157.28 - - [20/Jun/2024:06:13:00 +0800] "GET /images/bt_home_up2.gif HTTP/1.0" 200 1776 "http://www.1166hk.com/" "Mozilla/5.0 (Windows NT 10.0; Win64; x64) AppleWebKit/537.36 (KHTML, like Gecko) Chrome/100.0.4896.127 Safari/537.36" 61.155.157.28
61.155.157.28 - - [20/Jun/2024:06:13:00 +0800] "GET /images/bt_chin_up.gif HTTP/1.0" 200 2351 "http://www.1166hk.com/" "Mozilla/5.0 (Windows NT 10.0; Win64; x64) AppleWebKit/537.36 (KHTML, like Gecko) Chrome/100.0.4896.127 Safari/537.36" 61.155.157.28
61.155.157.28 - - [20/Jun/2024:06:13:00 +0800] "GET /images/bt_tc2_up.gif HTTP/1.0" 200 1997 "http://www.1166hk.com/" "Mozilla/5.0 (Windows NT 10.0; Win64; x64) AppleWebKit/537.36 (KHTML, like Gecko) Chrome/100.0.4896.127 Safari/537.36" 61.155.157.28
69.191.249.218 - - [20/Jun/2024:06:14:49 +0800] "GET /annual_interim.php HTTP/1.0" 200 29165 "-" "BLP_bbot/0.1" 69.191.249.218
69.191.249.217 - - [20/Jun/2024:06:16:09 +0800] "GET /pressrelease.php HTTP/1.0" 200 368765 "-" "BLP_bbot/0.1" 69.191.249.217
66.249.66.168 - - [20/Jun/2024:06:16:28 +0800] "GET /news/pdf/LTN20150308027.pdf HTTP/1.0" 200 68597 "-" "Mozilla/5.0 (Linux; Android 6.0.1; Nexus 5X Build/MMB29P) AppleWebKit/537.36 (KHTML, like Gecko) Chrome/125.0.6422.175 Mobile Safari/537.36 (compatible; Googlebot/2.1; +http://www.google.com/bot.html)" 66.249.66.168
69.191.249.219 - - [20/Jun/2024:06:16:41 +0800] "GET /tc/annual_interim.php HTTP/1.0" 200 28903 "-" "BLP_bbot/0.1" 69.191.249.219
69.191.249.210 - - [20/Jun/2024:06:16:54 +0800] "GET /tc/pressrelease.php HTTP/1.0" 200 368714 "-" "BLP_bbot/0.1" 69.191.249.210
66.249.66.169 - - [20/Jun/2024:06:18:49 +0800] "GET / HTTP/1.0" 200 13829 "-" "Mozilla/5.0 (Linux; Android 6.0.1; Nexus 5X Build/MMB29P) AppleWebKit/537.36 (KHTML, like Gecko) Chrome/125.0.6422.175 Mobile Safari/537.36 (compatible; Googlebot/2.1; +http://www.google.com/bot.html)" 66.249.66.169
69.191.249.212 - - [20/Jun/2024:06:18:56 +0800] "GET /annual_interim.php HTTP/1.0" 200 29165 "-" "BLP_bbot/0.1" 69.191.249.212
66.249.66.160 - - [20/Jun/2024:06:19:33 +0800] "GET /tc/pressrelease.php/news/news/pdf/2020091400706_c.pdf HTTP/1.0" 200 368714 "-" "Mozilla/5.0 (Linux; Android 6.0.1; Nexus 5X Build/MMB29P) AppleWebKit/537.36 (KHTML, like Gecko) Chrome/125.0.6422.175 Mobile Safari/537.36 (compatible; Googlebot/2.1; +http://www.google.com/bot.html)" 66.249.66.160
69.191.249.221 - - [20/Jun/2024:06:20:06 +0800] "GET /pressrelease.php HTTP/1.0" 200 368765 "-" "BLP_bbot/0.1" 69.191.249.221
69.191.249.201 - - [20/Jun/2024:06:20:35 +0800] "GET /tc/annual_interim.php HTTP/1.0" 200 28903 "-" "BLP_bbot/0.1" 69.191.249.201
69.191.249.218 - - [20/Jun/2024:06:20:59 +0800] "GET /tc/pressrelease.php HTTP/1.0" 200 368714 "-" "BLP_bbot/0.1" 69.191.249.218
69.191.249.216 - - [20/Jun/2024:06:22:57 +0800] "GET /annual_interim.php HTTP/1.0" 200 29165 "-" "BLP_bbot/0.1" 69.191.249.216
69.191.249.219 - - [20/Jun/2024:06:24:15 +0800] "GET /pressrelease.php HTTP/1.0" 200 368765 "-" "BLP_bbot/0.1" 69.191.249.219
69.191.249.221 - - [20/Jun/2024:06:24:39 +0800] "GET /tc/annual_interim.php HTTP/1.0" 200 28903 "-" "BLP_bbot/0.1" 69.191.249.221
69.191.249.201 - - [20/Jun/2024:06:25:04 +0800] "GET /tc/pressrelease.php HTTP/1.0" 200 368714 "-" "BLP_bbot/0.1" 69.191.249.201
69.191.249.217 - - [20/Jun/2024:06:27:10 +0800] "GET /annual_interim.php HTTP/1.0" 200 29165 "-" "BLP_bbot/0.1" 69.191.249.217
157.245.32.216 - - [20/Jun/2024:06:28:06 +0800] "POST /php-cgi/php-cgi.exe?%ADd+cgi.force_redirect%3d0+%ADd+cgi.redirect_status_env+%ADd+allow_url_include%3d1+%ADd+auto_prepend_file%3dphp://input HTTP/1.0" 404 9957 "-" "Mozilla/5.0 (Windows NT 10.0; Win64; x64) AppleWebKit/537.36 (KHTML, like Gecko) Chrome/99.0.4844.74 Safari/537.36 Edg/99.0.1150.64" 157.245.32.216
157.245.32.216 - - [20/Jun/2024:06:28:06 +0800] "POST /index.php?%ADd+cgi.force_redirect%3d0+%ADd+cgi.redirect_status_env+%ADd+allow_url_include%3d1+%ADd+auto_prepend_file%3dphp://input HTTP/1.0" 200 13829 "-" "Mozilla/5.0 (Macintosh; Intel Mac OS X 10_14_5) AppleWebKit/537.36 (KHTML, like Gecko) Chrome/91.0.4472.77 Safari/537.36 Edg/91.0.864.37" 157.245.32.216
157.245.32.216 - - [20/Jun/2024:06:28:07 +0800] "POST /test.php?%ADd+cgi.force_redirect%3d0+%ADd+cgi.redirect_status_env+%ADd+allow_url_include%3d1+%ADd+auto_prepend_file%3dphp://input HTTP/1.0" 404 9957 "-" "Mozilla/5.0 (Windows NT 6.3; WOW64; rv:48.0) Gecko/20100101 Firefox/48.0" 157.245.32.216
157.245.32.216 - - [20/Jun/2024:06:28:07 +0800] "POST /test.hello?%ADd+cgi.force_redirect%3d0+%ADd+cgi.redirect_status_env+%ADd+allow_url_include%3d1+%ADd+auto_prepend_file%3dphp://input HTTP/1.0" 404 9957 "-" "Mozilla/5.0 (X11; Linux x86_64) AppleWebKit/537.36 (KHTML, like Gecko) Chrome/121.0.0.0 Safari/537.36" 157.245.32.216
69.191.249.212 - - [20/Jun/2024:06:28:15 +0800] "GET /pressrelease.php HTTP/1.0" 200 368765 "-" "BLP_bbot/0.1" 69.191.249.212
69.191.249.207 - - [20/Jun/2024:06:28:30 +0800] "GET /tc/annual_interim.php HTTP/1.0" 200 28903 "-" "BLP_bbot/0.1" 69.191.249.207
69.191.249.217 - - [20/Jun/2024:06:29:01 +0800] "GET /tc/pressrelease.php HTTP/1.0" 200 368714 "-" "BLP_bbot/0.1" 69.191.249.217
27.155.196.115 - - [20/Jun/2024:06:29:08 +0800] "GET /tc/pressrelease.php HTTP/1.0" 500 28960 "-" "Mozilla/5.0 (Macintosh; Intel Mac OS X 10_15_7) AppleWebKit/537.36 (KHTML, like Gecko) Chrome/109.0.0.0 Safari/537.36" 27.155.196.115
183.164.58.46 - - [20/Jun/2024:06:29:14 +0800] "GET /tc/pressrelease.php HTTP/1.0" 200 368714 "-" "Mozilla/5.0 (Macintosh; Intel Mac OS X 10_15_7) AppleWebKit/537.36 (KHTML, like Gecko) Chrome/109.0.0.0 Safari/537.36" 183.164.58.46
66.249.66.195 - - [20/Jun/2024:06:29:29 +0800] "GET / HTTP/1.0" 200 13829 "-" "Mozilla/5.0 (compatible; Googlebot/2.1; +http://www.google.com/bot.html)" 66.249.66.195
69.191.249.217 - - [20/Jun/2024:06:31:19 +0800] "GET /annual_interim.php HTTP/1.0" 200 29165 "-" "BLP_bbot/0.1" 69.191.249.217
69.191.249.219 - - [20/Jun/2024:06:32:08 +0800] "GET /pressrelease.php HTTP/1.0" 200 368765 "-" "BLP_bbot/0.1" 69.191.249.219
69.191.249.201 - - [20/Jun/2024:06:32:19 +0800] "GET /tc/annual_interim.php HTTP/1.0" 200 28903 "-" "BLP_bbot/0.1" 69.191.249.201
69.191.249.216 - - [20/Jun/2024:06:33:01 +0800] "GET /tc/pressrelease.php HTTP/1.0" 200 368714 "-" "BLP_bbot/0.1" 69.191.249.216
69.191.249.219 - - [20/Jun/2024:06:35:28 +0800] "GET /annual_interim.php HTTP/1.0" 200 29165 "-" "BLP_bbot/0.1" 69.191.249.219
69.191.249.210 - - [20/Jun/2024:06:36:04 +0800] "GET /pressrelease.php HTTP/1.0" 200 368765 "-" "BLP_bbot/0.1" 69.191.249.210
69.191.249.220 - - [20/Jun/2024:06:36:10 +0800] "GET /tc/annual_interim.php HTTP/1.0" 200 28903 "-" "BLP_bbot/0.1" 69.191.249.220
59.56.214.76 - - [20/Jun/2024:06:37:01 +0800] "GET / HTTP/1.0" 200 13829 "-" "Mozilla/5.0 (Macintosh; Intel Mac OS X 10_15_7) AppleWebKit/537.36 (KHTML, like Gecko) Chrome/109.0.0.0 Safari/537.36" 59.56.214.76
114.102.33.5 - - [20/Jun/2024:06:37:07 +0800] "GET / HTTP/1.0" 200 13829 "-" "Mozilla/5.0 (Macintosh; Intel Mac OS X 10_15_7) AppleWebKit/537.36 (KHTML, like Gecko) Chrome/109.0.0.0 Safari/537.36" 114.102.33.5
69.191.249.217 - - [20/Jun/2024:06:37:08 +0800] "GET /tc/pressrelease.php HTTP/1.0" 200 368714 "-" "BLP_bbot/0.1" 69.191.249.217
103.131.71.23 - - [20/Jun/2024:06:37:39 +0800] "GET /robots.txt HTTP/1.0" 404 9957 "-" "Mozilla/5.0 (compatible; coccocbot-image/1.0; +http://help.coccoc.com/searchengine)" 103.131.71.23
103.131.71.31 - - [20/Jun/2024:06:37:43 +0800] "GET /robots.txt HTTP/1.0" 404 9957 "-" "Mozilla/5.0 (compatible; coccocbot-image/1.0; +http://help.coccoc.com/searchengine)" 103.131.71.31
103.131.71.29 - - [20/Jun/2024:06:37:45 +0800] "GET /Hua_Yi_Copper_Products/About_Us_files/Footer_ip-4.jpg HTTP/1.0" 200 37804 "-" "Mozilla/5.0 (compatible; coccocbot-image/1.0; +http://help.coccoc.com/searchengine)" 103.131.71.29
91.92.251.141 - - [20/Jun/2024:06:38:26 +0800] "GET /wp-login.php HTTP/1.0" 404 9957 "-" "Mozilla/5.0 (Windows NT 10.0; Win64; x64) AppleWebKit/537.36 (KHTML, like Gecko) Chrome/91.0.4472.124 Safari/537.36" 91.92.251.141
91.92.251.141 - - [20/Jun/2024:06:38:26 +0800] "GET /wp/wp-login.php HTTP/1.0" 404 9957 "-" "Mozilla/5.0 (Windows NT 10.0; Win64; x64) AppleWebKit/537.36 (KHTML, like Gecko) Chrome/91.0.4472.124 Safari/537.36" 91.92.251.141
91.92.251.141 - - [20/Jun/2024:06:38:27 +0800] "GET /wordpress/wp-login.php HTTP/1.0" 404 9957 "-" "Mozilla/5.0 (Windows NT 10.0; Win64; x64) AppleWebKit/537.36 (KHTML, like Gecko) Chrome/91.0.4472.124 Safari/537.36" 91.92.251.141
91.92.251.141 - - [20/Jun/2024:06:38:27 +0800] "GET /blog/wp-login.php HTTP/1.0" 404 9957 "-" "Mozilla/5.0 (Windows NT 10.0; Win64; x64) AppleWebKit/537.36 (KHTML, like Gecko) Chrome/91.0.4472.124 Safari/537.36" 91.92.251.141
91.92.251.141 - - [20/Jun/2024:06:38:27 +0800] "GET /site/wp-login.php HTTP/1.0" 404 9957 "-" "Mozilla/5.0 (Windows NT 10.0; Win64; x64) AppleWebKit/537.36 (KHTML, like Gecko) Chrome/91.0.4472.124 Safari/537.36" 91.92.251.141
91.92.251.141 - - [20/Jun/2024:06:38:27 +0800] "GET /blogs/wp-login.php HTTP/1.0" 404 9957 "-" "Mozilla/5.0 (Windows NT 10.0; Win64; x64) AppleWebKit/537.36 (KHTML, like Gecko) Chrome/91.0.4472.124 Safari/537.36" 91.92.251.141
69.191.249.207 - - [20/Jun/2024:06:39:26 +0800] "GET /annual_interim.php HTTP/1.0" 200 29165 "-" "BLP_bbot/0.1" 69.191.249.207
69.191.249.207 - - [20/Jun/2024:06:39:59 +0800] "GET /pressrelease.php HTTP/1.0" 200 368765 "-" "BLP_bbot/0.1" 69.191.249.207
69.191.249.212 - - [20/Jun/2024:06:40:16 +0800] "GET /tc/annual_interim.php HTTP/1.0" 200 28903 "-" "BLP_bbot/0.1" 69.191.249.212
69.191.249.216 - - [20/Jun/2024:06:41:16 +0800] "GET /tc/pressrelease.php HTTP/1.0" 200 368714 "-" "BLP_bbot/0.1" 69.191.249.216
146.70.176.136 - - [20/Jun/2024:06:42:59 +0800] "GET /wp-content/plugins/wp-automatic/css/wp-automatic.css HTTP/1.0" 404 9957 "-" "Mozilla/5.0 (Linux; Android 11; ONEPLUS A6013) AppleWebKit/537.36 (KHTML, like Gecko) Chrome/125.0.6422.53 Mobile Safari/537.36" 146.70.176.136
69.191.249.218 - - [20/Jun/2024:06:43:24 +0800] "GET /annual_interim.php HTTP/1.0" 200 29165 "-" "BLP_bbot/0.1" 69.191.249.218
69.191.249.218 - - [20/Jun/2024:06:44:06 +0800] "GET /pressrelease.php HTTP/1.0" 200 368765 "-" "BLP_bbot/0.1" 69.191.249.218
69.191.249.220 - - [20/Jun/2024:06:44:22 +0800] "GET /tc/annual_interim.php HTTP/1.0" 200 28903 "-" "BLP_bbot/0.1" 69.191.249.220
69.191.249.218 - - [20/Jun/2024:06:45:28 +0800] "GET /tc/pressrelease.php HTTP/1.0" 200 368714 "-" "BLP_bbot/0.1" 69.191.249.218
146.70.176.136 - - [20/Jun/2024:06:46:03 +0800] "GET /wp-content/plugins/wp-automatic/css/wp-automatic.css HTTP/1.0" 404 9957 "-" "Mozilla/5.0 (Linux; Android 11; ONEPLUS A6013) AppleWebKit/537.36 (KHTML, like Gecko) Chrome/125.0.6422.53 Mobile Safari/537.36" 146.70.176.136
69.191.249.221 - - [20/Jun/2024:06:47:13 +0800] "GET /annual_interim.php HTTP/1.0" 200 29165 "-" "BLP_bbot/0.1" 69.191.249.221
69.191.249.220 - - [20/Jun/2024:06:48:05 +0800] "GET /pressrelease.php HTTP/1.0" 200 368765 "-" "BLP_bbot/0.1" 69.191.249.220
69.191.249.216 - - [20/Jun/2024:06:48:29 +0800] "GET /tc/annual_interim.php HTTP/1.0" 200 28903 "-" "BLP_bbot/0.1" 69.191.249.216
69.191.249.211 - - [20/Jun/2024:06:49:30 +0800] "GET /tc/pressrelease.php HTTP/1.0" 200 368714 "-" "BLP_bbot/0.1" 69.191.249.211
69.191.249.211 - - [20/Jun/2024:06:51:06 +0800] "GET /annual_interim.php HTTP/1.0" 200 29165 "-" "BLP_bbot/0.1" 69.191.249.211
69.191.249.220 - - [20/Jun/2024:06:52:03 +0800] "GET /pressrelease.php HTTP/1.0" 200 368765 "-" "BLP_bbot/0.1" 69.191.249.220
69.191.249.210 - - [20/Jun/2024:06:52:33 +0800] "GET /tc/annual_interim.php HTTP/1.0" 200 28903 "-" "BLP_bbot/0.1" 69.191.249.210
69.191.249.218 - - [20/Jun/2024:06:53:21 +0800] "GET /tc/pressrelease.php HTTP/1.0" 200 368714 "-" "BLP_bbot/0.1" 69.191.249.218
69.191.249.219 - - [20/Jun/2024:06:55:01 +0800] "GET /annual_interim.php HTTP/1.0" 200 29165 "-" "BLP_bbot/0.1" 69.191.249.219
66.249.66.168 - - [20/Jun/2024:06:55:52 +0800] "GET /news/pdf/LTN20100323027.pdf HTTP/1.0" 200 557926 "-" "Mozilla/5.0 (Linux; Android 6.0.1; Nexus 5X Build/MMB29P) AppleWebKit/537.36 (KHTML, like Gecko) Chrome/125.0.6422.175 Mobile Safari/537.36 (compatible; Googlebot/2.1; +http://www.google.com/bot.html)" 66.249.66.168
66.249.66.197 - - [20/Jun/2024:06:55:57 +0800] "GET /tc/index.php HTTP/1.0" 200 13641 "-" "Mozilla/5.0 (Linux; Android 6.0.1; Nexus 5X Build/MMB29P) AppleWebKit/537.36 (KHTML, like Gecko) Chrome/125.0.6422.175 Mobile Safari/537.36 (compatible; Googlebot/2.1; +http://www.google.com/bot.html)" 66.249.66.197
69.191.249.217 - - [20/Jun/2024:06:56:01 +0800] "GET /pressrelease.php HTTP/1.0" 200 368765 "-" "BLP_bbot/0.1" 69.191.249.217
66.249.66.197 - - [20/Jun/2024:06:56:02 +0800] "GET /tc/iesuck.js HTTP/1.0" 404 9957 "http://1166hk.com/tc/index.php" "Mozilla/5.0 (Linux; Android 6.0.1; Nexus 5X Build/MMB29P) AppleWebKit/537.36 (KHTML, like Gecko) Chrome/125.0.6422.154 Mobile Safari/537.36 (compatible; Googlebot/2.1; +http://www.google.com/bot.html)" 66.249.66.197
66.249.66.196 - - [20/Jun/2024:06:56:03 +0800] "GET /tc/iesuck.js HTTP/1.0" 404 9957 "http://1166hk.com/tc/index.php" "Mozilla/5.0 (Linux; Android 6.0.1; Nexus 5X Build/MMB29P) AppleWebKit/537.36 (KHTML, like Gecko) Chrome/125.0.6422.154 Mobile Safari/537.36 (compatible; Googlebot/2.1; +http://www.google.com/bot.html)" 66.249.66.196
69.191.249.218 - - [20/Jun/2024:06:56:42 +0800] "GET /tc/annual_interim.php HTTP/1.0" 200 28903 "-" "BLP_bbot/0.1" 69.191.249.218
69.191.249.218 - - [20/Jun/2024:06:57:28 +0800] "GET /tc/pressrelease.php HTTP/1.0" 200 368714 "-" "BLP_bbot/0.1" 69.191.249.218
69.191.249.210 - - [20/Jun/2024:06:58:59 +0800] "GET /annual_interim.php HTTP/1.0" 200 29165 "-" "BLP_bbot/0.1" 69.191.249.210
66.249.71.42 - - [20/Jun/2024:06:59:00 +0800] "GET /news/pdf/2023102600303_c.pdf HTTP/1.0" 200 927775 "-" "Mozilla/5.0 (Linux; Android 6.0.1; Nexus 5X Build/MMB29P) AppleWebKit/537.36 (KHTML, like Gecko) Chrome/125.0.6422.175 Mobile Safari/537.36 (compatible; Googlebot/2.1; +http://www.google.com/bot.html)" 66.249.71.42
69.191.249.216 - - [20/Jun/2024:07:00:05 +0800] "GET /pressrelease.php HTTP/1.0" 200 368765 "-" "BLP_bbot/0.1" 69.191.249.216
69.191.249.207 - - [20/Jun/2024:07:00:31 +0800] "GET /tc/annual_interim.php HTTP/1.0" 200 28903 "-" "BLP_bbot/0.1" 69.191.249.207
69.191.249.207 - - [20/Jun/2024:07:01:19 +0800] "GET /tc/pressrelease.php HTTP/1.0" 200 368714 "-" "BLP_bbot/0.1" 69.191.249.207
69.191.249.216 - - [20/Jun/2024:07:02:58 +0800] "GET /annual_interim.php HTTP/1.0" 200 29165 "-" "BLP_bbot/0.1" 69.191.249.216
183.129.141.41 - - [20/Jun/2024:07:03:05 +0800] "GET / HTTP/1.0" 200 13829 "-" "Mozilla/5.0 (Windows NT 6.1; Win64; x64) AppleWebKit/537.36 (KHTML, like Gecko) Chrome/65.0.3325.181 Safari/537.36" 183.129.141.41
69.191.249.211 - - [20/Jun/2024:07:03:57 +0800] "GET /pressrelease.php HTTP/1.0" 200 368765 "-" "BLP_bbot/0.1" 69.191.249.211
69.191.249.211 - - [20/Jun/2024:07:04:33 +0800] "GET /tc/annual_interim.php HTTP/1.0" 200 28903 "-" "BLP_bbot/0.1" 69.191.249.211
69.191.249.218 - - [20/Jun/2024:07:05:26 +0800] "GET /tc/pressrelease.php HTTP/1.0" 200 368714 "-" "BLP_bbot/0.1" 69.191.249.218
69.191.249.201 - - [20/Jun/2024:07:07:01 +0800] "GET /annual_interim.php HTTP/1.0" 200 29165 "-" "BLP_bbot/0.1" 69.191.249.201
66.249.66.160 - - [20/Jun/2024:07:07:33 +0800] "GET /tc/pressrelease.php/tc/news/news/2009/C-20090304-01.pdf HTTP/1.0" 200 368714 "-" "Mozilla/5.0 (Linux; Android 6.0.1; Nexus 5X Build/MMB29P) AppleWebKit/537.36 (KHTML, like Gecko) Chrome/125.0.6422.175 Mobile Safari/537.36 (compatible; Googlebot/2.1; +http://www.google.com/bot.html)" 66.249.66.160
69.191.249.206 - - [20/Jun/2024:07:07:52 +0800] "GET /pressrelease.php HTTP/1.0" 200 368765 "-" "BLP_bbot/0.1" 69.191.249.206
103.230.14.251 - - [20/Jun/2024:07:08:19 +0800] "GET /inc/imgcode.php HTTP/1.0" 404 9957 "-" "Mozilla/5.0 (Windows NT 10.0; WOW64; rv:48.0) Gecko/20100101 Firefox/48.0" 103.230.14.251
69.191.249.210 - - [20/Jun/2024:07:08:34 +0800] "GET /tc/annual_interim.php HTTP/1.0" 200 28903 "-" "BLP_bbot/0.1" 69.191.249.210
69.191.249.221 - - [20/Jun/2024:07:09:19 +0800] "GET /tc/pressrelease.php HTTP/1.0" 200 368714 "-" "BLP_bbot/0.1" 69.191.249.221
66.249.71.137 - - [20/Jun/2024:07:11:05 +0800] "GET / HTTP/1.0" 200 13829 "-" "Mozilla/5.0 (compatible; Googlebot/2.1; +http://www.google.com/bot.html)" 66.249.71.137
69.191.249.207 - - [20/Jun/2024:07:11:05 +0800] "GET /annual_interim.php HTTP/1.0" 200 29165 "-" "BLP_bbot/0.1" 69.191.249.207
69.191.249.217 - - [20/Jun/2024:07:11:57 +0800] "GET /pressrelease.php HTTP/1.0" 200 368765 "-" "BLP_bbot/0.1" 69.191.249.217
69.191.249.221 - - [20/Jun/2024:07:12:46 +0800] "GET /tc/annual_interim.php HTTP/1.0" 200 28903 "-" "BLP_bbot/0.1" 69.191.249.221
69.191.249.216 - - [20/Jun/2024:07:13:09 +0800] "GET /tc/pressrelease.php HTTP/1.0" 200 368714 "-" "BLP_bbot/0.1" 69.191.249.216
69.191.249.219 - - [20/Jun/2024:07:15:10 +0800] "GET /annual_interim.php HTTP/1.0" 200 29165 "-" "BLP_bbot/0.1" 69.191.249.219
69.191.249.219 - - [20/Jun/2024:07:15:56 +0800] "GET /pressrelease.php HTTP/1.0" 200 368765 "-" "BLP_bbot/0.1" 69.191.249.219
69.191.249.221 - - [20/Jun/2024:07:16:35 +0800] "GET /tc/annual_interim.php HTTP/1.0" 200 28903 "-" "BLP_bbot/0.1" 69.191.249.221
66.249.71.138 - - [20/Jun/2024:07:17:05 +0800] "GET / HTTP/1.0" 200 13829 "-" "Mozilla/5.0 (Linux; Android 6.0.1; Nexus 5X Build/MMB29P) AppleWebKit/537.36 (KHTML, like Gecko) Chrome/125.0.6422.175 Mobile Safari/537.36 (compatible; Googlebot/2.1; +http://www.google.com/bot.html)" 66.249.71.138
69.191.249.218 - - [20/Jun/2024:07:17:13 +0800] "GET /tc/pressrelease.php HTTP/1.0" 200 368714 "-" "BLP_bbot/0.1" 69.191.249.218
69.191.249.206 - - [20/Jun/2024:07:19:05 +0800] "GET /annual_interim.php HTTP/1.0" 200 29165 "-" "BLP_bbot/0.1" 69.191.249.206
69.191.249.220 - - [20/Jun/2024:07:19:46 +0800] "GET /pressrelease.php HTTP/1.0" 200 368765 "-" "BLP_bbot/0.1" 69.191.249.220
66.249.66.168 - - [20/Jun/2024:07:19:48 +0800] "GET /news/pdf/LTN20180222181.pdf HTTP/1.0" 200 462654 "-" "Mozilla/5.0 (Linux; Android 6.0.1; Nexus 5X Build/MMB29P) AppleWebKit/537.36 (KHTML, like Gecko) Chrome/125.0.6422.175 Mobile Safari/537.36 (compatible; Googlebot/2.1; +http://www.google.com/bot.html)" 66.249.66.168
40.77.167.33 - - [20/Jun/2024:07:19:55 +0800] "GET /news/pdf/2023070301892_c.pdf HTTP/1.0" 200 28960 "-" "Mozilla/5.0 AppleWebKit/537.36 (KHTML, like Gecko; compatible; bingbot/2.0; +http://www.bing.com/bingbot.htm) Chrome/116.0.1938.76 Safari/537.36" 40.77.167.33
69.191.249.201 - - [20/Jun/2024:07:20:36 +0800] "GET /tc/annual_interim.php HTTP/1.0" 200 28903 "-" "BLP_bbot/0.1" 69.191.249.201
69.191.249.211 - - [20/Jun/2024:07:21:04 +0800] "GET /tc/pressrelease.php HTTP/1.0" 200 368714 "-" "BLP_bbot/0.1" 69.191.249.211
69.191.249.219 - - [20/Jun/2024:07:23:03 +0800] "GET /annual_interim.php HTTP/1.0" 200 29165 "-" "BLP_bbot/0.1" 69.191.249.219
51.222.253.14 - - [20/Jun/2024:07:23:56 +0800] "GET /tc/index.php HTTP/1.0" 200 13641 "-" "Mozilla/5.0 (compatible; AhrefsBot/7.0; +http://ahrefs.com/robot/)" 51.222.253.14
69.191.249.216 - - [20/Jun/2024:07:23:57 +0800] "GET /pressrelease.php HTTP/1.0" 200 368765 "-" "BLP_bbot/0.1" 69.191.249.216
69.191.249.216 - - [20/Jun/2024:07:24:30 +0800] "GET /tc/annual_interim.php HTTP/1.0" 200 28903 "-" "BLP_bbot/0.1" 69.191.249.216
69.191.249.220 - - [20/Jun/2024:07:24:58 +0800] "GET /tc/pressrelease.php HTTP/1.0" 200 368714 "-" "BLP_bbot/0.1" 69.191.249.220
112.86.225.98 - - [20/Jun/2024:07:26:44 +0800] "GET / HTTP/1.0" 200 13829 "-" "Sogou web spider/4.0(+http://www.sogou.com/docs/help/webmasters.htm#07)" 112.86.225.98
69.191.249.201 - - [20/Jun/2024:07:26:52 +0800] "GET /annual_interim.php HTTP/1.0" 200 29165 "-" "BLP_bbot/0.1" 69.191.249.201
69.191.249.206 - - [20/Jun/2024:07:27:59 +0800] "GET /pressrelease.php HTTP/1.0" 200 368765 "-" "BLP_bbot/0.1" 69.191.249.206
69.191.249.221 - - [20/Jun/2024:07:28:26 +0800] "GET /tc/annual_interim.php HTTP/1.0" 200 28903 "-" "BLP_bbot/0.1" 69.191.249.221
173.252.83.17 - - [20/Jun/2024:07:28:42 +0800] "GET /links.php HTTP/1.0" 200 12422 "-" "facebookexternalhit/1.1 (+http://www.facebook.com/externalhit_uatext.php)" 173.252.83.17
66.249.66.169 - - [20/Jun/2024:07:28:54 +0800] "GET /tc/pressrelease.php/news/pdf/2024031500342_c.pdf HTTP/1.0" 200 368714 "-" "Mozilla/5.0 (Linux; Android 6.0.1; Nexus 5X Build/MMB29P) AppleWebKit/537.36 (KHTML, like Gecko) Chrome/125.0.6422.175 Mobile Safari/537.36 (compatible; GoogleOther)" 66.249.66.169
111.172.9.129 - - [20/Jun/2024:07:29:01 +0800] "GET /tc/pressrelease.php HTTP/1.0" 200 368714 "-" "Mozilla/5.0 (Macintosh; Intel Mac OS X 10_15_7) AppleWebKit/537.36 (KHTML, like Gecko) Chrome/109.0.0.0 Safari/537.36" 111.172.9.129
69.191.249.207 - - [20/Jun/2024:07:29:04 +0800] "GET /tc/pressrelease.php HTTP/1.0" 200 368714 "-" "BLP_bbot/0.1" 69.191.249.207
66.249.66.168 - - [20/Jun/2024:07:29:42 +0800] "GET /news/2008/E-20080103-01.pdf HTTP/1.0" 200 188549 "-" "Mozilla/5.0 (Linux; Android 6.0.1; Nexus 5X Build/MMB29P) AppleWebKit/537.36 (KHTML, like Gecko) Chrome/125.0.6422.175 Mobile Safari/537.36 (compatible; Googlebot/2.1; +http://www.google.com/bot.html)" 66.249.66.168
69.191.249.212 - - [20/Jun/2024:07:30:55 +0800] "GET /annual_interim.php HTTP/1.0" 200 29165 "-" "BLP_bbot/0.1" 69.191.249.212
69.191.249.218 - - [20/Jun/2024:07:31:54 +0800] "GET /pressrelease.php HTTP/1.0" 200 368765 "-" "BLP_bbot/0.1" 69.191.249.218
66.249.66.168 - - [20/Jun/2024:07:31:58 +0800] "GET /tc/pressrelease.php/tc/news/news/2009/C-20090609-01.pdf HTTP/1.0" 200 368714 "-" "Mozilla/5.0 (Linux; Android 6.0.1; Nexus 5X Build/MMB29P) AppleWebKit/537.36 (KHTML, like Gecko) Chrome/125.0.6422.175 Mobile Safari/537.36 (compatible; Googlebot/2.1; +http://www.google.com/bot.html)" 66.249.66.168
69.191.249.206 - - [20/Jun/2024:07:32:21 +0800] "GET /tc/annual_interim.php HTTP/1.0" 200 28903 "-" "BLP_bbot/0.1" 69.191.249.206
69.191.249.220 - - [20/Jun/2024:07:33:13 +0800] "GET /tc/pressrelease.php HTTP/1.0" 200 368714 "-" "BLP_bbot/0.1" 69.191.249.220
69.191.249.212 - - [20/Jun/2024:07:35:04 +0800] "GET /annual_interim.php HTTP/1.0" 200 29165 "-" "BLP_bbot/0.1" 69.191.249.212
69.191.249.218 - - [20/Jun/2024:07:35:54 +0800] "GET /pressrelease.php HTTP/1.0" 200 368765 "-" "BLP_bbot/0.1" 69.191.249.218
69.191.249.216 - - [20/Jun/2024:07:36:30 +0800] "GET /tc/annual_interim.php HTTP/1.0" 200 28903 "-" "BLP_bbot/0.1" 69.191.249.216
66.249.66.160 - - [20/Jun/2024:07:37:05 +0800] "GET /robots.txt HTTP/1.0" 404 9957 "-" "Mozilla/5.0 (compatible; Googlebot/2.1; +http://www.google.com/bot.html)" 66.249.66.160
66.249.66.160 - - [20/Jun/2024:07:37:05 +0800] "GET /tc/pressrelease.php/news/pdf/2024031900300_c.pdf HTTP/1.0" 200 368714 "-" "Mozilla/5.0 (Linux; Android 6.0.1; Nexus 5X Build/MMB29P) AppleWebKit/537.36 (KHTML, like Gecko) Chrome/125.0.6422.175 Mobile Safari/537.36 (compatible; GoogleOther)" 66.249.66.160
69.191.249.218 - - [20/Jun/2024:07:37:18 +0800] "GET /tc/pressrelease.php HTTP/1.0" 200 368714 "-" "BLP_bbot/0.1" 69.191.249.218
117.80.190.153 - - [20/Jun/2024:07:37:20 +0800] "GET / HTTP/1.0" 200 13829 "-" "Mozilla/5.0 (Macintosh; Intel Mac OS X 10_15_7) AppleWebKit/537.36 (KHTML, like Gecko) Chrome/109.0.0.0 Safari/537.36" 117.80.190.153
69.191.249.219 - - [20/Jun/2024:07:39:09 +0800] "GET /annual_interim.php HTTP/1.0" 200 29165 "-" "BLP_bbot/0.1" 69.191.249.219
69.191.249.217 - - [20/Jun/2024:07:40:04 +0800] "GET /pressrelease.php HTTP/1.0" 200 368765 "-" "BLP_bbot/0.1" 69.191.249.217
69.191.249.219 - - [20/Jun/2024:07:40:38 +0800] "GET /tc/annual_interim.php HTTP/1.0" 200 28903 "-" "BLP_bbot/0.1" 69.191.249.219
69.191.249.201 - - [20/Jun/2024:07:41:46 +0800] "GET /tc/pressrelease.php HTTP/1.0" 200 368714 "-" "BLP_bbot/0.1" 69.191.249.201
114.119.137.174 - - [20/Jun/2024:07:42:05 +0800] "GET /pressrelease.php/news/2009/news/2008/news/pdf/news/2006/news/2004/contact.php HTTP/1.0" 200 368765 "http://www.1166hk.com/pressrelease.php/news/2009/news/2008/news/pdf/news/2006/news/2004/annual_interim.php" "Mozilla/5.0 (Linux; Android 7.0;) AppleWebKit/537.36 (KHTML, like Gecko) Mobile Safari/537.36 (compatible; PetalBot;+https://webmaster.petalsearch.com/site/petalbot)" 10.179.80.225, 114.119.137.174
69.191.249.212 - - [20/Jun/2024:07:43:03 +0800] "GET /annual_interim.php HTTP/1.0" 200 29165 "-" "BLP_bbot/0.1" 69.191.249.212
69.191.249.210 - - [20/Jun/2024:07:44:17 +0800] "GET /pressrelease.php HTTP/1.0" 200 368765 "-" "BLP_bbot/0.1" 69.191.249.210
69.191.249.212 - - [20/Jun/2024:07:44:44 +0800] "GET /tc/annual_interim.php HTTP/1.0" 200 28903 "-" "BLP_bbot/0.1" 69.191.249.212
66.249.71.137 - - [20/Jun/2024:07:45:00 +0800] "GET /news/pdf/LTN20100401452.pdf HTTP/1.0" 200 63146 "-" "Mozilla/5.0 (Linux; Android 6.0.1; Nexus 5X Build/MMB29P) AppleWebKit/537.36 (KHTML, like Gecko) Chrome/125.0.6422.175 Mobile Safari/537.36 (compatible; Googlebot/2.1; +http://www.google.com/bot.html)" 66.249.71.137
66.249.66.160 - - [20/Jun/2024:07:45:00 +0800] "GET /robots.txt HTTP/1.0" 404 9957 "-" "Mozilla/5.0 (compatible; Googlebot/2.1; +http://www.google.com/bot.html)" 66.249.66.160
66.249.66.168 - - [20/Jun/2024:07:45:17 +0800] "GET /tc/pressrelease.php/news/pdf/2024031501520_c.pdf HTTP/1.0" 200 368714 "-" "Mozilla/5.0 (Linux; Android 6.0.1; Nexus 5X Build/MMB29P) AppleWebKit/537.36 (KHTML, like Gecko) Chrome/125.0.6422.175 Mobile Safari/537.36 (compatible; GoogleOther)" 66.249.66.168
69.191.249.217 - - [20/Jun/2024:07:45:58 +0800] "GET /tc/pressrelease.php HTTP/1.0" 200 368714 "-" "BLP_bbot/0.1" 69.191.249.217
18.215.101.26 - - [20/Jun/2024:07:46:12 +0800] "GET /pressrelease.php HTTP/1.0" 200 368765 "-" "Mozilla/5.0 (Windows NT 10.0; Win64; x64) AppleWebKit/537.36 (KHTML, like Gecko) HeadlessChrome/103.0.5060.114 Safari/537.36" 18.215.101.26
18.215.101.26 - - [20/Jun/2024:07:46:13 +0800] "GET /common.css HTTP/1.0" 200 2745 "http://www.1166hk.com/pressrelease.php" "Mozilla/5.0 (Windows NT 10.0; Win64; x64) AppleWebKit/537.36 (KHTML, like Gecko) HeadlessChrome/103.0.5060.114 Safari/537.36" 18.215.101.26
18.215.101.26 - - [20/Jun/2024:07:46:13 +0800] "GET /iesuck.js HTTP/1.0" 200 877 "http://www.1166hk.com/pressrelease.php" "Mozilla/5.0 (Windows NT 10.0; Win64; x64) AppleWebKit/537.36 (KHTML, like Gecko) HeadlessChrome/103.0.5060.114 Safari/537.36" 18.215.101.26
18.215.101.26 - - [20/Jun/2024:07:46:13 +0800] "GET /images/heading1.jpg HTTP/1.0" 200 21104 "http://www.1166hk.com/pressrelease.php" "Mozilla/5.0 (Windows NT 10.0; Win64; x64) AppleWebKit/537.36 (KHTML, like Gecko) HeadlessChrome/103.0.5060.114 Safari/537.36" 18.215.101.26
18.215.101.26 - - [20/Jun/2024:07:46:13 +0800] "GET /images/bt_contact.gif HTTP/1.0" 200 565 "http://www.1166hk.com/pressrelease.php" "Mozilla/5.0 (Windows NT 10.0; Win64; x64) AppleWebKit/537.36 (KHTML, like Gecko) HeadlessChrome/103.0.5060.114 Safari/537.36" 18.215.101.26
18.215.101.26 - - [20/Jun/2024:07:46:13 +0800] "GET /images/web-1_04.gif HTTP/1.0" 200 311 "http://www.1166hk.com/pressrelease.php" "Mozilla/5.0 (Windows NT 10.0; Win64; x64) AppleWebKit/537.36 (KHTML, like Gecko) HeadlessChrome/103.0.5060.114 Safari/537.36" 18.215.101.26
18.215.101.26 - - [20/Jun/2024:07:46:13 +0800] "GET /images/bt_eng_sel.gif HTTP/1.0" 200 710 "http://www.1166hk.com/pressrelease.php" "Mozilla/5.0 (Windows NT 10.0; Win64; x64) AppleWebKit/537.36 (KHTML, like Gecko) HeadlessChrome/103.0.5060.114 Safari/537.36" 18.215.101.26
18.215.101.26 - - [20/Jun/2024:07:46:13 +0800] "GET /images/spacer.gif HTTP/1.0" 200 301 "http://www.1166hk.com/pressrelease.php" "Mozilla/5.0 (Windows NT 10.0; Win64; x64) AppleWebKit/537.36 (KHTML, like Gecko) HeadlessChrome/103.0.5060.114 Safari/537.36" 18.215.101.26
18.215.101.26 - - [20/Jun/2024:07:46:13 +0800] "GET /images/acrobat-icon.gif HTTP/1.0" 200 1305 "http://www.1166hk.com/pressrelease.php" "Mozilla/5.0 (Windows NT 10.0; Win64; x64) AppleWebKit/537.36 (KHTML, like Gecko) HeadlessChrome/103.0.5060.114 Safari/537.36" 18.215.101.26
18.215.101.26 - - [20/Jun/2024:07:46:13 +0800] "GET /images/heading-pressrelease.gif HTTP/1.0" 200 1802 "http://www.1166hk.com/pressrelease.php" "Mozilla/5.0 (Windows NT 10.0; Win64; x64) AppleWebKit/537.36 (KHTML, like Gecko) HeadlessChrome/103.0.5060.114 Safari/537.36" 18.215.101.26
18.215.101.26 - - [20/Jun/2024:07:46:13 +0800] "GET /images/bt_chin.gif HTTP/1.0" 200 566 "http://www.1166hk.com/pressrelease.php" "Mozilla/5.0 (Windows NT 10.0; Win64; x64) AppleWebKit/537.36 (KHTML, like Gecko) HeadlessChrome/103.0.5060.114 Safari/537.36" 18.215.101.26
18.215.101.26 - - [20/Jun/2024:07:46:13 +0800] "GET /images/logo.gif HTTP/1.0" 200 3202 "http://www.1166hk.com/pressrelease.php" "Mozilla/5.0 (Windows NT 10.0; Win64; x64) AppleWebKit/537.36 (KHTML, like Gecko) HeadlessChrome/103.0.5060.114 Safari/537.36" 18.215.101.26
18.215.101.26 - - [20/Jun/2024:07:46:13 +0800] "GET /images/bt_home.gif HTTP/1.0" 200 452 "http://www.1166hk.com/pressrelease.php" "Mozilla/5.0 (Windows NT 10.0; Win64; x64) AppleWebKit/537.36 (KHTML, like Gecko) HeadlessChrome/103.0.5060.114 Safari/537.36" 18.215.101.26
18.215.101.26 - - [20/Jun/2024:07:46:14 +0800] "GET /images/bt_home_up.gif HTTP/1.0" 200 1729 "http://www.1166hk.com/pressrelease.php" "Mozilla/5.0 (Windows NT 10.0; Win64; x64) AppleWebKit/537.36 (KHTML, like Gecko) HeadlessChrome/103.0.5060.114 Safari/537.36" 18.215.101.26
18.215.101.26 - - [20/Jun/2024:07:46:15 +0800] "GET /annual_interim.php HTTP/1.0" 200 29165 "-" "Mozilla/5.0 (Windows NT 10.0; Win64; x64) AppleWebKit/537.36 (KHTML, like Gecko) HeadlessChrome/103.0.5060.114 Safari/537.36" 18.215.101.26
18.215.101.26 - - [20/Jun/2024:07:46:15 +0800] "GET /images/heading-annual.gif HTTP/1.0" 200 2184 "http://www.1166hk.com/annual_interim.php" "Mozilla/5.0 (Windows NT 10.0; Win64; x64) AppleWebKit/537.36 (KHTML, like Gecko) HeadlessChrome/103.0.5060.114 Safari/537.36" 18.215.101.26
69.191.249.212 - - [20/Jun/2024:07:47:14 +0800] "GET /annual_interim.php HTTP/1.0" 200 29165 "-" "BLP_bbot/0.1" 69.191.249.212
69.191.249.221 - - [20/Jun/2024:07:48:09 +0800] "GET /pressrelease.php HTTP/1.0" 200 368765 "-" "BLP_bbot/0.1" 69.191.249.221
69.191.249.211 - - [20/Jun/2024:07:48:36 +0800] "GET /tc/annual_interim.php HTTP/1.0" 200 28903 "-" "BLP_bbot/0.1" 69.191.249.211
66.249.66.169 - - [20/Jun/2024:07:49:22 +0800] "GET /tc/pressrelease.php/news/pdf/2024031900371_c.pdf HTTP/1.0" 200 368714 "-" "Mozilla/5.0 (Linux; Android 6.0.1; Nexus 5X Build/MMB29P) AppleWebKit/537.36 (KHTML, like Gecko) Chrome/125.0.6422.175 Mobile Safari/537.36 (compatible; GoogleOther)" 66.249.66.169
69.191.249.216 - - [20/Jun/2024:07:49:52 +0800] "GET /tc/pressrelease.php HTTP/1.0" 200 368714 "-" "BLP_bbot/0.1" 69.191.249.216
69.191.249.218 - - [20/Jun/2024:07:51:19 +0800] "GET /annual_interim.php HTTP/1.0" 200 29165 "-" "BLP_bbot/0.1" 69.191.249.218
