173.252.107.5 - - [20/Jun/2024:10:49:08 +0800] "GET /robots.txt HTTP/1.0" 404 9957 "-" "facebookexternalhit/1.1 (+http://www.facebook.com/externalhit_uatext.php)" 173.252.107.5
173.252.107.13 - - [20/Jun/2024:10:49:08 +0800] "GET /news/2006/LTN20060525060.xls HTTP/1.0" 200 36118 "-" "facebookexternalhit/1.1 (+http://www.facebook.com/externalhit_uatext.php)" 173.252.107.13
69.191.249.217 - - [20/Jun/2024:10:49:32 +0800] "GET /pressrelease.php HTTP/1.0" 200 368765 "-" "BLP_bbot/0.1" 69.191.249.217
69.191.249.206 - - [20/Jun/2024:10:51:17 +0800] "GET /tc/pressrelease.php HTTP/1.0" 200 368714 "-" "BLP_bbot/0.1" 69.191.249.206
69.191.249.206 - - [20/Jun/2024:10:51:22 +0800] "GET /annual_interim.php HTTP/1.0" 200 29165 "-" "BLP_bbot/0.1" 69.191.249.206
69.191.249.206 - - [20/Jun/2024:10:52:43 +0800] "GET /tc/annual_interim.php HTTP/1.0" 200 28903 "-" "BLP_bbot/0.1" 69.191.249.206
69.191.249.212 - - [20/Jun/2024:10:53:32 +0800] "GET /pressrelease.php HTTP/1.0" 200 368765 "-" "BLP_bbot/0.1" 69.191.249.212
66.249.66.160 - - [20/Jun/2024:10:54:54 +0800] "GET /tc/pressrelease.php/tc/news/news/2007/common_tc.css HTTP/1.0" 200 368714 "http://www.1166hk.com/tc/pressrelease.php/tc/news/news/2007/C-20071127-01.pdf" "Mozilla/5.0 (Linux; Android 6.0.1; Nexus 5X Build/MMB29P) AppleWebKit/537.36 (KHTML, like Gecko) Chrome/125.0.6422.154 Mobile Safari/537.36 (compatible; Googlebot/2.1; +http://www.google.com/bot.html)" 66.249.66.160
69.191.249.201 - - [20/Jun/2024:10:55:13 +0800] "GET /tc/pressrelease.php HTTP/1.0" 200 368714 "-" "BLP_bbot/0.1" 69.191.249.201
69.191.249.201 - - [20/Jun/2024:10:55:31 +0800] "GET /annual_interim.php HTTP/1.0" 200 29165 "-" "BLP_bbot/0.1" 69.191.249.201
69.191.249.220 - - [20/Jun/2024:10:56:51 +0800] "GET /tc/annual_interim.php HTTP/1.0" 200 28903 "-" "BLP_bbot/0.1" 69.191.249.220
69.191.249.206 - - [20/Jun/2024:10:57:27 +0800] "GET /pressrelease.php HTTP/1.0" 200 368765 "-" "BLP_bbot/0.1" 69.191.249.206
66.249.66.169 - - [20/Jun/2024:10:59:05 +0800] "GET /tc/pressrelease.php/tc/news/news/2008/common_tc.css HTTP/1.0" 200 368714 "http://www.1166hk.com/tc/pressrelease.php/tc/news/news/2008/C-20080222-01.pdf" "Mozilla/5.0 (Linux; Android 6.0.1; Nexus 5X Build/MMB29P) AppleWebKit/537.36 (KHTML, like Gecko) Chrome/125.0.6422.154 Mobile Safari/537.36 (compatible; Googlebot/2.1; +http://www.google.com/bot.html)" 66.249.66.169
66.249.66.168 - - [20/Jun/2024:10:59:06 +0800] "GET /tc/pressrelease.php/tc/news/news/2008/iesuck.js HTTP/1.0" 200 368714 "http://www.1166hk.com/tc/pressrelease.php/tc/news/news/2008/C-20080222-01.pdf" "Mozilla/5.0 (Linux; Android 6.0.1; Nexus 5X Build/MMB29P) AppleWebKit/537.36 (KHTML, like Gecko) Chrome/125.0.6422.154 Mobile Safari/537.36 (compatible; Googlebot/2.1; +http://www.google.com/bot.html)" 66.249.66.168
69.191.249.210 - - [20/Jun/2024:10:59:15 +0800] "GET /tc/pressrelease.php HTTP/1.0" 200 368714 "-" "BLP_bbot/0.1" 69.191.249.210
69.191.249.211 - - [20/Jun/2024:10:59:23 +0800] "GET /annual_interim.php HTTP/1.0" 200 29165 "-" "BLP_bbot/0.1" 69.191.249.211
69.191.249.201 - - [20/Jun/2024:11:00:40 +0800] "GET /tc/annual_interim.php HTTP/1.0" 200 28903 "-" "BLP_bbot/0.1" 69.191.249.201
69.191.249.212 - - [20/Jun/2024:11:01:38 +0800] "GET /pressrelease.php HTTP/1.0" 200 368765 "-" "BLP_bbot/0.1" 69.191.249.212
69.191.249.211 - - [20/Jun/2024:11:03:05 +0800] "GET /tc/pressrelease.php HTTP/1.0" 200 368714 "-" "BLP_bbot/0.1" 69.191.249.211
112.17.10.236 - - [20/Jun/2024:11:03:10 +0800] "GET / HTTP/1.0" 200 13829 "-" "Mozilla/5.0 (Windows NT 6.1; Win64; x64) AppleWebKit/537.36 (KHTML, like Gecko) Chrome/65.0.3325.181 Safari/537.36" 112.17.10.236
69.191.249.212 - - [20/Jun/2024:11:03:15 +0800] "GET /annual_interim.php HTTP/1.0" 200 29165 "-" "BLP_bbot/0.1" 69.191.249.212
66.249.66.160 - - [20/Jun/2024:11:04:01 +0800] "GET / HTTP/1.0" 200 13829 "-" "Mozilla/5.0 (compatible; Googlebot/2.1; +http://www.google.com/bot.html)" 66.249.66.160
54.36.148.63 - - [20/Jun/2024:11:04:10 +0800] "GET /robots.txt HTTP/1.0" 404 9957 "-" "Mozilla/5.0 (compatible; AhrefsBot/7.0; +http://ahrefs.com/robot/)" 54.36.148.63
51.222.253.1 - - [20/Jun/2024:11:04:12 +0800] "GET /notices.php HTTP/1.0" 200 10627 "-" "Mozilla/5.0 (compatible; AhrefsBot/7.0; +http://ahrefs.com/robot/)" 51.222.253.1
69.191.249.219 - - [20/Jun/2024:11:04:41 +0800] "GET /tc/annual_interim.php HTTP/1.0" 200 28903 "-" "BLP_bbot/0.1" 69.191.249.219
69.191.249.211 - - [20/Jun/2024:11:05:37 +0800] "GET /pressrelease.php HTTP/1.0" 200 368765 "-" "BLP_bbot/0.1" 69.191.249.211
69.191.249.211 - - [20/Jun/2024:11:07:11 +0800] "GET /tc/pressrelease.php HTTP/1.0" 200 368714 "-" "BLP_bbot/0.1" 69.191.249.211
69.191.249.220 - - [20/Jun/2024:11:07:15 +0800] "GET /annual_interim.php HTTP/1.0" 200 29165 "-" "BLP_bbot/0.1" 69.191.249.220
69.191.249.218 - - [20/Jun/2024:11:08:49 +0800] "GET /tc/annual_interim.php HTTP/1.0" 200 28903 "-" "BLP_bbot/0.1" 69.191.249.218
69.191.249.218 - - [20/Jun/2024:11:09:26 +0800] "GET /pressrelease.php HTTP/1.0" 200 368765 "-" "BLP_bbot/0.1" 69.191.249.218
66.249.66.160 - - [20/Jun/2024:11:10:03 +0800] "GET / HTTP/1.0" 200 13829 "-" "Mozilla/5.0 (Linux; Android 6.0.1; Nexus 5X Build/MMB29P) AppleWebKit/537.36 (KHTML, like Gecko) Chrome/125.0.6422.175 Mobile Safari/537.36 (compatible; Googlebot/2.1; +http://www.google.com/bot.html)" 66.249.66.160
69.171.230.15 - - [20/Jun/2024:11:10:56 +0800] "GET /pressrelease.php HTTP/1.0" 200 368765 "-" "facebookexternalhit/1.1 (+http://www.facebook.com/externalhit_uatext.php)" 69.171.230.15
69.191.249.216 - - [20/Jun/2024:11:11:13 +0800] "GET /annual_interim.php HTTP/1.0" 200 29165 "-" "BLP_bbot/0.1" 69.191.249.216
69.191.249.217 - - [20/Jun/2024:11:11:13 +0800] "GET /tc/pressrelease.php HTTP/1.0" 200 368714 "-" "BLP_bbot/0.1" 69.191.249.217
220.181.108.157 - - [20/Jun/2024:11:12:11 +0800] "GET /news/pdf/LTN20180301629_C.pdf HTTP/1.0" 200 37135 "-" "Mozilla/5.0 (compatible; Baiduspider/2.0; +http://www.baidu.com/search/spider.html)" 220.181.108.157
114.119.158.167 - - [20/Jun/2024:11:12:51 +0800] "GET /tc/memo.php HTTP/1.0" 200 10958 "http://1166hk.com/tc/links.php" "Mozilla/5.0 (Linux; Android 7.0;) AppleWebKit/537.36 (KHTML, like Gecko) Mobile Safari/537.36 (compatible; PetalBot;+https://webmaster.petalsearch.com/site/petalbot)" 10.179.80.186, 114.119.158.167
69.191.249.216 - - [20/Jun/2024:11:12:59 +0800] "GET /tc/annual_interim.php HTTP/1.0" 200 28903 "-" "BLP_bbot/0.1" 69.191.249.216
69.191.249.218 - - [20/Jun/2024:11:13:17 +0800] "GET /pressrelease.php HTTP/1.0" 200 368765 "-" "BLP_bbot/0.1" 69.191.249.218
192.44.68.188 - - [20/Jun/2024:11:14:42 +0800] "GET /images/web-1_04.gif HTTP/1.0" 200 311 "-" "Mozilla/5.0 (X11; Ubuntu; Linux x86_64; rv:72.0) Gecko/20100101 Firefox/72.0" 192.44.68.188
69.191.249.210 - - [20/Jun/2024:11:15:18 +0800] "GET /tc/pressrelease.php HTTP/1.0" 200 368714 "-" "BLP_bbot/0.1" 69.191.249.210
69.191.249.216 - - [20/Jun/2024:11:15:22 +0800] "GET /annual_interim.php HTTP/1.0" 200 29165 "-" "BLP_bbot/0.1" 69.191.249.216
69.191.249.216 - - [20/Jun/2024:11:16:59 +0800] "GET /tc/annual_interim.php HTTP/1.0" 200 28903 "-" "BLP_bbot/0.1" 69.191.249.216
69.191.249.207 - - [20/Jun/2024:11:17:13 +0800] "GET /pressrelease.php HTTP/1.0" 200 368765 "-" "BLP_bbot/0.1" 69.191.249.207
69.191.249.206 - - [20/Jun/2024:11:19:18 +0800] "GET /tc/pressrelease.php HTTP/1.0" 200 368714 "-" "BLP_bbot/0.1" 69.191.249.206
69.191.249.207 - - [20/Jun/2024:11:19:28 +0800] "GET /annual_interim.php HTTP/1.0" 200 29165 "-" "BLP_bbot/0.1" 69.191.249.207
69.191.249.217 - - [20/Jun/2024:11:20:49 +0800] "GET /tc/annual_interim.php HTTP/1.0" 200 28903 "-" "BLP_bbot/0.1" 69.191.249.217
69.191.249.221 - - [20/Jun/2024:11:21:05 +0800] "GET /pressrelease.php HTTP/1.0" 200 368765 "-" "BLP_bbot/0.1" 69.191.249.221
69.191.249.212 - - [20/Jun/2024:11:23:25 +0800] "GET /tc/pressrelease.php HTTP/1.0" 200 368714 "-" "BLP_bbot/0.1" 69.191.249.212
69.191.249.206 - - [20/Jun/2024:11:23:26 +0800] "GET /annual_interim.php HTTP/1.0" 200 29165 "-" "BLP_bbot/0.1" 69.191.249.206
69.191.249.201 - - [20/Jun/2024:11:24:45 +0800] "GET /tc/annual_interim.php HTTP/1.0" 200 28903 "-" "BLP_bbot/0.1" 69.191.249.201
69.191.249.206 - - [20/Jun/2024:11:25:13 +0800] "GET /pressrelease.php HTTP/1.0" 200 368765 "-" "BLP_bbot/0.1" 69.191.249.206
69.191.249.219 - - [20/Jun/2024:11:27:15 +0800] "GET /tc/pressrelease.php HTTP/1.0" 200 368714 "-" "BLP_bbot/0.1" 69.191.249.219
69.191.249.218 - - [20/Jun/2024:11:27:34 +0800] "GET /annual_interim.php HTTP/1.0" 200 29165 "-" "BLP_bbot/0.1" 69.191.249.218
69.191.249.210 - - [20/Jun/2024:11:28:38 +0800] "GET /tc/annual_interim.php HTTP/1.0" 200 28903 "-" "BLP_bbot/0.1" 69.191.249.210
69.171.230.112 - - [20/Jun/2024:11:29:03 +0800] "GET /tc/index.php HTTP/1.0" 200 13641 "-" "facebookexternalhit/1.1 (+http://www.facebook.com/externalhit_uatext.php)" 69.171.230.112
113.226.107.182 - - [20/Jun/2024:11:29:18 +0800] "GET /tc/pressrelease.php HTTP/1.0" 200 368714 "-" "Mozilla/5.0 (Macintosh; Intel Mac OS X 10_15_7) AppleWebKit/537.36 (KHTML, like Gecko) Chrome/109.0.0.0 Safari/537.36" 113.226.107.182
69.191.249.216 - - [20/Jun/2024:11:29:23 +0800] "GET /pressrelease.php HTTP/1.0" 200 368765 "-" "BLP_bbot/0.1" 69.191.249.216
69.191.249.212 - - [20/Jun/2024:11:31:08 +0800] "GET /tc/pressrelease.php HTTP/1.0" 200 368714 "-" "BLP_bbot/0.1" 69.191.249.212
69.191.249.216 - - [20/Jun/2024:11:31:23 +0800] "GET /annual_interim.php HTTP/1.0" 200 29165 "-" "BLP_bbot/0.1" 69.191.249.216
66.249.66.169 - - [20/Jun/2024:11:32:37 +0800] "GET /tc/pressrelease.php/tc/news/pdf/LTN20150729684_C.pdf HTTP/1.0" 200 368714 "-" "Mozilla/5.0 (Linux; Android 6.0.1; Nexus 5X Build/MMB29P) AppleWebKit/537.36 (KHTML, like Gecko) Chrome/125.0.6422.175 Mobile Safari/537.36 (compatible; Googlebot/2.1; +http://www.google.com/bot.html)" 66.249.66.169
69.191.249.206 - - [20/Jun/2024:11:32:46 +0800] "GET /tc/annual_interim.php HTTP/1.0" 200 28903 "-" "BLP_bbot/0.1" 69.191.249.206
69.191.249.207 - - [20/Jun/2024:11:33:31 +0800] "GET /pressrelease.php HTTP/1.0" 200 368765 "-" "BLP_bbot/0.1" 69.191.249.207
69.191.249.220 - - [20/Jun/2024:11:35:15 +0800] "GET /annual_interim.php HTTP/1.0" 200 29165 "-" "BLP_bbot/0.1" 69.191.249.220
69.191.249.216 - - [20/Jun/2024:11:35:19 +0800] "GET /tc/pressrelease.php HTTP/1.0" 200 368714 "-" "BLP_bbot/0.1" 69.191.249.216
66.249.71.138 - - [20/Jun/2024:11:36:00 +0800] "GET /news/pdf/2023090700287.pdf HTTP/1.0" 200 16610 "-" "Mozilla/5.0 (Linux; Android 6.0.1; Nexus 5X Build/MMB29P) AppleWebKit/537.36 (KHTML, like Gecko) Chrome/125.0.6422.175 Mobile Safari/537.36 (compatible; Googlebot/2.1; +http://www.google.com/bot.html)" 66.249.71.138
69.191.249.210 - - [20/Jun/2024:11:36:41 +0800] "GET /tc/annual_interim.php HTTP/1.0" 200 28903 "-" "BLP_bbot/0.1" 69.191.249.210
42.177.103.168 - - [20/Jun/2024:11:37:18 +0800] "GET / HTTP/1.0" 200 13829 "-" "Mozilla/5.0 (Macintosh; Intel Mac OS X 10_15_7) AppleWebKit/537.36 (KHTML, like Gecko) Chrome/109.0.0.0 Safari/537.36" 42.177.103.168
69.191.249.212 - - [20/Jun/2024:11:37:25 +0800] "GET /pressrelease.php HTTP/1.0" 200 368765 "-" "BLP_bbot/0.1" 69.191.249.212
69.191.249.206 - - [20/Jun/2024:11:39:05 +0800] "GET /annual_interim.php HTTP/1.0" 200 29165 "-" "BLP_bbot/0.1" 69.191.249.206
69.191.249.216 - - [20/Jun/2024:11:39:21 +0800] "GET /tc/pressrelease.php HTTP/1.0" 200 368714 "-" "BLP_bbot/0.1" 69.191.249.216
69.191.249.211 - - [20/Jun/2024:11:40:32 +0800] "GET /tc/annual_interim.php HTTP/1.0" 200 28903 "-" "BLP_bbot/0.1" 69.191.249.211
69.191.249.221 - - [20/Jun/2024:11:41:15 +0800] "GET /pressrelease.php HTTP/1.0" 200 368765 "-" "BLP_bbot/0.1" 69.191.249.221
223.72.33.90 - - [20/Jun/2024:11:42:35 +0800] "GET /news/pdf/LTN201609291044_C.pdf HTTP/1.0" 200 484836 "http://www.1166hk.com/tc/pressrelease.php" "Mozilla/5.0 (iPhone; CPU iPhone OS 13_2_3 like Mac OS X) AppleWebKit/606.2.17 (KHTML, like Gecko) Version/13.0.3 Mobile/15E148 Safari/604.1" 223.72.33.90
69.191.249.210 - - [20/Jun/2024:11:43:01 +0800] "GET /annual_interim.php HTTP/1.0" 200 29165 "-" "BLP_bbot/0.1" 69.191.249.210
69.191.249.211 - - [20/Jun/2024:11:43:24 +0800] "GET /tc/pressrelease.php HTTP/1.0" 200 368714 "-" "BLP_bbot/0.1" 69.191.249.211
69.191.249.211 - - [20/Jun/2024:11:44:28 +0800] "GET /tc/annual_interim.php HTTP/1.0" 200 28903 "-" "BLP_bbot/0.1" 69.191.249.211
69.191.249.212 - - [20/Jun/2024:11:45:18 +0800] "GET /pressrelease.php HTTP/1.0" 200 368765 "-" "BLP_bbot/0.1" 69.191.249.212
69.191.249.219 - - [20/Jun/2024:11:46:54 +0800] "GET /annual_interim.php HTTP/1.0" 200 29165 "-" "BLP_bbot/0.1" 69.191.249.219
69.191.249.212 - - [20/Jun/2024:11:47:21 +0800] "GET /tc/pressrelease.php HTTP/1.0" 200 368714 "-" "BLP_bbot/0.1" 69.191.249.212
69.191.249.206 - - [20/Jun/2024:11:48:34 +0800] "GET /tc/annual_interim.php HTTP/1.0" 200 28903 "-" "BLP_bbot/0.1" 69.191.249.206
192.177.58.64 - - [20/Jun/2024:11:48:58 +0800] "GET / HTTP/1.0" 200 13829 "-" "Mozilla/5.0 (Macintosh; U; PPC Mac OS X Mach-O; en-US; rv:1.4a) Gecko/20030401" 192.177.58.64
192.177.58.64 - - [20/Jun/2024:11:49:00 +0800] "GET /robots.txt HTTP/1.0" 404 9957 "-" "Mozilla/5.0 (Macintosh; U; PPC Mac OS X Mach-O; en-US; rv:1.4a) Gecko/20030401" 192.177.58.64
192.177.58.64 - - [20/Jun/2024:11:49:00 +0800] "GET /memo.php HTTP/1.0" 200 11330 "-" "Mozilla/5.0 (Macintosh; U; PPC Mac OS X Mach-O; en-US; rv:1.4a) Gecko/20030401" 192.177.58.64
192.177.58.64 - - [20/Jun/2024:11:49:00 +0800] "GET /links.php HTTP/1.0" 200 12422 "-" "Mozilla/5.0 (Macintosh; U; PPC Mac OS X Mach-O; en-US; rv:1.4a) Gecko/20030401" 192.177.58.64
192.177.58.64 - - [20/Jun/2024:11:49:01 +0800] "GET / HTTP/1.0" 200 13829 "-" "Mozilla/5.0 (Macintosh; U; PPC Mac OS X Mach-O; en-US; rv:1.4a) Gecko/20030401" 192.177.58.64
192.177.58.118 - - [20/Jun/2024:11:49:04 +0800] "GET / HTTP/1.0" 200 13829 "-" "Mozilla/5.0 (Macintosh; Intel Mac OS X 14.2; rv:109.0) Gecko/20100101 Firefox/121.0" 192.177.58.118
192.177.58.118 - - [20/Jun/2024:11:49:05 +0800] "GET /robots.txt HTTP/1.0" 404 9957 "-" "Mozilla/5.0 (Macintosh; Intel Mac OS X 14.2; rv:109.0) Gecko/20100101 Firefox/121.0" 192.177.58.118
192.177.58.118 - - [20/Jun/2024:11:49:06 +0800] "GET /index.php HTTP/1.0" 200 13829 "-" "Mozilla/5.0 (Macintosh; Intel Mac OS X 14.2; rv:109.0) Gecko/20100101 Firefox/121.0" 192.177.58.118
192.177.58.118 - - [20/Jun/2024:11:49:06 +0800] "GET /Hua_Yi_Copper_Products/index.html HTTP/1.0" 200 570 "-" "Mozilla/5.0 (Macintosh; Intel Mac OS X 14.2; rv:109.0) Gecko/20100101 Firefox/121.0" 192.177.58.118
192.177.58.118 - - [20/Jun/2024:11:49:06 +0800] "GET /Hua_Yi_Copper_Products/About_Us.html HTTP/1.0" 200 16649 "-" "Mozilla/5.0 (Macintosh; Intel Mac OS X 14.2; rv:109.0) Gecko/20100101 Firefox/121.0" 192.177.58.118
192.177.58.118 - - [20/Jun/2024:11:49:07 +0800] "GET / HTTP/1.0" 200 13829 "-" "Mozilla/5.0 (Macintosh; Intel Mac OS X 14.2; rv:109.0) Gecko/20100101 Firefox/121.0" 192.177.58.118
69.191.249.221 - - [20/Jun/2024:11:49:18 +0800] "GET /pressrelease.php HTTP/1.0" 200 368765 "-" "BLP_bbot/0.1" 69.191.249.221
113.77.148.30 - - [20/Jun/2024:11:49:40 +0800] "GET / HTTP/1.0" 200 13829 "-" "Mozilla/5.0 (Windows NT 10.0; Win64; x64) AppleWebKit/537.36 (KHTML, like Gecko) Chrome/126.0.0.0 Safari/537.36" 113.77.148.30
113.77.148.30 - - [20/Jun/2024:11:49:40 +0800] "GET /common.css HTTP/1.0" 200 2745 "http://www.1166hk.com/" "Mozilla/5.0 (Windows NT 10.0; Win64; x64) AppleWebKit/537.36 (KHTML, like Gecko) Chrome/126.0.0.0 Safari/537.36" 113.77.148.30
113.77.148.30 - - [20/Jun/2024:11:49:40 +0800] "GET /images/heading1.jpg HTTP/1.0" 200 21104 "http://www.1166hk.com/" "Mozilla/5.0 (Windows NT 10.0; Win64; x64) AppleWebKit/537.36 (KHTML, like Gecko) Chrome/126.0.0.0 Safari/537.36" 113.77.148.30
113.77.148.30 - - [20/Jun/2024:11:49:40 +0800] "GET /images/graphic1_03.gif HTTP/1.0" 200 622 "http://www.1166hk.com/" "Mozilla/5.0 (Windows NT 10.0; Win64; x64) AppleWebKit/537.36 (KHTML, like Gecko) Chrome/126.0.0.0 Safari/537.36" 113.77.148.30
113.77.148.30 - - [20/Jun/2024:11:49:40 +0800] "GET /iesuck.js HTTP/1.0" 200 877 "http://www.1166hk.com/" "Mozilla/5.0 (Windows NT 10.0; Win64; x64) AppleWebKit/537.36 (KHTML, like Gecko) Chrome/126.0.0.0 Safari/537.36" 113.77.148.30
113.77.148.30 - - [20/Jun/2024:11:49:40 +0800] "GET /images/bt_home.gif HTTP/1.0" 200 452 "http://www.1166hk.com/" "Mozilla/5.0 (Windows NT 10.0; Win64; x64) AppleWebKit/537.36 (KHTML, like Gecko) Chrome/126.0.0.0 Safari/537.36" 113.77.148.30
113.77.148.30 - - [20/Jun/2024:11:49:40 +0800] "GET /images/web-1_04.gif HTTP/1.0" 200 311 "http://www.1166hk.com/" "Mozilla/5.0 (Windows NT 10.0; Win64; x64) AppleWebKit/537.36 (KHTML, like Gecko) Chrome/126.0.0.0 Safari/537.36" 113.77.148.30
113.77.148.30 - - [20/Jun/2024:11:49:40 +0800] "GET /images/bt_contact.gif HTTP/1.0" 200 565 "http://www.1166hk.com/" "Mozilla/5.0 (Windows NT 10.0; Win64; x64) AppleWebKit/537.36 (KHTML, like Gecko) Chrome/126.0.0.0 Safari/537.36" 113.77.148.30
113.77.148.30 - - [20/Jun/2024:11:49:40 +0800] "GET /images/bt_eng_sel.gif HTTP/1.0" 200 710 "http://www.1166hk.com/" "Mozilla/5.0 (Windows NT 10.0; Win64; x64) AppleWebKit/537.36 (KHTML, like Gecko) Chrome/126.0.0.0 Safari/537.36" 113.77.148.30
113.77.148.30 - - [20/Jun/2024:11:49:40 +0800] "GET /images/bt_chin.gif HTTP/1.0" 200 566 "http://www.1166hk.com/" "Mozilla/5.0 (Windows NT 10.0; Win64; x64) AppleWebKit/537.36 (KHTML, like Gecko) Chrome/126.0.0.0 Safari/537.36" 113.77.148.30
113.77.148.30 - - [20/Jun/2024:11:49:40 +0800] "GET /images/spacer.gif HTTP/1.0" 200 301 "http://www.1166hk.com/" "Mozilla/5.0 (Windows NT 10.0; Win64; x64) AppleWebKit/537.36 (KHTML, like Gecko) Chrome/126.0.0.0 Safari/537.36" 113.77.148.30
113.77.148.30 - - [20/Jun/2024:11:49:40 +0800] "GET /images/logo.gif HTTP/1.0" 200 3202 "http://www.1166hk.com/" "Mozilla/5.0 (Windows NT 10.0; Win64; x64) AppleWebKit/537.36 (KHTML, like Gecko) Chrome/126.0.0.0 Safari/537.36" 113.77.148.30
113.77.148.30 - - [20/Jun/2024:11:49:40 +0800] "GET /images/menu-r3.gif HTTP/1.0" 200 611 "http://www.1166hk.com/" "Mozilla/5.0 (Windows NT 10.0; Win64; x64) AppleWebKit/537.36 (KHTML, like Gecko) Chrome/126.0.0.0 Safari/537.36" 113.77.148.30
113.77.148.30 - - [20/Jun/2024:11:49:40 +0800] "GET /images/bt_home_up.gif HTTP/1.0" 200 1729 "http://www.1166hk.com/" "Mozilla/5.0 (Windows NT 10.0; Win64; x64) AppleWebKit/537.36 (KHTML, like Gecko) Chrome/126.0.0.0 Safari/537.36" 113.77.148.30
113.77.148.30 - - [20/Jun/2024:11:49:40 +0800] "GET /images/bt_tc2_up.gif HTTP/1.0" 200 1997 "http://www.1166hk.com/" "Mozilla/5.0 (Windows NT 10.0; Win64; x64) AppleWebKit/537.36 (KHTML, like Gecko) Chrome/126.0.0.0 Safari/537.36" 113.77.148.30
113.77.148.30 - - [20/Jun/2024:11:49:40 +0800] "GET /images/bt_chin_up.gif HTTP/1.0" 200 2351 "http://www.1166hk.com/" "Mozilla/5.0 (Windows NT 10.0; Win64; x64) AppleWebKit/537.36 (KHTML, like Gecko) Chrome/126.0.0.0 Safari/537.36" 113.77.148.30
113.77.148.30 - - [20/Jun/2024:11:49:40 +0800] "GET /images/bt_contact_up.gif HTTP/1.0" 200 2343 "http://www.1166hk.com/" "Mozilla/5.0 (Windows NT 10.0; Win64; x64) AppleWebKit/537.36 (KHTML, like Gecko) Chrome/126.0.0.0 Safari/537.36" 113.77.148.30
113.77.148.30 - - [20/Jun/2024:11:49:40 +0800] "GET /images/bt_home_up2.gif HTTP/1.0" 200 1776 "http://www.1166hk.com/" "Mozilla/5.0 (Windows NT 10.0; Win64; x64) AppleWebKit/537.36 (KHTML, like Gecko) Chrome/126.0.0.0 Safari/537.36" 113.77.148.30
113.77.148.30 - - [20/Jun/2024:11:49:40 +0800] "GET /favicon.ico HTTP/1.0" 404 9957 "http://www.1166hk.com/" "Mozilla/5.0 (Windows NT 10.0; Win64; x64) AppleWebKit/537.36 (KHTML, like Gecko) Chrome/126.0.0.0 Safari/537.36" 113.77.148.30
113.77.148.30 - - [20/Jun/2024:11:49:46 +0800] "GET /tc/index.php HTTP/1.0" 200 13641 "http://www.1166hk.com/" "Mozilla/5.0 (Windows NT 10.0; Win64; x64) AppleWebKit/537.36 (KHTML, like Gecko) Chrome/126.0.0.0 Safari/537.36" 113.77.148.30
113.77.148.30 - - [20/Jun/2024:11:49:46 +0800] "GET /tc/common_tc.css HTTP/1.0" 200 2914 "http://www.1166hk.com/tc/index.php" "Mozilla/5.0 (Windows NT 10.0; Win64; x64) AppleWebKit/537.36 (KHTML, like Gecko) Chrome/126.0.0.0 Safari/537.36" 113.77.148.30
113.77.148.30 - - [20/Jun/2024:11:49:46 +0800] "GET /images/heading1_tc.jpg HTTP/1.0" 200 21104 "http://www.1166hk.com/tc/index.php" "Mozilla/5.0 (Windows NT 10.0; Win64; x64) AppleWebKit/537.36 (KHTML, like Gecko) Chrome/126.0.0.0 Safari/537.36" 113.77.148.30
113.77.148.30 - - [20/Jun/2024:11:49:46 +0800] "GET /images/bt_eng_tc.gif HTTP/1.0" 200 509 "http://www.1166hk.com/tc/index.php" "Mozilla/5.0 (Windows NT 10.0; Win64; x64) AppleWebKit/537.36 (KHTML, like Gecko) Chrome/126.0.0.0 Safari/537.36" 113.77.148.30
113.77.148.30 - - [20/Jun/2024:11:49:46 +0800] "GET /tc/iesuck.js HTTP/1.0" 404 9957 "http://www.1166hk.com/tc/index.php" "Mozilla/5.0 (Windows NT 10.0; Win64; x64) AppleWebKit/537.36 (KHTML, like Gecko) Chrome/126.0.0.0 Safari/537.36" 113.77.148.30
113.77.148.30 - - [20/Jun/2024:11:49:46 +0800] "GET /images/bt_home_tc.gif HTTP/1.0" 200 441 "http://www.1166hk.com/tc/index.php" "Mozilla/5.0 (Windows NT 10.0; Win64; x64) AppleWebKit/537.36 (KHTML, like Gecko) Chrome/126.0.0.0 Safari/537.36" 113.77.148.30
113.77.148.30 - - [20/Jun/2024:11:49:46 +0800] "GET /images/bt_contact_tc.gif HTTP/1.0" 200 560 "http://www.1166hk.com/tc/index.php" "Mozilla/5.0 (Windows NT 10.0; Win64; x64) AppleWebKit/537.36 (KHTML, like Gecko) Chrome/126.0.0.0 Safari/537.36" 113.77.148.30
113.77.148.30 - - [20/Jun/2024:11:49:46 +0800] "GET /images/bt_chin_tc.gif HTTP/1.0" 200 770 "http://www.1166hk.com/tc/index.php" "Mozilla/5.0 (Windows NT 10.0; Win64; x64) AppleWebKit/537.36 (KHTML, like Gecko) Chrome/126.0.0.0 Safari/537.36" 113.77.148.30
113.77.148.30 - - [20/Jun/2024:11:49:46 +0800] "GET /tc/images/spacer.gif HTTP/1.0" 404 9957 "http://www.1166hk.com/tc/index.php" "Mozilla/5.0 (Windows NT 10.0; Win64; x64) AppleWebKit/537.36 (KHTML, like Gecko) Chrome/126.0.0.0 Safari/537.36" 113.77.148.30
113.77.148.30 - - [20/Jun/2024:11:49:46 +0800] "GET /tc/images/bt_home_up.gif HTTP/1.0" 404 9957 "http://www.1166hk.com/tc/index.php" "Mozilla/5.0 (Windows NT 10.0; Win64; x64) AppleWebKit/537.36 (KHTML, like Gecko) Chrome/126.0.0.0 Safari/537.36" 113.77.148.30
113.77.148.30 - - [20/Jun/2024:11:49:46 +0800] "GET /images/bt_eng_up_tc.gif HTTP/1.0" 200 938 "http://www.1166hk.com/tc/index.php" "Mozilla/5.0 (Windows NT 10.0; Win64; x64) AppleWebKit/537.36 (KHTML, like Gecko) Chrome/126.0.0.0 Safari/537.36" 113.77.148.30
113.77.148.30 - - [20/Jun/2024:11:49:46 +0800] "GET /images/bt_home_tc_up.gif HTTP/1.0" 200 756 "http://www.1166hk.com/tc/index.php" "Mozilla/5.0 (Windows NT 10.0; Win64; x64) AppleWebKit/537.36 (KHTML, like Gecko) Chrome/126.0.0.0 Safari/537.36" 113.77.148.30
113.77.148.30 - - [20/Jun/2024:11:49:46 +0800] "GET /images/bt_contact_tc_up.gif HTTP/1.0" 200 1161 "http://www.1166hk.com/tc/index.php" "Mozilla/5.0 (Windows NT 10.0; Win64; x64) AppleWebKit/537.36 (KHTML, like Gecko) Chrome/126.0.0.0 Safari/537.36" 113.77.148.30
113.77.148.30 - - [20/Jun/2024:11:49:48 +0800] "GET /tc/company.php HTTP/1.0" 200 12445 "http://www.1166hk.com/tc/index.php" "Mozilla/5.0 (Windows NT 10.0; Win64; x64) AppleWebKit/537.36 (KHTML, like Gecko) Chrome/126.0.0.0 Safari/537.36" 113.77.148.30
113.77.148.30 - - [20/Jun/2024:11:49:48 +0800] "GET /tc/common.css HTTP/1.0" 404 9957 "http://www.1166hk.com/tc/company.php" "Mozilla/5.0 (Windows NT 10.0; Win64; x64) AppleWebKit/537.36 (KHTML, like Gecko) Chrome/126.0.0.0 Safari/537.36" 113.77.148.30
113.77.148.30 - - [20/Jun/2024:11:49:48 +0800] "GET /tc/images/spacer.gif HTTP/1.0" 404 9957 "http://www.1166hk.com/tc/company.php" "Mozilla/5.0 (Windows NT 10.0; Win64; x64) AppleWebKit/537.36 (KHTML, like Gecko) Chrome/126.0.0.0 Safari/537.36" 113.77.148.30
113.77.148.30 - - [20/Jun/2024:11:49:48 +0800] "GET /tc/iesuck.js HTTP/1.0" 404 9957 "http://www.1166hk.com/tc/company.php" "Mozilla/5.0 (Windows NT 10.0; Win64; x64) AppleWebKit/537.36 (KHTML, like Gecko) Chrome/126.0.0.0 Safari/537.36" 113.77.148.30
113.77.148.30 - - [20/Jun/2024:11:49:48 +0800] "GET /images/heading-company_tc.gif HTTP/1.0" 200 1671 "http://www.1166hk.com/tc/company.php" "Mozilla/5.0 (Windows NT 10.0; Win64; x64) AppleWebKit/537.36 (KHTML, like Gecko) Chrome/126.0.0.0 Safari/537.36" 113.77.148.30
113.77.148.30 - - [20/Jun/2024:11:49:48 +0800] "GET /tc/images/spacer.gif HTTP/1.0" 404 9957 "http://www.1166hk.com/tc/company.php" "Mozilla/5.0 (Windows NT 10.0; Win64; x64) AppleWebKit/537.36 (KHTML, like Gecko) Chrome/126.0.0.0 Safari/537.36" 113.77.148.30
113.77.148.30 - - [20/Jun/2024:11:49:49 +0800] "GET /tc/images/bt_home_up.gif HTTP/1.0" 404 9957 "http://www.1166hk.com/tc/company.php" "Mozilla/5.0 (Windows NT 10.0; Win64; x64) AppleWebKit/537.36 (KHTML, like Gecko) Chrome/126.0.0.0 Safari/537.36" 113.77.148.30
113.77.148.30 - - [20/Jun/2024:11:49:52 +0800] "GET /tc/listdir2022_tc.pdf HTTP/1.0" 200 71163 "http://www.1166hk.com/tc/company.php" "Mozilla/5.0 (Windows NT 10.0; Win64; x64) AppleWebKit/537.36 (KHTML, like Gecko) Chrome/126.0.0.0 Safari/537.36" 113.77.148.30
113.77.148.30 - - [20/Jun/2024:11:49:58 +0800] "GET /tc/board_dir_tc.pdf HTTP/1.0" 200 45655 "http://www.1166hk.com/tc/company.php" "Mozilla/5.0 (Windows NT 10.0; Win64; x64) AppleWebKit/537.36 (KHTML, like Gecko) Chrome/126.0.0.0 Safari/537.36" 113.77.148.30
113.77.148.30 - - [20/Jun/2024:11:50:08 +0800] "GET /tc/corinfo_tc.pdf HTTP/1.0" 200 46587 "http://www.1166hk.com/tc/company.php" "Mozilla/5.0 (Windows NT 10.0; Win64; x64) AppleWebKit/537.36 (KHTML, like Gecko) Chrome/126.0.0.0 Safari/537.36" 113.77.148.30
113.77.148.30 - - [20/Jun/2024:11:50:14 +0800] "GET /tc/chart.pdf HTTP/1.0" 200 21661 "http://www.1166hk.com/tc/company.php" "Mozilla/5.0 (Windows NT 10.0; Win64; x64) AppleWebKit/537.36 (KHTML, like Gecko) Chrome/126.0.0.0 Safari/537.36" 113.77.148.30
69.191.249.211 - - [20/Jun/2024:11:50:50 +0800] "GET /annual_interim.php HTTP/1.0" 200 29165 "-" "BLP_bbot/0.1" 69.191.249.211
69.191.249.219 - - [20/Jun/2024:11:51:14 +0800] "GET /tc/pressrelease.php HTTP/1.0" 200 368714 "-" "BLP_bbot/0.1" 69.191.249.219
69.191.249.207 - - [20/Jun/2024:11:52:39 +0800] "GET /tc/annual_interim.php HTTP/1.0" 200 28903 "-" "BLP_bbot/0.1" 69.191.249.207
69.191.249.217 - - [20/Jun/2024:11:53:30 +0800] "GET /pressrelease.php HTTP/1.0" 200 368765 "-" "BLP_bbot/0.1" 69.191.249.217
69.191.249.206 - - [20/Jun/2024:11:54:41 +0800] "GET /annual_interim.php HTTP/1.0" 200 29165 "-" "BLP_bbot/0.1" 69.191.249.206
69.191.249.218 - - [20/Jun/2024:11:55:20 +0800] "GET /tc/pressrelease.php HTTP/1.0" 200 368714 "-" "BLP_bbot/0.1" 69.191.249.218
69.191.249.207 - - [20/Jun/2024:11:56:31 +0800] "GET /tc/annual_interim.php HTTP/1.0" 200 28903 "-" "BLP_bbot/0.1" 69.191.249.207
69.191.249.218 - - [20/Jun/2024:11:57:24 +0800] "GET /pressrelease.php HTTP/1.0" 200 368765 "-" "BLP_bbot/0.1" 69.191.249.218
113.77.148.30 - - [20/Jun/2024:11:57:59 +0800] "GET /tc/shareholder_tc.pdf HTTP/1.0" 200 173608 "http://www.1166hk.com/tc/company.php" "Mozilla/5.0 (Windows NT 10.0; Win64; x64) AppleWebKit/537.36 (KHTML, like Gecko) Chrome/126.0.0.0 Safari/537.36" 113.77.148.30
113.77.148.30 - - [20/Jun/2024:11:58:12 +0800] "GET /tc/C_AntiCorruPolicy2022.pdf HTTP/1.0" 200 153840 "http://www.1166hk.com/tc/company.php" "Mozilla/5.0 (Windows NT 10.0; Win64; x64) AppleWebKit/537.36 (KHTML, like Gecko) Chrome/126.0.0.0 Safari/537.36" 113.77.148.30
113.77.148.30 - - [20/Jun/2024:11:58:18 +0800] "GET /tc/index.php HTTP/1.0" 200 13641 "http://www.1166hk.com/tc/company.php" "Mozilla/5.0 (Windows NT 10.0; Win64; x64) AppleWebKit/537.36 (KHTML, like Gecko) Chrome/126.0.0.0 Safari/537.36" 113.77.148.30
113.77.148.30 - - [20/Jun/2024:11:58:18 +0800] "GET /tc/images/spacer.gif HTTP/1.0" 404 9957 "http://www.1166hk.com/tc/index.php" "Mozilla/5.0 (Windows NT 10.0; Win64; x64) AppleWebKit/537.36 (KHTML, like Gecko) Chrome/126.0.0.0 Safari/537.36" 113.77.148.30
113.77.148.30 - - [20/Jun/2024:11:58:18 +0800] "GET /tc/iesuck.js HTTP/1.0" 404 9957 "http://www.1166hk.com/tc/index.php" "Mozilla/5.0 (Windows NT 10.0; Win64; x64) AppleWebKit/537.36 (KHTML, like Gecko) Chrome/126.0.0.0 Safari/537.36" 113.77.148.30
113.77.148.30 - - [20/Jun/2024:11:58:18 +0800] "GET /tc/images/bt_home_up.gif HTTP/1.0" 404 9957 "http://www.1166hk.com/tc/index.php" "Mozilla/5.0 (Windows NT 10.0; Win64; x64) AppleWebKit/537.36 (KHTML, like Gecko) Chrome/126.0.0.0 Safari/537.36" 113.77.148.30
113.77.148.30 - - [20/Jun/2024:11:58:22 +0800] "GET /tc/annual_interim.php HTTP/1.0" 200 28903 "http://www.1166hk.com/tc/index.php" "Mozilla/5.0 (Windows NT 10.0; Win64; x64) AppleWebKit/537.36 (KHTML, like Gecko) Chrome/126.0.0.0 Safari/537.36" 113.77.148.30
113.77.148.30 - - [20/Jun/2024:11:58:22 +0800] "GET /tc/common.css HTTP/1.0" 404 9957 "http://www.1166hk.com/tc/annual_interim.php" "Mozilla/5.0 (Windows NT 10.0; Win64; x64) AppleWebKit/537.36 (KHTML, like Gecko) Chrome/126.0.0.0 Safari/537.36" 113.77.148.30
113.77.148.30 - - [20/Jun/2024:11:58:22 +0800] "GET /images/heading-annual_tc.gif HTTP/1.0" 200 1987 "http://www.1166hk.com/tc/annual_interim.php" "Mozilla/5.0 (Windows NT 10.0; Win64; x64) AppleWebKit/537.36 (KHTML, like Gecko) Chrome/126.0.0.0 Safari/537.36" 113.77.148.30
113.77.148.30 - - [20/Jun/2024:11:58:22 +0800] "GET /tc/iesuck.js HTTP/1.0" 404 9957 "http://www.1166hk.com/tc/annual_interim.php" "Mozilla/5.0 (Windows NT 10.0; Win64; x64) AppleWebKit/537.36 (KHTML, like Gecko) Chrome/126.0.0.0 Safari/537.36" 113.77.148.30
113.77.148.30 - - [20/Jun/2024:11:58:22 +0800] "GET /tc/images/spacer.gif HTTP/1.0" 404 9957 "http://www.1166hk.com/tc/annual_interim.php" "Mozilla/5.0 (Windows NT 10.0; Win64; x64) AppleWebKit/537.36 (KHTML, like Gecko) Chrome/126.0.0.0 Safari/537.36" 113.77.148.30
113.77.148.30 - - [20/Jun/2024:11:58:22 +0800] "GET /tc/images/bt_home_up.gif HTTP/1.0" 404 9957 "http://www.1166hk.com/tc/annual_interim.php" "Mozilla/5.0 (Windows NT 10.0; Win64; x64) AppleWebKit/537.36 (KHTML, like Gecko) Chrome/126.0.0.0 Safari/537.36" 113.77.148.30
113.77.148.30 - - [20/Jun/2024:11:58:24 +0800] "GET /news/pdf/2024031500342_c.pdf HTTP/1.0" 200 2979432 "http://www.1166hk.com/tc/annual_interim.php" "Mozilla/5.0 (Windows NT 10.0; Win64; x64) AppleWebKit/537.36 (KHTML, like Gecko) Chrome/126.0.0.0 Safari/537.36" 113.77.148.30
69.191.249.211 - - [20/Jun/2024:11:58:45 +0800] "GET /annual_interim.php HTTP/1.0" 200 29165 "-" "BLP_bbot/0.1" 69.191.249.211
69.191.249.211 - - [20/Jun/2024:11:59:23 +0800] "GET /tc/pressrelease.php HTTP/1.0" 200 368714 "-" "BLP_bbot/0.1" 69.191.249.211
69.191.249.210 - - [20/Jun/2024:12:00:44 +0800] "GET /tc/annual_interim.php HTTP/1.0" 200 28903 "-" "BLP_bbot/0.1" 69.191.249.210
69.191.249.206 - - [20/Jun/2024:12:01:36 +0800] "GET /pressrelease.php HTTP/1.0" 200 368765 "-" "BLP_bbot/0.1" 69.191.249.206
66.249.66.169 - - [20/Jun/2024:12:02:10 +0800] "GET / HTTP/1.0" 200 13829 "-" "Mozilla/5.0 (compatible; Googlebot/2.1; +http://www.google.com/bot.html)" 66.249.66.169
69.191.249.220 - - [20/Jun/2024:12:02:44 +0800] "GET /annual_interim.php HTTP/1.0" 200 29165 "-" "BLP_bbot/0.1" 69.191.249.220
183.129.141.34 - - [20/Jun/2024:12:03:10 +0800] "GET / HTTP/1.0" 200 13829 "-" "Mozilla/5.0 (Windows NT 6.1; Win64; x64) AppleWebKit/537.36 (KHTML, like Gecko) Chrome/65.0.3325.181 Safari/537.36" 183.129.141.34
69.191.249.210 - - [20/Jun/2024:12:03:33 +0800] "GET /tc/pressrelease.php HTTP/1.0" 200 368714 "-" "BLP_bbot/0.1" 69.191.249.210
69.191.249.220 - - [20/Jun/2024:12:04:42 +0800] "GET /tc/annual_interim.php HTTP/1.0" 200 28903 "-" "BLP_bbot/0.1" 69.191.249.220
69.191.249.218 - - [20/Jun/2024:12:05:33 +0800] "GET /pressrelease.php HTTP/1.0" 200 368765 "-" "BLP_bbot/0.1" 69.191.249.218
69.191.249.217 - - [20/Jun/2024:12:06:53 +0800] "GET /annual_interim.php HTTP/1.0" 200 29165 "-" "BLP_bbot/0.1" 69.191.249.217
69.191.249.221 - - [20/Jun/2024:12:07:37 +0800] "GET /tc/pressrelease.php HTTP/1.0" 200 368714 "-" "BLP_bbot/0.1" 69.191.249.221
52.167.144.222 - - [20/Jun/2024:12:07:53 +0800] "GET /news/pdf/2024031900344_c.pdf HTTP/1.0" 200 572843 "-" "Mozilla/5.0 AppleWebKit/537.36 (KHTML, like Gecko; compatible; bingbot/2.0; +http://www.bing.com/bingbot.htm) Chrome/116.0.1938.76 Safari/537.36" 52.167.144.222
66.249.66.169 - - [20/Jun/2024:12:08:10 +0800] "GET / HTTP/1.0" 200 13829 "-" "Mozilla/5.0 (Linux; Android 6.0.1; Nexus 5X Build/MMB29P) AppleWebKit/537.36 (KHTML, like Gecko) Chrome/125.0.6422.175 Mobile Safari/537.36 (compatible; Googlebot/2.1; +http://www.google.com/bot.html)" 66.249.66.169
66.249.66.168 - - [20/Jun/2024:12:08:18 +0800] "GET /favicon.ico HTTP/1.0" 404 9957 "-" "Googlebot-Image/1.0" 66.249.66.168
69.191.249.210 - - [20/Jun/2024:12:08:51 +0800] "GET /tc/annual_interim.php HTTP/1.0" 200 28903 "-" "BLP_bbot/0.1" 69.191.249.210
69.191.249.220 - - [20/Jun/2024:12:09:38 +0800] "GET /pressrelease.php HTTP/1.0" 200 368765 "-" "BLP_bbot/0.1" 69.191.249.220
69.191.249.201 - - [20/Jun/2024:12:10:55 +0800] "GET /annual_interim.php HTTP/1.0" 200 29165 "-" "BLP_bbot/0.1" 69.191.249.201
69.191.249.217 - - [20/Jun/2024:12:11:43 +0800] "GET /tc/pressrelease.php HTTP/1.0" 200 368714 "-" "BLP_bbot/0.1" 69.191.249.217
69.191.249.221 - - [20/Jun/2024:12:12:40 +0800] "GET /tc/annual_interim.php HTTP/1.0" 200 28903 "-" "BLP_bbot/0.1" 69.191.249.221
69.191.249.220 - - [20/Jun/2024:12:13:50 +0800] "GET /pressrelease.php HTTP/1.0" 200 368765 "-" "BLP_bbot/0.1" 69.191.249.220
69.191.249.219 - - [20/Jun/2024:12:14:51 +0800] "GET /annual_interim.php HTTP/1.0" 200 29165 "-" "BLP_bbot/0.1" 69.191.249.219
69.191.249.220 - - [20/Jun/2024:12:15:47 +0800] "GET /tc/pressrelease.php HTTP/1.0" 200 368714 "-" "BLP_bbot/0.1" 69.191.249.220
69.191.249.216 - - [20/Jun/2024:12:16:43 +0800] "GET /tc/annual_interim.php HTTP/1.0" 200 28903 "-" "BLP_bbot/0.1" 69.191.249.216
69.191.249.210 - - [20/Jun/2024:12:18:03 +0800] "GET /pressrelease.php HTTP/1.0" 200 368765 "-" "BLP_bbot/0.1" 69.191.249.210
69.191.249.210 - - [20/Jun/2024:12:18:40 +0800] "GET /annual_interim.php HTTP/1.0" 200 29165 "-" "BLP_bbot/0.1" 69.191.249.210
69.191.249.219 - - [20/Jun/2024:12:19:42 +0800] "GET /tc/pressrelease.php HTTP/1.0" 200 368714 "-" "BLP_bbot/0.1" 69.191.249.219
66.249.66.169 - - [20/Jun/2024:12:20:26 +0800] "GET /tc/pressrelease.php/tc/news/common_tc.css HTTP/1.0" 200 368714 "http://www.1166hk.com/tc/pressrelease.php/tc/news/notices.php" "Mozilla/5.0 (Linux; Android 6.0.1; Nexus 5X Build/MMB29P) AppleWebKit/537.36 (KHTML, like Gecko) Chrome/125.0.6422.154 Mobile Safari/537.36 (compatible; Googlebot/2.1; +http://www.google.com/bot.html)" 66.249.66.169
66.249.66.160 - - [20/Jun/2024:12:20:26 +0800] "GET /tc/pressrelease.php/tc/news/iesuck.js HTTP/1.0" 200 368714 "http://www.1166hk.com/tc/pressrelease.php/tc/news/notices.php" "Mozilla/5.0 (Linux; Android 6.0.1; Nexus 5X Build/MMB29P) AppleWebKit/537.36 (KHTML, like Gecko) Chrome/125.0.6422.154 Mobile Safari/537.36 (compatible; Googlebot/2.1; +http://www.google.com/bot.html)" 66.249.66.160
69.191.249.212 - - [20/Jun/2024:12:20:52 +0800] "GET /tc/annual_interim.php HTTP/1.0" 200 28903 "-" "BLP_bbot/0.1" 69.191.249.212
5.255.231.245 - - [20/Jun/2024:12:22:02 +0800] "GET /robots.txt HTTP/1.0" 404 9957 "-" "Mozilla/5.0 (compatible; YandexBot/3.0; +http://yandex.com/bots)" 5.255.231.245
95.108.213.230 - - [20/Jun/2024:12:22:03 +0800] "GET / HTTP/1.0" 200 13829 "-" "Mozilla/5.0 (compatible; YandexBot/3.0; +http://yandex.com/bots)" 95.108.213.230
69.191.249.210 - - [20/Jun/2024:12:22:05 +0800] "GET /pressrelease.php HTTP/1.0" 200 368765 "-" "BLP_bbot/0.1" 69.191.249.210
69.191.249.220 - - [20/Jun/2024:12:22:34 +0800] "GET /annual_interim.php HTTP/1.0" 200 29165 "-" "BLP_bbot/0.1" 69.191.249.220
69.191.249.219 - - [20/Jun/2024:12:23:36 +0800] "GET /tc/pressrelease.php HTTP/1.0" 200 368714 "-" "BLP_bbot/0.1" 69.191.249.219
114.119.130.33 - - [20/Jun/2024:12:24:24 +0800] "GET /news/pdf/LTN20150921560.pdf HTTP/1.0" 200 69281 "http://www.1166hk.com/pressrelease.php" "Mozilla/5.0 (Linux; Android 7.0;) AppleWebKit/537.36 (KHTML, like Gecko) Mobile Safari/537.36 (compatible; PetalBot;+https://webmaster.petalsearch.com/site/petalbot)" 10.179.80.158, 114.119.130.33
220.181.108.90 - - [20/Jun/2024:12:24:36 +0800] "GET /news/pdf/LTN20181114232_C.pdf HTTP/1.0" 200 40544 "-" "Mozilla/5.0 (compatible; Baiduspider/2.0; +http://www.baidu.com/search/spider.html)" 220.181.108.90
69.191.249.207 - - [20/Jun/2024:12:24:57 +0800] "GET /tc/annual_interim.php HTTP/1.0" 200 28903 "-" "BLP_bbot/0.1" 69.191.249.207
114.119.158.167 - - [20/Jun/2024:12:25:47 +0800] "GET /news/pdf/2023080200397.pdf HTTP/1.0" 200 63387 "http://www.1166hk.com/pressrelease.php" "Mozilla/5.0 (Linux; Android 7.0;) AppleWebKit/537.36 (KHTML, like Gecko) Mobile Safari/537.36 (compatible; PetalBot;+https://webmaster.petalsearch.com/site/petalbot)" 10.179.80.153, 114.119.158.167
69.191.249.218 - - [20/Jun/2024:12:26:17 +0800] "GET /pressrelease.php HTTP/1.0" 200 368765 "-" "BLP_bbot/0.1" 69.191.249.218
69.191.249.207 - - [20/Jun/2024:12:26:29 +0800] "GET /annual_interim.php HTTP/1.0" 200 29165 "-" "BLP_bbot/0.1" 69.191.249.207
114.119.130.33 - - [20/Jun/2024:12:27:18 +0800] "GET /news/pdf/LTN20150308025.pdf HTTP/1.0" 200 74955 "http://1166hk.com/pressrelease.php" "Mozilla/5.0 (Linux; Android 7.0;) AppleWebKit/537.36 (KHTML, like Gecko) Mobile Safari/537.36 (compatible; PetalBot;+https://webmaster.petalsearch.com/site/petalbot)" 10.179.80.126, 114.119.130.33
69.191.249.212 - - [20/Jun/2024:12:27:33 +0800] "GET /tc/pressrelease.php HTTP/1.0" 200 368714 "-" "BLP_bbot/0.1" 69.191.249.212
114.119.155.78 - - [20/Jun/2024:12:28:33 +0800] "GET /news/pdf/2022110102143_c.pdf HTTP/1.0" 200 126269 "http://www.1166hk.com/tc/pressrelease.php" "Mozilla/5.0 (Linux; Android 7.0;) AppleWebKit/537.36 (KHTML, like Gecko) Mobile Safari/537.36 (compatible; PetalBot;+https://webmaster.petalsearch.com/site/petalbot)" 10.179.80.117, 114.119.155.78
69.191.249.221 - - [20/Jun/2024:12:29:04 +0800] "GET /tc/annual_interim.php HTTP/1.0" 200 28903 "-" "BLP_bbot/0.1" 69.191.249.221
113.229.63.90 - - [20/Jun/2024:12:29:21 +0800] "GET /tc/pressrelease.php HTTP/1.0" 200 368714 "-" "Mozilla/5.0 (Macintosh; Intel Mac OS X 10_15_7) AppleWebKit/537.36 (KHTML, like Gecko) Chrome/109.0.0.0 Safari/537.36" 113.229.63.90
54.144.96.152 - - [20/Jun/2024:12:29:29 +0800] "GET /annual_interim.php HTTP/1.0" 200 29165 "-" "Mozilla/5.0 (X11; Linux x86_64) AppleWebKit/537.36 (KHTML, like Gecko) Chrome/60.0.3112.50 Safari/537.36" 54.144.96.152
54.144.96.152 - - [20/Jun/2024:12:29:34 +0800] "GET /company.php HTTP/1.0" 200 12986 "-" "Mozilla/5.0 (X11; Linux x86_64) AppleWebKit/537.36 (KHTML, like Gecko) Chrome/60.0.3112.50 Safari/537.36" 54.144.96.152
54.144.96.152 - - [20/Jun/2024:12:29:35 +0800] "GET /board_comm.php HTTP/1.0" 200 12162 "-" "Mozilla/5.0 (X11; Linux x86_64) AppleWebKit/537.36 (KHTML, like Gecko) Chrome/60.0.3112.50 Safari/537.36" 54.144.96.152
54.144.96.152 - - [20/Jun/2024:12:29:36 +0800] "GET /memo.php HTTP/1.0" 200 11330 "-" "Mozilla/5.0 (X11; Linux x86_64) AppleWebKit/537.36 (KHTML, like Gecko) Chrome/60.0.3112.50 Safari/537.36" 54.144.96.152
114.119.141.71 - - [20/Jun/2024:12:30:04 +0800] "GET /news/2006/LTN20060605133.pdf HTTP/1.0" 200 35187 "http://1166hk.com/pressrelease.php" "Mozilla/5.0 (Linux; Android 7.0;) AppleWebKit/537.36 (KHTML, like Gecko) Mobile Safari/537.36 (compatible; PetalBot;+https://webmaster.petalsearch.com/site/petalbot)" 10.179.80.153, 114.119.141.71
69.191.249.217 - - [20/Jun/2024:12:30:25 +0800] "GET /pressrelease.php HTTP/1.0" 200 368765 "-" "BLP_bbot/0.1" 69.191.249.217
69.191.249.221 - - [20/Jun/2024:12:30:27 +0800] "GET /annual_interim.php HTTP/1.0" 200 29165 "-" "BLP_bbot/0.1" 69.191.249.221
114.119.130.33 - - [20/Jun/2024:12:31:19 +0800] "GET /news/2006/LTN20060410238.pdf HTTP/1.0" 200 32943 "http://1166hk.com/pressrelease.php" "Mozilla/5.0 (Linux; Android 7.0;) AppleWebKit/537.36 (KHTML, like Gecko) Mobile Safari/537.36 (compatible; PetalBot;+https://webmaster.petalsearch.com/site/petalbot)" 10.179.80.168, 114.119.130.33
69.191.249.211 - - [20/Jun/2024:12:31:37 +0800] "GET /tc/pressrelease.php HTTP/1.0" 200 368714 "-" "BLP_bbot/0.1" 69.191.249.211
69.191.249.216 - - [20/Jun/2024:12:33:13 +0800] "GET /tc/annual_interim.php HTTP/1.0" 200 28903 "-" "BLP_bbot/0.1" 69.191.249.216
69.191.249.220 - - [20/Jun/2024:12:34:24 +0800] "GET /annual_interim.php HTTP/1.0" 200 29165 "-" "BLP_bbot/0.1" 69.191.249.220
69.191.249.207 - - [20/Jun/2024:12:34:32 +0800] "GET /pressrelease.php HTTP/1.0" 200 368765 "-" "BLP_bbot/0.1" 69.191.249.207
69.191.249.218 - - [20/Jun/2024:12:35:28 +0800] "GET /tc/pressrelease.php HTTP/1.0" 200 368714 "-" "BLP_bbot/0.1" 69.191.249.218
69.171.230.16 - - [20/Jun/2024:12:37:06 +0800] "GET /news/2006/LTN20060525060.xls HTTP/1.0" 200 36118 "-" "facebookexternalhit/1.1 (+http://www.facebook.com/externalhit_uatext.php)" 69.171.230.16
69.191.249.216 - - [20/Jun/2024:12:37:09 +0800] "GET /tc/annual_interim.php HTTP/1.0" 200 28903 "-" "BLP_bbot/0.1" 69.191.249.216
27.29.45.161 - - [20/Jun/2024:12:37:22 +0800] "GET / HTTP/1.0" 200 13829 "-" "Mozilla/5.0 (Macintosh; Intel Mac OS X 10_15_7) AppleWebKit/537.36 (KHTML, like Gecko) Chrome/109.0.0.0 Safari/537.36" 27.29.45.161
69.191.249.220 - - [20/Jun/2024:12:38:35 +0800] "GET /annual_interim.php HTTP/1.0" 200 29165 "-" "BLP_bbot/0.1" 69.191.249.220
69.191.249.207 - - [20/Jun/2024:12:38:43 +0800] "GET /pressrelease.php HTTP/1.0" 200 368765 "-" "BLP_bbot/0.1" 69.191.249.207
69.191.249.201 - - [20/Jun/2024:12:39:33 +0800] "GET /tc/pressrelease.php HTTP/1.0" 200 368714 "-" "BLP_bbot/0.1" 69.191.249.201
103.146.179.69 - - [20/Jun/2024:12:39:36 +0800] "POST / HTTP/1.0" 200 13829 "-" "Mozilla/5.0 (X11; Ubuntu; Linux x86_64) AppleWebKit/537.36 (KHTML, like Gecko) Chrome/55.0.2919.83 Safari/537.36" 103.146.179.69
69.191.249.219 - - [20/Jun/2024:12:41:13 +0800] "GET /tc/annual_interim.php HTTP/1.0" 200 28903 "-" "BLP_bbot/0.1" 69.191.249.219
112.86.225.235 - - [20/Jun/2024:12:41:33 +0800] "GET / HTTP/1.0" 200 13829 "-" "Sogou web spider/4.0(+http://www.sogou.com/docs/help/webmasters.htm#07)" 112.86.225.235
69.191.249.220 - - [20/Jun/2024:12:42:31 +0800] "GET /annual_interim.php HTTP/1.0" 200 29165 "-" "BLP_bbot/0.1" 69.191.249.220
69.191.249.211 - - [20/Jun/2024:12:42:40 +0800] "GET /pressrelease.php HTTP/1.0" 200 368765 "-" "BLP_bbot/0.1" 69.191.249.211
69.191.249.221 - - [20/Jun/2024:12:43:31 +0800] "GET /tc/pressrelease.php HTTP/1.0" 200 368714 "-" "BLP_bbot/0.1" 69.191.249.221
173.252.87.1 - - [20/Jun/2024:12:44:40 +0800] "GET /links.php HTTP/1.0" 200 12422 "-" "facebookexternalhit/1.1 (+http://www.facebook.com/externalhit_uatext.php)" 173.252.87.1
69.191.249.219 - - [20/Jun/2024:12:45:09 +0800] "GET /tc/annual_interim.php HTTP/1.0" 200 28903 "-" "BLP_bbot/0.1" 69.191.249.219
69.191.249.212 - - [20/Jun/2024:12:46:29 +0800] "GET /annual_interim.php HTTP/1.0" 200 29165 "-" "BLP_bbot/0.1" 69.191.249.212
92.118.39.209 - - [20/Jun/2024:12:46:34 +0800] "GET / HTTP/1.0" 200 13829 "-" "Mozilla/5.0 (Windows NT 10.0; Win64; x64) AppleWebKit/537.36 (KHTML, like Gecko) Chrome/42.0.2311.135 Safari/537.36 Edge/12.246" 92.118.39.209
92.118.39.209 - - [20/Jun/2024:12:46:34 +0800] "GET /favicon.ico HTTP/1.0" 404 9957 "-" "Mozilla/5.0 (Windows NT 10.0; Win64; x64) AppleWebKit/537.36 (KHTML, like Gecko) Chrome/42.0.2311.135 Safari/537.36 Edge/12.246" 92.118.39.209
92.118.39.209 - - [20/Jun/2024:12:46:35 +0800] "GET / HTTP/1.0" 200 13829 "-" "Mozilla/5.0 (X11; CrOS x86_64 8172.45.0) AppleWebKit/537.36 (KHTML, like Gecko) Chrome/51.0.2704.64 Safari/537.36" 92.118.39.209
92.118.39.209 - - [20/Jun/2024:12:46:35 +0800] "GET /favicon.ico HTTP/1.0" 404 9957 "-" "Mozilla/5.0 (X11; CrOS x86_64 8172.45.0) AppleWebKit/537.36 (KHTML, like Gecko) Chrome/51.0.2704.64 Safari/537.36" 92.118.39.209
69.191.249.212 - - [20/Jun/2024:12:46:36 +0800] "GET /pressrelease.php HTTP/1.0" 200 368765 "-" "BLP_bbot/0.1" 69.191.249.212
92.118.39.209 - - [20/Jun/2024:12:46:36 +0800] "GET / HTTP/1.0" 200 13829 "-" "Mozilla/5.0 (Windows NT 10.0; Win64; x64) AppleWebKit/537.36 (KHTML, like Gecko) Chrome/42.0.2311.135 Safari/537.36 Edge/12.246" 92.118.39.209
92.118.39.209 - - [20/Jun/2024:12:46:36 +0800] "GET /favicon.ico HTTP/1.0" 404 9957 "-" "Mozilla/5.0 (Windows NT 10.0; Win64; x64) AppleWebKit/537.36 (KHTML, like Gecko) Chrome/42.0.2311.135 Safari/537.36 Edge/12.246" 92.118.39.209
92.118.39.209 - - [20/Jun/2024:12:46:37 +0800] "GET / HTTP/1.0" 200 13829 "-" "Mozilla/5.0 (X11; CrOS x86_64 8172.45.0) AppleWebKit/537.36 (KHTML, like Gecko) Chrome/51.0.2704.64 Safari/537.36" 92.118.39.209
92.118.39.209 - - [20/Jun/2024:12:46:37 +0800] "GET /favicon.ico HTTP/1.0" 404 9957 "-" "Mozilla/5.0 (X11; CrOS x86_64 8172.45.0) AppleWebKit/537.36 (KHTML, like Gecko) Chrome/51.0.2704.64 Safari/537.36" 92.118.39.209
69.191.249.221 - - [20/Jun/2024:12:47:20 +0800] "GET /tc/pressrelease.php HTTP/1.0" 200 368714 "-" "BLP_bbot/0.1" 69.191.249.221
69.191.249.207 - - [20/Jun/2024:12:49:05 +0800] "GET /tc/annual_interim.php HTTP/1.0" 200 28903 "-" "BLP_bbot/0.1" 69.191.249.207
69.191.249.211 - - [20/Jun/2024:12:50:27 +0800] "GET /pressrelease.php HTTP/1.0" 200 368765 "-" "BLP_bbot/0.1" 69.191.249.211
69.191.249.210 - - [20/Jun/2024:12:50:40 +0800] "GET /annual_interim.php HTTP/1.0" 200 29165 "-" "BLP_bbot/0.1" 69.191.249.210
69.191.249.207 - - [20/Jun/2024:12:51:20 +0800] "GET /tc/pressrelease.php HTTP/1.0" 200 368714 "-" "BLP_bbot/0.1" 69.191.249.207
69.191.249.212 - - [20/Jun/2024:12:53:14 +0800] "GET /tc/annual_interim.php HTTP/1.0" 200 28903 "-" "BLP_bbot/0.1" 69.191.249.212
69.191.249.218 - - [20/Jun/2024:12:54:27 +0800] "GET /pressrelease.php HTTP/1.0" 200 368765 "-" "BLP_bbot/0.1" 69.191.249.218
69.191.249.217 - - [20/Jun/2024:12:54:43 +0800] "GET /annual_interim.php HTTP/1.0" 200 29165 "-" "BLP_bbot/0.1" 69.191.249.217
69.191.249.217 - - [20/Jun/2024:12:55:17 +0800] "GET /tc/pressrelease.php HTTP/1.0" 200 368714 "-" "BLP_bbot/0.1" 69.191.249.217
69.191.249.219 - - [20/Jun/2024:12:57:11 +0800] "GET /tc/annual_interim.php HTTP/1.0" 200 28903 "-" "BLP_bbot/0.1" 69.191.249.219
69.191.249.220 - - [20/Jun/2024:12:58:19 +0800] "GET /pressrelease.php HTTP/1.0" 200 368765 "-" "BLP_bbot/0.1" 69.191.249.220
69.191.249.220 - - [20/Jun/2024:12:58:52 +0800] "GET /annual_interim.php HTTP/1.0" 200 29165 "-" "BLP_bbot/0.1" 69.191.249.220
69.191.249.221 - - [20/Jun/2024:12:59:14 +0800] "GET /tc/pressrelease.php HTTP/1.0" 200 368714 "-" "BLP_bbot/0.1" 69.191.249.221
69.191.249.219 - - [20/Jun/2024:13:01:09 +0800] "GET /tc/annual_interim.php HTTP/1.0" 200 28903 "-" "BLP_bbot/0.1" 69.191.249.219
66.249.66.160 - - [20/Jun/2024:13:01:29 +0800] "GET / HTTP/1.0" 200 13829 "-" "Mozilla/5.0 (compatible; Googlebot/2.1; +http://www.google.com/bot.html)" 66.249.66.160
69.191.249.221 - - [20/Jun/2024:13:02:26 +0800] "GET /pressrelease.php HTTP/1.0" 200 368765 "-" "BLP_bbot/0.1" 69.191.249.221
69.191.249.217 - - [20/Jun/2024:13:02:56 +0800] "GET /annual_interim.php HTTP/1.0" 200 29165 "-" "BLP_bbot/0.1" 69.191.249.217
183.129.160.137 - - [20/Jun/2024:13:03:12 +0800] "GET / HTTP/1.0" 200 13829 "-" "Mozilla/5.0 (Windows NT 6.1; Win64; x64) AppleWebKit/537.36 (KHTML, like Gecko) Chrome/65.0.3325.181 Safari/537.36" 183.129.160.137
69.191.249.211 - - [20/Jun/2024:13:03:17 +0800] "GET /tc/pressrelease.php HTTP/1.0" 200 368714 "-" "BLP_bbot/0.1" 69.191.249.211
69.191.249.201 - - [20/Jun/2024:13:05:06 +0800] "GET /tc/annual_interim.php HTTP/1.0" 200 28903 "-" "BLP_bbot/0.1" 69.191.249.201
69.191.249.212 - - [20/Jun/2024:13:06:28 +0800] "GET /pressrelease.php HTTP/1.0" 200 368765 "-" "BLP_bbot/0.1" 69.191.249.212
69.191.249.201 - - [20/Jun/2024:13:06:58 +0800] "GET /annual_interim.php HTTP/1.0" 200 29165 "-" "BLP_bbot/0.1" 69.191.249.201
112.86.225.89 - - [20/Jun/2024:13:07:01 +0800] "GET / HTTP/1.0" 200 13829 "-" "Sogou web spider/4.0(+http://www.sogou.com/docs/help/webmasters.htm#07)" 112.86.225.89
69.191.249.212 - - [20/Jun/2024:13:07:06 +0800] "GET /tc/pressrelease.php HTTP/1.0" 200 368714 "-" "BLP_bbot/0.1" 69.191.249.212
66.249.66.160 - - [20/Jun/2024:13:07:37 +0800] "GET / HTTP/1.0" 200 13829 "-" "Mozilla/5.0 (Linux; Android 6.0.1; Nexus 5X Build/MMB29P) AppleWebKit/537.36 (KHTML, like Gecko) Chrome/125.0.6422.175 Mobile Safari/537.36 (compatible; Googlebot/2.1; +http://www.google.com/bot.html)" 66.249.66.160
69.191.249.221 - - [20/Jun/2024:13:09:13 +0800] "GET /tc/annual_interim.php HTTP/1.0" 200 28903 "-" "BLP_bbot/0.1" 69.191.249.221
69.191.249.221 - - [20/Jun/2024:13:10:30 +0800] "GET /pressrelease.php HTTP/1.0" 200 368765 "-" "BLP_bbot/0.1" 69.191.249.221
69.191.249.201 - - [20/Jun/2024:13:11:02 +0800] "GET /annual_interim.php HTTP/1.0" 200 29165 "-" "BLP_bbot/0.1" 69.191.249.201
66.249.66.169 - - [20/Jun/2024:13:11:09 +0800] "GET /news/pdf/LTN20130102433_C.pdf HTTP/1.0" 200 201616 "-" "Mozilla/5.0 (Linux; Android 6.0.1; Nexus 5X Build/MMB29P) AppleWebKit/537.36 (KHTML, like Gecko) Chrome/125.0.6422.175 Mobile Safari/537.36 (compatible; Googlebot/2.1; +http://www.google.com/bot.html)" 66.249.66.169
66.249.66.160 - - [20/Jun/2024:13:11:10 +0800] "GET /tc/news/2007/LTN20070412045_C.pdf HTTP/1.0" 200 285773 "-" "Mozilla/5.0 (Linux; Android 6.0.1; Nexus 5X Build/MMB29P) AppleWebKit/537.36 (KHTML, like Gecko) Chrome/125.0.6422.175 Mobile Safari/537.36 (compatible; Googlebot/2.1; +http://www.google.com/bot.html)" 66.249.66.160
69.191.249.216 - - [20/Jun/2024:13:11:14 +0800] "GET /tc/pressrelease.php HTTP/1.0" 200 368714 "-" "BLP_bbot/0.1" 69.191.249.216
69.191.249.217 - - [20/Jun/2024:13:13:10 +0800] "GET /tc/annual_interim.php HTTP/1.0" 200 28903 "-" "BLP_bbot/0.1" 69.191.249.217
69.191.249.201 - - [20/Jun/2024:13:14:20 +0800] "GET /pressrelease.php HTTP/1.0" 200 368765 "-" "BLP_bbot/0.1" 69.191.249.201
69.191.249.201 - - [20/Jun/2024:13:15:11 +0800] "GET /annual_interim.php HTTP/1.0" 200 29165 "-" "BLP_bbot/0.1" 69.191.249.201
69.191.249.201 - - [20/Jun/2024:13:15:18 +0800] "GET /tc/pressrelease.php HTTP/1.0" 200 368714 "-" "BLP_bbot/0.1" 69.191.249.201
