173.252.83.112 - - [20/Jun/2024:13:16:15 +0800] "GET /annual_interim.php HTTP/1.0" 200 29165 "-" "facebookexternalhit/1.1 (+http://www.facebook.com/externalhit_uatext.php)" 173.252.83.112
69.191.249.207 - - [20/Jun/2024:13:17:09 +0800] "GET /tc/annual_interim.php HTTP/1.0" 200 28903 "-" "BLP_bbot/0.1" 69.191.249.207
52.167.144.18 - - [20/Jun/2024:13:18:10 +0800] "GET /news/pdf/2024030700719.pdf HTTP/1.0" 200 460064 "-" "Mozilla/5.0 AppleWebKit/537.36 (KHTML, like Gecko; compatible; bingbot/2.0; +http://www.bing.com/bingbot.htm) Chrome/116.0.1938.76 Safari/537.36" 52.167.144.18
69.191.249.217 - - [20/Jun/2024:13:18:17 +0800] "GET /pressrelease.php HTTP/1.0" 200 368765 "-" "BLP_bbot/0.1" 69.191.249.217
69.191.249.219 - - [20/Jun/2024:13:19:13 +0800] "GET /annual_interim.php HTTP/1.0" 200 29165 "-" "BLP_bbot/0.1" 69.191.249.219
69.191.249.216 - - [20/Jun/2024:13:19:13 +0800] "GET /tc/pressrelease.php HTTP/1.0" 200 368714 "-" "BLP_bbot/0.1" 69.191.249.216
66.249.71.138 - - [20/Jun/2024:13:20:01 +0800] "GET /tc/pressrelease.php/tc/tc/news/2009/iesuck.js HTTP/1.0" 200 368714 "http://www.1166hk.com/tc/pressrelease.php/tc/tc/news/2009/C-20090623-01.pdf" "Mozilla/5.0 (Linux; Android 6.0.1; Nexus 5X Build/MMB29P) AppleWebKit/537.36 (KHTML, like Gecko) Chrome/125.0.6422.154 Mobile Safari/537.36 (compatible; Googlebot/2.1; +http://www.google.com/bot.html)" 66.249.71.138
66.249.71.136 - - [20/Jun/2024:13:20:02 +0800] "GET /tc/pressrelease.php/tc/tc/news/2009/common_tc.css HTTP/1.0" 200 368714 "http://www.1166hk.com/tc/pressrelease.php/tc/tc/news/2009/C-20090623-01.pdf" "Mozilla/5.0 (Linux; Android 6.0.1; Nexus 5X Build/MMB29P) AppleWebKit/537.36 (KHTML, like Gecko) Chrome/125.0.6422.154 Mobile Safari/537.36 (compatible; Googlebot/2.1; +http://www.google.com/bot.html)" 66.249.71.136
69.191.249.210 - - [20/Jun/2024:13:21:18 +0800] "GET /tc/annual_interim.php HTTP/1.0" 200 28903 "-" "BLP_bbot/0.1" 69.191.249.210
69.191.249.211 - - [20/Jun/2024:13:22:06 +0800] "GET /pressrelease.php HTTP/1.0" 200 368765 "-" "BLP_bbot/0.1" 69.191.249.211
69.191.249.218 - - [20/Jun/2024:13:23:06 +0800] "GET /tc/pressrelease.php HTTP/1.0" 200 368714 "-" "BLP_bbot/0.1" 69.191.249.218
69.191.249.201 - - [20/Jun/2024:13:23:18 +0800] "GET /annual_interim.php HTTP/1.0" 200 29165 "-" "BLP_bbot/0.1" 69.191.249.201
69.191.249.220 - - [20/Jun/2024:13:25:11 +0800] "GET /tc/annual_interim.php HTTP/1.0" 200 28903 "-" "BLP_bbot/0.1" 69.191.249.220
69.191.249.210 - - [20/Jun/2024:13:26:00 +0800] "GET /pressrelease.php HTTP/1.0" 200 368765 "-" "BLP_bbot/0.1" 69.191.249.210
173.252.87.112 - - [20/Jun/2024:13:26:03 +0800] "GET /index.php HTTP/1.0" 200 13829 "-" "facebookexternalhit/1.1 (+http://www.facebook.com/externalhit_uatext.php)" 173.252.87.112
66.249.66.168 - - [20/Jun/2024:13:26:20 +0800] "GET /news/pdf/LTN20091231070_C.pdf HTTP/1.0" 200 126651 "-" "Mozilla/5.0 (Linux; Android 6.0.1; Nexus 5X Build/MMB29P) AppleWebKit/537.36 (KHTML, like Gecko) Chrome/125.0.6422.175 Mobile Safari/537.36 (compatible; Googlebot/2.1; +http://www.google.com/bot.html)" 66.249.66.168
69.191.249.216 - - [20/Jun/2024:13:27:00 +0800] "GET /tc/pressrelease.php HTTP/1.0" 200 368714 "-" "BLP_bbot/0.1" 69.191.249.216
69.191.249.212 - - [20/Jun/2024:13:27:21 +0800] "GET /annual_interim.php HTTP/1.0" 200 29165 "-" "BLP_bbot/0.1" 69.191.249.212
65.21.136.254 - - [20/Jun/2024:13:28:08 +0800] "GET /news/pdf/LTN20150210168_C.pdf HTTP/1.0" 200 122430 "-" "Mozilla/5.0 (Windows NT 10.0; Win64; x64; rv:126.0) Gecko/20100101 Firefox/126.0" 65.21.136.254
66.249.66.160 - - [20/Jun/2024:13:29:11 +0800] "GET /tc/pressrelease.php/tc/news/2006/news/2009/C-20090311-01.pdf HTTP/1.0" 200 368714 "-" "Mozilla/5.0 (Linux; Android 6.0.1; Nexus 5X Build/MMB29P) AppleWebKit/537.36 (KHTML, like Gecko) Chrome/125.0.6422.175 Mobile Safari/537.36 (compatible; GoogleOther)" 66.249.66.160
69.191.249.207 - - [20/Jun/2024:13:29:20 +0800] "GET /tc/annual_interim.php HTTP/1.0" 200 28903 "-" "BLP_bbot/0.1" 69.191.249.207
175.174.141.112 - - [20/Jun/2024:13:29:21 +0800] "GET /tc/pressrelease.php HTTP/1.0" 200 368714 "-" "Mozilla/5.0 (Macintosh; Intel Mac OS X 10_15_7) AppleWebKit/537.36 (KHTML, like Gecko) Chrome/109.0.0.0 Safari/537.36" 175.174.141.112
69.191.249.207 - - [20/Jun/2024:13:30:12 +0800] "GET /pressrelease.php HTTP/1.0" 200 368765 "-" "BLP_bbot/0.1" 69.191.249.207
69.191.249.212 - - [20/Jun/2024:13:30:49 +0800] "GET /tc/pressrelease.php HTTP/1.0" 200 368714 "-" "BLP_bbot/0.1" 69.191.249.212
69.191.249.220 - - [20/Jun/2024:13:31:27 +0800] "GET /annual_interim.php HTTP/1.0" 200 29165 "-" "BLP_bbot/0.1" 69.191.249.220
69.191.249.220 - - [20/Jun/2024:13:33:30 +0800] "GET /tc/annual_interim.php HTTP/1.0" 200 28903 "-" "BLP_bbot/0.1" 69.191.249.220
69.191.249.207 - - [20/Jun/2024:13:34:18 +0800] "GET /pressrelease.php HTTP/1.0" 200 368765 "-" "BLP_bbot/0.1" 69.191.249.207
66.249.66.197 - - [20/Jun/2024:13:34:37 +0800] "GET / HTTP/1.0" 200 13829 "-" "Mozilla/5.0 (Linux; Android 6.0.1; Nexus 5X Build/MMB29P) AppleWebKit/537.36 (KHTML, like Gecko) Chrome/125.0.6422.175 Mobile Safari/537.36 (compatible; Googlebot/2.1; +http://www.google.com/bot.html)" 66.249.66.197
69.191.249.212 - - [20/Jun/2024:13:34:59 +0800] "GET /tc/pressrelease.php HTTP/1.0" 200 368714 "-" "BLP_bbot/0.1" 69.191.249.212
69.191.249.219 - - [20/Jun/2024:13:35:18 +0800] "GET /annual_interim.php HTTP/1.0" 200 29165 "-" "BLP_bbot/0.1" 69.191.249.219
66.249.66.160 - - [20/Jun/2024:13:37:01 +0800] "GET /index.php HTTP/1.0" 200 13829 "-" "Mozilla/5.0 (Linux; Android 6.0.1; Nexus 5X Build/MMB29P) AppleWebKit/537.36 (KHTML, like Gecko) Chrome/125.0.6422.175 Mobile Safari/537.36 (compatible; Googlebot/2.1; +http://www.google.com/bot.html)" 66.249.66.160
58.53.121.187 - - [20/Jun/2024:13:37:02 +0800] "GET / HTTP/1.0" 200 13829 "-" "Mozilla/5.0 (Macintosh; Intel Mac OS X 10_15_7) AppleWebKit/537.36 (KHTML, like Gecko) Chrome/109.0.0.0 Safari/537.36" 58.53.121.187
69.191.249.218 - - [20/Jun/2024:13:37:39 +0800] "GET /tc/annual_interim.php HTTP/1.0" 200 28903 "-" "BLP_bbot/0.1" 69.191.249.218
69.191.249.206 - - [20/Jun/2024:13:38:26 +0800] "GET /pressrelease.php HTTP/1.0" 200 368765 "-" "BLP_bbot/0.1" 69.191.249.206
69.191.249.218 - - [20/Jun/2024:13:39:02 +0800] "GET /tc/pressrelease.php HTTP/1.0" 200 368714 "-" "BLP_bbot/0.1" 69.191.249.218
69.191.249.216 - - [20/Jun/2024:13:39:21 +0800] "GET /annual_interim.php HTTP/1.0" 200 29165 "-" "BLP_bbot/0.1" 69.191.249.216
183.207.48.150 - - [20/Jun/2024:13:40:17 +0800] "GET / HTTP/1.0" 200 13829 "-" "Mozilla/5.0 (Windows NT 10.0; Win64; x64) AppleWebKit/537.36 (KHTML, like Gecko) Chrome/107.0.0.0 Safari/537.36" 183.207.48.150
183.207.48.150 - - [20/Jun/2024:13:40:17 +0800] "GET /iesuck.js HTTP/1.0" 200 877 "-" "Mozilla/5.0 (Windows NT 10.0; Win64; x64) AppleWebKit/537.36 (KHTML, like Gecko) Chrome/107.0.0.0 Safari/537.36" 183.207.48.150
183.207.48.150 - - [20/Jun/2024:13:40:17 +0800] "GET /common.css HTTP/1.0" 200 2745 "-" "Mozilla/5.0 (Windows NT 10.0; Win64; x64) AppleWebKit/537.36 (KHTML, like Gecko) Chrome/107.0.0.0 Safari/537.36" 183.207.48.150
183.207.48.150 - - [20/Jun/2024:13:40:17 +0800] "GET /privacy_en.pdf HTTP/1.0" 200 15313 "-" "Mozilla/5.0 (Windows NT 10.0; Win64; x64) AppleWebKit/537.36 (KHTML, like Gecko) Chrome/107.0.0.0 Safari/537.36" 183.207.48.150
183.207.48.150 - - [20/Jun/2024:13:40:17 +0800] "GET /links.php HTTP/1.0" 200 12422 "-" "Mozilla/5.0 (Windows NT 10.0; Win64; x64) AppleWebKit/537.36 (KHTML, like Gecko) Chrome/107.0.0.0 Safari/537.36" 183.207.48.150
183.207.48.150 - - [20/Jun/2024:13:40:17 +0800] "GET /notices.php HTTP/1.0" 200 10627 "-" "Mozilla/5.0 (Windows NT 10.0; Win64; x64) AppleWebKit/537.36 (KHTML, like Gecko) Chrome/107.0.0.0 Safari/537.36" 183.207.48.150
183.207.48.150 - - [20/Jun/2024:13:40:17 +0800] "GET /E1166_Dissemination.pdf HTTP/1.0" 200 33077 "-" "Mozilla/5.0 (Windows NT 10.0; Win64; x64) AppleWebKit/537.36 (KHTML, like Gecko) Chrome/107.0.0.0 Safari/537.36" 183.207.48.150
183.207.48.150 - - [20/Jun/2024:13:40:17 +0800] "GET /annual_interim.php HTTP/1.0" 200 29165 "-" "Mozilla/5.0 (Windows NT 10.0; Win64; x64) AppleWebKit/537.36 (KHTML, like Gecko) Chrome/107.0.0.0 Safari/537.36" 183.207.48.150
183.207.48.150 - - [20/Jun/2024:13:40:17 +0800] "GET /pressrelease.php HTTP/1.0" 200 368765 "-" "Mozilla/5.0 (Windows NT 10.0; Win64; x64) AppleWebKit/537.36 (KHTML, like Gecko) Chrome/107.0.0.0 Safari/537.36" 183.207.48.150
183.207.48.150 - - [20/Jun/2024:13:40:18 +0800] "GET /memo.php HTTP/1.0" 200 11330 "-" "Mozilla/5.0 (Windows NT 10.0; Win64; x64) AppleWebKit/537.36 (KHTML, like Gecko) Chrome/107.0.0.0 Safari/537.36" 183.207.48.150
183.207.48.150 - - [20/Jun/2024:13:40:18 +0800] "GET /board_comm.php HTTP/1.0" 200 12162 "-" "Mozilla/5.0 (Windows NT 10.0; Win64; x64) AppleWebKit/537.36 (KHTML, like Gecko) Chrome/107.0.0.0 Safari/537.36" 183.207.48.150
183.207.48.150 - - [20/Jun/2024:13:40:18 +0800] "GET /company.php HTTP/1.0" 200 12986 "-" "Mozilla/5.0 (Windows NT 10.0; Win64; x64) AppleWebKit/537.36 (KHTML, like Gecko) Chrome/107.0.0.0 Safari/537.36" 183.207.48.150
183.207.48.150 - - [20/Jun/2024:13:40:18 +0800] "GET /tc/index.php HTTP/1.0" 200 13641 "-" "Mozilla/5.0 (Windows NT 10.0; Win64; x64) AppleWebKit/537.36 (KHTML, like Gecko) Chrome/107.0.0.0 Safari/537.36" 183.207.48.150
183.207.48.150 - - [20/Jun/2024:13:40:18 +0800] "GET /contact.php HTTP/1.0" 200 11082 "-" "Mozilla/5.0 (Windows NT 10.0; Win64; x64) AppleWebKit/537.36 (KHTML, like Gecko) Chrome/107.0.0.0 Safari/537.36" 183.207.48.150
183.207.48.150 - - [20/Jun/2024:13:40:18 +0800] "GET /index.php HTTP/1.0" 200 13829 "-" "Mozilla/5.0 (Windows NT 10.0; Win64; x64) AppleWebKit/537.36 (KHTML, like Gecko) Chrome/107.0.0.0 Safari/537.36" 183.207.48.150
183.207.48.150 - - [20/Jun/2024:13:40:18 +0800] "GET /images/logo.gif HTTP/1.0" 200 3202 "-" "Mozilla/5.0 (Windows NT 10.0; Win64; x64) AppleWebKit/537.36 (KHTML, like Gecko) Chrome/107.0.0.0 Safari/537.36" 183.207.48.150
183.207.48.150 - - [20/Jun/2024:13:40:18 +0800] "GET /images/spacer.gif HTTP/1.0" 200 301 "-" "Mozilla/5.0 (Windows NT 10.0; Win64; x64) AppleWebKit/537.36 (KHTML, like Gecko) Chrome/107.0.0.0 Safari/537.36" 183.207.48.150
183.207.48.150 - - [20/Jun/2024:13:40:18 +0800] "GET /images/graphic1_03.gif HTTP/1.0" 200 622 "-" "Mozilla/5.0 (Windows NT 10.0; Win64; x64) AppleWebKit/537.36 (KHTML, like Gecko) Chrome/107.0.0.0 Safari/537.36" 183.207.48.150
183.207.48.150 - - [20/Jun/2024:13:40:18 +0800] "GET /images/bt_chin.gif HTTP/1.0" 200 566 "-" "Mozilla/5.0 (Windows NT 10.0; Win64; x64) AppleWebKit/537.36 (KHTML, like Gecko) Chrome/107.0.0.0 Safari/537.36" 183.207.48.150
183.207.48.150 - - [20/Jun/2024:13:40:18 +0800] "GET /images/bt_eng_sel.gif HTTP/1.0" 200 710 "-" "Mozilla/5.0 (Windows NT 10.0; Win64; x64) AppleWebKit/537.36 (KHTML, like Gecko) Chrome/107.0.0.0 Safari/537.36" 183.207.48.150
183.207.48.150 - - [20/Jun/2024:13:40:18 +0800] "GET /images/bt_contact.gif HTTP/1.0" 200 565 "-" "Mozilla/5.0 (Windows NT 10.0; Win64; x64) AppleWebKit/537.36 (KHTML, like Gecko) Chrome/107.0.0.0 Safari/537.36" 183.207.48.150
183.207.48.150 - - [20/Jun/2024:13:40:18 +0800] "GET /images/web-1_04.gif HTTP/1.0" 200 311 "-" "Mozilla/5.0 (Windows NT 10.0; Win64; x64) AppleWebKit/537.36 (KHTML, like Gecko) Chrome/107.0.0.0 Safari/537.36" 183.207.48.150
183.207.48.150 - - [20/Jun/2024:13:40:19 +0800] "GET /images/bt_home.gif HTTP/1.0" 200 452 "-" "Mozilla/5.0 (Windows NT 10.0; Win64; x64) AppleWebKit/537.36 (KHTML, like Gecko) Chrome/107.0.0.0 Safari/537.36" 183.207.48.150
183.207.48.150 - - [20/Jun/2024:13:40:19 +0800] "GET /images/heading1.jpg HTTP/1.0" 200 21104 "-" "Mozilla/5.0 (Windows NT 10.0; Win64; x64) AppleWebKit/537.36 (KHTML, like Gecko) Chrome/107.0.0.0 Safari/537.36" 183.207.48.150
183.207.48.150 - - [20/Jun/2024:13:40:19 +0800] "GET /Hua_Yi_Copper_Products/index.html HTTP/1.0" 200 570 "-" "Mozilla/5.0 (Windows NT 10.0; Win64; x64) AppleWebKit/537.36 (KHTML, like Gecko) Chrome/107.0.0.0 Safari/537.36" 183.207.48.150
183.207.48.150 - - [20/Jun/2024:13:40:19 +0800] "GET /images/logo2.gif HTTP/1.0" 200 1783 "-" "Mozilla/5.0 (Windows NT 10.0; Win64; x64) AppleWebKit/537.36 (KHTML, like Gecko) Chrome/107.0.0.0 Safari/537.36" 183.207.48.150
183.207.48.150 - - [20/Jun/2024:13:40:19 +0800] "GET /images/logo1.gif HTTP/1.0" 200 1467 "-" "Mozilla/5.0 (Windows NT 10.0; Win64; x64) AppleWebKit/537.36 (KHTML, like Gecko) Chrome/107.0.0.0 Safari/537.36" 183.207.48.150
183.207.48.150 - - [20/Jun/2024:13:40:19 +0800] "GET /images/heading-links.gif HTTP/1.0" 200 1436 "-" "Mozilla/5.0 (Windows NT 10.0; Win64; x64) AppleWebKit/537.36 (KHTML, like Gecko) Chrome/107.0.0.0 Safari/537.36" 183.207.48.150
183.207.48.150 - - [20/Jun/2024:13:40:19 +0800] "GET /images/heading-notices.gif HTTP/1.0" 200 5922 "-" "Mozilla/5.0 (Windows NT 10.0; Win64; x64) AppleWebKit/537.36 (KHTML, like Gecko) Chrome/107.0.0.0 Safari/537.36" 183.207.48.150
183.207.48.150 - - [20/Jun/2024:13:40:19 +0800] "GET /images/heading-annual.gif HTTP/1.0" 200 2184 "-" "Mozilla/5.0 (Windows NT 10.0; Win64; x64) AppleWebKit/537.36 (KHTML, like Gecko) Chrome/107.0.0.0 Safari/537.36" 183.207.48.150
183.207.48.150 - - [20/Jun/2024:13:40:19 +0800] "GET /news/pdf/2023102600272.pdf HTTP/1.0" 200 1516056 "-" "Mozilla/5.0 (Windows NT 10.0; Win64; x64) AppleWebKit/537.36 (KHTML, like Gecko) Chrome/107.0.0.0 Safari/537.36" 183.207.48.150
183.207.48.150 - - [20/Jun/2024:13:40:19 +0800] "GET /news/pdf/2022102700427.pdf HTTP/1.0" 200 1468272 "-" "Mozilla/5.0 (Windows NT 10.0; Win64; x64) AppleWebKit/537.36 (KHTML, like Gecko) Chrome/107.0.0.0 Safari/537.36" 183.207.48.150
183.207.48.150 - - [20/Jun/2024:13:40:19 +0800] "GET /news/pdf/2022031400365.pdf HTTP/1.0" 200 1446552 "-" "Mozilla/5.0 (Windows NT 10.0; Win64; x64) AppleWebKit/537.36 (KHTML, like Gecko) Chrome/107.0.0.0 Safari/537.36" 183.207.48.150
183.207.48.150 - - [20/Jun/2024:13:40:20 +0800] "GET /news/pdf/2021102100399.pdf HTTP/1.0" 200 1475512 "-" "Mozilla/5.0 (Windows NT 10.0; Win64; x64) AppleWebKit/537.36 (KHTML, like Gecko) Chrome/107.0.0.0 Safari/537.36" 183.207.48.150
183.207.48.150 - - [20/Jun/2024:13:40:20 +0800] "GET /news/pdf/2021031800500.pdf HTTP/1.0" 200 1472616 "-" "Mozilla/5.0 (Windows NT 10.0; Win64; x64) AppleWebKit/537.36 (KHTML, like Gecko) Chrome/107.0.0.0 Safari/537.36" 183.207.48.150
183.207.48.150 - - [20/Jun/2024:13:40:20 +0800] "GET /news/pdf/2020102200386.pdf HTTP/1.0" 200 1500033 "-" "Mozilla/5.0 (Windows NT 10.0; Win64; x64) AppleWebKit/537.36 (KHTML, like Gecko) Chrome/107.0.0.0 Safari/537.36" 183.207.48.150
183.207.48.150 - - [20/Jun/2024:13:40:20 +0800] "GET /news/pdf/2020031900679.pdf HTTP/1.0" 200 904978 "-" "Mozilla/5.0 (Windows NT 10.0; Win64; x64) AppleWebKit/537.36 (KHTML, like Gecko) Chrome/107.0.0.0 Safari/537.36" 183.207.48.150
183.207.48.150 - - [20/Jun/2024:13:40:20 +0800] "GET /news/pdf/ltn20191024043.pdf HTTP/1.0" 200 1522041 "-" "Mozilla/5.0 (Windows NT 10.0; Win64; x64) AppleWebKit/537.36 (KHTML, like Gecko) Chrome/107.0.0.0 Safari/537.36" 183.207.48.150
183.207.48.150 - - [20/Jun/2024:13:40:20 +0800] "GET /news/pdf/LTN20190320285.pdf HTTP/1.0" 200 1468272 "-" "Mozilla/5.0 (Windows NT 10.0; Win64; x64) AppleWebKit/537.36 (KHTML, like Gecko) Chrome/107.0.0.0 Safari/537.36" 183.207.48.150
183.207.48.150 - - [20/Jun/2024:13:40:20 +0800] "GET /news/pdf/LTN20181025317.pdf HTTP/1.0" 200 1417592 "-" "Mozilla/5.0 (Windows NT 10.0; Win64; x64) AppleWebKit/537.36 (KHTML, like Gecko) Chrome/107.0.0.0 Safari/537.36" 183.207.48.150
183.207.48.150 - - [20/Jun/2024:13:40:20 +0800] "GET /news/pdf/LTN20180321416.pdf HTTP/1.0" 200 1425153 "-" "Mozilla/5.0 (Windows NT 10.0; Win64; x64) AppleWebKit/537.36 (KHTML, like Gecko) Chrome/107.0.0.0 Safari/537.36" 183.207.48.150
183.207.48.150 - - [20/Jun/2024:13:40:20 +0800] "GET /news/pdf/LTN20171025175.pdf HTTP/1.0" 200 1381753 "-" "Mozilla/5.0 (Windows NT 10.0; Win64; x64) AppleWebKit/537.36 (KHTML, like Gecko) Chrome/107.0.0.0 Safari/537.36" 183.207.48.150
183.207.48.150 - - [20/Jun/2024:13:40:20 +0800] "GET /news/pdf/LTN20170320265.pdf HTTP/1.0" 200 1543568 "-" "Mozilla/5.0 (Windows NT 10.0; Win64; x64) AppleWebKit/537.36 (KHTML, like Gecko) Chrome/107.0.0.0 Safari/537.36" 183.207.48.150
183.207.48.150 - - [20/Jun/2024:13:40:20 +0800] "GET /news/pdf/LTN20161020215.pdf HTTP/1.0" 200 1172119 "-" "Mozilla/5.0 (Windows NT 10.0; Win64; x64) AppleWebKit/537.36 (KHTML, like Gecko) Chrome/107.0.0.0 Safari/537.36" 183.207.48.150
183.207.48.150 - - [20/Jun/2024:13:40:20 +0800] "GET /news/pdf/LTN20160317181.pdf HTTP/1.0" 200 493345 "-" "Mozilla/5.0 (Windows NT 10.0; Win64; x64) AppleWebKit/537.36 (KHTML, like Gecko) Chrome/107.0.0.0 Safari/537.36" 183.207.48.150
183.207.48.150 - - [20/Jun/2024:13:40:20 +0800] "GET /news/pdf/LTN20151020189.pdf HTTP/1.0" 200 1452344 "-" "Mozilla/5.0 (Windows NT 10.0; Win64; x64) AppleWebKit/537.36 (KHTML, like Gecko) Chrome/107.0.0.0 Safari/537.36" 183.207.48.150
183.207.48.150 - - [20/Jun/2024:13:40:21 +0800] "GET /news/pdf/LTN20150317328.pdf HTTP/1.0" 200 440660 "-" "Mozilla/5.0 (Windows NT 10.0; Win64; x64) AppleWebKit/537.36 (KHTML, like Gecko) Chrome/107.0.0.0 Safari/537.36" 183.207.48.150
183.207.48.150 - - [20/Jun/2024:13:40:21 +0800] "GET /news/pdf/LTN20141016408.pdf HTTP/1.0" 200 1526593 "-" "Mozilla/5.0 (Windows NT 10.0; Win64; x64) AppleWebKit/537.36 (KHTML, like Gecko) Chrome/107.0.0.0 Safari/537.36" 183.207.48.150
183.207.48.150 - - [20/Jun/2024:13:40:21 +0800] "GET /news/pdf/LTN20140314606.pdf HTTP/1.0" 200 669059 "-" "Mozilla/5.0 (Windows NT 10.0; Win64; x64) AppleWebKit/537.36 (KHTML, like Gecko) Chrome/107.0.0.0 Safari/537.36" 183.207.48.150
183.207.48.150 - - [20/Jun/2024:13:40:21 +0800] "GET /news/pdf/LTN20131022232.pdf HTTP/1.0" 200 1446552 "-" "Mozilla/5.0 (Windows NT 10.0; Win64; x64) AppleWebKit/537.36 (KHTML, like Gecko) Chrome/107.0.0.0 Safari/537.36" 183.207.48.150
183.207.48.150 - - [20/Jun/2024:13:40:21 +0800] "GET /news/pdf/LTN20130308424.pdf HTTP/1.0" 200 526169 "-" "Mozilla/5.0 (Windows NT 10.0; Win64; x64) AppleWebKit/537.36 (KHTML, like Gecko) Chrome/107.0.0.0 Safari/537.36" 183.207.48.150
183.207.48.150 - - [20/Jun/2024:13:40:21 +0800] "GET /news/pdf/LTN20121022256.pdf HTTP/1.0" 200 641723 "-" "Mozilla/5.0 (Windows NT 10.0; Win64; x64) AppleWebKit/537.36 (KHTML, like Gecko) Chrome/107.0.0.0 Safari/537.36" 183.207.48.150
183.207.48.150 - - [20/Jun/2024:13:40:21 +0800] "GET /news/pdf/LTN20120309274.pdf HTTP/1.0" 200 235624 "-" "Mozilla/5.0 (Windows NT 10.0; Win64; x64) AppleWebKit/537.36 (KHTML, like Gecko) Chrome/107.0.0.0 Safari/537.36" 183.207.48.150
183.207.48.150 - - [20/Jun/2024:13:40:21 +0800] "GET /news/pdf/LTN20111011228.pdf HTTP/1.0" 200 581828 "-" "Mozilla/5.0 (Windows NT 10.0; Win64; x64) AppleWebKit/537.36 (KHTML, like Gecko) Chrome/107.0.0.0 Safari/537.36" 183.207.48.150
183.207.48.150 - - [20/Jun/2024:13:40:21 +0800] "GET /news/pdf/2023031600378.pdf HTTP/1.0" 200 1323481 "-" "Mozilla/5.0 (Windows NT 10.0; Win64; x64) AppleWebKit/537.36 (KHTML, like Gecko) Chrome/107.0.0.0 Safari/537.36" 183.207.48.150
183.207.48.150 - - [20/Jun/2024:13:40:21 +0800] "GET /news/pdf/LTN20110304606.pdf HTTP/1.0" 200 1388457 "-" "Mozilla/5.0 (Windows NT 10.0; Win64; x64) AppleWebKit/537.36 (KHTML, like Gecko) Chrome/107.0.0.0 Safari/537.36" 183.207.48.150
183.207.48.150 - - [20/Jun/2024:13:40:21 +0800] "GET /news/pdf/LTN20101026182.pdf HTTP/1.0" 200 694510 "-" "Mozilla/5.0 (Windows NT 10.0; Win64; x64) AppleWebKit/537.36 (KHTML, like Gecko) Chrome/107.0.0.0 Safari/537.36" 183.207.48.150
183.207.48.150 - - [20/Jun/2024:13:40:21 +0800] "GET /news/pdf/LTN20100330405.pdf HTTP/1.0" 200 347831 "-" "Mozilla/5.0 (Windows NT 10.0; Win64; x64) AppleWebKit/537.36 (KHTML, like Gecko) Chrome/107.0.0.0 Safari/537.36" 183.207.48.150
183.207.48.150 - - [20/Jun/2024:13:40:22 +0800] "GET /news/pdf/LTN20091019324.pdf HTTP/1.0" 200 914842 "-" "Mozilla/5.0 (Windows NT 10.0; Win64; x64) AppleWebKit/537.36 (KHTML, like Gecko) Chrome/107.0.0.0 Safari/537.36" 183.207.48.150
183.207.48.150 - - [20/Jun/2024:13:40:22 +0800] "GET /news/2009/E-20090330-01.pdf HTTP/1.0" 200 499869 "-" "Mozilla/5.0 (Windows NT 10.0; Win64; x64) AppleWebKit/537.36 (KHTML, like Gecko) Chrome/107.0.0.0 Safari/537.36" 183.207.48.150
183.207.48.150 - - [20/Jun/2024:13:40:22 +0800] "GET /news/2008/E-20081028-01.pdf HTTP/1.0" 200 593834 "-" "Mozilla/5.0 (Windows NT 10.0; Win64; x64) AppleWebKit/537.36 (KHTML, like Gecko) Chrome/107.0.0.0 Safari/537.36" 183.207.48.150
183.207.48.150 - - [20/Jun/2024:13:40:22 +0800] "GET /news/2008/E-20080331-01.pdf HTTP/1.0" 200 272602 "-" "Mozilla/5.0 (Windows NT 10.0; Win64; x64) AppleWebKit/537.36 (KHTML, like Gecko) Chrome/107.0.0.0 Safari/537.36" 183.207.48.150
183.207.48.150 - - [20/Jun/2024:13:40:22 +0800] "GET /news/2007/E-20071030-02.pdf HTTP/1.0" 200 746231 "-" "Mozilla/5.0 (Windows NT 10.0; Win64; x64) AppleWebKit/537.36 (KHTML, like Gecko) Chrome/107.0.0.0 Safari/537.36" 183.207.48.150
183.207.48.150 - - [20/Jun/2024:13:40:22 +0800] "GET /news/pdf/2024031500341.pdf HTTP/1.0" 200 1533153 "-" "Mozilla/5.0 (Windows NT 10.0; Win64; x64) AppleWebKit/537.36 (KHTML, like Gecko) Chrome/107.0.0.0 Safari/537.36" 183.207.48.150
183.207.48.150 - - [20/Jun/2024:13:40:22 +0800] "GET /news/2007/EWF0607101.pdf HTTP/1.0" 200 235035 "-" "Mozilla/5.0 (Windows NT 10.0; Win64; x64) AppleWebKit/537.36 (KHTML, like Gecko) Chrome/107.0.0.0 Safari/537.36" 183.207.48.150
183.207.48.150 - - [20/Jun/2024:13:40:22 +0800] "GET /news/2006/EWF101AR.pdf HTTP/1.0" 200 1499345 "-" "Mozilla/5.0 (Windows NT 10.0; Win64; x64) AppleWebKit/537.36 (KHTML, like Gecko) Chrome/107.0.0.0 Safari/537.36" 183.207.48.150
183.207.48.150 - - [20/Jun/2024:13:40:22 +0800] "GET /news/2006/EWF101.pdf HTTP/1.0" 200 261209 "-" "Mozilla/5.0 (Windows NT 10.0; Win64; x64) AppleWebKit/537.36 (KHTML, like Gecko) Chrome/107.0.0.0 Safari/537.36" 183.207.48.150
183.207.48.150 - - [20/Jun/2024:13:40:22 +0800] "GET /news/2005/E_Solartech(AR).pdf HTTP/1.0" 200 353498 "-" "Mozilla/5.0 (Windows NT 10.0; Win64; x64) AppleWebKit/537.36 (KHTML, like Gecko) Chrome/107.0.0.0 Safari/537.36" 183.207.48.150
183.207.48.150 - - [20/Jun/2024:13:40:22 +0800] "GET /news/2005/3%20Interim%20Report%20EWF101.pdf HTTP/1.0" 200 164955 "-" "Mozilla/5.0 (Windows NT 10.0; Win64; x64) AppleWebKit/537.36 (KHTML, like Gecko) Chrome/107.0.0.0 Safari/537.36" 183.207.48.150
183.207.48.150 - - [20/Jun/2024:13:40:22 +0800] "GET /news/2004/EWF101AR2004.pdf HTTP/1.0" 200 658554 "-" "Mozilla/5.0 (Windows NT 10.0; Win64; x64) AppleWebKit/537.36 (KHTML, like Gecko) Chrome/107.0.0.0 Safari/537.36" 183.207.48.150
183.207.48.150 - - [20/Jun/2024:13:40:23 +0800] "GET /news/2004/1Interim%20Report%2020041230.pdf HTTP/1.0" 200 156223 "-" "Mozilla/5.0 (Windows NT 10.0; Win64; x64) AppleWebKit/537.36 (KHTML, like Gecko) Chrome/107.0.0.0 Safari/537.36" 183.207.48.150
183.207.48.150 - - [20/Jun/2024:13:40:23 +0800] "GET /images/acrobat-icon.gif HTTP/1.0" 200 1305 "-" "Mozilla/5.0 (Windows NT 10.0; Win64; x64) AppleWebKit/537.36 (KHTML, like Gecko) Chrome/107.0.0.0 Safari/537.36" 183.207.48.150
183.207.48.150 - - [20/Jun/2024:13:40:23 +0800] "GET /images/heading-pressrelease.gif HTTP/1.0" 200 1802 "-" "Mozilla/5.0 (Windows NT 10.0; Win64; x64) AppleWebKit/537.36 (KHTML, like Gecko) Chrome/107.0.0.0 Safari/537.36" 183.207.48.150
183.207.48.150 - - [20/Jun/2024:13:40:23 +0800] "GET /news/pdf/2023102600369.pdf HTTP/1.0" 200 78557 "-" "Mozilla/5.0 (Windows NT 10.0; Win64; x64) AppleWebKit/537.36 (KHTML, like Gecko) Chrome/107.0.0.0 Safari/537.36" 183.207.48.150
183.207.48.150 - - [20/Jun/2024:13:40:23 +0800] "GET /news/pdf/2023102600391.pdf HTTP/1.0" 200 453132 "-" "Mozilla/5.0 (Windows NT 10.0; Win64; x64) AppleWebKit/537.36 (KHTML, like Gecko) Chrome/107.0.0.0 Safari/537.36" 183.207.48.150
183.207.48.150 - - [20/Jun/2024:13:40:23 +0800] "GET /news/pdf/2023110100830.pdf HTTP/1.0" 200 63258 "-" "Mozilla/5.0 (Windows NT 10.0; Win64; x64) AppleWebKit/537.36 (KHTML, like Gecko) Chrome/107.0.0.0 Safari/537.36" 183.207.48.150
183.207.48.150 - - [20/Jun/2024:13:40:23 +0800] "GET /news/pdf/2023120101219.pdf HTTP/1.0" 200 63215 "-" "Mozilla/5.0 (Windows NT 10.0; Win64; x64) AppleWebKit/537.36 (KHTML, like Gecko) Chrome/107.0.0.0 Safari/537.36" 183.207.48.150
183.207.48.150 - - [20/Jun/2024:13:40:23 +0800] "GET /news/pdf/2023120800532.pdf HTTP/1.0" 200 470197 "-" "Mozilla/5.0 (Windows NT 10.0; Win64; x64) AppleWebKit/537.36 (KHTML, like Gecko) Chrome/107.0.0.0 Safari/537.36" 183.207.48.150
183.207.48.150 - - [20/Jun/2024:13:40:23 +0800] "GET /news/pdf/2024010201281.pdf HTTP/1.0" 200 63339 "-" "Mozilla/5.0 (Windows NT 10.0; Win64; x64) AppleWebKit/537.36 (KHTML, like Gecko) Chrome/107.0.0.0 Safari/537.36" 183.207.48.150
183.207.48.150 - - [20/Jun/2024:13:40:23 +0800] "GET /news/pdf/2024020101161.pdf HTTP/1.0" 200 63337 "-" "Mozilla/5.0 (Windows NT 10.0; Win64; x64) AppleWebKit/537.36 (KHTML, like Gecko) Chrome/107.0.0.0 Safari/537.36" 183.207.48.150
183.207.48.150 - - [20/Jun/2024:13:40:23 +0800] "GET /news/pdf/2024020500544.pdf HTTP/1.0" 200 16652 "-" "Mozilla/5.0 (Windows NT 10.0; Win64; x64) AppleWebKit/537.36 (KHTML, like Gecko) Chrome/107.0.0.0 Safari/537.36" 183.207.48.150
183.207.48.150 - - [20/Jun/2024:13:40:23 +0800] "GET /news/pdf/2024022300973.pdf HTTP/1.0" 200 463041 "-" "Mozilla/5.0 (Windows NT 10.0; Win64; x64) AppleWebKit/537.36 (KHTML, like Gecko) Chrome/107.0.0.0 Safari/537.36" 183.207.48.150
183.207.48.150 - - [20/Jun/2024:13:40:23 +0800] "GET /news/pdf/2024022800887.pdf HTTP/1.0" 200 679061 "-" "Mozilla/5.0 (Windows NT 10.0; Win64; x64) AppleWebKit/537.36 (KHTML, like Gecko) Chrome/107.0.0.0 Safari/537.36" 183.207.48.150
183.207.48.150 - - [20/Jun/2024:13:40:24 +0800] "GET /news/pdf/2024030102428.pdf HTTP/1.0" 200 63393 "-" "Mozilla/5.0 (Windows NT 10.0; Win64; x64) AppleWebKit/537.36 (KHTML, like Gecko) Chrome/107.0.0.0 Safari/537.36" 183.207.48.150
183.207.48.150 - - [20/Jun/2024:13:40:24 +0800] "GET /news/pdf/2024030402102.pdf HTTP/1.0" 200 514859 "-" "Mozilla/5.0 (Windows NT 10.0; Win64; x64) AppleWebKit/537.36 (KHTML, like Gecko) Chrome/107.0.0.0 Safari/537.36" 183.207.48.150
183.207.48.150 - - [20/Jun/2024:13:40:24 +0800] "GET /news/pdf/2024030700719.pdf HTTP/1.0" 200 460064 "-" "Mozilla/5.0 (Windows NT 10.0; Win64; x64) AppleWebKit/537.36 (KHTML, like Gecko) Chrome/107.0.0.0 Safari/537.36" 183.207.48.150
183.207.48.150 - - [20/Jun/2024:13:40:24 +0800] "GET /news/pdf/2024031501511.pdf HTTP/1.0" 200 405481 "-" "Mozilla/5.0 (Windows NT 10.0; Win64; x64) AppleWebKit/537.36 (KHTML, like Gecko) Chrome/107.0.0.0 Safari/537.36" 183.207.48.150
183.207.48.150 - - [20/Jun/2024:13:40:24 +0800] "GET /news/pdf/2024031501519.pdf HTTP/1.0" 200 478767 "-" "Mozilla/5.0 (Windows NT 10.0; Win64; x64) AppleWebKit/537.36 (KHTML, like Gecko) Chrome/107.0.0.0 Safari/537.36" 183.207.48.150
183.207.48.150 - - [20/Jun/2024:13:40:24 +0800] "GET /news/pdf/2024031900295.pdf HTTP/1.0" 200 159595 "-" "Mozilla/5.0 (Windows NT 10.0; Win64; x64) AppleWebKit/537.36 (KHTML, like Gecko) Chrome/107.0.0.0 Safari/537.36" 183.207.48.150
183.207.48.150 - - [20/Jun/2024:13:40:24 +0800] "GET /news/pdf/2024031900299.pdf HTTP/1.0" 200 70932 "-" "Mozilla/5.0 (Windows NT 10.0; Win64; x64) AppleWebKit/537.36 (KHTML, like Gecko) Chrome/107.0.0.0 Safari/537.36" 183.207.48.150
183.207.48.150 - - [20/Jun/2024:13:40:24 +0800] "GET /news/pdf/2024031900343.pdf HTTP/1.0" 200 72256 "-" "Mozilla/5.0 (Windows NT 10.0; Win64; x64) AppleWebKit/537.36 (KHTML, like Gecko) Chrome/107.0.0.0 Safari/537.36" 183.207.48.150
183.207.48.150 - - [20/Jun/2024:13:40:24 +0800] "GET /news/pdf/2024031900353.pdf HTTP/1.0" 200 452301 "-" "Mozilla/5.0 (Windows NT 10.0; Win64; x64) AppleWebKit/537.36 (KHTML, like Gecko) Chrome/107.0.0.0 Safari/537.36" 183.207.48.150
183.207.48.150 - - [20/Jun/2024:13:40:24 +0800] "GET /news/pdf/2024031900362.pdf HTTP/1.0" 200 404608 "-" "Mozilla/5.0 (Windows NT 10.0; Win64; x64) AppleWebKit/537.36 (KHTML, like Gecko) Chrome/107.0.0.0 Safari/537.36" 183.207.48.150
183.207.48.150 - - [20/Jun/2024:13:40:24 +0800] "GET /news/pdf/2024031900370.pdf HTTP/1.0" 200 478772 "-" "Mozilla/5.0 (Windows NT 10.0; Win64; x64) AppleWebKit/537.36 (KHTML, like Gecko) Chrome/107.0.0.0 Safari/537.36" 183.207.48.150
183.207.48.150 - - [20/Jun/2024:13:40:24 +0800] "GET /news/pdf/2024040202510.pdf HTTP/1.0" 200 63215 "-" "Mozilla/5.0 (Windows NT 10.0; Win64; x64) AppleWebKit/537.36 (KHTML, like Gecko) Chrome/107.0.0.0 Safari/537.36" 183.207.48.150
183.207.48.150 - - [20/Jun/2024:13:40:24 +0800] "GET /news/pdf/2024041100845.pdf HTTP/1.0" 200 464776 "-" "Mozilla/5.0 (Windows NT 10.0; Win64; x64) AppleWebKit/537.36 (KHTML, like Gecko) Chrome/107.0.0.0 Safari/537.36" 183.207.48.150
183.207.48.150 - - [20/Jun/2024:13:40:25 +0800] "GET /news/pdf/2024041200542.pdf HTTP/1.0" 200 90905 "-" "Mozilla/5.0 (Windows NT 10.0; Win64; x64) AppleWebKit/537.36 (KHTML, like Gecko) Chrome/107.0.0.0 Safari/537.36" 183.207.48.150
183.207.48.150 - - [20/Jun/2024:13:40:25 +0800] "GET /news/pdf/2024050201115.pdf HTTP/1.0" 200 66056 "-" "Mozilla/5.0 (Windows NT 10.0; Win64; x64) AppleWebKit/537.36 (KHTML, like Gecko) Chrome/107.0.0.0 Safari/537.36" 183.207.48.150
183.207.48.150 - - [20/Jun/2024:13:40:25 +0800] "GET /news/pdf/2024052701053.pdf HTTP/1.0" 200 469287 "-" "Mozilla/5.0 (Windows NT 10.0; Win64; x64) AppleWebKit/537.36 (KHTML, like Gecko) Chrome/107.0.0.0 Safari/537.36" 183.207.48.150
183.207.48.150 - - [20/Jun/2024:13:40:25 +0800] "GET /news/pdf/2024060303185.pdf HTTP/1.0" 200 65329 "-" "Mozilla/5.0 (Windows NT 10.0; Win64; x64) AppleWebKit/537.36 (KHTML, like Gecko) Chrome/107.0.0.0 Safari/537.36" 183.207.48.150
69.191.249.210 - - [20/Jun/2024:13:41:35 +0800] "GET /tc/annual_interim.php HTTP/1.0" 200 28903 "-" "BLP_bbot/0.1" 69.191.249.210
69.191.249.212 - - [20/Jun/2024:13:42:20 +0800] "GET /pressrelease.php HTTP/1.0" 200 368765 "-" "BLP_bbot/0.1" 69.191.249.212
69.191.249.216 - - [20/Jun/2024:13:43:00 +0800] "GET /tc/pressrelease.php HTTP/1.0" 200 368714 "-" "BLP_bbot/0.1" 69.191.249.216
69.191.249.221 - - [20/Jun/2024:13:43:29 +0800] "GET /annual_interim.php HTTP/1.0" 200 29165 "-" "BLP_bbot/0.1" 69.191.249.221
66.249.66.169 - - [20/Jun/2024:13:44:09 +0800] "GET /news/pdf/LTN20121019295.pdf HTTP/1.0" 200 66284 "-" "Mozilla/5.0 (Linux; Android 6.0.1; Nexus 5X Build/MMB29P) AppleWebKit/537.36 (KHTML, like Gecko) Chrome/125.0.6422.175 Mobile Safari/537.36 (compatible; GoogleOther)" 66.249.66.169
121.36.16.53 - - [20/Jun/2024:13:44:27 +0800] "GET / HTTP/1.0" 200 13829 "-" "Mozilla/5.0 (Linux; Android 11; Pro Build/RKQ2.200567.005; wv) AppleWebKit/537.36 (KHTML, like Gecko) Version/4.0 Chrome/81.0.4044.145 Mobile Safari/537.36" 121.36.16.53
69.191.249.220 - - [20/Jun/2024:13:45:45 +0800] "GET /tc/annual_interim.php HTTP/1.0" 200 28903 "-" "BLP_bbot/0.1" 69.191.249.220
69.191.249.211 - - [20/Jun/2024:13:46:15 +0800] "GET /pressrelease.php HTTP/1.0" 200 368765 "-" "BLP_bbot/0.1" 69.191.249.211
69.191.249.218 - - [20/Jun/2024:13:46:55 +0800] "GET /tc/pressrelease.php HTTP/1.0" 200 368714 "-" "BLP_bbot/0.1" 69.191.249.218
69.191.249.218 - - [20/Jun/2024:13:47:22 +0800] "GET /annual_interim.php HTTP/1.0" 200 29165 "-" "BLP_bbot/0.1" 69.191.249.218
173.252.83.13 - - [20/Jun/2024:13:48:00 +0800] "GET /notices.php HTTP/1.0" 200 10627 "-" "facebookexternalhit/1.1 (+http://www.facebook.com/externalhit_uatext.php)" 173.252.83.13
69.191.249.212 - - [20/Jun/2024:13:49:42 +0800] "GET /tc/annual_interim.php HTTP/1.0" 200 28903 "-" "BLP_bbot/0.1" 69.191.249.212
69.191.249.212 - - [20/Jun/2024:13:50:05 +0800] "GET /pressrelease.php HTTP/1.0" 200 368765 "-" "BLP_bbot/0.1" 69.191.249.212
69.191.249.220 - - [20/Jun/2024:13:50:47 +0800] "GET /tc/pressrelease.php HTTP/1.0" 200 368714 "-" "BLP_bbot/0.1" 69.191.249.220
69.191.249.201 - - [20/Jun/2024:13:51:12 +0800] "GET /annual_interim.php HTTP/1.0" 200 29165 "-" "BLP_bbot/0.1" 69.191.249.201
66.249.66.168 - - [20/Jun/2024:13:53:16 +0800] "GET /news/pdf/LTN20150521889.pdf HTTP/1.0" 200 73013 "-" "Mozilla/5.0 (Linux; Android 6.0.1; Nexus 5X Build/MMB29P) AppleWebKit/537.36 (KHTML, like Gecko) Chrome/125.0.6422.175 Mobile Safari/537.36 (compatible; Googlebot/2.1; +http://www.google.com/bot.html)" 66.249.66.168
15.235.50.228 - - [20/Jun/2024:13:53:25 +0800] "GET /contact.php HTTP/1.0" 200 11082 "-" "Mozilla/5.0 (Windows NT 10.0; Win64; x64) AppleWebKit/537.36 (KHTML, like Gecko; compatible; BW/1.2; rb.gy/oupwis) Chrome/124.0.0.0 Safari/537.36" 15.235.50.228
69.191.249.220 - - [20/Jun/2024:13:53:51 +0800] "GET /tc/annual_interim.php HTTP/1.0" 200 28903 "-" "BLP_bbot/0.1" 69.191.249.220
69.191.249.219 - - [20/Jun/2024:13:54:15 +0800] "GET /pressrelease.php HTTP/1.0" 200 368765 "-" "BLP_bbot/0.1" 69.191.249.219
123.249.90.104 - - [20/Jun/2024:13:54:43 +0800] "GET / HTTP/1.0" 200 13829 "-" "Mozilla/5.0 (Linux; Android 11; Pro Build/RKQ2.200567.005; wv) AppleWebKit/537.36 (KHTML, like Gecko) Version/4.0 Chrome/81.0.4044.145 Mobile Safari/537.36" 123.249.90.104
69.191.249.210 - - [20/Jun/2024:13:54:58 +0800] "GET /tc/pressrelease.php HTTP/1.0" 200 368714 "-" "BLP_bbot/0.1" 69.191.249.210
69.191.249.220 - - [20/Jun/2024:13:55:08 +0800] "GET /annual_interim.php HTTP/1.0" 200 29165 "-" "BLP_bbot/0.1" 69.191.249.220
66.249.66.169 - - [20/Jun/2024:13:55:17 +0800] "GET /news/pdf/LTN20121022264.pdf HTTP/1.0" 200 113676 "-" "Mozilla/5.0 (Linux; Android 6.0.1; Nexus 5X Build/MMB29P) AppleWebKit/537.36 (KHTML, like Gecko) Chrome/125.0.6422.175 Mobile Safari/537.36 (compatible; Googlebot/2.1; +http://www.google.com/bot.html)" 66.249.66.169
69.191.249.211 - - [20/Jun/2024:13:57:41 +0800] "GET /tc/annual_interim.php HTTP/1.0" 200 28903 "-" "BLP_bbot/0.1" 69.191.249.211
66.249.66.160 - - [20/Jun/2024:13:58:20 +0800] "GET /news/pdf/LTN20100409279.pdf HTTP/1.0" 200 81469 "-" "Mozilla/5.0 (Linux; Android 6.0.1; Nexus 5X Build/MMB29P) AppleWebKit/537.36 (KHTML, like Gecko) Chrome/125.0.6422.175 Mobile Safari/537.36 (compatible; Googlebot/2.1; +http://www.google.com/bot.html)" 66.249.66.160
69.191.249.207 - - [20/Jun/2024:13:58:26 +0800] "GET /pressrelease.php HTTP/1.0" 200 368765 "-" "BLP_bbot/0.1" 69.191.249.207
69.191.249.216 - - [20/Jun/2024:13:58:54 +0800] "GET /tc/pressrelease.php HTTP/1.0" 200 368714 "-" "BLP_bbot/0.1" 69.191.249.216
69.191.249.221 - - [20/Jun/2024:13:59:09 +0800] "GET /annual_interim.php HTTP/1.0" 200 29165 "-" "BLP_bbot/0.1" 69.191.249.221
66.249.66.169 - - [20/Jun/2024:13:59:28 +0800] "GET /news/pdf/LTN201507131031.pdf HTTP/1.0" 200 110771 "-" "Mozilla/5.0 (Linux; Android 6.0.1; Nexus 5X Build/MMB29P) AppleWebKit/537.36 (KHTML, like Gecko) Chrome/125.0.6422.175 Mobile Safari/537.36 (compatible; Googlebot/2.1; +http://www.google.com/bot.html)" 66.249.66.169
66.249.71.136 - - [20/Jun/2024:13:59:41 +0800] "GET / HTTP/1.0" 200 13829 "-" "Mozilla/5.0 (compatible; Googlebot/2.1; +http://www.google.com/bot.html)" 66.249.71.136
69.191.249.201 - - [20/Jun/2024:14:01:47 +0800] "GET /tc/annual_interim.php HTTP/1.0" 200 28903 "-" "BLP_bbot/0.1" 69.191.249.201
69.191.249.206 - - [20/Jun/2024:14:02:29 +0800] "GET /pressrelease.php HTTP/1.0" 200 368765 "-" "BLP_bbot/0.1" 69.191.249.206
69.191.249.211 - - [20/Jun/2024:14:02:57 +0800] "GET /tc/pressrelease.php HTTP/1.0" 200 368714 "-" "BLP_bbot/0.1" 69.191.249.211
69.191.249.221 - - [20/Jun/2024:14:03:06 +0800] "GET /annual_interim.php HTTP/1.0" 200 29165 "-" "BLP_bbot/0.1" 69.191.249.221
121.52.252.77 - - [20/Jun/2024:14:03:12 +0800] "GET / HTTP/1.0" 200 13829 "-" "Mozilla/5.0 (Windows NT 6.1; Win64; x64) AppleWebKit/537.36 (KHTML, like Gecko) Chrome/65.0.3325.181 Safari/537.36" 121.52.252.77
69.191.249.217 - - [20/Jun/2024:14:05:38 +0800] "GET /tc/annual_interim.php HTTP/1.0" 200 28903 "-" "BLP_bbot/0.1" 69.191.249.217
66.249.66.168 - - [20/Jun/2024:14:05:41 +0800] "GET / HTTP/1.0" 200 13829 "-" "Mozilla/5.0 (Linux; Android 6.0.1; Nexus 5X Build/MMB29P) AppleWebKit/537.36 (KHTML, like Gecko) Chrome/125.0.6422.175 Mobile Safari/537.36 (compatible; Googlebot/2.1; +http://www.google.com/bot.html)" 66.249.66.168
66.249.66.168 - - [20/Jun/2024:14:06:16 +0800] "GET /tc/ HTTP/1.0" 200 13641 "-" "Mozilla/5.0 (Linux; Android 6.0.1; Nexus 5X Build/MMB29P) AppleWebKit/537.36 (KHTML, like Gecko) Chrome/125.0.6422.175 Mobile Safari/537.36 (compatible; Googlebot/2.1; +http://www.google.com/bot.html)" 66.249.66.168
66.249.71.136 - - [20/Jun/2024:14:06:22 +0800] "GET /tc/iesuck.js HTTP/1.0" 404 9957 "http://www.1166hk.com/tc/" "Mozilla/5.0 (Linux; Android 6.0.1; Nexus 5X Build/MMB29P) AppleWebKit/537.36 (KHTML, like Gecko) Chrome/125.0.6422.154 Mobile Safari/537.36 (compatible; Googlebot/2.1; +http://www.google.com/bot.html)" 66.249.71.136
66.249.66.168 - - [20/Jun/2024:14:06:23 +0800] "GET /tc/common_tc.css HTTP/1.0" 200 2914 "http://www.1166hk.com/tc/" "Mozilla/5.0 (Linux; Android 6.0.1; Nexus 5X Build/MMB29P) AppleWebKit/537.36 (KHTML, like Gecko) Chrome/125.0.6422.154 Mobile Safari/537.36 (compatible; Googlebot/2.1; +http://www.google.com/bot.html)" 66.249.66.168
69.191.249.210 - - [20/Jun/2024:14:06:36 +0800] "GET /pressrelease.php HTTP/1.0" 200 368765 "-" "BLP_bbot/0.1" 69.191.249.210
69.191.249.216 - - [20/Jun/2024:14:06:56 +0800] "GET /annual_interim.php HTTP/1.0" 200 29165 "-" "BLP_bbot/0.1" 69.191.249.216
69.191.249.220 - - [20/Jun/2024:14:07:04 +0800] "GET /tc/pressrelease.php HTTP/1.0" 200 368714 "-" "BLP_bbot/0.1" 69.191.249.220
66.249.66.169 - - [20/Jun/2024:14:08:18 +0800] "GET /news/pdf/LTN20150208013.pdf HTTP/1.0" 200 250355 "-" "Mozilla/5.0 (Linux; Android 6.0.1; Nexus 5X Build/MMB29P) AppleWebKit/537.36 (KHTML, like Gecko) Chrome/125.0.6422.175 Mobile Safari/537.36 (compatible; Googlebot/2.1; +http://www.google.com/bot.html)" 66.249.66.169
69.191.249.212 - - [20/Jun/2024:14:09:43 +0800] "GET /tc/annual_interim.php HTTP/1.0" 200 28903 "-" "BLP_bbot/0.1" 69.191.249.212
69.191.249.206 - - [20/Jun/2024:14:10:48 +0800] "GET /annual_interim.php HTTP/1.0" 200 29165 "-" "BLP_bbot/0.1" 69.191.249.206
69.191.249.206 - - [20/Jun/2024:14:10:48 +0800] "GET /pressrelease.php HTTP/1.0" 200 368765 "-" "BLP_bbot/0.1" 69.191.249.206
69.191.249.217 - - [20/Jun/2024:14:11:06 +0800] "GET /tc/pressrelease.php HTTP/1.0" 200 368714 "-" "BLP_bbot/0.1" 69.191.249.217
66.249.66.168 - - [20/Jun/2024:14:13:23 +0800] "GET /news/pdf/LTN20190211379.pdf HTTP/1.0" 200 24646 "-" "Mozilla/5.0 (Linux; Android 6.0.1; Nexus 5X Build/MMB29P) AppleWebKit/537.36 (KHTML, like Gecko) Chrome/125.0.6422.175 Mobile Safari/537.36 (compatible; Googlebot/2.1; +http://www.google.com/bot.html)" 66.249.66.168
69.191.249.220 - - [20/Jun/2024:14:13:34 +0800] "GET /tc/annual_interim.php HTTP/1.0" 200 28903 "-" "BLP_bbot/0.1" 69.191.249.220
173.252.87.1 - - [20/Jun/2024:14:14:08 +0800] "GET /contact.php HTTP/1.0" 200 11082 "-" "facebookexternalhit/1.1 (+http://www.facebook.com/externalhit_uatext.php)" 173.252.87.1
66.249.66.195 - - [20/Jun/2024:14:14:09 +0800] "GET /news/pdf/LTN20171025212_C.pdf HTTP/1.0" 200 294362 "-" "Mozilla/5.0 (Linux; Android 6.0.1; Nexus 5X Build/MMB29P) AppleWebKit/537.36 (KHTML, like Gecko) Chrome/125.0.6422.175 Mobile Safari/537.36 (compatible; GoogleOther)" 66.249.66.195
69.191.249.216 - - [20/Jun/2024:14:14:40 +0800] "GET /pressrelease.php HTTP/1.0" 200 368765 "-" "BLP_bbot/0.1" 69.191.249.216
69.191.249.220 - - [20/Jun/2024:14:14:45 +0800] "GET /annual_interim.php HTTP/1.0" 200 29165 "-" "BLP_bbot/0.1" 69.191.249.220
69.191.249.211 - - [20/Jun/2024:14:14:59 +0800] "GET /tc/pressrelease.php HTTP/1.0" 200 368714 "-" "BLP_bbot/0.1" 69.191.249.211
66.249.66.168 - - [20/Jun/2024:14:15:24 +0800] "GET /Hua_Yi_Copper_Products_TC/pin_zhi_ren_zheng.html HTTP/1.0" 200 24423 "-" "Mozilla/5.0 (Linux; Android 6.0.1; Nexus 5X Build/MMB29P) AppleWebKit/537.36 (KHTML, like Gecko) Chrome/125.0.6422.175 Mobile Safari/537.36 (compatible; Googlebot/2.1; +http://www.google.com/bot.html)" 66.249.66.168
66.249.66.160 - - [20/Jun/2024:14:15:26 +0800] "GET /Hua_Yi_Copper_Products_TC/pin_zhi_ren_zheng_files/pin_zhi_ren_zheng.js HTTP/1.0" 200 3171 "http://www.1166hk.com/Hua_Yi_Copper_Products_TC/pin_zhi_ren_zheng.html" "Mozilla/5.0 (Linux; Android 6.0.1; Nexus 5X Build/MMB29P) AppleWebKit/537.36 (KHTML, like Gecko) Chrome/125.0.6422.154 Mobile Safari/537.36 (compatible; Googlebot/2.1; +http://www.google.com/bot.html)" 66.249.66.160
66.249.71.136 - - [20/Jun/2024:14:15:26 +0800] "GET /Hua_Yi_Copper_Products_TC/pin_zhi_ren_zheng_files/pin_zhi_ren_zheng.css HTTP/1.0" 200 7916 "http://www.1166hk.com/Hua_Yi_Copper_Products_TC/pin_zhi_ren_zheng.html" "Mozilla/5.0 (Linux; Android 6.0.1; Nexus 5X Build/MMB29P) AppleWebKit/537.36 (KHTML, like Gecko) Chrome/125.0.6422.154 Mobile Safari/537.36 (compatible; Googlebot/2.1; +http://www.google.com/bot.html)" 66.249.71.136
120.245.61.220 - - [20/Jun/2024:14:16:00 +0800] "GET /news/pdf/LTN20150226691_C.pdf HTTP/1.0" 200 772771 "http://www.1166hk.com/tc/pressrelease.php" "Mozilla/5.0 (Linux; Android 7.1.1; OPPO R9sk Build/NMF26F; wv) AppleWebKit/537.36 (KHTML, like Gecko) Version/4.0 Chrome/63.0.3642.40 Mobile Safari/537.36" 120.245.61.220
69.191.249.216 - - [20/Jun/2024:14:17:30 +0800] "GET /tc/annual_interim.php HTTP/1.0" 200 28903 "-" "BLP_bbot/0.1" 69.191.249.216
69.191.249.201 - - [20/Jun/2024:14:18:31 +0800] "GET /pressrelease.php HTTP/1.0" 200 368765 "-" "BLP_bbot/0.1" 69.191.249.201
69.191.249.211 - - [20/Jun/2024:14:18:50 +0800] "GET /annual_interim.php HTTP/1.0" 200 29165 "-" "BLP_bbot/0.1" 69.191.249.211
69.191.249.211 - - [20/Jun/2024:14:19:07 +0800] "GET /tc/pressrelease.php HTTP/1.0" 200 368714 "-" "BLP_bbot/0.1" 69.191.249.211
17.241.219.170 - - [20/Jun/2024:14:21:18 +0800] "GET /images/heading1.jpg HTTP/1.0" 200 21104 "-" "Mozilla/5.0 (Macintosh; Intel Mac OS X 10_15_7) AppleWebKit/605.1.15 (KHTML, like Gecko) Version/17.4 Safari/605.1.15 (Applebot/0.1; +http://www.apple.com/go/applebot)" 17.241.219.170
69.191.249.218 - - [20/Jun/2024:14:21:28 +0800] "GET /tc/annual_interim.php HTTP/1.0" 200 28903 "-" "BLP_bbot/0.1" 69.191.249.218
69.191.249.206 - - [20/Jun/2024:14:22:34 +0800] "GET /pressrelease.php HTTP/1.0" 200 368765 "-" "BLP_bbot/0.1" 69.191.249.206
69.191.249.211 - - [20/Jun/2024:14:22:39 +0800] "GET /annual_interim.php HTTP/1.0" 200 29165 "-" "BLP_bbot/0.1" 69.191.249.211
69.191.249.221 - - [20/Jun/2024:14:22:56 +0800] "GET /tc/pressrelease.php HTTP/1.0" 200 368714 "-" "BLP_bbot/0.1" 69.191.249.221
66.249.66.168 - - [20/Jun/2024:14:24:26 +0800] "GET /news/pdf/LTN20141103465.pdf HTTP/1.0" 200 67938 "-" "Mozilla/5.0 (Linux; Android 6.0.1; Nexus 5X Build/MMB29P) AppleWebKit/537.36 (KHTML, like Gecko) Chrome/125.0.6422.175 Mobile Safari/537.36 (compatible; Googlebot/2.1; +http://www.google.com/bot.html)" 66.249.66.168
69.191.249.218 - - [20/Jun/2024:14:25:20 +0800] "GET /tc/annual_interim.php HTTP/1.0" 200 28903 "-" "BLP_bbot/0.1" 69.191.249.218
69.191.249.216 - - [20/Jun/2024:14:26:23 +0800] "GET /pressrelease.php HTTP/1.0" 200 368765 "-" "BLP_bbot/0.1" 69.191.249.216
69.191.249.201 - - [20/Jun/2024:14:26:31 +0800] "GET /annual_interim.php HTTP/1.0" 200 29165 "-" "BLP_bbot/0.1" 69.191.249.201
69.191.249.207 - - [20/Jun/2024:14:27:04 +0800] "GET /tc/pressrelease.php HTTP/1.0" 200 368714 "-" "BLP_bbot/0.1" 69.191.249.207
69.191.249.219 - - [20/Jun/2024:14:29:28 +0800] "GET /tc/annual_interim.php HTTP/1.0" 200 28903 "-" "BLP_bbot/0.1" 69.191.249.219
66.249.66.160 - - [20/Jun/2024:14:29:31 +0800] "GET /news/2007/E-20070813-02.pdf HTTP/1.0" 200 218191 "-" "Mozilla/5.0 (Linux; Android 6.0.1; Nexus 5X Build/MMB29P) AppleWebKit/537.36 (KHTML, like Gecko) Chrome/125.0.6422.175 Mobile Safari/537.36 (compatible; Googlebot/2.1; +http://www.google.com/bot.html)" 66.249.66.160
119.101.51.203 - - [20/Jun/2024:14:29:32 +0800] "GET /tc/pressrelease.php HTTP/1.0" 200 368714 "-" "Mozilla/5.0 (Macintosh; Intel Mac OS X 10_15_7) AppleWebKit/537.36 (KHTML, like Gecko) Chrome/109.0.0.0 Safari/537.36" 119.101.51.203
69.191.249.212 - - [20/Jun/2024:14:30:29 +0800] "GET /annual_interim.php HTTP/1.0" 200 29165 "-" "BLP_bbot/0.1" 69.191.249.212
69.191.249.207 - - [20/Jun/2024:14:30:32 +0800] "GET /pressrelease.php HTTP/1.0" 200 368765 "-" "BLP_bbot/0.1" 69.191.249.207
69.191.249.210 - - [20/Jun/2024:14:30:59 +0800] "GET /tc/pressrelease.php HTTP/1.0" 200 368714 "-" "BLP_bbot/0.1" 69.191.249.210
66.249.66.160 - - [20/Jun/2024:14:32:56 +0800] "GET /tc/pressrelease.php/tc/tc/news/2008/iesuck.js HTTP/1.0" 200 368714 "http://www.1166hk.com/tc/pressrelease.php/tc/tc/news/2008/C-20081230-02.pdf" "Mozilla/5.0 (Linux; Android 6.0.1; Nexus 5X Build/MMB29P) AppleWebKit/537.36 (KHTML, like Gecko) Chrome/125.0.6422.154 Mobile Safari/537.36 (compatible; Googlebot/2.1; +http://www.google.com/bot.html)" 66.249.66.160
66.249.66.160 - - [20/Jun/2024:14:32:57 +0800] "GET /tc/pressrelease.php/tc/tc/news/2008/common_tc.css HTTP/1.0" 200 368714 "http://www.1166hk.com/tc/pressrelease.php/tc/tc/news/2008/C-20081230-02.pdf" "Mozilla/5.0 (Linux; Android 6.0.1; Nexus 5X Build/MMB29P) AppleWebKit/537.36 (KHTML, like Gecko) Chrome/125.0.6422.154 Mobile Safari/537.36 (compatible; Googlebot/2.1; +http://www.google.com/bot.html)" 66.249.66.160
69.191.249.221 - - [20/Jun/2024:14:33:36 +0800] "GET /tc/annual_interim.php HTTP/1.0" 200 28903 "-" "BLP_bbot/0.1" 69.191.249.221
66.249.66.160 - - [20/Jun/2024:14:34:05 +0800] "GET /company.php/images/tc/index.php HTTP/1.0" 200 12986 "-" "Mozilla/5.0 (Linux; Android 6.0.1; Nexus 5X Build/MMB29P) AppleWebKit/537.36 (KHTML, like Gecko) Chrome/125.0.6422.175 Mobile Safari/537.36 (compatible; Googlebot/2.1; +http://www.google.com/bot.html)" 66.249.66.160
66.249.71.138 - - [20/Jun/2024:14:34:06 +0800] "GET /company.php/images/tc/iesuck.js HTTP/1.0" 200 12986 "http://www.1166hk.com/company.php/images/tc/index.php" "Mozilla/5.0 (Linux; Android 6.0.1; Nexus 5X Build/MMB29P) AppleWebKit/537.36 (KHTML, like Gecko) Chrome/125.0.6422.154 Mobile Safari/537.36 (compatible; Googlebot/2.1; +http://www.google.com/bot.html)" 66.249.71.138
69.191.249.217 - - [20/Jun/2024:14:34:18 +0800] "GET /annual_interim.php HTTP/1.0" 200 29165 "-" "BLP_bbot/0.1" 69.191.249.217
69.191.249.207 - - [20/Jun/2024:14:34:43 +0800] "GET /pressrelease.php HTTP/1.0" 200 368765 "-" "BLP_bbot/0.1" 69.191.249.207
69.191.249.217 - - [20/Jun/2024:14:35:12 +0800] "GET /tc/pressrelease.php HTTP/1.0" 200 368714 "-" "BLP_bbot/0.1" 69.191.249.217
223.240.187.37 - - [20/Jun/2024:14:37:29 +0800] "GET / HTTP/1.0" 200 13829 "-" "Mozilla/5.0 (Macintosh; Intel Mac OS X 10_15_7) AppleWebKit/537.36 (KHTML, like Gecko) Chrome/109.0.0.0 Safari/537.36" 223.240.187.37
128.14.209.26 - - [20/Jun/2024:14:37:30 +0800] "GET / HTTP/1.0" 200 13829 "-" "Mozilla/5.0 (Windows NT 10.0; WOW64) AppleWebKit/537.36 (KHTML, like Gecko) Chrome/66.0.3359.117 Safari/537.36" 128.14.209.26
69.191.249.201 - - [20/Jun/2024:14:37:38 +0800] "GET /tc/annual_interim.php HTTP/1.0" 200 28903 "-" "BLP_bbot/0.1" 69.191.249.201
69.191.249.218 - - [20/Jun/2024:14:38:21 +0800] "GET /annual_interim.php HTTP/1.0" 200 29165 "-" "BLP_bbot/0.1" 69.191.249.218
69.191.249.201 - - [20/Jun/2024:14:38:36 +0800] "GET /pressrelease.php HTTP/1.0" 200 368765 "-" "BLP_bbot/0.1" 69.191.249.201
173.252.83.30 - - [20/Jun/2024:14:39:19 +0800] "GET /notices.php HTTP/1.0" 200 10627 "-" "facebookexternalhit/1.1 (+http://www.facebook.com/externalhit_uatext.php)" 173.252.83.30
69.191.249.212 - - [20/Jun/2024:14:39:20 +0800] "GET /tc/pressrelease.php HTTP/1.0" 200 368714 "-" "BLP_bbot/0.1" 69.191.249.212
69.191.249.219 - - [20/Jun/2024:14:41:38 +0800] "GET /tc/annual_interim.php HTTP/1.0" 200 28903 "-" "BLP_bbot/0.1" 69.191.249.219
69.191.249.212 - - [20/Jun/2024:14:42:18 +0800] "GET /annual_interim.php HTTP/1.0" 200 29165 "-" "BLP_bbot/0.1" 69.191.249.212
69.191.249.206 - - [20/Jun/2024:14:42:25 +0800] "GET /pressrelease.php HTTP/1.0" 200 368765 "-" "BLP_bbot/0.1" 69.191.249.206
66.249.66.168 - - [20/Jun/2024:14:43:10 +0800] "GET /company.php/images/tc/memo.php HTTP/1.0" 200 12986 "-" "Mozilla/5.0 (Linux; Android 6.0.1; Nexus 5X Build/MMB29P) AppleWebKit/537.36 (KHTML, like Gecko) Chrome/125.0.6422.175 Mobile Safari/537.36 (compatible; Googlebot/2.1; +http://www.google.com/bot.html)" 66.249.66.168
69.191.249.219 - - [20/Jun/2024:14:43:10 +0800] "GET /tc/pressrelease.php HTTP/1.0" 200 368714 "-" "BLP_bbot/0.1" 69.191.249.219
66.249.66.169 - - [20/Jun/2024:14:44:10 +0800] "GET /news/pdf/LTN20121019295.pdf HTTP/1.0" 200 66284 "-" "Mozilla/5.0 (Linux; Android 6.0.1; Nexus 5X Build/MMB29P) AppleWebKit/537.36 (KHTML, like Gecko) Chrome/125.0.6422.175 Mobile Safari/537.36 (compatible; Googlebot/2.1; +http://www.google.com/bot.html)" 66.249.66.169
223.109.252.173 - - [20/Jun/2024:14:44:19 +0800] "GET / HTTP/1.0" 200 13829 "-" "Sogou web spider/4.0(+http://www.sogou.com/docs/help/webmasters.htm#07)" 223.109.252.173
69.191.249.219 - - [20/Jun/2024:14:45:31 +0800] "GET /tc/annual_interim.php HTTP/1.0" 200 28903 "-" "BLP_bbot/0.1" 69.191.249.219
69.191.249.207 - - [20/Jun/2024:14:46:26 +0800] "GET /annual_interim.php HTTP/1.0" 200 29165 "-" "BLP_bbot/0.1" 69.191.249.207
69.191.249.210 - - [20/Jun/2024:14:46:31 +0800] "GET /pressrelease.php HTTP/1.0" 200 368765 "-" "BLP_bbot/0.1" 69.191.249.210
69.191.249.207 - - [20/Jun/2024:14:47:16 +0800] "GET /tc/pressrelease.php HTTP/1.0" 200 368714 "-" "BLP_bbot/0.1" 69.191.249.207
66.249.71.136 - - [20/Jun/2024:14:49:12 +0800] "GET /company.php/images/tc/links.php HTTP/1.0" 200 12986 "-" "Mozilla/5.0 (Linux; Android 6.0.1; Nexus 5X Build/MMB29P) AppleWebKit/537.36 (KHTML, like Gecko) Chrome/125.0.6422.175 Mobile Safari/537.36 (compatible; Googlebot/2.1; +http://www.google.com/bot.html)" 66.249.71.136
69.191.249.219 - - [20/Jun/2024:14:49:40 +0800] "GET /tc/annual_interim.php HTTP/1.0" 200 28903 "-" "BLP_bbot/0.1" 69.191.249.219
