69.191.249.218 - - [20/Jun/2024:07:52:07 +0800] "GET /pressrelease.php HTTP/1.0" 200 368765 "-" "BLP_bbot/0.1" 69.191.249.218
69.191.249.218 - - [20/Jun/2024:07:52:30 +0800] "GET /tc/annual_interim.php HTTP/1.0" 200 28903 "-" "BLP_bbot/0.1" 69.191.249.218
36.99.136.128 - - [20/Jun/2024:07:52:53 +0800] "GET / HTTP/1.0" 200 13829 "-" "Mozilla/5.0 (Macintosh; Intel Mac OS X 10_15_7) AppleWebKit/537.36 (KHTML, like Gecko) Chrome/96.0.4664.110 Safari/537.36" 36.99.136.128
36.99.136.137 - - [20/Jun/2024:07:52:53 +0800] "GET / HTTP/1.0" 200 13829 "-" "Mozilla/5.0 (Macintosh; Intel Mac OS X 11_0_0) AppleWebKit/537.36 (KHTML, like Gecko) Chrome/87.0.4280.88 Safari/537.36" 36.99.136.137
36.99.136.136 - - [20/Jun/2024:07:52:54 +0800] "GET /iesuck.js HTTP/1.0" 200 877 "http://www.1166hk.com/" "Mozilla/5.0 (Macintosh; Intel Mac OS X 11_0_0) AppleWebKit/537.36 (KHTML, like Gecko) Chrome/87.0.4280.88 Safari/537.36" 36.99.136.136
36.99.136.128 - - [20/Jun/2024:07:52:58 +0800] "GET /favicon.ico HTTP/1.0" 404 9957 "-" "Mozilla/5.0 (Macintosh; Intel Mac OS X 10_15_7) AppleWebKit/537.36 (KHTML, like Gecko) Chrome/96.0.4664.110 Safari/537.36" 36.99.136.128
69.191.249.210 - - [20/Jun/2024:07:53:47 +0800] "GET /tc/pressrelease.php HTTP/1.0" 200 368714 "-" "BLP_bbot/0.1" 69.191.249.210
69.171.230.5 - - [20/Jun/2024:07:53:50 +0800] "GET /contact.php HTTP/1.0" 200 11082 "-" "facebookexternalhit/1.1 (+http://www.facebook.com/externalhit_uatext.php)" 69.171.230.5
69.191.249.221 - - [20/Jun/2024:07:55:16 +0800] "GET /annual_interim.php HTTP/1.0" 200 29165 "-" "BLP_bbot/0.1" 69.191.249.221
69.191.249.218 - - [20/Jun/2024:07:56:06 +0800] "GET /pressrelease.php HTTP/1.0" 200 368765 "-" "BLP_bbot/0.1" 69.191.249.218
87.250.224.245 - - [20/Jun/2024:07:56:16 +0800] "GET /robots.txt HTTP/1.0" 404 9957 "-" "Mozilla/5.0 (compatible; YandexBot/3.0; +http://yandex.com/bots)" 87.250.224.245
5.255.231.188 - - [20/Jun/2024:07:56:17 +0800] "GET /news/pdf/LTN20150308032_C.pdf HTTP/1.0" 200 118456 "-" "Mozilla/5.0 (compatible; YandexBot/3.0; +http://yandex.com/bots)" 5.255.231.188
69.191.249.219 - - [20/Jun/2024:07:56:25 +0800] "GET /tc/annual_interim.php HTTP/1.0" 200 28903 "-" "BLP_bbot/0.1" 69.191.249.219
66.249.66.160 - - [20/Jun/2024:07:57:32 +0800] "GET /news/pdf/LTN20100409279.pdf HTTP/1.0" 200 81469 "-" "Mozilla/5.0 (Linux; Android 6.0.1; Nexus 5X Build/MMB29P) AppleWebKit/537.36 (KHTML, like Gecko) Chrome/125.0.6422.175 Mobile Safari/537.36 (compatible; GoogleOther)" 66.249.66.160
69.191.249.211 - - [20/Jun/2024:07:57:55 +0800] "GET /tc/pressrelease.php HTTP/1.0" 200 368714 "-" "BLP_bbot/0.1" 69.191.249.211
66.249.71.136 - - [20/Jun/2024:07:58:12 +0800] "GET /news/2009/E-20090601-01.pdf HTTP/1.0" 200 111328 "-" "Mozilla/5.0 (Linux; Android 6.0.1; Nexus 5X Build/MMB29P) AppleWebKit/537.36 (KHTML, like Gecko) Chrome/125.0.6422.175 Mobile Safari/537.36 (compatible; Googlebot/2.1; +http://www.google.com/bot.html)" 66.249.71.136
69.191.249.219 - - [20/Jun/2024:07:59:11 +0800] "GET /annual_interim.php HTTP/1.0" 200 29165 "-" "BLP_bbot/0.1" 69.191.249.219
66.249.66.168 - - [20/Jun/2024:07:59:20 +0800] "GET /news/pdf/LTN20130207189.pdf HTTP/1.0" 200 38661 "-" "Mozilla/5.0 (Linux; Android 6.0.1; Nexus 5X Build/MMB29P) AppleWebKit/537.36 (KHTML, like Gecko) Chrome/125.0.6422.175 Mobile Safari/537.36 (compatible; Googlebot/2.1; +http://www.google.com/bot.html)" 66.249.66.168
69.191.249.211 - - [20/Jun/2024:08:00:15 +0800] "GET /pressrelease.php HTTP/1.0" 200 368765 "-" "BLP_bbot/0.1" 69.191.249.211
69.191.249.211 - - [20/Jun/2024:08:00:17 +0800] "GET /tc/annual_interim.php HTTP/1.0" 200 28903 "-" "BLP_bbot/0.1" 69.191.249.211
69.191.249.219 - - [20/Jun/2024:08:01:47 +0800] "GET /tc/pressrelease.php HTTP/1.0" 200 368714 "-" "BLP_bbot/0.1" 69.191.249.219
69.191.249.218 - - [20/Jun/2024:08:03:20 +0800] "GET /annual_interim.php HTTP/1.0" 200 29165 "-" "BLP_bbot/0.1" 69.191.249.218
121.52.252.47 - - [20/Jun/2024:08:03:40 +0800] "GET / HTTP/1.0" 200 13829 "-" "Mozilla/5.0 (Windows NT 6.1; Win64; x64) AppleWebKit/537.36 (KHTML, like Gecko) Chrome/65.0.3325.181 Safari/537.36" 121.52.252.47
223.109.252.231 - - [20/Jun/2024:08:03:50 +0800] "GET / HTTP/1.0" 200 13829 "-" "Sogou web spider/4.0(+http://www.sogou.com/docs/help/webmasters.htm#07)" 223.109.252.231
69.191.249.206 - - [20/Jun/2024:08:04:13 +0800] "GET /pressrelease.php HTTP/1.0" 200 368765 "-" "BLP_bbot/0.1" 69.191.249.206
69.191.249.220 - - [20/Jun/2024:08:04:20 +0800] "GET /tc/annual_interim.php HTTP/1.0" 200 28903 "-" "BLP_bbot/0.1" 69.191.249.220
66.249.66.160 - - [20/Jun/2024:08:05:43 +0800] "GET /news/pdf/LTN20180508246_C.pdf HTTP/1.0" 200 154912 "-" "Mozilla/5.0 (Linux; Android 6.0.1; Nexus 5X Build/MMB29P) AppleWebKit/537.36 (KHTML, like Gecko) Chrome/125.0.6422.175 Mobile Safari/537.36 (compatible; GoogleOther)" 66.249.66.160
69.191.249.218 - - [20/Jun/2024:08:05:59 +0800] "GET /tc/pressrelease.php HTTP/1.0" 200 368714 "-" "BLP_bbot/0.1" 69.191.249.218
69.191.249.212 - - [20/Jun/2024:08:07:17 +0800] "GET /annual_interim.php HTTP/1.0" 200 29165 "-" "BLP_bbot/0.1" 69.191.249.212
69.191.249.216 - - [20/Jun/2024:08:08:13 +0800] "GET /tc/annual_interim.php HTTP/1.0" 200 28903 "-" "BLP_bbot/0.1" 69.191.249.216
69.191.249.201 - - [20/Jun/2024:08:08:24 +0800] "GET /pressrelease.php HTTP/1.0" 200 368765 "-" "BLP_bbot/0.1" 69.191.249.201
66.249.66.168 - - [20/Jun/2024:08:09:11 +0800] "GET / HTTP/1.0" 200 13829 "-" "Mozilla/5.0 (compatible; Googlebot/2.1; +http://www.google.com/bot.html)" 66.249.66.168
69.191.249.216 - - [20/Jun/2024:08:10:03 +0800] "GET /tc/pressrelease.php HTTP/1.0" 200 368714 "-" "BLP_bbot/0.1" 69.191.249.216
69.191.249.201 - - [20/Jun/2024:08:11:17 +0800] "GET /annual_interim.php HTTP/1.0" 200 29165 "-" "BLP_bbot/0.1" 69.191.249.201
69.191.249.212 - - [20/Jun/2024:08:12:21 +0800] "GET /tc/annual_interim.php HTTP/1.0" 200 28903 "-" "BLP_bbot/0.1" 69.191.249.212
69.191.249.218 - - [20/Jun/2024:08:12:37 +0800] "GET /pressrelease.php HTTP/1.0" 200 368765 "-" "BLP_bbot/0.1" 69.191.249.218
66.249.66.168 - - [20/Jun/2024:08:13:54 +0800] "GET /news/pdf/LTN20170801478_C.pdf HTTP/1.0" 200 245076 "-" "Mozilla/5.0 (Linux; Android 6.0.1; Nexus 5X Build/MMB29P) AppleWebKit/537.36 (KHTML, like Gecko) Chrome/125.0.6422.175 Mobile Safari/537.36 (compatible; GoogleOther)" 66.249.66.168
106.119.167.146 - - [20/Jun/2024:08:14:03 +0800] "GET / HTTP/1.0" 200 13829 "-" "Mozilla/5.0 (iPhone; CPU iPhone OS 13_2_3 like Mac OS X) AppleWebKit/605.1.15 (KHTML, like Gecko) Version/13.0.3 Mobile/15E148 Safari/604.1" 106.119.167.146
69.191.249.211 - - [20/Jun/2024:08:14:12 +0800] "GET /tc/pressrelease.php HTTP/1.0" 200 368714 "-" "BLP_bbot/0.1" 69.191.249.211
40.77.167.8 - - [20/Jun/2024:08:15:01 +0800] "GET /news/pdf/2020102200414.pdf HTTP/1.0" 200 70952 "-" "Mozilla/5.0 AppleWebKit/537.36 (KHTML, like Gecko; compatible; bingbot/2.0; +http://www.bing.com/bingbot.htm) Chrome/116.0.1938.76 Safari/537.36" 40.77.167.8
66.249.71.137 - - [20/Jun/2024:08:15:12 +0800] "GET / HTTP/1.0" 200 13829 "-" "Mozilla/5.0 (Linux; Android 6.0.1; Nexus 5X Build/MMB29P) AppleWebKit/537.36 (KHTML, like Gecko) Chrome/125.0.6422.175 Mobile Safari/537.36 (compatible; Googlebot/2.1; +http://www.google.com/bot.html)" 66.249.71.137
69.191.249.216 - - [20/Jun/2024:08:15:18 +0800] "GET /annual_interim.php HTTP/1.0" 200 29165 "-" "BLP_bbot/0.1" 69.191.249.216
69.191.249.212 - - [20/Jun/2024:08:16:14 +0800] "GET /tc/annual_interim.php HTTP/1.0" 200 28903 "-" "BLP_bbot/0.1" 69.191.249.212
69.191.249.211 - - [20/Jun/2024:08:16:33 +0800] "GET /pressrelease.php HTTP/1.0" 200 368765 "-" "BLP_bbot/0.1" 69.191.249.211
34.0.80.164 - - [20/Jun/2024:08:17:19 +0800] "GET / HTTP/1.0" 200 13829 "-" "Mozilla/5.0 (Windows NT 10.0; Win64; x64) AppleWebKit/537.36 (KHTML, like Gecko; compatible; BW/1.2; rb.gy/oupwis) Chrome/124.0.0.0 Safari/537.36" 34.0.80.164
34.0.80.164 - - [20/Jun/2024:08:17:20 +0800] "GET /robots.txt HTTP/1.0" 404 9957 "-" "Mozilla/5.0 (Windows NT 10.0; Win64; x64) AppleWebKit/537.36 (KHTML, like Gecko; compatible; BW/1.2; rb.gy/oupwis) Chrome/124.0.0.0 Safari/537.36" 34.0.80.164
34.0.80.164 - - [20/Jun/2024:08:17:22 +0800] "GET /annual_interim.php HTTP/1.0" 200 29165 "-" "Mozilla/5.0 (Windows NT 10.0; Win64; x64) AppleWebKit/537.36 (KHTML, like Gecko; compatible; BW/1.2; rb.gy/oupwis) Chrome/124.0.0.0 Safari/537.36" 34.0.80.164
34.0.80.164 - - [20/Jun/2024:08:17:23 +0800] "GET /memo.php HTTP/1.0" 200 11330 "-" "Mozilla/5.0 (Windows NT 10.0; Win64; x64) AppleWebKit/537.36 (KHTML, like Gecko; compatible; BW/1.2; rb.gy/oupwis) Chrome/124.0.0.0 Safari/537.36" 34.0.80.164
34.0.80.164 - - [20/Jun/2024:08:17:24 +0800] "GET /iesuck.js HTTP/1.0" 200 877 "-" "Mozilla/5.0 (Windows NT 10.0; Win64; x64) AppleWebKit/537.36 (KHTML, like Gecko; compatible; BW/1.2; rb.gy/oupwis) Chrome/124.0.0.0 Safari/537.36" 34.0.80.164
34.0.80.164 - - [20/Jun/2024:08:17:25 +0800] "GET /ads.txt HTTP/1.0" 404 9957 "-" "Mozilla/5.0 (Windows NT 10.0; Win64; x64) AppleWebKit/537.36 (KHTML, like Gecko; compatible; BW/1.2; rb.gy/oupwis) Chrome/124.0.0.0 Safari/537.36" 34.0.80.164
69.191.249.201 - - [20/Jun/2024:08:18:07 +0800] "GET /tc/pressrelease.php HTTP/1.0" 200 368714 "-" "BLP_bbot/0.1" 69.191.249.201
69.191.249.211 - - [20/Jun/2024:08:19:20 +0800] "GET /annual_interim.php HTTP/1.0" 200 29165 "-" "BLP_bbot/0.1" 69.191.249.211
69.191.249.217 - - [20/Jun/2024:08:20:03 +0800] "GET /tc/annual_interim.php HTTP/1.0" 200 28903 "-" "BLP_bbot/0.1" 69.191.249.217
69.191.249.207 - - [20/Jun/2024:08:20:37 +0800] "GET /pressrelease.php HTTP/1.0" 200 368765 "-" "BLP_bbot/0.1" 69.191.249.207
66.249.66.169 - - [20/Jun/2024:08:22:05 +0800] "GET /news/pdf/LTN201507131031.pdf HTTP/1.0" 200 110771 "-" "Mozilla/5.0 (Linux; Android 6.0.1; Nexus 5X Build/MMB29P) AppleWebKit/537.36 (KHTML, like Gecko) Chrome/125.0.6422.175 Mobile Safari/537.36 (compatible; GoogleOther)" 66.249.66.169
69.191.249.216 - - [20/Jun/2024:08:22:07 +0800] "GET /tc/pressrelease.php HTTP/1.0" 200 368714 "-" "BLP_bbot/0.1" 69.191.249.216
69.191.249.217 - - [20/Jun/2024:08:23:22 +0800] "GET /annual_interim.php HTTP/1.0" 200 29165 "-" "BLP_bbot/0.1" 69.191.249.217
69.191.249.216 - - [20/Jun/2024:08:23:54 +0800] "GET /tc/annual_interim.php HTTP/1.0" 200 28903 "-" "BLP_bbot/0.1" 69.191.249.216
69.191.249.210 - - [20/Jun/2024:08:24:31 +0800] "GET /pressrelease.php HTTP/1.0" 200 368765 "-" "BLP_bbot/0.1" 69.191.249.210
69.191.249.216 - - [20/Jun/2024:08:26:16 +0800] "GET /tc/pressrelease.php HTTP/1.0" 200 368714 "-" "BLP_bbot/0.1" 69.191.249.216
66.249.66.169 - - [20/Jun/2024:08:27:29 +0800] "GET /links.php HTTP/1.0" 200 12422 "-" "Mozilla/5.0 (Linux; Android 6.0.1; Nexus 5X Build/MMB29P) AppleWebKit/537.36 (KHTML, like Gecko) Chrome/125.0.6422.175 Mobile Safari/537.36 (compatible; Googlebot/2.1; +http://www.google.com/bot.html)" 66.249.66.169
69.191.249.212 - - [20/Jun/2024:08:27:30 +0800] "GET /annual_interim.php HTTP/1.0" 200 29165 "-" "BLP_bbot/0.1" 69.191.249.212
69.191.249.207 - - [20/Jun/2024:08:27:59 +0800] "GET /tc/annual_interim.php HTTP/1.0" 200 28903 "-" "BLP_bbot/0.1" 69.191.249.207
69.191.249.206 - - [20/Jun/2024:08:28:38 +0800] "GET /pressrelease.php HTTP/1.0" 200 368765 "-" "BLP_bbot/0.1" 69.191.249.206
113.121.254.119 - - [20/Jun/2024:08:29:19 +0800] "GET /tc/pressrelease.php HTTP/1.0" 200 368714 "-" "Mozilla/5.0 (Macintosh; Intel Mac OS X 10_15_7) AppleWebKit/537.36 (KHTML, like Gecko) Chrome/109.0.0.0 Safari/537.36" 113.121.254.119
69.191.249.212 - - [20/Jun/2024:08:30:06 +0800] "GET /tc/pressrelease.php HTTP/1.0" 200 368714 "-" "BLP_bbot/0.1" 69.191.249.212
66.249.66.160 - - [20/Jun/2024:08:30:15 +0800] "GET /tc/news/2008/C-20081230-03.pdf HTTP/1.0" 200 140933 "-" "Mozilla/5.0 (Linux; Android 6.0.1; Nexus 5X Build/MMB29P) AppleWebKit/537.36 (KHTML, like Gecko) Chrome/125.0.6422.175 Mobile Safari/537.36 (compatible; GoogleOther)" 66.249.66.160
69.191.249.221 - - [20/Jun/2024:08:31:23 +0800] "GET /annual_interim.php HTTP/1.0" 200 29165 "-" "BLP_bbot/0.1" 69.191.249.221
69.191.249.207 - - [20/Jun/2024:08:32:02 +0800] "GET /tc/annual_interim.php HTTP/1.0" 200 28903 "-" "BLP_bbot/0.1" 69.191.249.207
69.191.249.211 - - [20/Jun/2024:08:32:28 +0800] "GET /pressrelease.php HTTP/1.0" 200 368765 "-" "BLP_bbot/0.1" 69.191.249.211
87.246.7.58 - - [20/Jun/2024:08:34:01 +0800] "GET /.env HTTP/1.0" 404 9957 "-" "Mozilla/5.0 (X11; Linux x86_64) AppleWebKit/537.36 (KHTML, like Gecko) Chrome/81.0.4044.129 Safari/537.36" 87.246.7.58
87.246.7.58 - - [20/Jun/2024:08:34:07 +0800] "POST / HTTP/1.0" 200 13829 "-" "Mozilla/5.0 (X11; Linux x86_64) AppleWebKit/537.36 (KHTML, like Gecko) Chrome/81.0.4044.129 Safari/537.36" 87.246.7.58
87.246.7.58 - - [20/Jun/2024:08:34:14 +0800] "GET /sendgrid/.env HTTP/1.0" 404 9957 "-" "Mozilla/5.0 (X11; Linux x86_64) AppleWebKit/537.36 (KHTML, like Gecko) Chrome/81.0.4044.129 Safari/537.36" 87.246.7.58
69.191.249.217 - - [20/Jun/2024:08:34:17 +0800] "GET /tc/pressrelease.php HTTP/1.0" 200 368714 "-" "BLP_bbot/0.1" 69.191.249.217
87.246.7.58 - - [20/Jun/2024:08:34:21 +0800] "POST / HTTP/1.0" 200 13829 "-" "Mozilla/5.0 (X11; Linux x86_64) AppleWebKit/537.36 (KHTML, like Gecko) Chrome/81.0.4044.129 Safari/537.36" 87.246.7.58
69.191.249.207 - - [20/Jun/2024:08:35:33 +0800] "GET /annual_interim.php HTTP/1.0" 200 29165 "-" "BLP_bbot/0.1" 69.191.249.207
69.191.249.218 - - [20/Jun/2024:08:35:53 +0800] "GET /tc/annual_interim.php HTTP/1.0" 200 28903 "-" "BLP_bbot/0.1" 69.191.249.218
69.191.249.211 - - [20/Jun/2024:08:36:32 +0800] "GET /pressrelease.php HTTP/1.0" 200 368765 "-" "BLP_bbot/0.1" 69.191.249.211
180.119.156.206 - - [20/Jun/2024:08:37:00 +0800] "GET / HTTP/1.0" 200 13829 "-" "Mozilla/5.0 (Macintosh; Intel Mac OS X 10_15_7) AppleWebKit/537.36 (KHTML, like Gecko) Chrome/109.0.0.0 Safari/537.36" 180.119.156.206
69.191.249.211 - - [20/Jun/2024:08:38:26 +0800] "GET /tc/pressrelease.php HTTP/1.0" 200 368714 "-" "BLP_bbot/0.1" 69.191.249.211
192.44.68.153 - - [20/Jun/2024:08:39:10 +0800] "GET /images/logo1.gif HTTP/1.0" 200 1467 "-" "Mozilla/5.0 (X11; Ubuntu; Linux x86_64; rv:72.0) Gecko/20100101 Firefox/72.0" 192.44.68.153
69.191.249.216 - - [20/Jun/2024:08:39:34 +0800] "GET /annual_interim.php HTTP/1.0" 200 29165 "-" "BLP_bbot/0.1" 69.191.249.216
69.191.249.206 - - [20/Jun/2024:08:39:44 +0800] "GET /tc/annual_interim.php HTTP/1.0" 200 28903 "-" "BLP_bbot/0.1" 69.191.249.206
69.191.249.220 - - [20/Jun/2024:08:40:42 +0800] "GET /pressrelease.php HTTP/1.0" 200 368765 "-" "BLP_bbot/0.1" 69.191.249.220
52.230.152.53 - - [20/Jun/2024:08:40:43 +0800] "GET /robots.txt HTTP/1.0" 404 9957 "-" "Mozilla/5.0 AppleWebKit/537.36 (KHTML, like Gecko; compatible; GPTBot/1.0; +https://openai.com/gptbot)" 52.230.152.53
52.230.152.64 - - [20/Jun/2024:08:41:07 +0800] "GET /pressrelease.php HTTP/1.0" 200 368765 "-" "Mozilla/5.0 AppleWebKit/537.36 (KHTML, like Gecko; compatible; GPTBot/1.0; +https://openai.com/gptbot)" 52.230.152.64
52.230.152.64 - - [20/Jun/2024:08:41:10 +0800] "GET /news/pdf/LTN20190603972.pdf HTTP/1.0" 200 98976 "-" "Mozilla/5.0 AppleWebKit/537.36 (KHTML, like Gecko; compatible; GPTBot/1.0; +https://openai.com/gptbot)" 52.230.152.64
52.230.152.64 - - [20/Jun/2024:08:41:13 +0800] "GET /news/pdf/LTN20190502805.pdf HTTP/1.0" 200 69735 "-" "Mozilla/5.0 AppleWebKit/537.36 (KHTML, like Gecko; compatible; GPTBot/1.0; +https://openai.com/gptbot)" 52.230.152.64
52.230.152.64 - - [20/Jun/2024:08:41:16 +0800] "GET /news/pdf/ltn20190912253.pdf HTTP/1.0" 200 24078 "-" "Mozilla/5.0 AppleWebKit/537.36 (KHTML, like Gecko; compatible; GPTBot/1.0; +https://openai.com/gptbot)" 52.230.152.64
52.230.152.17 - - [20/Jun/2024:08:41:19 +0800] "GET /news/pdf/ltn20191024067.pdf HTTP/1.0" 200 169776 "-" "Mozilla/5.0 AppleWebKit/537.36 (KHTML, like Gecko; compatible; GPTBot/1.0; +https://openai.com/gptbot)" 52.230.152.17
52.230.152.17 - - [20/Jun/2024:08:41:21 +0800] "GET /news/pdf/LTN201904301797.pdf HTTP/1.0" 200 457038 "-" "Mozilla/5.0 AppleWebKit/537.36 (KHTML, like Gecko; compatible; GPTBot/1.0; +https://openai.com/gptbot)" 52.230.152.17
52.230.152.17 - - [20/Jun/2024:08:41:23 +0800] "GET /news/pdf/ltn20191024073.pdf HTTP/1.0" 200 76680 "-" "Mozilla/5.0 AppleWebKit/537.36 (KHTML, like Gecko; compatible; GPTBot/1.0; +https://openai.com/gptbot)" 52.230.152.17
52.230.152.17 - - [20/Jun/2024:08:41:27 +0800] "GET /news/pdf/ltn20190902563.pdf HTTP/1.0" 200 85000 "-" "Mozilla/5.0 AppleWebKit/537.36 (KHTML, like Gecko; compatible; GPTBot/1.0; +https://openai.com/gptbot)" 52.230.152.17
52.230.152.17 - - [20/Jun/2024:08:41:25 +0800] "GET /news/pdf/ltn20191024043.pdf HTTP/1.0" 200 3831879 "-" "Mozilla/5.0 AppleWebKit/537.36 (KHTML, like Gecko; compatible; GPTBot/1.0; +https://openai.com/gptbot)" 52.230.152.17
52.230.152.17 - - [20/Jun/2024:08:41:29 +0800] "GET /news/pdf/ltn20191101331.pdf HTTP/1.0" 200 69885 "-" "Mozilla/5.0 AppleWebKit/537.36 (KHTML, like Gecko; compatible; GPTBot/1.0; +https://openai.com/gptbot)" 52.230.152.17
52.230.152.17 - - [20/Jun/2024:08:41:30 +0800] "GET /news/pdf/ltn20190924245.pdf HTTP/1.0" 200 460365 "-" "Mozilla/5.0 AppleWebKit/537.36 (KHTML, like Gecko; compatible; GPTBot/1.0; +https://openai.com/gptbot)" 52.230.152.17
52.230.152.17 - - [20/Jun/2024:08:41:32 +0800] "GET /news/pdf/ltn20190929041.pdf HTTP/1.0" 200 834061 "-" "Mozilla/5.0 AppleWebKit/537.36 (KHTML, like Gecko; compatible; GPTBot/1.0; +https://openai.com/gptbot)" 52.230.152.17
52.230.152.17 - - [20/Jun/2024:08:41:33 +0800] "GET /news/pdf/ltn20191024089.pdf HTTP/1.0" 200 451688 "-" "Mozilla/5.0 AppleWebKit/537.36 (KHTML, like Gecko; compatible; GPTBot/1.0; +https://openai.com/gptbot)" 52.230.152.17
52.230.152.17 - - [20/Jun/2024:08:41:35 +0800] "GET /news/pdf/LTN201904011023.pdf HTTP/1.0" 200 69781 "-" "Mozilla/5.0 AppleWebKit/537.36 (KHTML, like Gecko; compatible; GPTBot/1.0; +https://openai.com/gptbot)" 52.230.152.17
52.230.152.17 - - [20/Jun/2024:08:41:37 +0800] "GET /news/pdf/LTN20190320757.pdf HTTP/1.0" 200 456977 "-" "Mozilla/5.0 AppleWebKit/537.36 (KHTML, like Gecko; compatible; GPTBot/1.0; +https://openai.com/gptbot)" 52.230.152.17
52.230.152.17 - - [20/Jun/2024:08:41:38 +0800] "GET /news/pdf/ltn20191024085.pdf HTTP/1.0" 200 83935 "-" "Mozilla/5.0 AppleWebKit/537.36 (KHTML, like Gecko; compatible; GPTBot/1.0; +https://openai.com/gptbot)" 52.230.152.17
52.230.152.17 - - [20/Jun/2024:08:41:40 +0800] "GET /notices.php HTTP/1.0" 200 10627 "-" "Mozilla/5.0 AppleWebKit/537.36 (KHTML, like Gecko; compatible; GPTBot/1.0; +https://openai.com/gptbot)" 52.230.152.17
52.230.152.17 - - [20/Jun/2024:08:41:42 +0800] "GET /news/pdf/ltn20191002443.pdf HTTP/1.0" 200 69883 "-" "Mozilla/5.0 AppleWebKit/537.36 (KHTML, like Gecko; compatible; GPTBot/1.0; +https://openai.com/gptbot)" 52.230.152.17
52.230.152.17 - - [20/Jun/2024:08:41:43 +0800] "GET /news/pdf/LTN20190320285.pdf HTTP/1.0" 200 2529220 "-" "Mozilla/5.0 AppleWebKit/537.36 (KHTML, like Gecko; compatible; GPTBot/1.0; +https://openai.com/gptbot)" 52.230.152.17
52.230.152.17 - - [20/Jun/2024:08:41:44 +0800] "GET /nomination.pdf HTTP/1.0" 200 43985 "-" "Mozilla/5.0 AppleWebKit/537.36 (KHTML, like Gecko; compatible; GPTBot/1.0; +https://openai.com/gptbot)" 52.230.152.17
52.230.152.17 - - [20/Jun/2024:08:41:46 +0800] "GET /tc/index.php HTTP/1.0" 200 13641 "-" "Mozilla/5.0 AppleWebKit/537.36 (KHTML, like Gecko; compatible; GPTBot/1.0; +https://openai.com/gptbot)" 52.230.152.17
52.230.152.17 - - [20/Jun/2024:08:41:47 +0800] "GET /privacy_en.pdf HTTP/1.0" 200 15313 "-" "Mozilla/5.0 AppleWebKit/537.36 (KHTML, like Gecko; compatible; GPTBot/1.0; +https://openai.com/gptbot)" 52.230.152.17
52.230.152.17 - - [20/Jun/2024:08:41:49 +0800] "GET /news/pdf/ltn20190801545.pdf HTTP/1.0" 200 79105 "-" "Mozilla/5.0 AppleWebKit/537.36 (KHTML, like Gecko; compatible; GPTBot/1.0; +https://openai.com/gptbot)" 52.230.152.17
52.230.152.17 - - [20/Jun/2024:08:41:51 +0800] "GET /news/pdf/LTN201903141046.pdf HTTP/1.0" 200 497550 "-" "Mozilla/5.0 AppleWebKit/537.36 (KHTML, like Gecko; compatible; GPTBot/1.0; +https://openai.com/gptbot)" 52.230.152.17
52.230.152.154 - - [20/Jun/2024:08:42:22 +0800] "GET /news/pdf/LTN20180406651.pdf HTTP/1.0" 200 26737 "-" "Mozilla/5.0 AppleWebKit/537.36 (KHTML, like Gecko; compatible; GPTBot/1.0; +https://openai.com/gptbot)" 52.230.152.154
52.230.152.154 - - [20/Jun/2024:08:42:24 +0800] "GET /news/pdf/ltn20190621773.pdf HTTP/1.0" 200 23051 "-" "Mozilla/5.0 AppleWebKit/537.36 (KHTML, like Gecko; compatible; GPTBot/1.0; +https://openai.com/gptbot)" 52.230.152.154
69.191.249.219 - - [20/Jun/2024:08:42:25 +0800] "GET /tc/pressrelease.php HTTP/1.0" 200 368714 "-" "BLP_bbot/0.1" 69.191.249.219
52.230.152.154 - - [20/Jun/2024:08:42:25 +0800] "GET /news/pdf/LTN201809271358.pdf HTTP/1.0" 200 755786 "-" "Mozilla/5.0 AppleWebKit/537.36 (KHTML, like Gecko; compatible; GPTBot/1.0; +https://openai.com/gptbot)" 52.230.152.154
52.230.152.154 - - [20/Jun/2024:08:42:27 +0800] "GET /news/pdf/LTN20181025321.pdf HTTP/1.0" 200 162195 "-" "Mozilla/5.0 AppleWebKit/537.36 (KHTML, like Gecko; compatible; GPTBot/1.0; +https://openai.com/gptbot)" 52.230.152.154
52.230.152.154 - - [20/Jun/2024:08:42:29 +0800] "GET /news/pdf/LTN201903121035.pdf HTTP/1.0" 200 468602 "-" "Mozilla/5.0 AppleWebKit/537.36 (KHTML, like Gecko; compatible; GPTBot/1.0; +https://openai.com/gptbot)" 52.230.152.154
52.230.152.154 - - [20/Jun/2024:08:42:30 +0800] "GET /news/pdf/LTN20180326349.pdf HTTP/1.0" 200 31679 "-" "Mozilla/5.0 AppleWebKit/537.36 (KHTML, like Gecko; compatible; GPTBot/1.0; +https://openai.com/gptbot)" 52.230.152.154
52.230.152.154 - - [20/Jun/2024:08:42:35 +0800] "GET /news/pdf/LTN20180606465.pdf HTTP/1.0" 200 26735 "-" "Mozilla/5.0 AppleWebKit/537.36 (KHTML, like Gecko; compatible; GPTBot/1.0; +https://openai.com/gptbot)" 52.230.152.154
52.230.152.154 - - [20/Jun/2024:08:42:39 +0800] "GET /news/pdf/LTN201810021165.pdf HTTP/1.0" 200 69966 "-" "Mozilla/5.0 AppleWebKit/537.36 (KHTML, like Gecko; compatible; GPTBot/1.0; +https://openai.com/gptbot)" 52.230.152.154
52.230.152.154 - - [20/Jun/2024:08:42:42 +0800] "GET /news/pdf/LTN20180416334.pdf HTTP/1.0" 200 26738 "-" "Mozilla/5.0 AppleWebKit/537.36 (KHTML, like Gecko; compatible; GPTBot/1.0; +https://openai.com/gptbot)" 52.230.152.154
52.230.152.154 - - [20/Jun/2024:08:42:45 +0800] "GET /news/pdf/LTN20180924587.pdf HTTP/1.0" 200 458776 "-" "Mozilla/5.0 AppleWebKit/537.36 (KHTML, like Gecko; compatible; GPTBot/1.0; +https://openai.com/gptbot)" 52.230.152.154
52.230.152.154 - - [20/Jun/2024:08:42:48 +0800] "GET /news/pdf/LTN20170209650.pdf HTTP/1.0" 200 98554 "-" "Mozilla/5.0 AppleWebKit/537.36 (KHTML, like Gecko; compatible; GPTBot/1.0; +https://openai.com/gptbot)" 52.230.152.154
52.230.152.154 - - [20/Jun/2024:08:42:52 +0800] "GET /news/pdf/LTN20171003477.pdf HTTP/1.0" 200 66154 "-" "Mozilla/5.0 AppleWebKit/537.36 (KHTML, like Gecko; compatible; GPTBot/1.0; +https://openai.com/gptbot)" 52.230.152.154
52.230.152.154 - - [20/Jun/2024:08:42:55 +0800] "GET /news/pdf/LTN201903081222.pdf HTTP/1.0" 200 502740 "-" "Mozilla/5.0 AppleWebKit/537.36 (KHTML, like Gecko; compatible; GPTBot/1.0; +https://openai.com/gptbot)" 52.230.152.154
52.230.152.154 - - [20/Jun/2024:08:42:58 +0800] "GET /news/pdf/LTN20180508245.pdf HTTP/1.0" 200 26755 "-" "Mozilla/5.0 AppleWebKit/537.36 (KHTML, like Gecko; compatible; GPTBot/1.0; +https://openai.com/gptbot)" 52.230.152.154
52.230.152.154 - - [20/Jun/2024:08:43:01 +0800] "GET /news/pdf/LTN20190211379.pdf HTTP/1.0" 200 24646 "-" "Mozilla/5.0 AppleWebKit/537.36 (KHTML, like Gecko; compatible; GPTBot/1.0; +https://openai.com/gptbot)" 52.230.152.154
52.230.152.154 - - [20/Jun/2024:08:43:08 +0800] "GET /news/pdf/LTN20180430452.pdf HTTP/1.0" 200 26739 "-" "Mozilla/5.0 AppleWebKit/537.36 (KHTML, like Gecko; compatible; GPTBot/1.0; +https://openai.com/gptbot)" 52.230.152.154
52.230.152.154 - - [20/Jun/2024:08:43:11 +0800] "GET /news/pdf/LTN20181005533.pdf HTTP/1.0" 200 26770 "-" "Mozilla/5.0 AppleWebKit/537.36 (KHTML, like Gecko; compatible; GPTBot/1.0; +https://openai.com/gptbot)" 52.230.152.154
52.230.152.154 - - [20/Jun/2024:08:43:05 +0800] "GET /news/pdf/LTN20171025175.pdf HTTP/1.0" 200 3858435 "-" "Mozilla/5.0 AppleWebKit/537.36 (KHTML, like Gecko; compatible; GPTBot/1.0; +https://openai.com/gptbot)" 52.230.152.154
52.230.152.154 - - [20/Jun/2024:08:43:15 +0800] "GET /news/pdf/LTN20190227846.pdf HTTP/1.0" 200 713398 "-" "Mozilla/5.0 AppleWebKit/537.36 (KHTML, like Gecko; compatible; GPTBot/1.0; +https://openai.com/gptbot)" 52.230.152.154
52.230.152.130 - - [20/Jun/2024:08:43:18 +0800] "GET /news/pdf/LTN20190201789.pdf HTTP/1.0" 200 64999 "-" "Mozilla/5.0 AppleWebKit/537.36 (KHTML, like Gecko; compatible; GPTBot/1.0; +https://openai.com/gptbot)" 52.230.152.130
52.230.152.130 - - [20/Jun/2024:08:43:26 +0800] "GET /news/pdf/LTN20180410355.pdf HTTP/1.0" 200 31701 "-" "Mozilla/5.0 AppleWebKit/537.36 (KHTML, like Gecko; compatible; GPTBot/1.0; +https://openai.com/gptbot)" 52.230.152.130
52.230.152.130 - - [20/Jun/2024:08:43:33 +0800] "GET /news/pdf/LTN20180910329.pdf HTTP/1.0" 200 23707 "-" "Mozilla/5.0 AppleWebKit/537.36 (KHTML, like Gecko; compatible; GPTBot/1.0; +https://openai.com/gptbot)" 52.230.152.130
52.230.152.130 - - [20/Jun/2024:08:43:39 +0800] "GET /news/pdf/LTN20181025325.pdf HTTP/1.0" 200 73154 "-" "Mozilla/5.0 AppleWebKit/537.36 (KHTML, like Gecko; compatible; GPTBot/1.0; +https://openai.com/gptbot)" 52.230.152.130
69.191.249.211 - - [20/Jun/2024:08:43:43 +0800] "GET /annual_interim.php HTTP/1.0" 200 29165 "-" "BLP_bbot/0.1" 69.191.249.211
69.191.249.219 - - [20/Jun/2024:08:43:53 +0800] "GET /tc/annual_interim.php HTTP/1.0" 200 28903 "-" "BLP_bbot/0.1" 69.191.249.219
52.230.152.143 - - [20/Jun/2024:08:44:31 +0800] "GET /news/pdf/LTN20180507575.pdf HTTP/1.0" 200 26742 "-" "Mozilla/5.0 AppleWebKit/537.36 (KHTML, like Gecko; compatible; GPTBot/1.0; +https://openai.com/gptbot)" 52.230.152.143
69.191.249.206 - - [20/Jun/2024:08:44:35 +0800] "GET /pressrelease.php HTTP/1.0" 200 368765 "-" "BLP_bbot/0.1" 69.191.249.206
52.230.152.143 - - [20/Jun/2024:08:44:36 +0800] "GET /news/pdf/LTN20170208237.pdf HTTP/1.0" 200 37843 "-" "Mozilla/5.0 AppleWebKit/537.36 (KHTML, like Gecko; compatible; GPTBot/1.0; +https://openai.com/gptbot)" 52.230.152.143
52.230.152.143 - - [20/Jun/2024:08:44:41 +0800] "GET /news/pdf/LTN20181025345.pdf HTTP/1.0" 200 452540 "-" "Mozilla/5.0 AppleWebKit/537.36 (KHTML, like Gecko; compatible; GPTBot/1.0; +https://openai.com/gptbot)" 52.230.152.143
52.230.152.143 - - [20/Jun/2024:08:44:45 +0800] "GET /news/pdf/LTN20171103653.pdf HTTP/1.0" 200 28778 "-" "Mozilla/5.0 AppleWebKit/537.36 (KHTML, like Gecko; compatible; GPTBot/1.0; +https://openai.com/gptbot)" 52.230.152.143
52.230.152.143 - - [20/Jun/2024:08:44:49 +0800] "GET /news/pdf/LTN20171208301.pdf HTTP/1.0" 200 73193 "-" "Mozilla/5.0 AppleWebKit/537.36 (KHTML, like Gecko; compatible; GPTBot/1.0; +https://openai.com/gptbot)" 52.230.152.143
52.230.152.143 - - [20/Jun/2024:08:44:52 +0800] "GET /news/pdf/LTN20170601327.pdf HTTP/1.0" 200 66103 "-" "Mozilla/5.0 AppleWebKit/537.36 (KHTML, like Gecko; compatible; GPTBot/1.0; +https://openai.com/gptbot)" 52.230.152.143
52.230.152.143 - - [20/Jun/2024:08:44:56 +0800] "GET /news/pdf/LTN201709281185.pdf HTTP/1.0" 200 710823 "-" "Mozilla/5.0 AppleWebKit/537.36 (KHTML, like Gecko; compatible; GPTBot/1.0; +https://openai.com/gptbot)" 52.230.152.143
52.230.152.143 - - [20/Jun/2024:08:44:59 +0800] "GET /news/pdf/LTN20170922761.pdf HTTP/1.0" 200 71932 "-" "Mozilla/5.0 AppleWebKit/537.36 (KHTML, like Gecko; compatible; GPTBot/1.0; +https://openai.com/gptbot)" 52.230.152.143
52.230.152.143 - - [20/Jun/2024:08:45:01 +0800] "GET /news/pdf/LTN20180601921.pdf HTTP/1.0" 200 58347 "-" "Mozilla/5.0 AppleWebKit/537.36 (KHTML, like Gecko; compatible; GPTBot/1.0; +https://openai.com/gptbot)" 52.230.152.143
52.230.152.143 - - [20/Jun/2024:08:45:04 +0800] "GET /news/pdf/LTN20180208475.pdf HTTP/1.0" 200 24629 "-" "Mozilla/5.0 AppleWebKit/537.36 (KHTML, like Gecko; compatible; GPTBot/1.0; +https://openai.com/gptbot)" 52.230.152.143
52.230.152.143 - - [20/Jun/2024:08:45:06 +0800] "GET /news/pdf/LTN201708241049.pdf HTTP/1.0" 200 73518 "-" "Mozilla/5.0 AppleWebKit/537.36 (KHTML, like Gecko; compatible; GPTBot/1.0; +https://openai.com/gptbot)" 52.230.152.143
52.230.152.143 - - [20/Jun/2024:08:45:08 +0800] "GET /news/pdf/LTN20170301390.pdf HTTP/1.0" 200 66097 "-" "Mozilla/5.0 AppleWebKit/537.36 (KHTML, like Gecko; compatible; GPTBot/1.0; +https://openai.com/gptbot)" 52.230.152.143
52.230.152.143 - - [20/Jun/2024:08:45:11 +0800] "GET /news/pdf/LTN20170403393.pdf HTTP/1.0" 200 66099 "-" "Mozilla/5.0 AppleWebKit/537.36 (KHTML, like Gecko; compatible; GPTBot/1.0; +https://openai.com/gptbot)" 52.230.152.143
52.230.152.143 - - [20/Jun/2024:08:45:12 +0800] "GET /news/pdf/LTN20180201792.pdf HTTP/1.0" 200 53371 "-" "Mozilla/5.0 AppleWebKit/537.36 (KHTML, like Gecko; compatible; GPTBot/1.0; +https://openai.com/gptbot)" 52.230.152.143
52.230.152.143 - - [20/Jun/2024:08:45:14 +0800] "GET /news/pdf/LTN20170502411.pdf HTTP/1.0" 200 66099 "-" "Mozilla/5.0 AppleWebKit/537.36 (KHTML, like Gecko; compatible; GPTBot/1.0; +https://openai.com/gptbot)" 52.230.152.143
66.249.66.168 - - [20/Jun/2024:08:45:15 +0800] "GET /company.php HTTP/1.0" 200 12986 "-" "Mozilla/5.0 (Linux; Android 6.0.1; Nexus 5X Build/MMB29P) AppleWebKit/537.36 (KHTML, like Gecko) Chrome/125.0.6422.175 Mobile Safari/537.36 (compatible; Googlebot/2.1; +http://www.google.com/bot.html)" 66.249.66.168
52.230.152.143 - - [20/Jun/2024:08:45:16 +0800] "GET /news/pdf/LTN20181207317.pdf HTTP/1.0" 200 469423 "-" "Mozilla/5.0 AppleWebKit/537.36 (KHTML, like Gecko; compatible; GPTBot/1.0; +https://openai.com/gptbot)" 52.230.152.143
52.230.152.29 - - [20/Jun/2024:08:45:17 +0800] "GET /news/pdf/LTN20190301705.pdf HTTP/1.0" 200 91174 "-" "Mozilla/5.0 AppleWebKit/537.36 (KHTML, like Gecko; compatible; GPTBot/1.0; +https://openai.com/gptbot)" 52.230.152.29
52.230.152.29 - - [20/Jun/2024:08:45:19 +0800] "GET /news/pdf/LTN20170227616.pdf HTTP/1.0" 200 571983 "-" "Mozilla/5.0 AppleWebKit/537.36 (KHTML, like Gecko; compatible; GPTBot/1.0; +https://openai.com/gptbot)" 52.230.152.29
52.230.152.29 - - [20/Jun/2024:08:45:20 +0800] "GET /news/pdf/LTN20180102667.pdf HTTP/1.0" 200 66149 "-" "Mozilla/5.0 AppleWebKit/537.36 (KHTML, like Gecko; compatible; GPTBot/1.0; +https://openai.com/gptbot)" 52.230.152.29
52.230.152.29 - - [20/Jun/2024:08:45:21 +0800] "GET /news/pdf/LTN201901021469.pdf HTTP/1.0" 200 63672 "-" "Mozilla/5.0 AppleWebKit/537.36 (KHTML, like Gecko; compatible; GPTBot/1.0; +https://openai.com/gptbot)" 52.230.152.29
52.230.152.29 - - [20/Jun/2024:08:45:23 +0800] "GET /news/pdf/LTN20181025341.pdf HTTP/1.0" 200 83025 "-" "Mozilla/5.0 AppleWebKit/537.36 (KHTML, like Gecko; compatible; GPTBot/1.0; +https://openai.com/gptbot)" 52.230.152.29
52.230.152.29 - - [20/Jun/2024:08:45:27 +0800] "GET /news/pdf/LTN20151211061.pdf HTTP/1.0" 200 103731 "-" "Mozilla/5.0 AppleWebKit/537.36 (KHTML, like Gecko; compatible; GPTBot/1.0; +https://openai.com/gptbot)" 52.230.152.29
52.230.152.29 - - [20/Jun/2024:08:45:30 +0800] "GET /news/pdf/LTN20160623472.pdf HTTP/1.0" 200 81865 "-" "Mozilla/5.0 AppleWebKit/537.36 (KHTML, like Gecko; compatible; GPTBot/1.0; +https://openai.com/gptbot)" 52.230.152.29
52.230.152.29 - - [20/Jun/2024:08:45:32 +0800] "GET /news/pdf/LTN20170201275.pdf HTTP/1.0" 200 66087 "-" "Mozilla/5.0 AppleWebKit/537.36 (KHTML, like Gecko; compatible; GPTBot/1.0; +https://openai.com/gptbot)" 52.230.152.29
52.230.152.29 - - [20/Jun/2024:08:45:35 +0800] "GET /news/pdf/LTN20170328526.pdf HTTP/1.0" 200 76043 "-" "Mozilla/5.0 AppleWebKit/537.36 (KHTML, like Gecko; compatible; GPTBot/1.0; +https://openai.com/gptbot)" 52.230.152.29
52.230.152.29 - - [20/Jun/2024:08:45:37 +0800] "GET /news/pdf/LTN20171101483.pdf HTTP/1.0" 200 66159 "-" "Mozilla/5.0 AppleWebKit/537.36 (KHTML, like Gecko; compatible; GPTBot/1.0; +https://openai.com/gptbot)" 52.230.152.29
52.230.152.29 - - [20/Jun/2024:08:45:39 +0800] "GET /news/pdf/LTN20160704655.pdf HTTP/1.0" 200 65598 "-" "Mozilla/5.0 AppleWebKit/537.36 (KHTML, like Gecko; compatible; GPTBot/1.0; +https://openai.com/gptbot)" 52.230.152.29
52.230.152.29 - - [20/Jun/2024:08:45:42 +0800] "GET /news/pdf/LTN20170912289.pdf HTTP/1.0" 200 37468 "-" "Mozilla/5.0 AppleWebKit/537.36 (KHTML, like Gecko; compatible; GPTBot/1.0; +https://openai.com/gptbot)" 52.230.152.29
52.230.152.29 - - [20/Jun/2024:08:45:45 +0800] "GET /news/pdf/LTN20170103502.pdf HTTP/1.0" 200 66178 "-" "Mozilla/5.0 AppleWebKit/537.36 (KHTML, like Gecko; compatible; GPTBot/1.0; +https://openai.com/gptbot)" 52.230.152.29
52.230.152.29 - - [20/Jun/2024:08:45:45 +0800] "GET /news/pdf/LTN20161020241.pdf HTTP/1.0" 200 174978 "-" "Mozilla/5.0 AppleWebKit/537.36 (KHTML, like Gecko; compatible; GPTBot/1.0; +https://openai.com/gptbot)" 52.230.152.29
52.230.152.29 - - [20/Jun/2024:08:45:46 +0800] "GET /news/pdf/LTN201809031065.pdf HTTP/1.0" 200 97087 "-" "Mozilla/5.0 AppleWebKit/537.36 (KHTML, like Gecko; compatible; GPTBot/1.0; +https://openai.com/gptbot)" 52.230.152.29
52.230.152.29 - - [20/Jun/2024:08:45:49 +0800] "GET /news/pdf/LTN20180301628.pdf HTTP/1.0" 200 58281 "-" "Mozilla/5.0 AppleWebKit/537.36 (KHTML, like Gecko; compatible; GPTBot/1.0; +https://openai.com/gptbot)" 52.230.152.29
52.230.152.29 - - [20/Jun/2024:08:45:49 +0800] "GET /news/pdf/LTN20160923566.pdf HTTP/1.0" 200 46927 "-" "Mozilla/5.0 AppleWebKit/537.36 (KHTML, like Gecko; compatible; GPTBot/1.0; +https://openai.com/gptbot)" 52.230.152.29
52.230.152.29 - - [20/Jun/2024:08:45:51 +0800] "GET /news/pdf/LTN20170801477.pdf HTTP/1.0" 200 66100 "-" "Mozilla/5.0 AppleWebKit/537.36 (KHTML, like Gecko; compatible; GPTBot/1.0; +https://openai.com/gptbot)" 52.230.152.29
52.230.152.29 - - [20/Jun/2024:08:45:53 +0800] "GET /news/pdf/LTN20170320265.pdf HTTP/1.0" 200 1644357 "-" "Mozilla/5.0 AppleWebKit/537.36 (KHTML, like Gecko; compatible; GPTBot/1.0; +https://openai.com/gptbot)" 52.230.152.29
52.230.152.29 - - [20/Jun/2024:08:45:55 +0800] "GET /news/pdf/LTN20171025199.pdf HTTP/1.0" 200 62199 "-" "Mozilla/5.0 AppleWebKit/537.36 (KHTML, like Gecko; compatible; GPTBot/1.0; +https://openai.com/gptbot)" 52.230.152.29
52.230.152.29 - - [20/Jun/2024:08:45:56 +0800] "GET /news/pdf/LTN20180801973.pdf HTTP/1.0" 200 58210 "-" "Mozilla/5.0 AppleWebKit/537.36 (KHTML, like Gecko; compatible; GPTBot/1.0; +https://openai.com/gptbot)" 52.230.152.29
52.230.152.29 - - [20/Jun/2024:08:45:58 +0800] "GET /news/pdf/LTN20170221143.pdf HTTP/1.0" 200 67738 "-" "Mozilla/5.0 AppleWebKit/537.36 (KHTML, like Gecko; compatible; GPTBot/1.0; +https://openai.com/gptbot)" 52.230.152.29
52.230.152.29 - - [20/Jun/2024:08:46:00 +0800] "GET /news/pdf/LTN20171025215.pdf HTTP/1.0" 200 68875 "-" "Mozilla/5.0 AppleWebKit/537.36 (KHTML, like Gecko; compatible; GPTBot/1.0; +https://openai.com/gptbot)" 52.230.152.29
52.230.152.29 - - [20/Jun/2024:08:46:01 +0800] "GET /news/pdf/LTN20171025191.pdf HTTP/1.0" 200 166863 "-" "Mozilla/5.0 AppleWebKit/537.36 (KHTML, like Gecko; compatible; GPTBot/1.0; +https://openai.com/gptbot)" 52.230.152.29
52.230.152.29 - - [20/Jun/2024:08:46:03 +0800] "GET /news/pdf/LTN20171025211.pdf HTTP/1.0" 200 77350 "-" "Mozilla/5.0 AppleWebKit/537.36 (KHTML, like Gecko; compatible; GPTBot/1.0; +https://openai.com/gptbot)" 52.230.152.29
52.230.152.29 - - [20/Jun/2024:08:46:04 +0800] "GET /news/pdf/LTN20161020263.pdf HTTP/1.0" 200 74752 "-" "Mozilla/5.0 AppleWebKit/537.36 (KHTML, like Gecko; compatible; GPTBot/1.0; +https://openai.com/gptbot)" 52.230.152.29
52.230.152.29 - - [20/Jun/2024:08:46:06 +0800] "GET /news/pdf/LTN20160623455.pdf HTTP/1.0" 200 74355 "-" "Mozilla/5.0 AppleWebKit/537.36 (KHTML, like Gecko; compatible; GPTBot/1.0; +https://openai.com/gptbot)" 52.230.152.29
52.230.152.29 - - [20/Jun/2024:08:46:08 +0800] "GET /news/pdf/LTN20151203746.pdf HTTP/1.0" 200 77965 "-" "Mozilla/5.0 AppleWebKit/537.36 (KHTML, like Gecko; compatible; GPTBot/1.0; +https://openai.com/gptbot)" 52.230.152.29
52.230.152.29 - - [20/Jun/2024:08:46:09 +0800] "GET /news/pdf/LTN20161020215.pdf HTTP/1.0" 200 1172119 "-" "Mozilla/5.0 AppleWebKit/537.36 (KHTML, like Gecko; compatible; GPTBot/1.0; +https://openai.com/gptbot)" 52.230.152.29
52.230.152.29 - - [20/Jun/2024:08:46:11 +0800] "GET /news/pdf/LTN20160805339.pdf HTTP/1.0" 200 76919 "-" "Mozilla/5.0 AppleWebKit/537.36 (KHTML, like Gecko; compatible; GPTBot/1.0; +https://openai.com/gptbot)" 52.230.152.29
52.230.152.29 - - [20/Jun/2024:08:46:13 +0800] "GET /news/pdf/LTN20161109980.pdf HTTP/1.0" 200 104696 "-" "Mozilla/5.0 AppleWebKit/537.36 (KHTML, like Gecko; compatible; GPTBot/1.0; +https://openai.com/gptbot)" 52.230.152.29
52.230.152.29 - - [20/Jun/2024:08:46:14 +0800] "GET /news/pdf/LTN20161101425.pdf HTTP/1.0" 200 66174 "-" "Mozilla/5.0 AppleWebKit/537.36 (KHTML, like Gecko; compatible; GPTBot/1.0; +https://openai.com/gptbot)" 52.230.152.29
52.230.152.29 - - [20/Jun/2024:08:46:15 +0800] "GET /news/pdf/LTN20161016011.pdf HTTP/1.0" 200 94771 "-" "Mozilla/5.0 AppleWebKit/537.36 (KHTML, like Gecko; compatible; GPTBot/1.0; +https://openai.com/gptbot)" 52.230.152.29
52.230.152.24 - - [20/Jun/2024:08:46:17 +0800] "GET /news/pdf/LTN20161201459.pdf HTTP/1.0" 200 66572 "-" "Mozilla/5.0 AppleWebKit/537.36 (KHTML, like Gecko; compatible; GPTBot/1.0; +https://openai.com/gptbot)" 52.230.152.24
52.230.152.24 - - [20/Jun/2024:08:46:18 +0800] "GET /news/pdf/LTN20161020249.pdf HTTP/1.0" 200 73939 "-" "Mozilla/5.0 AppleWebKit/537.36 (KHTML, like Gecko; compatible; GPTBot/1.0; +https://openai.com/gptbot)" 52.230.152.24
69.191.249.220 - - [20/Jun/2024:08:46:19 +0800] "GET /tc/pressrelease.php HTTP/1.0" 200 368714 "-" "BLP_bbot/0.1" 69.191.249.220
52.230.152.24 - - [20/Jun/2024:08:46:20 +0800] "GET /news/pdf/LTN20160623428.pdf HTTP/1.0" 200 298295 "-" "Mozilla/5.0 AppleWebKit/537.36 (KHTML, like Gecko; compatible; GPTBot/1.0; +https://openai.com/gptbot)" 52.230.152.24
52.230.152.24 - - [20/Jun/2024:08:46:21 +0800] "GET /news/pdf/LTN20170703433.pdf HTTP/1.0" 200 66095 "-" "Mozilla/5.0 AppleWebKit/537.36 (KHTML, like Gecko; compatible; GPTBot/1.0; +https://openai.com/gptbot)" 52.230.152.24
52.230.152.24 - - [20/Jun/2024:08:46:23 +0800] "GET /news/pdf/LTN20160801499.pdf HTTP/1.0" 200 65608 "-" "Mozilla/5.0 AppleWebKit/537.36 (KHTML, like Gecko; compatible; GPTBot/1.0; +https://openai.com/gptbot)" 52.230.152.24
52.230.152.24 - - [20/Jun/2024:08:46:24 +0800] "GET /news/pdf/LTN20160912757.pdf HTTP/1.0" 200 37852 "-" "Mozilla/5.0 AppleWebKit/537.36 (KHTML, like Gecko; compatible; GPTBot/1.0; +https://openai.com/gptbot)" 52.230.152.24
52.230.152.24 - - [20/Jun/2024:08:46:26 +0800] "GET /news/pdf/LTN20180227831.pdf HTTP/1.0" 200 712995 "-" "Mozilla/5.0 AppleWebKit/537.36 (KHTML, like Gecko; compatible; GPTBot/1.0; +https://openai.com/gptbot)" 52.230.152.24
52.230.152.24 - - [20/Jun/2024:08:46:27 +0800] "GET /news/pdf/LTN20161020258.pdf HTTP/1.0" 200 86125 "-" "Mozilla/5.0 AppleWebKit/537.36 (KHTML, like Gecko; compatible; GPTBot/1.0; +https://openai.com/gptbot)" 52.230.152.24
52.230.152.24 - - [20/Jun/2024:08:46:29 +0800] "GET /news/pdf/LTN201505071241.pdf HTTP/1.0" 200 425250 "-" "Mozilla/5.0 AppleWebKit/537.36 (KHTML, like Gecko; compatible; GPTBot/1.0; +https://openai.com/gptbot)" 52.230.152.24
52.230.152.24 - - [20/Jun/2024:08:46:30 +0800] "GET /news/pdf/LTN201612021663.pdf HTTP/1.0" 200 73437 "-" "Mozilla/5.0 AppleWebKit/537.36 (KHTML, like Gecko; compatible; GPTBot/1.0; +https://openai.com/gptbot)" 52.230.152.24
52.230.152.24 - - [20/Jun/2024:08:46:32 +0800] "GET /news/pdf/LTN20150729673.pdf HTTP/1.0" 200 28923 "-" "Mozilla/5.0 AppleWebKit/537.36 (KHTML, like Gecko; compatible; GPTBot/1.0; +https://openai.com/gptbot)" 52.230.152.24
52.230.152.24 - - [20/Jun/2024:08:46:33 +0800] "GET /news/pdf/LTN20160331425.pdf HTTP/1.0" 200 60226 "-" "Mozilla/5.0 AppleWebKit/537.36 (KHTML, like Gecko; compatible; GPTBot/1.0; +https://openai.com/gptbot)" 52.230.152.24
52.230.152.24 - - [20/Jun/2024:08:46:35 +0800] "GET /news/pdf/LTN20160510338.pdf HTTP/1.0" 200 54303 "-" "Mozilla/5.0 AppleWebKit/537.36 (KHTML, like Gecko; compatible; GPTBot/1.0; +https://openai.com/gptbot)" 52.230.152.24
52.230.152.24 - - [20/Jun/2024:08:46:36 +0800] "GET /news/pdf/LTN201604221354.pdf HTTP/1.0" 200 99056 "-" "Mozilla/5.0 AppleWebKit/537.36 (KHTML, like Gecko; compatible; GPTBot/1.0; +https://openai.com/gptbot)" 52.230.152.24
52.230.152.24 - - [20/Jun/2024:08:46:38 +0800] "GET /news/pdf/LTN201603301017.pdf HTTP/1.0" 200 75188 "-" "Mozilla/5.0 AppleWebKit/537.36 (KHTML, like Gecko; compatible; GPTBot/1.0; +https://openai.com/gptbot)" 52.230.152.24
52.230.152.24 - - [20/Jun/2024:08:46:39 +0800] "GET /news/pdf/LTN20160201443.pdf HTTP/1.0" 200 68110 "-" "Mozilla/5.0 AppleWebKit/537.36 (KHTML, like Gecko; compatible; GPTBot/1.0; +https://openai.com/gptbot)" 52.230.152.24
52.230.152.24 - - [20/Jun/2024:08:46:41 +0800] "GET /news/pdf/LTN20150521889.pdf HTTP/1.0" 200 73013 "-" "Mozilla/5.0 AppleWebKit/537.36 (KHTML, like Gecko; compatible; GPTBot/1.0; +https://openai.com/gptbot)" 52.230.152.24
52.230.152.24 - - [20/Jun/2024:08:46:42 +0800] "GET /news/pdf/LTN20150729683.pdf HTTP/1.0" 200 94795 "-" "Mozilla/5.0 AppleWebKit/537.36 (KHTML, like Gecko; compatible; GPTBot/1.0; +https://openai.com/gptbot)" 52.230.152.24
52.230.152.24 - - [20/Jun/2024:08:46:44 +0800] "GET /news/pdf/LTN20160714348.pdf HTTP/1.0" 200 77765 "-" "Mozilla/5.0 AppleWebKit/537.36 (KHTML, like Gecko; compatible; GPTBot/1.0; +https://openai.com/gptbot)" 52.230.152.24
52.230.152.24 - - [20/Jun/2024:08:46:45 +0800] "GET /news/pdf/LTN20160418977.pdf HTTP/1.0" 200 71597 "-" "Mozilla/5.0 AppleWebKit/537.36 (KHTML, like Gecko; compatible; GPTBot/1.0; +https://openai.com/gptbot)" 52.230.152.24
52.230.152.24 - - [20/Jun/2024:08:46:47 +0800] "GET /news/pdf/LTN20151019639.pdf HTTP/1.0" 200 94851 "-" "Mozilla/5.0 AppleWebKit/537.36 (KHTML, like Gecko; compatible; GPTBot/1.0; +https://openai.com/gptbot)" 52.230.152.24
52.230.152.24 - - [20/Jun/2024:08:46:48 +0800] "GET /news/pdf/LTN20161125188.pdf HTTP/1.0" 200 28619 "-" "Mozilla/5.0 AppleWebKit/537.36 (KHTML, like Gecko; compatible; GPTBot/1.0; +https://openai.com/gptbot)" 52.230.152.24
52.230.152.24 - - [20/Jun/2024:08:46:50 +0800] "GET /news/pdf/LTN20160601731.pdf HTTP/1.0" 200 65817 "-" "Mozilla/5.0 AppleWebKit/537.36 (KHTML, like Gecko; compatible; GPTBot/1.0; +https://openai.com/gptbot)" 52.230.152.24
52.230.152.24 - - [20/Jun/2024:08:46:51 +0800] "GET /news/pdf/LTN20160516540.pdf HTTP/1.0" 200 45776 "-" "Mozilla/5.0 AppleWebKit/537.36 (KHTML, like Gecko; compatible; GPTBot/1.0; +https://openai.com/gptbot)" 52.230.152.24
52.230.152.24 - - [20/Jun/2024:08:46:53 +0800] "GET /news/pdf/LTN20151123705.pdf HTTP/1.0" 200 111299 "-" "Mozilla/5.0 AppleWebKit/537.36 (KHTML, like Gecko; compatible; GPTBot/1.0; +https://openai.com/gptbot)" 52.230.152.24
52.230.152.24 - - [20/Jun/2024:08:46:55 +0800] "GET /news/pdf/LTN20160401469.pdf HTTP/1.0" 200 65386 "-" "Mozilla/5.0 AppleWebKit/537.36 (KHTML, like Gecko; compatible; GPTBot/1.0; +https://openai.com/gptbot)" 52.230.152.24
52.230.152.24 - - [20/Jun/2024:08:46:56 +0800] "GET /news/pdf/LTN20151002422.pdf HTTP/1.0" 200 68101 "-" "Mozilla/5.0 AppleWebKit/537.36 (KHTML, like Gecko; compatible; GPTBot/1.0; +https://openai.com/gptbot)" 52.230.152.24
52.230.152.24 - - [20/Jun/2024:08:46:57 +0800] "GET /news/pdf/LTN20160510329.pdf HTTP/1.0" 200 31050 "-" "Mozilla/5.0 AppleWebKit/537.36 (KHTML, like Gecko; compatible; GPTBot/1.0; +https://openai.com/gptbot)" 52.230.152.24
52.230.152.24 - - [20/Jun/2024:08:46:59 +0800] "GET /news/pdf/LTN201506011078.pdf HTTP/1.0" 200 69310 "-" "Mozilla/5.0 AppleWebKit/537.36 (KHTML, like Gecko; compatible; GPTBot/1.0; +https://openai.com/gptbot)" 52.230.152.24
52.230.152.24 - - [20/Jun/2024:08:47:00 +0800] "GET /news/pdf/LTN20160503545.pdf HTTP/1.0" 200 65682 "-" "Mozilla/5.0 AppleWebKit/537.36 (KHTML, like Gecko; compatible; GPTBot/1.0; +https://openai.com/gptbot)" 52.230.152.24
52.230.152.24 - - [20/Jun/2024:08:47:02 +0800] "GET /news/pdf/LTN20161125174.pdf HTTP/1.0" 200 69206 "-" "Mozilla/5.0 AppleWebKit/537.36 (KHTML, like Gecko; compatible; GPTBot/1.0; +https://openai.com/gptbot)" 52.230.152.24
52.230.152.24 - - [20/Jun/2024:08:47:03 +0800] "GET /news/pdf/LTN20160901497.pdf HTTP/1.0" 200 65608 "-" "Mozilla/5.0 AppleWebKit/537.36 (KHTML, like Gecko; compatible; GPTBot/1.0; +https://openai.com/gptbot)" 52.230.152.24
52.230.152.24 - - [20/Jun/2024:08:47:05 +0800] "GET /news/pdf/LTN20151109781.pdf HTTP/1.0" 200 114306 "-" "Mozilla/5.0 AppleWebKit/537.36 (KHTML, like Gecko; compatible; GPTBot/1.0; +https://openai.com/gptbot)" 52.230.152.24
52.230.152.24 - - [20/Jun/2024:08:47:07 +0800] "GET /news/pdf/LTN20161007466.pdf HTTP/1.0" 200 69102 "-" "Mozilla/5.0 AppleWebKit/537.36 (KHTML, like Gecko; compatible; GPTBot/1.0; +https://openai.com/gptbot)" 52.230.152.24
52.230.152.24 - - [20/Jun/2024:08:47:09 +0800] "GET /news/pdf/LTN20151123342.pdf HTTP/1.0" 200 28970 "-" "Mozilla/5.0 AppleWebKit/537.36 (KHTML, like Gecko; compatible; GPTBot/1.0; +https://openai.com/gptbot)" 52.230.152.24
52.230.152.24 - - [20/Jun/2024:08:47:09 +0800] "GET /news/pdf/LTN20151201379.pdf HTTP/1.0" 200 68760 "-" "Mozilla/5.0 AppleWebKit/537.36 (KHTML, like Gecko; compatible; GPTBot/1.0; +https://openai.com/gptbot)" 52.230.152.24
52.230.152.24 - - [20/Jun/2024:08:47:11 +0800] "GET /news/pdf/LTN20160512736.pdf HTTP/1.0" 200 83344 "-" "Mozilla/5.0 AppleWebKit/537.36 (KHTML, like Gecko; compatible; GPTBot/1.0; +https://openai.com/gptbot)" 52.230.152.24
52.230.152.24 - - [20/Jun/2024:08:47:12 +0800] "GET /news/pdf/LTN20160104576.pdf HTTP/1.0" 200 68111 "-" "Mozilla/5.0 AppleWebKit/537.36 (KHTML, like Gecko; compatible; GPTBot/1.0; +https://openai.com/gptbot)" 52.230.152.24
52.230.152.24 - - [20/Jun/2024:08:47:14 +0800] "GET /news/pdf/LTN201507131031.pdf HTTP/1.0" 200 110771 "-" "Mozilla/5.0 AppleWebKit/537.36 (KHTML, like Gecko; compatible; GPTBot/1.0; +https://openai.com/gptbot)" 52.230.152.24
52.230.152.24 - - [20/Jun/2024:08:47:15 +0800] "GET /news/pdf/LTN20160317181.pdf HTTP/1.0" 200 493345 "-" "Mozilla/5.0 AppleWebKit/537.36 (KHTML, like Gecko; compatible; GPTBot/1.0; +https://openai.com/gptbot)" 52.230.152.24
52.230.152.76 - - [20/Jun/2024:08:47:17 +0800] "GET /news/pdf/LTN20150610689.pdf HTTP/1.0" 200 72603 "-" "Mozilla/5.0 AppleWebKit/537.36 (KHTML, like Gecko; compatible; GPTBot/1.0; +https://openai.com/gptbot)" 52.230.152.76
52.230.152.76 - - [20/Jun/2024:08:47:18 +0800] "GET /news/pdf/LTN20151020227.pdf HTTP/1.0" 200 66138 "-" "Mozilla/5.0 AppleWebKit/537.36 (KHTML, like Gecko; compatible; GPTBot/1.0; +https://openai.com/gptbot)" 52.230.152.76
52.230.152.76 - - [20/Jun/2024:08:47:20 +0800] "GET /news/pdf/LTN20151222279.pdf HTTP/1.0" 200 68453 "-" "Mozilla/5.0 AppleWebKit/537.36 (KHTML, like Gecko; compatible; GPTBot/1.0; +https://openai.com/gptbot)" 52.230.152.76
52.230.152.76 - - [20/Jun/2024:08:47:21 +0800] "GET /news/pdf/LTN20150521887.pdf HTTP/1.0" 200 60678 "-" "Mozilla/5.0 AppleWebKit/537.36 (KHTML, like Gecko; compatible; GPTBot/1.0; +https://openai.com/gptbot)" 52.230.152.76
52.230.152.76 - - [20/Jun/2024:08:47:24 +0800] "GET /news/pdf/LTN20151216606.pdf HTTP/1.0" 200 76883 "-" "Mozilla/5.0 AppleWebKit/537.36 (KHTML, like Gecko; compatible; GPTBot/1.0; +https://openai.com/gptbot)" 52.230.152.76
52.230.152.76 - - [20/Jun/2024:08:47:24 +0800] "GET /news/pdf/LTN20150521885.pdf HTTP/1.0" 200 264407 "-" "Mozilla/5.0 AppleWebKit/537.36 (KHTML, like Gecko; compatible; GPTBot/1.0; +https://openai.com/gptbot)" 52.230.152.76
52.230.152.76 - - [20/Jun/2024:08:47:26 +0800] "GET /news/pdf/LTN201507021140.pdf HTTP/1.0" 200 67956 "-" "Mozilla/5.0 AppleWebKit/537.36 (KHTML, like Gecko; compatible; GPTBot/1.0; +https://openai.com/gptbot)" 52.230.152.76
52.230.152.76 - - [20/Jun/2024:08:47:27 +0800] "GET /news/pdf/LTN20150504525.pdf HTTP/1.0" 200 79665 "-" "Mozilla/5.0 AppleWebKit/537.36 (KHTML, like Gecko; compatible; GPTBot/1.0; +https://openai.com/gptbot)" 52.230.152.76
52.230.152.76 - - [20/Jun/2024:08:47:29 +0800] "GET /news/pdf/LTN20151020197.pdf HTTP/1.0" 200 151226 "-" "Mozilla/5.0 AppleWebKit/537.36 (KHTML, like Gecko; compatible; GPTBot/1.0; +https://openai.com/gptbot)" 52.230.152.76
52.230.152.76 - - [20/Jun/2024:08:47:31 +0800] "GET /news/pdf/LTN20161003439.pdf HTTP/1.0" 200 65615 "-" "Mozilla/5.0 AppleWebKit/537.36 (KHTML, like Gecko; compatible; GPTBot/1.0; +https://openai.com/gptbot)" 52.230.152.76
52.230.152.76 - - [20/Jun/2024:08:47:32 +0800] "GET /news/pdf/LTN20150930232.pdf HTTP/1.0" 200 83611 "-" "Mozilla/5.0 AppleWebKit/537.36 (KHTML, like Gecko; compatible; GPTBot/1.0; +https://openai.com/gptbot)" 52.230.152.76
69.191.249.207 - - [20/Jun/2024:08:47:34 +0800] "GET /annual_interim.php HTTP/1.0" 200 29165 "-" "BLP_bbot/0.1" 69.191.249.207
52.230.152.76 - - [20/Jun/2024:08:47:34 +0800] "GET /news/pdf/LTN20151020221.pdf HTTP/1.0" 200 71638 "-" "Mozilla/5.0 AppleWebKit/537.36 (KHTML, like Gecko; compatible; GPTBot/1.0; +https://openai.com/gptbot)" 52.230.152.76
52.230.152.76 - - [20/Jun/2024:08:47:36 +0800] "GET /news/pdf/LTN20150416485.pdf HTTP/1.0" 200 365225 "-" "Mozilla/5.0 AppleWebKit/537.36 (KHTML, like Gecko; compatible; GPTBot/1.0; +https://openai.com/gptbot)" 52.230.152.76
52.230.152.76 - - [20/Jun/2024:08:47:37 +0800] "GET /news/pdf/LTN20150910423.pdf HTTP/1.0" 200 79083 "-" "Mozilla/5.0 AppleWebKit/537.36 (KHTML, like Gecko; compatible; GPTBot/1.0; +https://openai.com/gptbot)" 52.230.152.76
52.230.152.76 - - [20/Jun/2024:08:47:39 +0800] "GET /news/pdf/LTN20160205665.pdf HTTP/1.0" 200 37911 "-" "Mozilla/5.0 AppleWebKit/537.36 (KHTML, like Gecko; compatible; GPTBot/1.0; +https://openai.com/gptbot)" 52.230.152.76
52.230.152.76 - - [20/Jun/2024:08:47:40 +0800] "GET /news/pdf/LTN20150609543.pdf HTTP/1.0" 200 69291 "-" "Mozilla/5.0 AppleWebKit/537.36 (KHTML, like Gecko; compatible; GPTBot/1.0; +https://openai.com/gptbot)" 52.230.152.76
