45.123.203.250 - - [20/Jun/2024:00:00:15 +0800] "GET /tc/pressrelease.php HTTP/1.0" 200 368714 "-" "Mozilla/5.0 (Windows NT 6.1; Win64; x64) AppleWebKit/537.36 (KHTML, like Gecko) Chrome/73.0.3683.103 Safari/537.36" 45.123.203.250
69.191.249.221 - - [20/Jun/2024:00:00:20 +0800] "GET /tc/pressrelease.php HTTP/1.0" 200 368714 "-" "BLP_bbot/0.1" 69.191.249.221
69.191.249.206 - - [20/Jun/2024:00:00:27 +0800] "GET /tc/annual_interim.php HTTP/1.0" 200 28903 "-" "BLP_bbot/0.1" 69.191.249.206
69.191.249.221 - - [20/Jun/2024:00:00:56 +0800] "GET /annual_interim.php HTTP/1.0" 200 29165 "-" "BLP_bbot/0.1" 69.191.249.221
69.171.230.1 - - [20/Jun/2024:00:02:23 +0800] "GET /contact.php HTTP/1.0" 200 11082 "-" "Python/3.10 aiohttp/3.9.3" 69.171.230.1
69.191.249.210 - - [20/Jun/2024:00:02:46 +0800] "GET /pressrelease.php HTTP/1.0" 200 368765 "-" "BLP_bbot/0.1" 69.191.249.210
112.17.10.224 - - [20/Jun/2024:00:03:10 +0800] "GET / HTTP/1.0" 200 13829 "-" "Mozilla/5.0 (Windows NT 6.1; Win64; x64) AppleWebKit/537.36 (KHTML, like Gecko) Chrome/65.0.3325.181 Safari/537.36" 112.17.10.224
69.191.249.212 - - [20/Jun/2024:00:04:15 +0800] "GET /tc/pressrelease.php HTTP/1.0" 200 368714 "-" "BLP_bbot/0.1" 69.191.249.212
69.191.249.221 - - [20/Jun/2024:00:04:25 +0800] "GET /tc/annual_interim.php HTTP/1.0" 200 28903 "-" "BLP_bbot/0.1" 69.191.249.221
69.191.249.221 - - [20/Jun/2024:00:04:50 +0800] "GET /annual_interim.php HTTP/1.0" 200 29165 "-" "BLP_bbot/0.1" 69.191.249.221
69.191.249.211 - - [20/Jun/2024:00:06:36 +0800] "GET /pressrelease.php HTTP/1.0" 200 368765 "-" "BLP_bbot/0.1" 69.191.249.211
69.191.249.216 - - [20/Jun/2024:00:08:10 +0800] "GET /tc/pressrelease.php HTTP/1.0" 200 368714 "-" "BLP_bbot/0.1" 69.191.249.216
69.191.249.206 - - [20/Jun/2024:00:08:16 +0800] "GET /tc/annual_interim.php HTTP/1.0" 200 28903 "-" "BLP_bbot/0.1" 69.191.249.206
69.191.249.212 - - [20/Jun/2024:00:08:52 +0800] "GET /annual_interim.php HTTP/1.0" 200 29165 "-" "BLP_bbot/0.1" 69.191.249.212
69.191.249.218 - - [20/Jun/2024:00:10:40 +0800] "GET /pressrelease.php HTTP/1.0" 200 368765 "-" "BLP_bbot/0.1" 69.191.249.218
101.67.50.86 - - [20/Jun/2024:00:11:20 +0800] "GET /tc/common_tc.css HTTP/1.0" 200 2914 "http://www.1166hk.com/tc/index.php" "Mozilla/5.0 (Macintosh; Intel Mac OS X 10_13_6) AppleWebKit/537.36 (KHTML, like Gecko) Chrome/73.0.3683.103 Safari/537.36" 101.67.50.86
66.249.66.160 - - [20/Jun/2024:00:11:26 +0800] "GET / HTTP/1.0" 200 13829 "-" "Mozilla/5.0 (compatible; Googlebot/2.1; +http://www.google.com/bot.html)" 66.249.66.160
69.191.249.206 - - [20/Jun/2024:00:12:01 +0800] "GET /tc/pressrelease.php HTTP/1.0" 200 368714 "-" "BLP_bbot/0.1" 69.191.249.206
69.191.249.217 - - [20/Jun/2024:00:12:14 +0800] "GET /tc/annual_interim.php HTTP/1.0" 200 28903 "-" "BLP_bbot/0.1" 69.191.249.217
69.191.249.220 - - [20/Jun/2024:00:13:01 +0800] "GET /annual_interim.php HTTP/1.0" 200 29165 "-" "BLP_bbot/0.1" 69.191.249.220
95.152.62.252 - - [20/Jun/2024:00:13:58 +0800] "GET / HTTP/1.0" 200 13829 "http://www.1166hk.com/" "Mozilla/5.0 (Windows NT 10.0; Win64; x64) AppleWebKit/537.36 (KHTML, like Gecko) Chrome/103.0.5060.66 Safari/537.36" 95.152.62.252
95.152.62.252 - - [20/Jun/2024:00:14:13 +0800] "GET /board_comm.php HTTP/1.0" 200 12162 "http://www.1166hk.com/board_comm.php" "Mozilla/5.0 (Windows NT 10.0; Win64; x64) AppleWebKit/537.36 (KHTML, like Gecko) Chrome/103.0.5060.66 Safari/537.36" 95.152.62.252
95.152.62.252 - - [20/Jun/2024:00:14:34 +0800] "GET /E-BoardComm2022.pdf HTTP/1.0" 200 4388 "http://www.1166hk.com/E-BoardComm2022.pdf" "Mozilla/5.0 (Windows NT 10.0; Win64; x64) AppleWebKit/537.36 (KHTML, like Gecko) Chrome/103.0.5060.66 Safari/537.36" 95.152.62.252
95.152.62.252 - - [20/Jun/2024:00:14:40 +0800] "GET /contact.php HTTP/1.0" 200 11082 "http://www.1166hk.com/contact.php" "Mozilla/5.0 (Windows NT 10.0; Win64; x64) AppleWebKit/537.36 (KHTML, like Gecko) Chrome/103.0.5060.66 Safari/537.36" 95.152.62.252
69.191.249.207 - - [20/Jun/2024:00:14:41 +0800] "GET /pressrelease.php HTTP/1.0" 200 368765 "-" "BLP_bbot/0.1" 69.191.249.207
69.191.249.220 - - [20/Jun/2024:00:15:58 +0800] "GET /tc/pressrelease.php HTTP/1.0" 200 368714 "-" "BLP_bbot/0.1" 69.191.249.220
69.191.249.221 - - [20/Jun/2024:00:16:21 +0800] "GET /tc/annual_interim.php HTTP/1.0" 200 28903 "-" "BLP_bbot/0.1" 69.191.249.221
69.191.249.201 - - [20/Jun/2024:00:16:58 +0800] "GET /annual_interim.php HTTP/1.0" 200 29165 "-" "BLP_bbot/0.1" 69.191.249.201
121.229.156.77 - - [20/Jun/2024:00:18:08 +0800] "GET / HTTP/1.0" 200 13829 "-" "Sogou web spider/4.0(+http://www.sogou.com/docs/help/webmasters.htm#07)" 121.229.156.77
69.191.249.217 - - [20/Jun/2024:00:18:50 +0800] "GET /pressrelease.php HTTP/1.0" 200 368765 "-" "BLP_bbot/0.1" 69.191.249.217
69.191.249.221 - - [20/Jun/2024:00:20:06 +0800] "GET /tc/pressrelease.php HTTP/1.0" 200 368714 "-" "BLP_bbot/0.1" 69.191.249.221
69.191.249.212 - - [20/Jun/2024:00:20:20 +0800] "GET /tc/annual_interim.php HTTP/1.0" 200 28903 "-" "BLP_bbot/0.1" 69.191.249.212
66.249.66.160 - - [20/Jun/2024:00:20:22 +0800] "GET /tc/pressrelease.php/news/news/pdf/LTN20100531269_C.pdf HTTP/1.0" 200 368714 "-" "Mozilla/5.0 AppleWebKit/537.36 (KHTML, like Gecko; compatible; GoogleOther) Chrome/125.0.6422.175 Safari/537.36" 66.249.66.160
66.249.66.169 - - [20/Jun/2024:00:20:24 +0800] "GET /tc/pressrelease.php/news/pdf/LTN20151020222_C.pdf HTTP/1.0" 200 368714 "-" "Mozilla/5.0 AppleWebKit/537.36 (KHTML, like Gecko; compatible; GoogleOther) Chrome/125.0.6422.175 Safari/537.36" 66.249.66.169
69.191.249.212 - - [20/Jun/2024:00:21:09 +0800] "GET /annual_interim.php HTTP/1.0" 200 29165 "-" "BLP_bbot/0.1" 69.191.249.212
69.191.249.219 - - [20/Jun/2024:00:22:58 +0800] "GET /pressrelease.php HTTP/1.0" 200 368765 "-" "BLP_bbot/0.1" 69.191.249.219
69.191.249.211 - - [20/Jun/2024:00:24:04 +0800] "GET /tc/pressrelease.php HTTP/1.0" 200 368714 "-" "BLP_bbot/0.1" 69.191.249.211
69.191.249.216 - - [20/Jun/2024:00:24:16 +0800] "GET /tc/annual_interim.php HTTP/1.0" 200 28903 "-" "BLP_bbot/0.1" 69.191.249.216
69.191.249.211 - - [20/Jun/2024:00:25:05 +0800] "GET /annual_interim.php HTTP/1.0" 200 29165 "-" "BLP_bbot/0.1" 69.191.249.211
103.131.71.24 - - [20/Jun/2024:00:25:11 +0800] "GET /robots.txt HTTP/1.0" 404 9957 "-" "Mozilla/5.0 (compatible; coccocbot-image/1.0; +http://help.coccoc.com/searchengine)" 103.131.71.24
103.131.71.34 - - [20/Jun/2024:00:25:15 +0800] "GET /robots.txt HTTP/1.0" 404 9957 "-" "Mozilla/5.0 (compatible; coccocbot-image/1.0; +http://help.coccoc.com/searchengine)" 103.131.71.34
103.131.71.28 - - [20/Jun/2024:00:25:17 +0800] "GET /Hua_Yi_Copper_Products/About_Us_files/shapeimage_4.png HTTP/1.0" 200 24839 "-" "Mozilla/5.0 (compatible; coccocbot-image/1.0; +http://help.coccoc.com/searchengine)" 103.131.71.28
66.249.66.160 - - [20/Jun/2024:00:25:25 +0800] "GET /index.php HTTP/1.0" 200 13829 "-" "Mozilla/5.0 (Linux; Android 6.0.1; Nexus 5X Build/MMB29P) AppleWebKit/537.36 (KHTML, like Gecko) Chrome/125.0.6422.175 Mobile Safari/537.36 (compatible; Googlebot/2.1; +http://www.google.com/bot.html)" 66.249.66.160
66.249.66.168 - - [20/Jun/2024:00:25:42 +0800] "GET / HTTP/1.0" 200 13829 "-" "Mozilla/5.0 (Linux; Android 6.0.1; Nexus 5X Build/MMB29P) AppleWebKit/537.36 (KHTML, like Gecko) Chrome/125.0.6422.175 Mobile Safari/537.36 (compatible; Googlebot/2.1; +http://www.google.com/bot.html)" 66.249.66.168
69.191.249.221 - - [20/Jun/2024:00:27:09 +0800] "GET /pressrelease.php HTTP/1.0" 200 368765 "-" "BLP_bbot/0.1" 69.191.249.221
69.191.249.212 - - [20/Jun/2024:00:27:53 +0800] "GET /tc/pressrelease.php HTTP/1.0" 200 368714 "-" "BLP_bbot/0.1" 69.191.249.212
116.179.32.84 - - [20/Jun/2024:00:28:05 +0800] "GET /news/pdf/LTN20120305756_C.pdf HTTP/1.0" 200 12559 "-" "Mozilla/5.0 (compatible; Baiduspider/2.0; +http://www.baidu.com/search/spider.html)" 116.179.32.84
69.191.249.220 - - [20/Jun/2024:00:28:18 +0800] "GET /tc/annual_interim.php HTTP/1.0" 200 28903 "-" "BLP_bbot/0.1" 69.191.249.220
111.224.248.195 - - [20/Jun/2024:00:29:13 +0800] "GET /tc/pressrelease.php HTTP/1.0" 200 368714 "-" "Mozilla/5.0 (Macintosh; Intel Mac OS X 10_15_7) AppleWebKit/537.36 (KHTML, like Gecko) Chrome/109.0.0.0 Safari/537.36" 111.224.248.195
69.191.249.210 - - [20/Jun/2024:00:29:13 +0800] "GET /annual_interim.php HTTP/1.0" 200 29165 "-" "BLP_bbot/0.1" 69.191.249.210
69.191.249.207 - - [20/Jun/2024:00:31:21 +0800] "GET /pressrelease.php HTTP/1.0" 200 368765 "-" "BLP_bbot/0.1" 69.191.249.207
69.191.249.206 - - [20/Jun/2024:00:31:54 +0800] "GET /tc/pressrelease.php HTTP/1.0" 200 368714 "-" "BLP_bbot/0.1" 69.191.249.206
69.191.249.219 - - [20/Jun/2024:00:32:20 +0800] "GET /tc/annual_interim.php HTTP/1.0" 200 28903 "-" "BLP_bbot/0.1" 69.191.249.219
180.102.110.164 - - [20/Jun/2024:00:33:09 +0800] "GET / HTTP/1.0" 200 13829 "-" "Sogou web spider/4.0(+http://www.sogou.com/docs/help/webmasters.htm#07)" 180.102.110.164
69.191.249.201 - - [20/Jun/2024:00:33:19 +0800] "GET /annual_interim.php HTTP/1.0" 200 29165 "-" "BLP_bbot/0.1" 69.191.249.201
69.191.249.220 - - [20/Jun/2024:00:35:13 +0800] "GET /pressrelease.php HTTP/1.0" 200 368765 "-" "BLP_bbot/0.1" 69.191.249.220
69.191.249.212 - - [20/Jun/2024:00:35:46 +0800] "GET /tc/pressrelease.php HTTP/1.0" 200 368714 "-" "BLP_bbot/0.1" 69.191.249.212
69.191.249.210 - - [20/Jun/2024:00:36:25 +0800] "GET /tc/annual_interim.php HTTP/1.0" 200 28903 "-" "BLP_bbot/0.1" 69.191.249.210
114.220.155.154 - - [20/Jun/2024:00:37:12 +0800] "GET / HTTP/1.0" 200 13829 "-" "Mozilla/5.0 (Macintosh; Intel Mac OS X 10_15_7) AppleWebKit/537.36 (KHTML, like Gecko) Chrome/109.0.0.0 Safari/537.36" 114.220.155.154
69.191.249.219 - - [20/Jun/2024:00:37:15 +0800] "GET /annual_interim.php HTTP/1.0" 200 29165 "-" "BLP_bbot/0.1" 69.191.249.219
69.191.249.221 - - [20/Jun/2024:00:39:12 +0800] "GET /pressrelease.php HTTP/1.0" 200 368765 "-" "BLP_bbot/0.1" 69.191.249.221
69.191.249.211 - - [20/Jun/2024:00:39:54 +0800] "GET /tc/pressrelease.php HTTP/1.0" 200 368714 "-" "BLP_bbot/0.1" 69.191.249.211
69.191.249.201 - - [20/Jun/2024:00:40:16 +0800] "GET /tc/annual_interim.php HTTP/1.0" 200 28903 "-" "BLP_bbot/0.1" 69.191.249.201
69.191.249.211 - - [20/Jun/2024:00:41:20 +0800] "GET /annual_interim.php HTTP/1.0" 200 29165 "-" "BLP_bbot/0.1" 69.191.249.211
69.191.249.218 - - [20/Jun/2024:00:43:15 +0800] "GET /pressrelease.php HTTP/1.0" 200 368765 "-" "BLP_bbot/0.1" 69.191.249.218
69.191.249.206 - - [20/Jun/2024:00:44:04 +0800] "GET /tc/pressrelease.php HTTP/1.0" 200 368714 "-" "BLP_bbot/0.1" 69.191.249.206
69.191.249.219 - - [20/Jun/2024:00:44:10 +0800] "GET /tc/annual_interim.php HTTP/1.0" 200 28903 "-" "BLP_bbot/0.1" 69.191.249.219
69.191.249.219 - - [20/Jun/2024:00:45:31 +0800] "GET /annual_interim.php HTTP/1.0" 200 29165 "-" "BLP_bbot/0.1" 69.191.249.219
69.191.249.219 - - [20/Jun/2024:00:47:18 +0800] "GET /pressrelease.php HTTP/1.0" 200 368765 "-" "BLP_bbot/0.1" 69.191.249.219
69.191.249.219 - - [20/Jun/2024:00:47:54 +0800] "GET /tc/pressrelease.php HTTP/1.0" 200 368714 "-" "BLP_bbot/0.1" 69.191.249.219
69.191.249.201 - - [20/Jun/2024:00:48:11 +0800] "GET /tc/annual_interim.php HTTP/1.0" 200 28903 "-" "BLP_bbot/0.1" 69.191.249.201
69.191.249.221 - - [20/Jun/2024:00:49:25 +0800] "GET /annual_interim.php HTTP/1.0" 200 29165 "-" "BLP_bbot/0.1" 69.191.249.221
66.249.66.168 - - [20/Jun/2024:00:50:12 +0800] "GET /tc/pressrelease.php/news/news/pdf/LTN20151020478_C.pdf HTTP/1.0" 200 368714 "-" "Mozilla/5.0 AppleWebKit/537.36 (KHTML, like Gecko; compatible; GoogleOther) Chrome/125.0.6422.175 Safari/537.36" 66.249.66.168
66.249.66.168 - - [20/Jun/2024:00:50:14 +0800] "GET /tc/pressrelease.php/news/news/2008/C-20081230-05.pdf HTTP/1.0" 200 368714 "-" "Mozilla/5.0 AppleWebKit/537.36 (KHTML, like Gecko; compatible; GoogleOther) Chrome/125.0.6422.175 Safari/537.36" 66.249.66.168
66.249.66.169 - - [20/Jun/2024:00:50:14 +0800] "GET /tc/pressrelease.php/news/news/2007/privacy_ch.pdf HTTP/1.0" 200 368714 "-" "Mozilla/5.0 AppleWebKit/537.36 (KHTML, like Gecko; compatible; GoogleOther) Chrome/125.0.6422.175 Safari/537.36" 66.249.66.169
66.249.66.160 - - [20/Jun/2024:00:50:16 +0800] "GET /tc/pressrelease.php/news/news/pdf/LTN20120103413_C.pdf HTTP/1.0" 200 368714 "-" "Mozilla/5.0 AppleWebKit/537.36 (KHTML, like Gecko; compatible; GoogleOther) Chrome/125.0.6422.175 Safari/537.36" 66.249.66.160
66.249.66.169 - - [20/Jun/2024:00:50:17 +0800] "GET /tc/pressrelease.php/news/news/2004/20041201.pdf HTTP/1.0" 200 368714 "-" "Mozilla/5.0 AppleWebKit/537.36 (KHTML, like Gecko; compatible; GoogleOther) Chrome/125.0.6422.175 Safari/537.36" 66.249.66.169
69.191.249.201 - - [20/Jun/2024:00:51:07 +0800] "GET /pressrelease.php HTTP/1.0" 200 368765 "-" "BLP_bbot/0.1" 69.191.249.201
69.191.249.218 - - [20/Jun/2024:00:52:03 +0800] "GET /tc/pressrelease.php HTTP/1.0" 200 368714 "-" "BLP_bbot/0.1" 69.191.249.218
69.191.249.217 - - [20/Jun/2024:00:52:09 +0800] "GET /tc/annual_interim.php HTTP/1.0" 200 28903 "-" "BLP_bbot/0.1" 69.191.249.217
69.191.249.220 - - [20/Jun/2024:00:53:23 +0800] "GET /annual_interim.php HTTP/1.0" 200 29165 "-" "BLP_bbot/0.1" 69.191.249.220
69.191.249.206 - - [20/Jun/2024:00:55:15 +0800] "GET /pressrelease.php HTTP/1.0" 200 368765 "-" "BLP_bbot/0.1" 69.191.249.206
69.191.249.211 - - [20/Jun/2024:00:55:54 +0800] "GET /tc/pressrelease.php HTTP/1.0" 200 368714 "-" "BLP_bbot/0.1" 69.191.249.211
69.191.249.221 - - [20/Jun/2024:00:56:08 +0800] "GET /tc/annual_interim.php HTTP/1.0" 200 28903 "-" "BLP_bbot/0.1" 69.191.249.221
69.191.249.211 - - [20/Jun/2024:00:57:31 +0800] "GET /annual_interim.php HTTP/1.0" 200 29165 "-" "BLP_bbot/0.1" 69.191.249.211
45.123.203.250 - - [20/Jun/2024:00:58:25 +0800] "GET /tc/annual_interim.php HTTP/1.0" 200 28903 "-" "Mozilla/5.0 (Windows NT 6.1; Win64; x64) AppleWebKit/537.36 (KHTML, like Gecko) Chrome/73.0.3683.103 Safari/537.36" 45.123.203.250
69.191.249.217 - - [20/Jun/2024:00:59:23 +0800] "GET /pressrelease.php HTTP/1.0" 200 368765 "-" "BLP_bbot/0.1" 69.191.249.217
69.191.249.220 - - [20/Jun/2024:00:59:48 +0800] "GET /tc/pressrelease.php HTTP/1.0" 200 368714 "-" "BLP_bbot/0.1" 69.191.249.220
69.191.249.211 - - [20/Jun/2024:01:00:00 +0800] "GET /tc/annual_interim.php HTTP/1.0" 200 28903 "-" "BLP_bbot/0.1" 69.191.249.211
69.191.249.206 - - [20/Jun/2024:01:01:29 +0800] "GET /annual_interim.php HTTP/1.0" 200 29165 "-" "BLP_bbot/0.1" 69.191.249.206
69.191.249.219 - - [20/Jun/2024:01:03:15 +0800] "GET /pressrelease.php HTTP/1.0" 200 368765 "-" "BLP_bbot/0.1" 69.191.249.219
8.134.124.81 - - [20/Jun/2024:01:03:16 +0800] "GET / HTTP/1.0" 200 13829 "-" "Mozilla/5.0 (Windows NT 6.1; Win64; x64) AppleWebKit/537.36 (KHTML, like Gecko) Chrome/65.0.3325.181 Safari/537.36" 8.134.124.81
69.191.249.219 - - [20/Jun/2024:01:03:38 +0800] "GET /tc/pressrelease.php HTTP/1.0" 200 368714 "-" "BLP_bbot/0.1" 69.191.249.219
69.191.249.221 - - [20/Jun/2024:01:03:57 +0800] "GET /tc/annual_interim.php HTTP/1.0" 200 28903 "-" "BLP_bbot/0.1" 69.191.249.221
207.148.127.232 - - [20/Jun/2024:01:04:03 +0800] "GET /news/pdf/LTN20160805340_C.pdf HTTP/1.0" 200 131297 "-" "Mozilla/5.0 (Windows NT 10.0; Win64; x64) AppleWebKit/537.36 (KHTML, like Gecko) Chrome/68.0.3440.75 Safari/537.36" 207.148.127.232
128.199.225.236 - - [20/Jun/2024:01:04:15 +0800] "GET /news/pdf/LTN20160805340_C.pdf HTTP/1.0" 200 131297 "-" "Mozilla/5.0 (Windows NT 10.0; Win64; x64) AppleWebKit/537.36 (KHTML, like Gecko) Chrome/68.0.3440.75 Safari/537.36" 128.199.225.236
59.148.101.232 - - [20/Jun/2024:01:04:29 +0800] "GET / HTTP/1.0" 200 13829 "-" "python-requests/2.27.1" 59.148.101.232
66.249.66.169 - - [20/Jun/2024:01:05:22 +0800] "GET /tc/pressrelease.php/tc/tc/news/2009/C-20090615-01.pdf HTTP/1.0" 200 368714 "-" "Mozilla/5.0 (Linux; Android 6.0.1; Nexus 5X Build/MMB29P) AppleWebKit/537.36 (KHTML, like Gecko) Chrome/125.0.6422.175 Mobile Safari/537.36 (compatible; Googlebot/2.1; +http://www.google.com/bot.html)" 66.249.66.169
69.191.249.211 - - [20/Jun/2024:01:05:39 +0800] "GET /annual_interim.php HTTP/1.0" 200 29165 "-" "BLP_bbot/0.1" 69.191.249.211
69.191.249.211 - - [20/Jun/2024:01:07:07 +0800] "GET /pressrelease.php HTTP/1.0" 200 368765 "-" "BLP_bbot/0.1" 69.191.249.211
69.191.249.207 - - [20/Jun/2024:01:07:39 +0800] "GET /tc/pressrelease.php HTTP/1.0" 200 368714 "-" "BLP_bbot/0.1" 69.191.249.207
69.191.249.218 - - [20/Jun/2024:01:07:58 +0800] "GET /tc/annual_interim.php HTTP/1.0" 200 28903 "-" "BLP_bbot/0.1" 69.191.249.218
69.191.249.218 - - [20/Jun/2024:01:09:42 +0800] "GET /annual_interim.php HTTP/1.0" 200 29165 "-" "BLP_bbot/0.1" 69.191.249.218
66.249.66.169 - - [20/Jun/2024:01:10:39 +0800] "GET / HTTP/1.0" 200 13829 "-" "Mozilla/5.0 (compatible; Googlebot/2.1; +http://www.google.com/bot.html)" 66.249.66.169
69.191.249.207 - - [20/Jun/2024:01:11:18 +0800] "GET /pressrelease.php HTTP/1.0" 200 368765 "-" "BLP_bbot/0.1" 69.191.249.207
69.191.249.221 - - [20/Jun/2024:01:11:45 +0800] "GET /tc/pressrelease.php HTTP/1.0" 200 368714 "-" "BLP_bbot/0.1" 69.191.249.221
69.191.249.217 - - [20/Jun/2024:01:12:10 +0800] "GET /tc/annual_interim.php HTTP/1.0" 200 28903 "-" "BLP_bbot/0.1" 69.191.249.217
35.184.34.71 - - [20/Jun/2024:01:13:18 +0800] "GET /robots.txt HTTP/1.0" 404 9957 "-" "-" 35.184.34.71
35.239.239.68 - - [20/Jun/2024:01:13:21 +0800] "GET / HTTP/1.0" 200 13829 "-" "Mozilla/5.0 (Windows NT 10.0; Win64; x64) AppleWebKit/537.36 (KHTML, like Gecko) Chrome/119.0.0.0 Safari/537.36" 35.239.239.68
35.239.239.68 - - [20/Jun/2024:01:13:21 +0800] "GET /common.css HTTP/1.0" 200 2745 "http://www.1166hk.com/" "Mozilla/5.0 (Windows NT 10.0; Win64; x64) AppleWebKit/537.36 (KHTML, like Gecko) Chrome/119.0.0.0 Safari/537.36" 35.239.239.68
35.184.34.71 - - [20/Jun/2024:01:13:21 +0800] "GET /images/heading1.jpg HTTP/1.0" 200 21104 "http://www.1166hk.com/" "Mozilla/5.0 (Windows NT 10.0; Win64; x64) AppleWebKit/537.36 (KHTML, like Gecko) Chrome/119.0.0.0 Safari/537.36" 35.184.34.71
35.239.239.68 - - [20/Jun/2024:01:13:21 +0800] "GET /images/graphic1_03.gif HTTP/1.0" 200 622 "http://www.1166hk.com/" "Mozilla/5.0 (Windows NT 10.0; Win64; x64) AppleWebKit/537.36 (KHTML, like Gecko) Chrome/119.0.0.0 Safari/537.36" 35.239.239.68
35.239.239.68 - - [20/Jun/2024:01:13:21 +0800] "GET /iesuck.js HTTP/1.0" 200 877 "http://www.1166hk.com/" "Mozilla/5.0 (Windows NT 10.0; Win64; x64) AppleWebKit/537.36 (KHTML, like Gecko) Chrome/119.0.0.0 Safari/537.36" 35.239.239.68
35.239.239.68 - - [20/Jun/2024:01:13:21 +0800] "GET /images/bt_home.gif HTTP/1.0" 200 452 "http://www.1166hk.com/" "Mozilla/5.0 (Windows NT 10.0; Win64; x64) AppleWebKit/537.36 (KHTML, like Gecko) Chrome/119.0.0.0 Safari/537.36" 35.239.239.68
35.239.239.68 - - [20/Jun/2024:01:13:21 +0800] "GET /images/web-1_04.gif HTTP/1.0" 200 311 "http://www.1166hk.com/" "Mozilla/5.0 (Windows NT 10.0; Win64; x64) AppleWebKit/537.36 (KHTML, like Gecko) Chrome/119.0.0.0 Safari/537.36" 35.239.239.68
35.239.239.68 - - [20/Jun/2024:01:13:22 +0800] "GET /images/bt_contact.gif HTTP/1.0" 200 565 "http://www.1166hk.com/" "Mozilla/5.0 (Windows NT 10.0; Win64; x64) AppleWebKit/537.36 (KHTML, like Gecko) Chrome/119.0.0.0 Safari/537.36" 35.239.239.68
35.239.239.68 - - [20/Jun/2024:01:13:22 +0800] "GET /images/bt_eng_sel.gif HTTP/1.0" 200 710 "http://www.1166hk.com/" "Mozilla/5.0 (Windows NT 10.0; Win64; x64) AppleWebKit/537.36 (KHTML, like Gecko) Chrome/119.0.0.0 Safari/537.36" 35.239.239.68
35.239.239.68 - - [20/Jun/2024:01:13:22 +0800] "GET /images/bt_chin.gif HTTP/1.0" 200 566 "http://www.1166hk.com/" "Mozilla/5.0 (Windows NT 10.0; Win64; x64) AppleWebKit/537.36 (KHTML, like Gecko) Chrome/119.0.0.0 Safari/537.36" 35.239.239.68
35.239.239.68 - - [20/Jun/2024:01:13:22 +0800] "GET /images/spacer.gif HTTP/1.0" 200 301 "http://www.1166hk.com/" "Mozilla/5.0 (Windows NT 10.0; Win64; x64) AppleWebKit/537.36 (KHTML, like Gecko) Chrome/119.0.0.0 Safari/537.36" 35.239.239.68
35.239.239.68 - - [20/Jun/2024:01:13:22 +0800] "GET /images/logo.gif HTTP/1.0" 200 3202 "http://www.1166hk.com/" "Mozilla/5.0 (Windows NT 10.0; Win64; x64) AppleWebKit/537.36 (KHTML, like Gecko) Chrome/119.0.0.0 Safari/537.36" 35.239.239.68
35.239.239.68 - - [20/Jun/2024:01:13:22 +0800] "GET /images/menu-r3.gif HTTP/1.0" 200 611 "http://www.1166hk.com/" "Mozilla/5.0 (Windows NT 10.0; Win64; x64) AppleWebKit/537.36 (KHTML, like Gecko) Chrome/119.0.0.0 Safari/537.36" 35.239.239.68
35.239.239.68 - - [20/Jun/2024:01:13:22 +0800] "GET /images/bt_home_up.gif HTTP/1.0" 200 1729 "http://www.1166hk.com/" "Mozilla/5.0 (Windows NT 10.0; Win64; x64) AppleWebKit/537.36 (KHTML, like Gecko) Chrome/119.0.0.0 Safari/537.36" 35.239.239.68
35.184.34.71 - - [20/Jun/2024:01:13:22 +0800] "GET /images/bt_contact_up.gif HTTP/1.0" 200 2343 "http://www.1166hk.com/" "Mozilla/5.0 (Windows NT 10.0; Win64; x64) AppleWebKit/537.36 (KHTML, like Gecko) Chrome/119.0.0.0 Safari/537.36" 35.184.34.71
35.239.239.68 - - [20/Jun/2024:01:13:22 +0800] "GET /images/bt_chin_up.gif HTTP/1.0" 200 2351 "http://www.1166hk.com/" "Mozilla/5.0 (Windows NT 10.0; Win64; x64) AppleWebKit/537.36 (KHTML, like Gecko) Chrome/119.0.0.0 Safari/537.36" 35.239.239.68
65.154.226.166 - - [20/Jun/2024:01:13:29 +0800] "GET / HTTP/1.0" 200 13829 "-" "Mozilla/5.0 (Windows NT 10.0) AppleWebKit/537.36 (KHTML, like Gecko) Chrome/106.0.0.0 Safari/537.36" 65.154.226.166
69.191.249.210 - - [20/Jun/2024:01:13:39 +0800] "GET /annual_interim.php HTTP/1.0" 200 29165 "-" "BLP_bbot/0.1" 69.191.249.210
69.191.249.216 - - [20/Jun/2024:01:15:15 +0800] "GET /pressrelease.php HTTP/1.0" 200 368765 "-" "BLP_bbot/0.1" 69.191.249.216
66.249.66.169 - - [20/Jun/2024:01:15:17 +0800] "GET /tc/news/2009/C-20090526-01.pdf HTTP/1.0" 200 119910 "-" "Mozilla/5.0 (Linux; Android 6.0.1; Nexus 5X Build/MMB29P) AppleWebKit/537.36 (KHTML, like Gecko) Chrome/125.0.6422.175 Mobile Safari/537.36 (compatible; Googlebot/2.1; +http://www.google.com/bot.html)" 66.249.66.169
69.191.249.211 - - [20/Jun/2024:01:15:39 +0800] "GET /tc/pressrelease.php HTTP/1.0" 200 368714 "-" "BLP_bbot/0.1" 69.191.249.211
69.191.249.207 - - [20/Jun/2024:01:16:10 +0800] "GET /tc/annual_interim.php HTTP/1.0" 200 28903 "-" "BLP_bbot/0.1" 69.191.249.207
69.191.249.217 - - [20/Jun/2024:01:17:49 +0800] "GET /annual_interim.php HTTP/1.0" 200 29165 "-" "BLP_bbot/0.1" 69.191.249.217
69.191.249.217 - - [20/Jun/2024:01:19:14 +0800] "GET /pressrelease.php HTTP/1.0" 200 368765 "-" "BLP_bbot/0.1" 69.191.249.217
69.191.249.210 - - [20/Jun/2024:01:19:39 +0800] "GET /tc/pressrelease.php HTTP/1.0" 200 368714 "-" "BLP_bbot/0.1" 69.191.249.210
66.249.66.169 - - [20/Jun/2024:01:20:13 +0800] "GET /tc/pressrelease.php/news/news/pdf/LTN20110225662_C.pdf HTTP/1.0" 200 368714 "-" "Mozilla/5.0 AppleWebKit/537.36 (KHTML, like Gecko; compatible; GoogleOther) Chrome/125.0.6422.175 Safari/537.36" 66.249.66.169
66.249.66.168 - - [20/Jun/2024:01:20:13 +0800] "GET /tc/pressrelease.php/tc/news/news/pdf/LTN20100504279_C.pdf HTTP/1.0" 200 368714 "-" "Mozilla/5.0 AppleWebKit/537.36 (KHTML, like Gecko; compatible; GoogleOther) Chrome/125.0.6422.175 Safari/537.36" 66.249.66.168
66.249.71.136 - - [20/Jun/2024:01:20:14 +0800] "GET /tc/pressrelease.php/news/news/pdf/2024020101162_c.pdf HTTP/1.0" 200 368714 "-" "Mozilla/5.0 AppleWebKit/537.36 (KHTML, like Gecko; compatible; GoogleOther) Chrome/125.0.6422.175 Safari/537.36" 66.249.71.136
66.249.66.169 - - [20/Jun/2024:01:20:15 +0800] "GET /tc/pressrelease.php/news/news/pdf/LTN20130828453_C.pdf HTTP/1.0" 200 368714 "-" "Mozilla/5.0 AppleWebKit/537.36 (KHTML, like Gecko; compatible; GoogleOther) Chrome/125.0.6422.175 Safari/537.36" 66.249.66.169
66.249.66.169 - - [20/Jun/2024:01:20:16 +0800] "GET /tc/pressrelease.php/tc/news/2004/news/2006/C1166_Dissemination.pdf HTTP/1.0" 200 368714 "-" "Mozilla/5.0 AppleWebKit/537.36 (KHTML, like Gecko; compatible; GoogleOther) Chrome/125.0.6422.175 Safari/537.36" 66.249.66.169
66.249.66.169 - - [20/Jun/2024:01:20:16 +0800] "GET /tc/pressrelease.php/news/news/2008/C-20080331-02.pdf HTTP/1.0" 200 368714 "-" "Mozilla/5.0 AppleWebKit/537.36 (KHTML, like Gecko; compatible; GoogleOther) Chrome/125.0.6422.175 Safari/537.36" 66.249.66.169
66.249.66.169 - - [20/Jun/2024:01:20:16 +0800] "GET /tc/pressrelease.php/news/news/2007/C1166_Dissemination.pdf HTTP/1.0" 200 368714 "-" "Mozilla/5.0 AppleWebKit/537.36 (KHTML, like Gecko; compatible; GoogleOther) Chrome/125.0.6422.175 Safari/537.36" 66.249.66.169
66.249.66.168 - - [20/Jun/2024:01:20:17 +0800] "GET /tc/pressrelease.php/news/news/pdf/LTN20111011241_C.pdf HTTP/1.0" 200 368714 "-" "Mozilla/5.0 AppleWebKit/537.36 (KHTML, like Gecko; compatible; GoogleOther) Chrome/125.0.6422.175 Safari/537.36" 66.249.66.168
69.191.249.210 - - [20/Jun/2024:01:20:19 +0800] "GET /tc/annual_interim.php HTTP/1.0" 200 28903 "-" "BLP_bbot/0.1" 69.191.249.210
69.191.249.207 - - [20/Jun/2024:01:21:54 +0800] "GET /annual_interim.php HTTP/1.0" 200 29165 "-" "BLP_bbot/0.1" 69.191.249.207
69.191.249.207 - - [20/Jun/2024:01:23:19 +0800] "GET /pressrelease.php HTTP/1.0" 200 368765 "-" "BLP_bbot/0.1" 69.191.249.207
69.191.249.216 - - [20/Jun/2024:01:23:39 +0800] "GET /tc/pressrelease.php HTTP/1.0" 200 368714 "-" "BLP_bbot/0.1" 69.191.249.216
69.191.249.219 - - [20/Jun/2024:01:24:25 +0800] "GET /tc/annual_interim.php HTTP/1.0" 200 28903 "-" "BLP_bbot/0.1" 69.191.249.219
66.249.66.168 - - [20/Jun/2024:01:25:32 +0800] "GET / HTTP/1.0" 200 13829 "-" "Mozilla/5.0 (Linux; Android 6.0.1; Nexus 5X Build/MMB29P) AppleWebKit/537.36 (KHTML, like Gecko) Chrome/125.0.6422.175 Mobile Safari/537.36 (compatible; Googlebot/2.1; +http://www.google.com/bot.html)" 66.249.66.168
69.191.249.201 - - [20/Jun/2024:01:25:57 +0800] "GET /annual_interim.php HTTP/1.0" 200 29165 "-" "BLP_bbot/0.1" 69.191.249.201
69.191.249.221 - - [20/Jun/2024:01:27:24 +0800] "GET /pressrelease.php HTTP/1.0" 200 368765 "-" "BLP_bbot/0.1" 69.191.249.221
69.191.249.218 - - [20/Jun/2024:01:27:33 +0800] "GET /tc/pressrelease.php HTTP/1.0" 200 368714 "-" "BLP_bbot/0.1" 69.191.249.218
69.191.249.207 - - [20/Jun/2024:01:28:26 +0800] "GET /tc/annual_interim.php HTTP/1.0" 200 28903 "-" "BLP_bbot/0.1" 69.191.249.207
113.231.82.56 - - [20/Jun/2024:01:29:00 +0800] "GET /tc/pressrelease.php HTTP/1.0" 200 368714 "-" "Mozilla/5.0 (Macintosh; Intel Mac OS X 10_15_7) AppleWebKit/537.36 (KHTML, like Gecko) Chrome/109.0.0.0 Safari/537.36" 113.231.82.56
69.191.249.217 - - [20/Jun/2024:01:30:00 +0800] "GET /annual_interim.php HTTP/1.0" 200 29165 "-" "BLP_bbot/0.1" 69.191.249.217
69.191.249.216 - - [20/Jun/2024:01:31:24 +0800] "GET /pressrelease.php HTTP/1.0" 200 368765 "-" "BLP_bbot/0.1" 69.191.249.216
69.191.249.201 - - [20/Jun/2024:01:31:33 +0800] "GET /tc/pressrelease.php HTTP/1.0" 200 368714 "-" "BLP_bbot/0.1" 69.191.249.201
69.191.249.218 - - [20/Jun/2024:01:32:24 +0800] "GET /tc/annual_interim.php HTTP/1.0" 200 28903 "-" "BLP_bbot/0.1" 69.191.249.218
69.191.249.219 - - [20/Jun/2024:01:33:52 +0800] "GET /annual_interim.php HTTP/1.0" 200 29165 "-" "BLP_bbot/0.1" 69.191.249.219
69.191.249.201 - - [20/Jun/2024:01:35:23 +0800] "GET /pressrelease.php HTTP/1.0" 200 368765 "-" "BLP_bbot/0.1" 69.191.249.201
69.191.249.219 - - [20/Jun/2024:01:35:39 +0800] "GET /tc/pressrelease.php HTTP/1.0" 200 368714 "-" "BLP_bbot/0.1" 69.191.249.219
69.191.249.210 - - [20/Jun/2024:01:36:26 +0800] "GET /tc/annual_interim.php HTTP/1.0" 200 28903 "-" "BLP_bbot/0.1" 69.191.249.210
27.24.42.89 - - [20/Jun/2024:01:37:00 +0800] "GET / HTTP/1.0" 200 13829 "-" "Mozilla/5.0 (Macintosh; Intel Mac OS X 10_15_7) AppleWebKit/537.36 (KHTML, like Gecko) Chrome/109.0.0.0 Safari/537.36" 27.24.42.89
69.191.249.206 - - [20/Jun/2024:01:38:04 +0800] "GET /annual_interim.php HTTP/1.0" 200 29165 "-" "BLP_bbot/0.1" 69.191.249.206
114.119.141.71 - - [20/Jun/2024:01:38:05 +0800] "GET /news/pdf/LTN20170320266_C.pdf HTTP/1.0" 200 1775395 "http://www.1166hk.com/tc/annual_interim.php" "Mozilla/5.0 (Linux; Android 7.0;) AppleWebKit/537.36 (KHTML, like Gecko) Mobile Safari/537.36 (compatible; PetalBot;+https://webmaster.petalsearch.com/site/petalbot)" 10.179.80.150, 114.119.141.71
69.171.230.7 - - [20/Jun/2024:01:38:13 +0800] "GET /notices.php HTTP/1.0" 200 10627 "-" "Python/3.10 aiohttp/3.9.3" 69.171.230.7
114.119.157.231 - - [20/Jun/2024:01:38:34 +0800] "GET /robots.txt HTTP/1.0" 404 9957 "-" "Mozilla/5.0 (compatible;PetalBot;+https://webmaster.petalsearch.com/site/petalbot)" 10.179.80.189, 114.119.157.231
69.191.249.211 - - [20/Jun/2024:01:39:22 +0800] "GET /pressrelease.php HTTP/1.0" 200 368765 "-" "BLP_bbot/0.1" 69.191.249.211
69.191.249.212 - - [20/Jun/2024:01:39:46 +0800] "GET /tc/pressrelease.php HTTP/1.0" 200 368714 "-" "BLP_bbot/0.1" 69.191.249.212
69.191.249.220 - - [20/Jun/2024:01:40:35 +0800] "GET /tc/annual_interim.php HTTP/1.0" 200 28903 "-" "BLP_bbot/0.1" 69.191.249.220
69.191.249.201 - - [20/Jun/2024:01:41:56 +0800] "GET /annual_interim.php HTTP/1.0" 200 29165 "-" "BLP_bbot/0.1" 69.191.249.201
69.191.249.201 - - [20/Jun/2024:01:43:24 +0800] "GET /pressrelease.php HTTP/1.0" 200 368765 "-" "BLP_bbot/0.1" 69.191.249.201
69.191.249.218 - - [20/Jun/2024:01:43:52 +0800] "GET /tc/pressrelease.php HTTP/1.0" 200 368714 "-" "BLP_bbot/0.1" 69.191.249.218
69.191.249.219 - - [20/Jun/2024:01:44:37 +0800] "GET /tc/annual_interim.php HTTP/1.0" 200 28903 "-" "BLP_bbot/0.1" 69.191.249.219
69.191.249.216 - - [20/Jun/2024:01:46:03 +0800] "GET /annual_interim.php HTTP/1.0" 200 29165 "-" "BLP_bbot/0.1" 69.191.249.216
69.191.249.206 - - [20/Jun/2024:01:47:22 +0800] "GET /pressrelease.php HTTP/1.0" 200 368765 "-" "BLP_bbot/0.1" 69.191.249.206
69.191.249.212 - - [20/Jun/2024:01:47:44 +0800] "GET /tc/pressrelease.php HTTP/1.0" 200 368714 "-" "BLP_bbot/0.1" 69.191.249.212
69.191.249.221 - - [20/Jun/2024:01:48:30 +0800] "GET /tc/annual_interim.php HTTP/1.0" 200 28903 "-" "BLP_bbot/0.1" 69.191.249.221
69.191.249.211 - - [20/Jun/2024:01:49:56 +0800] "GET /annual_interim.php HTTP/1.0" 200 29165 "-" "BLP_bbot/0.1" 69.191.249.211
69.191.249.211 - - [20/Jun/2024:01:51:19 +0800] "GET /pressrelease.php HTTP/1.0" 200 368765 "-" "BLP_bbot/0.1" 69.191.249.211
66.249.66.168 - - [20/Jun/2024:01:51:34 +0800] "GET /tc/pressrelease.php/news/news/2009/C-20090205-02.pdf HTTP/1.0" 200 368714 "-" "Mozilla/5.0 AppleWebKit/537.36 (KHTML, like Gecko; compatible; GoogleOther) Chrome/125.0.6422.175 Safari/537.36" 66.249.66.168
66.249.66.169 - - [20/Jun/2024:01:51:35 +0800] "GET /tc/pressrelease.php/tc/news/pdf/news/2005/LTN20050628034_C.pdf HTTP/1.0" 200 368714 "-" "Mozilla/5.0 AppleWebKit/537.36 (KHTML, like Gecko; compatible; GoogleOther) Chrome/125.0.6422.175 Safari/537.36" 66.249.66.169
66.249.66.160 - - [20/Jun/2024:01:51:36 +0800] "GET /company.php/images/tc/E_AntiCorruPolicy2022.pdf HTTP/1.0" 200 12986 "-" "Mozilla/5.0 AppleWebKit/537.36 (KHTML, like Gecko; compatible; GoogleOther) Chrome/125.0.6422.175 Safari/537.36" 66.249.66.160
66.249.66.168 - - [20/Jun/2024:01:51:36 +0800] "GET /tc/pressrelease.php/tc/news/news/pdf/LTN20100110004_C.pdf HTTP/1.0" 200 368714 "-" "Mozilla/5.0 AppleWebKit/537.36 (KHTML, like Gecko; compatible; GoogleOther) Chrome/125.0.6422.175 Safari/537.36" 66.249.66.168
66.249.66.168 - - [20/Jun/2024:01:51:36 +0800] "GET /tc/pressrelease.php/news/news/2007/CW01166.pdf HTTP/1.0" 200 368714 "-" "Mozilla/5.0 AppleWebKit/537.36 (KHTML, like Gecko; compatible; GoogleOther) Chrome/125.0.6422.175 Safari/537.36" 66.249.66.168
66.249.66.169 - - [20/Jun/2024:01:51:37 +0800] "GET /tc/pressrelease.php/news/pdf/2022110900172_c.pdf HTTP/1.0" 200 368714 "-" "Mozilla/5.0 AppleWebKit/537.36 (KHTML, like Gecko; compatible; GoogleOther) Chrome/125.0.6422.175 Safari/537.36" 66.249.66.169
66.249.66.169 - - [20/Jun/2024:01:51:38 +0800] "GET /tc/pressrelease.php/news/news/pdf/2023092200905_c.pdf HTTP/1.0" 200 368714 "-" "Mozilla/5.0 AppleWebKit/537.36 (KHTML, like Gecko; compatible; GoogleOther) Chrome/125.0.6422.175 Safari/537.36" 66.249.66.169
66.249.66.169 - - [20/Jun/2024:01:51:39 +0800] "GET /tc/pressrelease.php/news/news/2004/20040603.pdf HTTP/1.0" 200 368714 "-" "Mozilla/5.0 AppleWebKit/537.36 (KHTML, like Gecko; compatible; GoogleOther) Chrome/125.0.6422.175 Safari/537.36" 66.249.66.169
66.249.66.168 - - [20/Jun/2024:01:51:41 +0800] "GET /tc/pressrelease.php/news/news/2008/C-20081002-02.pdf HTTP/1.0" 200 368714 "-" "Mozilla/5.0 AppleWebKit/537.36 (KHTML, like Gecko; compatible; GoogleOther) Chrome/125.0.6422.175 Safari/537.36" 66.249.66.168
66.249.66.169 - - [20/Jun/2024:01:51:41 +0800] "GET /tc/pressrelease.php/news/news/pdf/LTN20130927842_C.pdf HTTP/1.0" 200 368714 "-" "Mozilla/5.0 AppleWebKit/537.36 (KHTML, like Gecko; compatible; GoogleOther) Chrome/125.0.6422.175 Safari/537.36" 66.249.66.169
66.249.66.169 - - [20/Jun/2024:01:51:43 +0800] "GET /tc/pressrelease.php/news/news/2007/C-20071231-03.pdf HTTP/1.0" 200 368714 "-" "Mozilla/5.0 AppleWebKit/537.36 (KHTML, like Gecko; compatible; GoogleOther) Chrome/125.0.6422.175 Safari/537.36" 66.249.66.169
69.191.249.211 - - [20/Jun/2024:01:51:52 +0800] "GET /tc/pressrelease.php HTTP/1.0" 200 368714 "-" "BLP_bbot/0.1" 69.191.249.211
69.191.249.216 - - [20/Jun/2024:01:52:34 +0800] "GET /tc/annual_interim.php HTTP/1.0" 200 28903 "-" "BLP_bbot/0.1" 69.191.249.216
69.191.249.211 - - [20/Jun/2024:01:53:46 +0800] "GET /annual_interim.php HTTP/1.0" 200 29165 "-" "BLP_bbot/0.1" 69.191.249.211
220.181.108.112 - - [20/Jun/2024:01:54:22 +0800] "GET /news/pdf/LTN20160704656_C.pdf HTTP/1.0" 200 43440 "-" "Mozilla/5.0 (compatible; Baiduspider/2.0; +http://www.baidu.com/search/spider.html)" 220.181.108.112
116.179.33.21 - - [20/Jun/2024:01:54:23 +0800] "GET /robots.txt HTTP/1.0" 404 9957 "-" "Mozilla/5.0 (Windows NT 10.0; WOW64) AppleWebKit/537.36 (KHTML, like Gecko) Chrome/48.0.2564.116 Safari/537.36" 116.179.33.21
116.179.33.204 - - [20/Jun/2024:01:54:23 +0800] "GET /robots.txt HTTP/1.0" 404 9957 "-" "Mozilla/5.0 (Windows NT 10.0; WOW64) AppleWebKit/537.36 (KHTML, like Gecko) Chrome/48.0.2564.116 Safari/537.36" 116.179.33.204
128.204.212.84 - - [20/Jun/2024:01:54:59 +0800] "GET / HTTP/1.0" 200 13829 "-" "Surperformance-sas - Logo Getter" 128.204.212.84
69.191.249.218 - - [20/Jun/2024:01:55:22 +0800] "GET /pressrelease.php HTTP/1.0" 200 368765 "-" "BLP_bbot/0.1" 69.191.249.218
69.191.249.210 - - [20/Jun/2024:01:55:51 +0800] "GET /tc/pressrelease.php HTTP/1.0" 200 368714 "-" "BLP_bbot/0.1" 69.191.249.210
69.191.249.217 - - [20/Jun/2024:01:56:25 +0800] "GET /tc/annual_interim.php HTTP/1.0" 200 28903 "-" "BLP_bbot/0.1" 69.191.249.217
62.122.184.194 - - [20/Jun/2024:01:57:22 +0800] "GET / HTTP/1.0" 200 13829 "http://1166hk.com/" "Mozilla/5.0 (Windows NT 10.0; Win64; x64) AppleWebKit/537.36 (KHTML, like Gecko) Chrome/114.0.5735.289 Safari/537.36" 62.122.184.194
62.122.184.194 - - [20/Jun/2024:01:57:22 +0800] "GET /contact.php HTTP/1.0" 200 11082 "http://1166hk.com/contact.php" "Mozilla/5.0 (Windows NT 10.0; Win64; x64) AppleWebKit/537.36 (KHTML, like Gecko) Chrome/114.0.5735.289 Safari/537.36" 62.122.184.194
69.191.249.201 - - [20/Jun/2024:01:57:45 +0800] "GET /annual_interim.php HTTP/1.0" 200 29165 "-" "BLP_bbot/0.1" 69.191.249.201
69.191.249.211 - - [20/Jun/2024:01:59:33 +0800] "GET /pressrelease.php HTTP/1.0" 200 368765 "-" "BLP_bbot/0.1" 69.191.249.211
69.191.249.201 - - [20/Jun/2024:01:59:58 +0800] "GET /tc/pressrelease.php HTTP/1.0" 200 368714 "-" "BLP_bbot/0.1" 69.191.249.201
66.249.66.169 - - [20/Jun/2024:02:00:01 +0800] "GET /news/pdf/LTN20121204316.pdf HTTP/1.0" 200 69115 "-" "Mozilla/5.0 (Linux; Android 6.0.1; Nexus 5X Build/MMB29P) AppleWebKit/537.36 (KHTML, like Gecko) Chrome/125.0.6422.175 Mobile Safari/537.36 (compatible; Googlebot/2.1; +http://www.google.com/bot.html)" 66.249.66.169
69.191.249.211 - - [20/Jun/2024:02:00:32 +0800] "GET /tc/annual_interim.php HTTP/1.0" 200 28903 "-" "BLP_bbot/0.1" 69.191.249.211
69.191.249.207 - - [20/Jun/2024:02:01:47 +0800] "GET /annual_interim.php HTTP/1.0" 200 29165 "-" "BLP_bbot/0.1" 69.191.249.207
183.129.141.39 - - [20/Jun/2024:02:03:05 +0800] "GET / HTTP/1.0" 200 13829 "-" "Mozilla/5.0 (Windows NT 6.1; Win64; x64) AppleWebKit/537.36 (KHTML, like Gecko) Chrome/65.0.3325.181 Safari/537.36" 183.129.141.39
69.191.249.211 - - [20/Jun/2024:02:03:44 +0800] "GET /pressrelease.php HTTP/1.0" 200 368765 "-" "BLP_bbot/0.1" 69.191.249.211
69.191.249.201 - - [20/Jun/2024:02:03:59 +0800] "GET /tc/pressrelease.php HTTP/1.0" 200 368714 "-" "BLP_bbot/0.1" 69.191.249.201
69.191.249.207 - - [20/Jun/2024:02:04:39 +0800] "GET /tc/annual_interim.php HTTP/1.0" 200 28903 "-" "BLP_bbot/0.1" 69.191.249.207
66.249.71.136 - - [20/Jun/2024:02:05:02 +0800] "GET /company.php/images/tc/index.php HTTP/1.0" 200 12986 "-" "Mozilla/5.0 (Linux; Android 6.0.1; Nexus 5X Build/MMB29P) AppleWebKit/537.36 (KHTML, like Gecko) Chrome/125.0.6422.175 Mobile Safari/537.36 (compatible; Googlebot/2.1; +http://www.google.com/bot.html)" 66.249.71.136
114.119.145.194 - - [20/Jun/2024:02:05:03 +0800] "GET /news/pdf/ltn20191002443.pdf HTTP/1.0" 200 69883 "http://www.1166hk.com/pressrelease.php" "Mozilla/5.0 (Linux; Android 7.0;) AppleWebKit/537.36 (KHTML, like Gecko) Mobile Safari/537.36 (compatible; PetalBot;+https://webmaster.petalsearch.com/site/petalbot)" 10.179.80.175, 114.119.145.194
66.249.66.169 - - [20/Jun/2024:02:05:05 +0800] "GET /company.php/images/tc/common.css HTTP/1.0" 200 12986 "http://www.1166hk.com/company.php/images/tc/index.php" "Mozilla/5.0 (Linux; Android 6.0.1; Nexus 5X Build/MMB29P) AppleWebKit/537.36 (KHTML, like Gecko) Chrome/125.0.6422.154 Mobile Safari/537.36 (compatible; Googlebot/2.1; +http://www.google.com/bot.html)" 66.249.66.169
66.249.66.169 - - [20/Jun/2024:02:05:05 +0800] "GET /company.php/images/tc/iesuck.js HTTP/1.0" 200 12986 "http://www.1166hk.com/company.php/images/tc/index.php" "Mozilla/5.0 (Linux; Android 6.0.1; Nexus 5X Build/MMB29P) AppleWebKit/537.36 (KHTML, like Gecko) Chrome/125.0.6422.154 Mobile Safari/537.36 (compatible; Googlebot/2.1; +http://www.google.com/bot.html)" 66.249.66.169
69.191.249.216 - - [20/Jun/2024:02:05:41 +0800] "GET /annual_interim.php HTTP/1.0" 200 29165 "-" "BLP_bbot/0.1" 69.191.249.216
114.119.145.194 - - [20/Jun/2024:02:06:27 +0800] "GET /news/pdf/LTN20120319382.pdf HTTP/1.0" 200 38833 "http://www.1166hk.com/pressrelease.php" "Mozilla/5.0 (Linux; Android 7.0;) AppleWebKit/537.36 (KHTML, like Gecko) Mobile Safari/537.36 (compatible; PetalBot;+https://webmaster.petalsearch.com/site/petalbot)" 10.179.80.2, 114.119.145.194
69.191.249.211 - - [20/Jun/2024:02:07:36 +0800] "GET /pressrelease.php HTTP/1.0" 200 368765 "-" "BLP_bbot/0.1" 69.191.249.211
66.249.66.160 - - [20/Jun/2024:02:08:07 +0800] "GET /company.php/images/tc/memo.php HTTP/1.0" 200 12986 "-" "Mozilla/5.0 (Linux; Android 6.0.1; Nexus 5X Build/MMB29P) AppleWebKit/537.36 (KHTML, like Gecko) Chrome/125.0.6422.175 Mobile Safari/537.36 (compatible; Googlebot/2.1; +http://www.google.com/bot.html)" 66.249.66.160
66.249.66.168 - - [20/Jun/2024:02:08:09 +0800] "GET /company.php/images/tc/common.css HTTP/1.0" 200 12986 "http://www.1166hk.com/company.php/images/tc/memo.php" "Mozilla/5.0 (Linux; Android 6.0.1; Nexus 5X Build/MMB29P) AppleWebKit/537.36 (KHTML, like Gecko) Chrome/125.0.6422.154 Mobile Safari/537.36 (compatible; Googlebot/2.1; +http://www.google.com/bot.html)" 66.249.66.168
66.249.66.160 - - [20/Jun/2024:02:08:10 +0800] "GET /company.php/images/tc/iesuck.js HTTP/1.0" 200 12986 "http://www.1166hk.com/company.php/images/tc/memo.php" "Mozilla/5.0 (Linux; Android 6.0.1; Nexus 5X Build/MMB29P) AppleWebKit/537.36 (KHTML, like Gecko) Chrome/125.0.6422.154 Mobile Safari/537.36 (compatible; Googlebot/2.1; +http://www.google.com/bot.html)" 66.249.66.160
69.191.249.216 - - [20/Jun/2024:02:08:11 +0800] "GET /tc/pressrelease.php HTTP/1.0" 200 368714 "-" "BLP_bbot/0.1" 69.191.249.216
69.191.249.217 - - [20/Jun/2024:02:08:50 +0800] "GET /tc/annual_interim.php HTTP/1.0" 200 28903 "-" "BLP_bbot/0.1" 69.191.249.217
66.249.71.137 - - [20/Jun/2024:02:09:08 +0800] "GET /company.php/images/tc/links.php HTTP/1.0" 200 12986 "-" "Mozilla/5.0 (Linux; Android 6.0.1; Nexus 5X Build/MMB29P) AppleWebKit/537.36 (KHTML, like Gecko) Chrome/125.0.6422.175 Mobile Safari/537.36 (compatible; Googlebot/2.1; +http://www.google.com/bot.html)" 66.249.71.137
69.191.249.212 - - [20/Jun/2024:02:09:40 +0800] "GET /annual_interim.php HTTP/1.0" 200 29165 "-" "BLP_bbot/0.1" 69.191.249.212
66.249.66.168 - - [20/Jun/2024:02:10:26 +0800] "GET / HTTP/1.0" 200 13829 "-" "Mozilla/5.0 (compatible; Googlebot/2.1; +http://www.google.com/bot.html)" 66.249.66.168
66.249.66.169 - - [20/Jun/2024:02:11:38 +0800] "GET /company.php/images/tc/common.css HTTP/1.0" 200 12986 "http://www.1166hk.com/company.php/images/tc/links.php" "Mozilla/5.0 (Linux; Android 6.0.1; Nexus 5X Build/MMB29P) AppleWebKit/537.36 (KHTML, like Gecko) Chrome/125.0.6422.154 Mobile Safari/537.36 (compatible; Googlebot/2.1; +http://www.google.com/bot.html)" 66.249.66.169
66.249.66.168 - - [20/Jun/2024:02:11:38 +0800] "GET /company.php/images/tc/iesuck.js HTTP/1.0" 200 12986 "http://www.1166hk.com/company.php/images/tc/links.php" "Mozilla/5.0 (Linux; Android 6.0.1; Nexus 5X Build/MMB29P) AppleWebKit/537.36 (KHTML, like Gecko) Chrome/125.0.6422.154 Mobile Safari/537.36 (compatible; Googlebot/2.1; +http://www.google.com/bot.html)" 66.249.66.168
69.191.249.210 - - [20/Jun/2024:02:11:48 +0800] "GET /pressrelease.php HTTP/1.0" 200 368765 "-" "BLP_bbot/0.1" 69.191.249.210
69.191.249.221 - - [20/Jun/2024:02:12:09 +0800] "GET /tc/pressrelease.php HTTP/1.0" 200 368714 "-" "BLP_bbot/0.1" 69.191.249.221
69.191.249.219 - - [20/Jun/2024:02:12:49 +0800] "GET /tc/annual_interim.php HTTP/1.0" 200 28903 "-" "BLP_bbot/0.1" 69.191.249.219
69.191.249.218 - - [20/Jun/2024:02:13:31 +0800] "GET /annual_interim.php HTTP/1.0" 200 29165 "-" "BLP_bbot/0.1" 69.191.249.218
69.191.249.218 - - [20/Jun/2024:02:15:48 +0800] "GET /pressrelease.php HTTP/1.0" 200 368765 "-" "BLP_bbot/0.1" 69.191.249.218
69.191.249.221 - - [20/Jun/2024:02:16:09 +0800] "GET /tc/pressrelease.php HTTP/1.0" 200 368714 "-" "BLP_bbot/0.1" 69.191.249.221
69.191.249.206 - - [20/Jun/2024:02:16:54 +0800] "GET /tc/annual_interim.php HTTP/1.0" 200 28903 "-" "BLP_bbot/0.1" 69.191.249.206
69.191.249.207 - - [20/Jun/2024:02:17:24 +0800] "GET /annual_interim.php HTTP/1.0" 200 29165 "-" "BLP_bbot/0.1" 69.191.249.207
69.191.249.207 - - [20/Jun/2024:02:19:40 +0800] "GET /pressrelease.php HTTP/1.0" 200 368765 "-" "BLP_bbot/0.1" 69.191.249.207
192.44.68.134 - - [20/Jun/2024:02:19:58 +0800] "GET /images/bt_home.gif HTTP/1.0" 200 452 "-" "Mozilla/5.0 (X11; Ubuntu; Linux x86_64; rv:72.0) Gecko/20100101 Firefox/72.0" 192.44.68.134
69.191.249.201 - - [20/Jun/2024:02:20:21 +0800] "GET /tc/pressrelease.php HTTP/1.0" 200 368714 "-" "BLP_bbot/0.1" 69.191.249.201
66.249.66.160 - - [20/Jun/2024:02:20:31 +0800] "GET /company.php/images/tc/privacy_en.pdf HTTP/1.0" 200 12986 "-" "Mozilla/5.0 AppleWebKit/537.36 (KHTML, like Gecko; compatible; GoogleOther) Chrome/125.0.6422.175 Safari/537.36" 66.249.66.160
66.249.66.160 - - [20/Jun/2024:02:20:33 +0800] "GET /tc/pressrelease.php/news/2009/news/2007/C1166_Dissemination.pdf HTTP/1.0" 200 368714 "-" "Mozilla/5.0 AppleWebKit/537.36 (KHTML, like Gecko; compatible; GoogleOther) Chrome/125.0.6422.175 Safari/537.36" 66.249.66.160
66.249.66.168 - - [20/Jun/2024:02:20:36 +0800] "GET /tc/pressrelease.php/tc/news/news/pdf/LTN20171025176_C.pdf HTTP/1.0" 200 368714 "-" "Mozilla/5.0 AppleWebKit/537.36 (KHTML, like Gecko; compatible; GoogleOther) Chrome/125.0.6422.175 Safari/537.36" 66.249.66.168
66.249.66.168 - - [20/Jun/2024:02:20:38 +0800] "GET /tc/pressrelease.php/news/news/2007/C-20071030-02.pdf HTTP/1.0" 200 368714 "-" "Mozilla/5.0 AppleWebKit/537.36 (KHTML, like Gecko; compatible; GoogleOther) Chrome/125.0.6422.175 Safari/537.36" 66.249.66.168
66.249.66.168 - - [20/Jun/2024:02:20:39 +0800] "GET /tc/pressrelease.php/tc/news/2008/C-20080222-01.pdf HTTP/1.0" 200 368714 "-" "Mozilla/5.0 AppleWebKit/537.36 (KHTML, like Gecko; compatible; GoogleOther) Chrome/125.0.6422.175 Safari/537.36" 66.249.66.168
66.249.66.168 - - [20/Jun/2024:02:20:42 +0800] "GET /tc/pressrelease.php/news/news/2006/LTN20060509186_C.pdf HTTP/1.0" 200 368714 "-" "Mozilla/5.0 AppleWebKit/537.36 (KHTML, like Gecko; compatible; GoogleOther) Chrome/125.0.6422.175 Safari/537.36" 66.249.66.168
66.249.66.168 - - [20/Jun/2024:02:20:45 +0800] "GET /tc/pressrelease.php/news/pdf/LTN20121022279_C.pdf HTTP/1.0" 200 368714 "-" "Mozilla/5.0 AppleWebKit/537.36 (KHTML, like Gecko; compatible; GoogleOther) Chrome/125.0.6422.175 Safari/537.36" 66.249.66.168
69.191.249.218 - - [20/Jun/2024:02:20:48 +0800] "GET /tc/annual_interim.php HTTP/1.0" 200 28903 "-" "BLP_bbot/0.1" 69.191.249.218
66.249.66.168 - - [20/Jun/2024:02:20:48 +0800] "GET /tc/pressrelease.php/news/news/pdf/LTN20151222280_C.pdf HTTP/1.0" 200 368714 "-" "Mozilla/5.0 AppleWebKit/537.36 (KHTML, like Gecko; compatible; GoogleOther) Chrome/125.0.6422.175 Safari/537.36" 66.249.66.168
66.249.66.169 - - [20/Jun/2024:02:20:51 +0800] "GET /tc/pressrelease.php/news/news/2008/C-20081028-02.pdf HTTP/1.0" 200 368714 "-" "Mozilla/5.0 AppleWebKit/537.36 (KHTML, like Gecko; compatible; GoogleOther) Chrome/125.0.6422.175 Safari/537.36" 66.249.66.169
66.249.71.137 - - [20/Jun/2024:02:20:54 +0800] "GET /tc/pressrelease.php/tc/news/news/pdf/LTN20110103391_C.pdf HTTP/1.0" 200 368714 "-" "Mozilla/5.0 AppleWebKit/537.36 (KHTML, like Gecko; compatible; GoogleOther) Chrome/125.0.6422.175 Safari/537.36" 66.249.71.137
66.249.66.169 - - [20/Jun/2024:02:20:56 +0800] "GET /tc/pressrelease.php/news/news/2004/20040812.pdf HTTP/1.0" 200 368714 "-" "Mozilla/5.0 AppleWebKit/537.36 (KHTML, like Gecko; compatible; GoogleOther) Chrome/125.0.6422.175 Safari/537.36" 66.249.66.169
66.249.71.136 - - [20/Jun/2024:02:20:59 +0800] "GET /tc/pressrelease.php/news/news/2007/CWF0607101.pdf HTTP/1.0" 200 368714 "-" "Mozilla/5.0 AppleWebKit/537.36 (KHTML, like Gecko; compatible; GoogleOther) Chrome/125.0.6422.175 Safari/537.36" 66.249.71.136
66.249.66.169 - - [20/Jun/2024:02:21:02 +0800] "GET /tc/pressrelease.php/tc/news/2004/news/2006/privacy_ch.pdf HTTP/1.0" 200 368714 "-" "Mozilla/5.0 AppleWebKit/537.36 (KHTML, like Gecko; compatible; GoogleOther) Chrome/125.0.6422.175 Safari/537.36" 66.249.66.169
66.249.66.168 - - [20/Jun/2024:02:21:04 +0800] "GET /tc/pressrelease.php/tc/news/2009/C-20090731-02.pdf HTTP/1.0" 200 368714 "-" "Mozilla/5.0 AppleWebKit/537.36 (KHTML, like Gecko; compatible; GoogleOther) Chrome/125.0.6422.175 Safari/537.36" 66.249.66.168
66.249.66.168 - - [20/Jun/2024:02:21:07 +0800] "GET /tc/pressrelease.php/news/news/pdf/2020112600363_c.pdf HTTP/1.0" 200 368714 "-" "Mozilla/5.0 AppleWebKit/537.36 (KHTML, like Gecko; compatible; GoogleOther) Chrome/125.0.6422.175 Safari/537.36" 66.249.66.168
66.249.66.168 - - [20/Jun/2024:02:21:10 +0800] "GET /tc/pressrelease.php/news/news/pdf/LTN20100504279_C.pdf HTTP/1.0" 200 368714 "-" "Mozilla/5.0 AppleWebKit/537.36 (KHTML, like Gecko; compatible; GoogleOther) Chrome/125.0.6422.175 Safari/537.36" 66.249.66.168
69.191.249.218 - - [20/Jun/2024:02:21:17 +0800] "GET /annual_interim.php HTTP/1.0" 200 29165 "-" "BLP_bbot/0.1" 69.191.249.218
69.191.249.210 - - [20/Jun/2024:02:23:50 +0800] "GET /pressrelease.php HTTP/1.0" 200 368765 "-" "BLP_bbot/0.1" 69.191.249.210
69.191.249.216 - - [20/Jun/2024:02:24:22 +0800] "GET /tc/pressrelease.php HTTP/1.0" 200 368714 "-" "BLP_bbot/0.1" 69.191.249.216
66.249.66.160 - - [20/Jun/2024:02:24:28 +0800] "GET / HTTP/1.0" 200 13829 "-" "Mozilla/5.0 (Linux; Android 6.0.1; Nexus 5X Build/MMB29P) AppleWebKit/537.36 (KHTML, like Gecko) Chrome/125.0.6422.175 Mobile Safari/537.36 (compatible; Googlebot/2.1; +http://www.google.com/bot.html)" 66.249.66.160
69.191.249.217 - - [20/Jun/2024:02:24:48 +0800] "GET /tc/annual_interim.php HTTP/1.0" 200 28903 "-" "BLP_bbot/0.1" 69.191.249.217
69.191.249.211 - - [20/Jun/2024:02:25:27 +0800] "GET /annual_interim.php HTTP/1.0" 200 29165 "-" "BLP_bbot/0.1" 69.191.249.211
66.249.66.160 - - [20/Jun/2024:02:25:56 +0800] "GET /favicon.ico HTTP/1.0" 404 9957 "-" "Googlebot-Image/1.0" 66.249.66.160
69.191.249.211 - - [20/Jun/2024:02:27:59 +0800] "GET /pressrelease.php HTTP/1.0" 200 368765 "-" "BLP_bbot/0.1" 69.191.249.211
69.191.249.217 - - [20/Jun/2024:02:28:31 +0800] "GET /tc/pressrelease.php HTTP/1.0" 200 368714 "-" "BLP_bbot/0.1" 69.191.249.217
69.191.249.201 - - [20/Jun/2024:02:28:46 +0800] "GET /tc/annual_interim.php HTTP/1.0" 200 28903 "-" "BLP_bbot/0.1" 69.191.249.201
175.162.208.222 - - [20/Jun/2024:02:29:01 +0800] "GET /tc/pressrelease.php HTTP/1.0" 200 368714 "-" "Mozilla/5.0 (Macintosh; Intel Mac OS X 10_15_7) AppleWebKit/537.36 (KHTML, like Gecko) Chrome/109.0.0.0 Safari/537.36" 175.162.208.222
69.191.249.212 - - [20/Jun/2024:02:29:29 +0800] "GET /annual_interim.php HTTP/1.0" 200 29165 "-" "BLP_bbot/0.1" 69.191.249.212
66.249.66.168 - - [20/Jun/2024:02:30:59 +0800] "GET /news/2009/E-20090521-01.pdf HTTP/1.0" 200 80727 "-" "Mozilla/5.0 (Linux; Android 6.0.1; Nexus 5X Build/MMB29P) AppleWebKit/537.36 (KHTML, like Gecko) Chrome/125.0.6422.175 Mobile Safari/537.36 (compatible; Googlebot/2.1; +http://www.google.com/bot.html)" 66.249.66.168
69.191.249.220 - - [20/Jun/2024:02:31:55 +0800] "GET /pressrelease.php HTTP/1.0" 200 368765 "-" "BLP_bbot/0.1" 69.191.249.220
125.209.235.172 - - [20/Jun/2024:02:32:12 +0800] "GET /robots.txt HTTP/1.0" 404 9957 "-" "Mozilla/5.0 (compatible; Yeti/1.1; +https://naver.me/spd)" 125.209.235.172
114.111.32.42 - - [20/Jun/2024:02:32:13 +0800] "GET / HTTP/1.0" 200 13829 "-" "Mozilla/5.0 (compatible; Yeti/1.1; +https://naver.me/spd)" 114.111.32.42
69.191.249.210 - - [20/Jun/2024:02:32:34 +0800] "GET /tc/pressrelease.php HTTP/1.0" 200 368714 "-" "BLP_bbot/0.1" 69.191.249.210
69.191.249.210 - - [20/Jun/2024:02:32:35 +0800] "GET /tc/annual_interim.php HTTP/1.0" 200 28903 "-" "BLP_bbot/0.1" 69.191.249.210
69.191.249.217 - - [20/Jun/2024:02:33:29 +0800] "GET /annual_interim.php HTTP/1.0" 200 29165 "-" "BLP_bbot/0.1" 69.191.249.217
69.191.249.210 - - [20/Jun/2024:02:36:06 +0800] "GET /pressrelease.php HTTP/1.0" 200 368765 "-" "BLP_bbot/0.1" 69.191.249.210
