209.11.218.77 - - [19/Jun/2024:19:05:51 +0800] "GET /images/logo.gif HTTP/1.0" 200 3202 "-" "Mozilla/4.0 (compatible; MSIE 7.0; Windows NT 6.2; Win64; x64; Trident/7.0; .NET4.0C; .NET4.0E)" 209.11.218.77
209.11.218.77 - - [19/Jun/2024:19:05:51 +0800] "GET /images/spacer.gif HTTP/1.0" 200 301 "-" "Mozilla/4.0 (compatible; MSIE 7.0; Windows NT 6.2; Win64; x64; Trident/7.0; .NET4.0C; .NET4.0E)" 209.11.218.77
209.11.218.77 - - [19/Jun/2024:19:05:51 +0800] "GET /images/web-1_04.gif HTTP/1.0" 200 311 "-" "Mozilla/4.0 (compatible; MSIE 7.0; Windows NT 6.2; Win64; x64; Trident/7.0; .NET4.0C; .NET4.0E)" 209.11.218.77
69.191.249.201 - - [19/Jun/2024:19:06:33 +0800] "GET /tc/annual_interim.php HTTP/1.0" 200 28903 "-" "BLP_bbot/0.1" 69.191.249.201
209.11.218.77 - - [19/Jun/2024:19:07:21 +0800] "GET /annual_interim.php HTTP/1.0" 200 29165 "-" "-" 209.11.218.77
209.11.218.77 - - [19/Jun/2024:19:07:21 +0800] "GET /annual_interim.php/common.css HTTP/1.0" 200 29165 "http://www.1166hk.com/annual_interim.php/" "User-Agent: Mozilla/4.0 (compatible; MSIE 8.0; Windows NT 6.1; WOW64; Trident/4.0; SLCC2; .NET CLR 2.0.50727; .NET CLR 3.5.30729; .NET CLR 3.0.30729; .NET CLR 1.1.4322; .NET4.0C; .NET4.0E)" 209.11.218.77
209.11.218.77 - - [19/Jun/2024:19:07:22 +0800] "GET /annual_interim.php/images/heading1.jpg HTTP/1.0" 200 29165 "http://www.1166hk.com/annual_interim.php/common.css" "User-Agent: Mozilla/4.0 (compatible; MSIE 8.0; Windows NT 6.1; WOW64; Trident/4.0; SLCC2; .NET CLR 2.0.50727; .NET CLR 3.5.30729; .NET CLR 3.0.30729; .NET CLR 1.1.4322; .NET4.0C; .NET4.0E)" 209.11.218.77
209.11.218.77 - - [19/Jun/2024:19:07:22 +0800] "GET /annual_interim.php/images/bt_home.gif HTTP/1.0" 200 29165 "http://www.1166hk.com/annual_interim.php/common.css" "User-Agent: Mozilla/4.0 (compatible; MSIE 8.0; Windows NT 6.1; WOW64; Trident/4.0; SLCC2; .NET CLR 2.0.50727; .NET CLR 3.5.30729; .NET CLR 3.0.30729; .NET CLR 1.1.4322; .NET4.0C; .NET4.0E)" 209.11.218.77
209.11.218.77 - - [19/Jun/2024:19:07:22 +0800] "GET /annual_interim.php/images/web-1_04.gif HTTP/1.0" 200 29165 "http://www.1166hk.com/annual_interim.php/common.css" "User-Agent: Mozilla/4.0 (compatible; MSIE 8.0; Windows NT 6.1; WOW64; Trident/4.0; SLCC2; .NET CLR 2.0.50727; .NET CLR 3.5.30729; .NET CLR 3.0.30729; .NET CLR 1.1.4322; .NET4.0C; .NET4.0E)" 209.11.218.77
209.11.218.77 - - [19/Jun/2024:19:07:22 +0800] "GET /annual_interim.php/images/bt_contact.gif HTTP/1.0" 200 29165 "http://www.1166hk.com/annual_interim.php/common.css" "User-Agent: Mozilla/4.0 (compatible; MSIE 8.0; Windows NT 6.1; WOW64; Trident/4.0; SLCC2; .NET CLR 2.0.50727; .NET CLR 3.5.30729; .NET CLR 3.0.30729; .NET CLR 1.1.4322; .NET4.0C; .NET4.0E)" 209.11.218.77
209.11.218.77 - - [19/Jun/2024:19:07:22 +0800] "GET /annual_interim.php/images/bt_eng_sel.gif HTTP/1.0" 200 29165 "http://www.1166hk.com/annual_interim.php/common.css" "User-Agent: Mozilla/4.0 (compatible; MSIE 8.0; Windows NT 6.1; WOW64; Trident/4.0; SLCC2; .NET CLR 2.0.50727; .NET CLR 3.5.30729; .NET CLR 3.0.30729; .NET CLR 1.1.4322; .NET4.0C; .NET4.0E)" 209.11.218.77
209.11.218.77 - - [19/Jun/2024:19:07:23 +0800] "GET /annual_interim.php/images/bt_chin.gif HTTP/1.0" 200 29165 "http://www.1166hk.com/annual_interim.php/common.css" "User-Agent: Mozilla/4.0 (compatible; MSIE 8.0; Windows NT 6.1; WOW64; Trident/4.0; SLCC2; .NET CLR 2.0.50727; .NET CLR 3.5.30729; .NET CLR 3.0.30729; .NET CLR 1.1.4322; .NET4.0C; .NET4.0E)" 209.11.218.77
209.11.218.77 - - [19/Jun/2024:19:07:23 +0800] "GET /annual_interim.php/images/spacer.gif HTTP/1.0" 200 29165 "http://www.1166hk.com/annual_interim.php/common.css" "User-Agent: Mozilla/4.0 (compatible; MSIE 8.0; Windows NT 6.1; WOW64; Trident/4.0; SLCC2; .NET CLR 2.0.50727; .NET CLR 3.5.30729; .NET CLR 3.0.30729; .NET CLR 1.1.4322; .NET4.0C; .NET4.0E)" 209.11.218.77
209.11.218.77 - - [19/Jun/2024:19:07:23 +0800] "GET /annual_interim.php/iesuck.js HTTP/1.0" 200 29165 "http://www.1166hk.com/annual_interim.php/common.css" "User-Agent: Mozilla/4.0 (compatible; MSIE 8.0; Windows NT 6.1; WOW64; Trident/4.0; SLCC2; .NET CLR 2.0.50727; .NET CLR 3.5.30729; .NET CLR 3.0.30729; .NET CLR 1.1.4322; .NET4.0C; .NET4.0E)" 209.11.218.77
209.11.218.77 - - [19/Jun/2024:19:07:24 +0800] "GET /annual_interim.php/images/heading-annual.gif HTTP/1.0" 200 29165 "http://www.1166hk.com/annual_interim.php/common.css" "User-Agent: Mozilla/4.0 (compatible; MSIE 8.0; Windows NT 6.1; WOW64; Trident/4.0; SLCC2; .NET CLR 2.0.50727; .NET CLR 3.5.30729; .NET CLR 3.0.30729; .NET CLR 1.1.4322; .NET4.0C; .NET4.0E)" 209.11.218.77
209.11.218.77 - - [19/Jun/2024:19:07:24 +0800] "GET /annual_interim.php/images/logo.gif HTTP/1.0" 200 29165 "http://www.1166hk.com/annual_interim.php/common.css" "User-Agent: Mozilla/4.0 (compatible; MSIE 8.0; Windows NT 6.1; WOW64; Trident/4.0; SLCC2; .NET CLR 2.0.50727; .NET CLR 3.5.30729; .NET CLR 3.0.30729; .NET CLR 1.1.4322; .NET4.0C; .NET4.0E)" 209.11.218.77
209.11.218.77 - - [19/Jun/2024:19:07:24 +0800] "GET /common.css HTTP/1.0" 200 2745 "http://www.1166hk.com/annual_interim.php" "User-Agent: Mozilla/4.0 (compatible; MSIE 8.0; Windows NT 6.1; WOW64; Trident/4.0; SLCC2; .NET CLR 2.0.50727; .NET CLR 3.5.30729; .NET CLR 3.0.30729; .NET CLR 1.1.4322; .NET4.0C; .NET4.0E)" 209.11.218.77
209.11.218.77 - - [19/Jun/2024:19:07:24 +0800] "GET /images/heading1.jpg HTTP/1.0" 200 21104 "http://www.1166hk.com/annual_interim.php" "User-Agent: Mozilla/4.0 (compatible; MSIE 8.0; Windows NT 6.1; WOW64; Trident/4.0; SLCC2; .NET CLR 2.0.50727; .NET CLR 3.5.30729; .NET CLR 3.0.30729; .NET CLR 1.1.4322; .NET4.0C; .NET4.0E)" 209.11.218.77
209.11.218.77 - - [19/Jun/2024:19:07:24 +0800] "GET /images/bt_home.gif HTTP/1.0" 200 452 "http://www.1166hk.com/annual_interim.php" "User-Agent: Mozilla/4.0 (compatible; MSIE 8.0; Windows NT 6.1; WOW64; Trident/4.0; SLCC2; .NET CLR 2.0.50727; .NET CLR 3.5.30729; .NET CLR 3.0.30729; .NET CLR 1.1.4322; .NET4.0C; .NET4.0E)" 209.11.218.77
209.11.218.77 - - [19/Jun/2024:19:07:25 +0800] "GET /images/web-1_04.gif HTTP/1.0" 200 311 "http://www.1166hk.com/annual_interim.php" "User-Agent: Mozilla/4.0 (compatible; MSIE 8.0; Windows NT 6.1; WOW64; Trident/4.0; SLCC2; .NET CLR 2.0.50727; .NET CLR 3.5.30729; .NET CLR 3.0.30729; .NET CLR 1.1.4322; .NET4.0C; .NET4.0E)" 209.11.218.77
209.11.218.77 - - [19/Jun/2024:19:07:25 +0800] "GET /images/bt_contact.gif HTTP/1.0" 200 565 "http://www.1166hk.com/annual_interim.php" "User-Agent: Mozilla/4.0 (compatible; MSIE 8.0; Windows NT 6.1; WOW64; Trident/4.0; SLCC2; .NET CLR 2.0.50727; .NET CLR 3.5.30729; .NET CLR 3.0.30729; .NET CLR 1.1.4322; .NET4.0C; .NET4.0E)" 209.11.218.77
209.11.218.77 - - [19/Jun/2024:19:07:25 +0800] "GET /images/bt_eng_sel.gif HTTP/1.0" 200 710 "http://www.1166hk.com/annual_interim.php" "User-Agent: Mozilla/4.0 (compatible; MSIE 8.0; Windows NT 6.1; WOW64; Trident/4.0; SLCC2; .NET CLR 2.0.50727; .NET CLR 3.5.30729; .NET CLR 3.0.30729; .NET CLR 1.1.4322; .NET4.0C; .NET4.0E)" 209.11.218.77
209.11.218.77 - - [19/Jun/2024:19:07:25 +0800] "GET /images/bt_chin.gif HTTP/1.0" 200 566 "http://www.1166hk.com/annual_interim.php" "User-Agent: Mozilla/4.0 (compatible; MSIE 8.0; Windows NT 6.1; WOW64; Trident/4.0; SLCC2; .NET CLR 2.0.50727; .NET CLR 3.5.30729; .NET CLR 3.0.30729; .NET CLR 1.1.4322; .NET4.0C; .NET4.0E)" 209.11.218.77
209.11.218.77 - - [19/Jun/2024:19:07:26 +0800] "GET /images/spacer.gif HTTP/1.0" 200 301 "http://www.1166hk.com/annual_interim.php" "User-Agent: Mozilla/4.0 (compatible; MSIE 8.0; Windows NT 6.1; WOW64; Trident/4.0; SLCC2; .NET CLR 2.0.50727; .NET CLR 3.5.30729; .NET CLR 3.0.30729; .NET CLR 1.1.4322; .NET4.0C; .NET4.0E)" 209.11.218.77
209.11.218.77 - - [19/Jun/2024:19:07:26 +0800] "GET /iesuck.js HTTP/1.0" 200 877 "http://www.1166hk.com/annual_interim.php" "User-Agent: Mozilla/4.0 (compatible; MSIE 8.0; Windows NT 6.1; WOW64; Trident/4.0; SLCC2; .NET CLR 2.0.50727; .NET CLR 3.5.30729; .NET CLR 3.0.30729; .NET CLR 1.1.4322; .NET4.0C; .NET4.0E)" 209.11.218.77
209.11.218.77 - - [19/Jun/2024:19:07:26 +0800] "GET /images/heading-annual.gif HTTP/1.0" 200 2184 "http://www.1166hk.com/annual_interim.php" "User-Agent: Mozilla/4.0 (compatible; MSIE 8.0; Windows NT 6.1; WOW64; Trident/4.0; SLCC2; .NET CLR 2.0.50727; .NET CLR 3.5.30729; .NET CLR 3.0.30729; .NET CLR 1.1.4322; .NET4.0C; .NET4.0E)" 209.11.218.77
209.11.218.77 - - [19/Jun/2024:19:07:26 +0800] "GET /images/logo.gif HTTP/1.0" 200 3202 "http://www.1166hk.com/annual_interim.php" "User-Agent: Mozilla/4.0 (compatible; MSIE 8.0; Windows NT 6.1; WOW64; Trident/4.0; SLCC2; .NET CLR 2.0.50727; .NET CLR 3.5.30729; .NET CLR 3.0.30729; .NET CLR 1.1.4322; .NET4.0C; .NET4.0E)" 209.11.218.77
209.11.218.77 - - [19/Jun/2024:19:07:27 +0800] "GET /annual_interim.php HTTP/1.0" 200 29165 "-" "-" 209.11.218.77
209.11.218.77 - - [19/Jun/2024:19:07:28 +0800] "GET /annual_interim.php HTTP/1.0" 200 29165 "-" "-" 209.11.218.77
69.191.249.216 - - [19/Jun/2024:19:08:01 +0800] "GET /annual_interim.php HTTP/1.0" 200 29165 "-" "BLP_bbot/0.1" 69.191.249.216
69.191.249.206 - - [19/Jun/2024:19:08:11 +0800] "GET /pressrelease.php HTTP/1.0" 200 368765 "-" "BLP_bbot/0.1" 69.191.249.206
69.191.249.220 - - [19/Jun/2024:19:09:35 +0800] "GET /tc/pressrelease.php HTTP/1.0" 200 368714 "-" "BLP_bbot/0.1" 69.191.249.220
69.191.249.212 - - [19/Jun/2024:19:10:42 +0800] "GET /tc/annual_interim.php HTTP/1.0" 200 28903 "-" "BLP_bbot/0.1" 69.191.249.212
69.191.249.201 - - [19/Jun/2024:19:11:51 +0800] "GET /annual_interim.php HTTP/1.0" 200 29165 "-" "BLP_bbot/0.1" 69.191.249.201
69.191.249.218 - - [19/Jun/2024:19:12:08 +0800] "GET /pressrelease.php HTTP/1.0" 200 368765 "-" "BLP_bbot/0.1" 69.191.249.218
69.191.249.216 - - [19/Jun/2024:19:13:25 +0800] "GET /tc/pressrelease.php HTTP/1.0" 200 368714 "-" "BLP_bbot/0.1" 69.191.249.216
69.191.249.207 - - [19/Jun/2024:19:14:34 +0800] "GET /tc/annual_interim.php HTTP/1.0" 200 28903 "-" "BLP_bbot/0.1" 69.191.249.207
69.191.249.220 - - [19/Jun/2024:19:15:44 +0800] "GET /annual_interim.php HTTP/1.0" 200 29165 "-" "BLP_bbot/0.1" 69.191.249.220
69.191.249.219 - - [19/Jun/2024:19:15:57 +0800] "GET /pressrelease.php HTTP/1.0" 200 368765 "-" "BLP_bbot/0.1" 69.191.249.219
69.191.249.217 - - [19/Jun/2024:19:17:36 +0800] "GET /tc/pressrelease.php HTTP/1.0" 200 368714 "-" "BLP_bbot/0.1" 69.191.249.217
69.191.249.206 - - [19/Jun/2024:19:18:32 +0800] "GET /tc/annual_interim.php HTTP/1.0" 200 28903 "-" "BLP_bbot/0.1" 69.191.249.206
101.33.199.33 - - [19/Jun/2024:19:18:49 +0800] "GET /xmlrpc.php HTTP/1.0" 404 9957 "-" "Mozilla/5.0 (Windows NT 6.1; WOW64; rv:45.0) Gecko/20100101 Firefox/45.0" 101.33.199.33
69.191.249.210 - - [19/Jun/2024:19:19:40 +0800] "GET /annual_interim.php HTTP/1.0" 200 29165 "-" "BLP_bbot/0.1" 69.191.249.210
52.167.144.184 - - [19/Jun/2024:19:19:59 +0800] "GET /tc/pressrelease.php HTTP/1.0" 200 368714 "-" "Mozilla/5.0 AppleWebKit/537.36 (KHTML, like Gecko; compatible; bingbot/2.0; +http://www.bing.com/bingbot.htm) Chrome/116.0.1938.76 Safari/537.36" 52.167.144.184
69.191.249.210 - - [19/Jun/2024:19:20:10 +0800] "GET /pressrelease.php HTTP/1.0" 200 368765 "-" "BLP_bbot/0.1" 69.191.249.210
66.249.66.160 - - [19/Jun/2024:19:20:54 +0800] "GET / HTTP/1.0" 200 13829 "-" "Mozilla/5.0 (compatible; Googlebot/2.1; +http://www.google.com/bot.html)" 66.249.66.160
52.167.144.184 - - [19/Jun/2024:19:20:59 +0800] "GET /tc/iesuck.js HTTP/1.0" 404 9957 "-" "Mozilla/5.0 AppleWebKit/537.36 (KHTML, like Gecko; compatible; bingbot/2.0; +http://www.bing.com/bingbot.htm) Chrome/116.0.1938.76 Safari/537.36" 52.167.144.184
52.167.144.23 - - [19/Jun/2024:19:21:04 +0800] "GET /tc/common_tc.css HTTP/1.0" 200 2914 "-" "Mozilla/5.0 AppleWebKit/537.36 (KHTML, like Gecko; compatible; bingbot/2.0; +http://www.bing.com/bingbot.htm) Chrome/116.0.1938.76 Safari/537.36" 52.167.144.23
69.191.249.221 - - [19/Jun/2024:19:21:45 +0800] "GET /tc/pressrelease.php HTTP/1.0" 200 368714 "-" "BLP_bbot/0.1" 69.191.249.221
69.191.249.206 - - [19/Jun/2024:19:22:41 +0800] "GET /tc/annual_interim.php HTTP/1.0" 200 28903 "-" "BLP_bbot/0.1" 69.191.249.206
69.191.249.219 - - [19/Jun/2024:19:23:47 +0800] "GET /annual_interim.php HTTP/1.0" 200 29165 "-" "BLP_bbot/0.1" 69.191.249.219
69.191.249.217 - - [19/Jun/2024:19:24:05 +0800] "GET /pressrelease.php HTTP/1.0" 200 368765 "-" "BLP_bbot/0.1" 69.191.249.217
69.191.249.218 - - [19/Jun/2024:19:25:51 +0800] "GET /tc/pressrelease.php HTTP/1.0" 200 368714 "-" "BLP_bbot/0.1" 69.191.249.218
69.191.249.217 - - [19/Jun/2024:19:26:42 +0800] "GET /tc/annual_interim.php HTTP/1.0" 200 28903 "-" "BLP_bbot/0.1" 69.191.249.217
69.191.249.211 - - [19/Jun/2024:19:27:37 +0800] "GET /annual_interim.php HTTP/1.0" 200 29165 "-" "BLP_bbot/0.1" 69.191.249.211
69.191.249.216 - - [19/Jun/2024:19:28:04 +0800] "GET /pressrelease.php HTTP/1.0" 200 368765 "-" "BLP_bbot/0.1" 69.191.249.216
171.81.86.237 - - [19/Jun/2024:19:29:10 +0800] "GET /tc/pressrelease.php HTTP/1.0" 200 368714 "-" "Mozilla/5.0 (Macintosh; Intel Mac OS X 10_15_7) AppleWebKit/537.36 (KHTML, like Gecko) Chrome/109.0.0.0 Safari/537.36" 171.81.86.237
69.191.249.211 - - [19/Jun/2024:19:29:52 +0800] "GET /tc/pressrelease.php HTTP/1.0" 200 368714 "-" "BLP_bbot/0.1" 69.191.249.211
69.191.249.206 - - [19/Jun/2024:19:30:34 +0800] "GET /tc/annual_interim.php HTTP/1.0" 200 28903 "-" "BLP_bbot/0.1" 69.191.249.206
69.191.249.206 - - [19/Jun/2024:19:31:41 +0800] "GET /annual_interim.php HTTP/1.0" 200 29165 "-" "BLP_bbot/0.1" 69.191.249.206
69.191.249.210 - - [19/Jun/2024:19:32:09 +0800] "GET /pressrelease.php HTTP/1.0" 200 368765 "-" "BLP_bbot/0.1" 69.191.249.210
69.191.249.207 - - [19/Jun/2024:19:34:03 +0800] "GET /tc/pressrelease.php HTTP/1.0" 200 368714 "-" "BLP_bbot/0.1" 69.191.249.207
69.191.249.201 - - [19/Jun/2024:19:34:45 +0800] "GET /tc/annual_interim.php HTTP/1.0" 200 28903 "-" "BLP_bbot/0.1" 69.191.249.201
66.249.66.169 - - [19/Jun/2024:19:34:56 +0800] "GET /robots.txt HTTP/1.0" 404 9957 "-" "Mozilla/5.0 (compatible; Googlebot/2.1; +http://www.google.com/bot.html)" 66.249.66.169
66.249.66.168 - - [19/Jun/2024:19:34:56 +0800] "GET / HTTP/1.0" 200 13829 "-" "Mozilla/5.0 (Linux; Android 6.0.1; Nexus 5X Build/MMB29P) AppleWebKit/537.36 (KHTML, like Gecko) Chrome/125.0.6422.175 Mobile Safari/537.36 (compatible; Googlebot/2.1; +http://www.google.com/bot.html)" 66.249.66.168
69.191.249.211 - - [19/Jun/2024:19:35:51 +0800] "GET /annual_interim.php HTTP/1.0" 200 29165 "-" "BLP_bbot/0.1" 69.191.249.211
69.191.249.221 - - [19/Jun/2024:19:36:04 +0800] "GET /pressrelease.php HTTP/1.0" 200 368765 "-" "BLP_bbot/0.1" 69.191.249.221
114.239.144.190 - - [19/Jun/2024:19:37:23 +0800] "GET / HTTP/1.0" 200 13829 "-" "Mozilla/5.0 (Macintosh; Intel Mac OS X 10_15_7) AppleWebKit/537.36 (KHTML, like Gecko) Chrome/109.0.0.0 Safari/537.36" 114.239.144.190
173.252.107.14 - - [19/Jun/2024:19:37:55 +0800] "GET /tc/index.php HTTP/1.0" 200 13641 "-" "Python/3.10 aiohttp/3.9.3" 173.252.107.14
69.191.249.217 - - [19/Jun/2024:19:37:59 +0800] "GET /tc/pressrelease.php HTTP/1.0" 200 368714 "-" "BLP_bbot/0.1" 69.191.249.217
69.191.249.216 - - [19/Jun/2024:19:38:45 +0800] "GET /tc/annual_interim.php HTTP/1.0" 200 28903 "-" "BLP_bbot/0.1" 69.191.249.216
40.77.167.181 - - [19/Jun/2024:19:39:12 +0800] "GET /robots.txt HTTP/1.0" 404 9957 "-" "Mozilla/5.0 AppleWebKit/537.36 (KHTML, like Gecko; compatible; bingbot/2.0; +http://www.bing.com/bingbot.htm) Chrome/116.0.1938.76 Safari/537.36" 40.77.167.181
40.77.167.13 - - [19/Jun/2024:19:39:23 +0800] "GET /news/pdf/2024041100846_c.pdf HTTP/1.0" 200 544719 "-" "Mozilla/5.0 AppleWebKit/537.36 (KHTML, like Gecko; compatible; bingbot/2.0; +http://www.bing.com/bingbot.htm) Chrome/116.0.1938.76 Safari/537.36" 40.77.167.13
69.191.249.206 - - [19/Jun/2024:19:39:48 +0800] "GET /annual_interim.php HTTP/1.0" 200 29165 "-" "BLP_bbot/0.1" 69.191.249.206
69.191.249.212 - - [19/Jun/2024:19:40:12 +0800] "GET /pressrelease.php HTTP/1.0" 200 368765 "-" "BLP_bbot/0.1" 69.191.249.212
89.58.51.117 - - [19/Jun/2024:19:41:19 +0800] "GET /news/pdf/LTN20171025216_C.pdf HTTP/1.0" 200 214482 "-" "Mozilla/5.0 (Windows NT 10.0; Win64; x64) AppleWebKit/537.36 (KHTML, like Gecko) Chrome/125.0.0.0 Safari/537.36 Edg/125.0.2535.67" 89.58.51.117
69.191.249.217 - - [19/Jun/2024:19:41:56 +0800] "GET /tc/pressrelease.php HTTP/1.0" 200 368714 "-" "BLP_bbot/0.1" 69.191.249.217
69.191.249.221 - - [19/Jun/2024:19:42:52 +0800] "GET /tc/annual_interim.php HTTP/1.0" 200 28903 "-" "BLP_bbot/0.1" 69.191.249.221
69.191.249.219 - - [19/Jun/2024:19:43:44 +0800] "GET /annual_interim.php HTTP/1.0" 200 29165 "-" "BLP_bbot/0.1" 69.191.249.219
69.191.249.221 - - [19/Jun/2024:19:44:07 +0800] "GET /pressrelease.php HTTP/1.0" 200 368765 "-" "BLP_bbot/0.1" 69.191.249.221
66.249.71.39 - - [19/Jun/2024:19:45:26 +0800] "GET /tc/news/2009/C-20090615-03.pdf HTTP/1.0" 200 215609 "-" "Mozilla/5.0 (Linux; Android 6.0.1; Nexus 5X Build/MMB29P) AppleWebKit/537.36 (KHTML, like Gecko) Chrome/125.0.6422.175 Mobile Safari/537.36 (compatible; Googlebot/2.1; +http://www.google.com/bot.html)" 66.249.71.39
69.191.249.210 - - [19/Jun/2024:19:45:53 +0800] "GET /tc/pressrelease.php HTTP/1.0" 200 368714 "-" "BLP_bbot/0.1" 69.191.249.210
192.44.68.188 - - [19/Jun/2024:19:46:09 +0800] "GET /images/heading1.jpg HTTP/1.0" 200 21104 "-" "Mozilla/5.0 (X11; Ubuntu; Linux x86_64; rv:72.0) Gecko/20100101 Firefox/72.0" 192.44.68.188
69.191.249.210 - - [19/Jun/2024:19:46:49 +0800] "GET /tc/annual_interim.php HTTP/1.0" 200 28903 "-" "BLP_bbot/0.1" 69.191.249.210
136.25.48.138 - - [19/Jun/2024:19:47:39 +0800] "GET /tc/news/2006/LTN20060516132_C.pdf HTTP/1.0" 200 136862 "-" "Mozilla/5.0 (Windows NT 10.0; Win64; x64) AppleWebKit/537.36 (KHTML, like Gecko) Chrome/125.0.0.0 Safari/537.36 OPR/110.0.0.0" 136.25.48.138
69.191.249.218 - - [19/Jun/2024:19:47:54 +0800] "GET /annual_interim.php HTTP/1.0" 200 29165 "-" "BLP_bbot/0.1" 69.191.249.218
69.191.249.207 - - [19/Jun/2024:19:48:02 +0800] "GET /pressrelease.php HTTP/1.0" 200 368765 "-" "BLP_bbot/0.1" 69.191.249.207
128.204.212.84 - - [19/Jun/2024:19:48:05 +0800] "GET / HTTP/1.0" 200 13829 "-" "Surperformance-sas - Logo Getter" 128.204.212.84
114.119.141.71 - - [19/Jun/2024:19:49:12 +0800] "GET /news/pdf/LTN20190301705.pdf HTTP/1.0" 200 91174 "http://1166hk.com/pressrelease.php" "Mozilla/5.0 (Linux; Android 7.0;) AppleWebKit/537.36 (KHTML, like Gecko) Mobile Safari/537.36 (compatible; PetalBot;+https://webmaster.petalsearch.com/site/petalbot)" 10.179.80.234, 114.119.141.71
54.82.80.246 - - [19/Jun/2024:19:49:29 +0800] "GET /.git/config HTTP/1.0" 404 9957 "-" "Mozilla/5.0 (Linux; Android 9; VOG-L09 Build/HUAWEIVOG-L09) AppleWebKit/537.36 (KHTML, like Gecko) Chrome/69.0.3497.128 Mobile Safari/537.36 (Ecosia android@69.0.3497.128)" 54.82.80.246
69.191.249.210 - - [19/Jun/2024:19:49:57 +0800] "GET /tc/pressrelease.php HTTP/1.0" 200 368714 "-" "BLP_bbot/0.1" 69.191.249.210
69.191.249.217 - - [19/Jun/2024:19:51:00 +0800] "GET /tc/annual_interim.php HTTP/1.0" 200 28903 "-" "BLP_bbot/0.1" 69.191.249.217
69.191.249.216 - - [19/Jun/2024:19:51:47 +0800] "GET /annual_interim.php HTTP/1.0" 200 29165 "-" "BLP_bbot/0.1" 69.191.249.216
69.191.249.210 - - [19/Jun/2024:19:52:08 +0800] "GET /pressrelease.php HTTP/1.0" 200 368765 "-" "BLP_bbot/0.1" 69.191.249.210
69.191.249.201 - - [19/Jun/2024:19:53:57 +0800] "GET /tc/pressrelease.php HTTP/1.0" 200 368714 "-" "BLP_bbot/0.1" 69.191.249.201
69.191.249.219 - - [19/Jun/2024:19:55:04 +0800] "GET /tc/annual_interim.php HTTP/1.0" 200 28903 "-" "BLP_bbot/0.1" 69.191.249.219
69.191.249.218 - - [19/Jun/2024:19:55:54 +0800] "GET /annual_interim.php HTTP/1.0" 200 29165 "-" "BLP_bbot/0.1" 69.191.249.218
69.191.249.201 - - [19/Jun/2024:19:56:05 +0800] "GET /pressrelease.php HTTP/1.0" 200 368765 "-" "BLP_bbot/0.1" 69.191.249.201
69.191.249.219 - - [19/Jun/2024:19:58:03 +0800] "GET /tc/pressrelease.php HTTP/1.0" 200 368714 "-" "BLP_bbot/0.1" 69.191.249.219
69.191.249.201 - - [19/Jun/2024:19:59:14 +0800] "GET /tc/annual_interim.php HTTP/1.0" 200 28903 "-" "BLP_bbot/0.1" 69.191.249.201
69.191.249.201 - - [19/Jun/2024:20:00:00 +0800] "GET /annual_interim.php HTTP/1.0" 200 29165 "-" "BLP_bbot/0.1" 69.191.249.201
69.191.249.216 - - [19/Jun/2024:20:00:08 +0800] "GET /pressrelease.php HTTP/1.0" 200 368765 "-" "BLP_bbot/0.1" 69.191.249.216
69.191.249.219 - - [19/Jun/2024:20:02:16 +0800] "GET /tc/pressrelease.php HTTP/1.0" 200 368714 "-" "BLP_bbot/0.1" 69.191.249.219
69.191.249.212 - - [19/Jun/2024:20:03:23 +0800] "GET /tc/annual_interim.php HTTP/1.0" 200 28903 "-" "BLP_bbot/0.1" 69.191.249.212
69.191.249.219 - - [19/Jun/2024:20:03:50 +0800] "GET /annual_interim.php HTTP/1.0" 200 29165 "-" "BLP_bbot/0.1" 69.191.249.219
8.145.213.50 - - [19/Jun/2024:20:04:06 +0800] "GET / HTTP/1.0" 200 13829 "-" "Mozilla/5.0 (Windows NT 6.1; Win64; x64) AppleWebKit/537.36 (KHTML, like Gecko) Chrome/65.0.3325.181 Safari/537.36" 8.145.213.50
69.191.249.201 - - [19/Jun/2024:20:04:09 +0800] "GET /pressrelease.php HTTP/1.0" 200 368765 "-" "BLP_bbot/0.1" 69.191.249.201
51.222.253.10 - - [19/Jun/2024:20:05:30 +0800] "GET /robots.txt HTTP/1.0" 404 9957 "-" "Mozilla/5.0 (compatible; AhrefsBot/7.0; +http://ahrefs.com/robot/)" 51.222.253.10
51.222.253.6 - - [19/Jun/2024:20:05:31 +0800] "GET /company.php HTTP/1.0" 200 12986 "-" "Mozilla/5.0 (compatible; AhrefsBot/7.0; +http://ahrefs.com/robot/)" 51.222.253.6
51.222.253.4 - - [19/Jun/2024:20:05:33 +0800] "GET /iesuck.js HTTP/1.0" 200 877 "-" "Mozilla/5.0 (compatible; AhrefsBot/7.0; +http://ahrefs.com/robot/)" 51.222.253.4
69.191.249.210 - - [19/Jun/2024:20:06:23 +0800] "GET /tc/pressrelease.php HTTP/1.0" 200 368714 "-" "BLP_bbot/0.1" 69.191.249.210
69.191.249.212 - - [19/Jun/2024:20:07:14 +0800] "GET /tc/annual_interim.php HTTP/1.0" 200 28903 "-" "BLP_bbot/0.1" 69.191.249.212
69.191.249.219 - - [19/Jun/2024:20:07:42 +0800] "GET /annual_interim.php HTTP/1.0" 200 29165 "-" "BLP_bbot/0.1" 69.191.249.219
69.191.249.217 - - [19/Jun/2024:20:08:16 +0800] "GET /pressrelease.php HTTP/1.0" 200 368765 "-" "BLP_bbot/0.1" 69.191.249.217
220.181.108.155 - - [19/Jun/2024:20:08:27 +0800] "GET /news/pdf/LTN20180601922_C.pdf HTTP/1.0" 200 182554 "-" "Mozilla/5.0 (compatible; Baiduspider/2.0; +http://www.baidu.com/search/spider.html)" 220.181.108.155
173.252.107.4 - - [19/Jun/2024:20:10:15 +0800] "GET /links.php HTTP/1.0" 200 12422 "-" "Python/3.10 aiohttp/3.9.3" 173.252.107.4
69.191.249.211 - - [19/Jun/2024:20:10:30 +0800] "GET /tc/pressrelease.php HTTP/1.0" 200 368714 "-" "BLP_bbot/0.1" 69.191.249.211
69.191.249.211 - - [19/Jun/2024:20:11:17 +0800] "GET /tc/annual_interim.php HTTP/1.0" 200 28903 "-" "BLP_bbot/0.1" 69.191.249.211
69.191.249.207 - - [19/Jun/2024:20:11:44 +0800] "GET /annual_interim.php HTTP/1.0" 200 29165 "-" "BLP_bbot/0.1" 69.191.249.207
86.31.173.124 - - [19/Jun/2024:20:11:47 +0800] "GET /news/pdf/LTN20120926536_C.pdf HTTP/1.0" 200 1748929 "-" "Mozilla/5.0 (Windows NT 10.0; Win64; x64) AppleWebKit/537.36 (KHTML, like Gecko) Chrome/125.0.0.0 Safari/537.36" 86.31.173.124
69.191.249.211 - - [19/Jun/2024:20:12:29 +0800] "GET /pressrelease.php HTTP/1.0" 200 368765 "-" "BLP_bbot/0.1" 69.191.249.211
66.249.66.195 - - [19/Jun/2024:20:13:18 +0800] "GET / HTTP/1.0" 200 13829 "-" "Mozilla/5.0 (Linux; Android 6.0.1; Nexus 5X Build/MMB29P) AppleWebKit/537.36 (KHTML, like Gecko) Chrome/125.0.6422.175 Mobile Safari/537.36 (compatible; Googlebot/2.1; +http://www.google.com/bot.html)" 66.249.66.195
69.191.249.216 - - [19/Jun/2024:20:14:22 +0800] "GET /tc/pressrelease.php HTTP/1.0" 200 368714 "-" "BLP_bbot/0.1" 69.191.249.216
69.191.249.221 - - [19/Jun/2024:20:15:27 +0800] "GET /tc/annual_interim.php HTTP/1.0" 200 28903 "-" "BLP_bbot/0.1" 69.191.249.221
69.191.249.211 - - [19/Jun/2024:20:15:54 +0800] "GET /annual_interim.php HTTP/1.0" 200 29165 "-" "BLP_bbot/0.1" 69.191.249.211
69.191.249.219 - - [19/Jun/2024:20:16:18 +0800] "GET /pressrelease.php HTTP/1.0" 200 368765 "-" "BLP_bbot/0.1" 69.191.249.219
69.191.249.201 - - [19/Jun/2024:20:18:16 +0800] "GET /tc/pressrelease.php HTTP/1.0" 200 368714 "-" "BLP_bbot/0.1" 69.191.249.201
66.249.71.136 - - [19/Jun/2024:20:18:59 +0800] "GET / HTTP/1.0" 200 13829 "-" "Mozilla/5.0 (compatible; Googlebot/2.1; +http://www.google.com/bot.html)" 66.249.71.136
69.191.249.217 - - [19/Jun/2024:20:19:29 +0800] "GET /tc/annual_interim.php HTTP/1.0" 200 28903 "-" "BLP_bbot/0.1" 69.191.249.217
69.191.249.206 - - [19/Jun/2024:20:20:04 +0800] "GET /annual_interim.php HTTP/1.0" 200 29165 "-" "BLP_bbot/0.1" 69.191.249.206
69.191.249.207 - - [19/Jun/2024:20:20:26 +0800] "GET /pressrelease.php HTTP/1.0" 200 368765 "-" "BLP_bbot/0.1" 69.191.249.207
39.173.107.139 - - [19/Jun/2024:20:20:28 +0800] "GET /robots.txt HTTP/1.0" 404 9957 "-" "YisouSpider" 39.173.107.139
101.67.29.173 - - [19/Jun/2024:20:20:29 +0800] "GET /tc/index.php HTTP/1.0" 200 13641 "-" "YisouSpider" 101.67.29.173
69.191.249.206 - - [19/Jun/2024:20:22:12 +0800] "GET /tc/pressrelease.php HTTP/1.0" 200 368714 "-" "BLP_bbot/0.1" 69.191.249.206
114.119.149.71 - - [19/Jun/2024:20:22:20 +0800] "GET /news/pdf/LTN201810021165.pdf HTTP/1.0" 200 69966 "http://1166hk.com/pressrelease.php" "Mozilla/5.0 (Linux; Android 7.0;) AppleWebKit/537.36 (KHTML, like Gecko) Mobile Safari/537.36 (compatible; PetalBot;+https://webmaster.petalsearch.com/site/petalbot)" 10.179.80.71, 114.119.149.71
69.191.249.206 - - [19/Jun/2024:20:23:32 +0800] "GET /tc/annual_interim.php HTTP/1.0" 200 28903 "-" "BLP_bbot/0.1" 69.191.249.206
69.191.249.221 - - [19/Jun/2024:20:24:10 +0800] "GET /annual_interim.php HTTP/1.0" 200 29165 "-" "BLP_bbot/0.1" 69.191.249.221
69.191.249.212 - - [19/Jun/2024:20:24:27 +0800] "GET /pressrelease.php HTTP/1.0" 200 368765 "-" "BLP_bbot/0.1" 69.191.249.212
17.241.219.111 - - [19/Jun/2024:20:24:30 +0800] "GET /robots.txt HTTP/1.0" 404 9957 "-" "Mozilla/5.0 (Macintosh; Intel Mac OS X 10_15_7) AppleWebKit/605.1.15 (KHTML, like Gecko) Version/17.4 Safari/605.1.15 (Applebot/0.1; +http://www.apple.com/go/applebot)" 17.241.219.111
17.241.219.111 - - [19/Jun/2024:20:24:31 +0800] "GET / HTTP/1.0" 200 13829 "-" "Mozilla/5.0 (Macintosh; Intel Mac OS X 10_15_7) AppleWebKit/605.1.15 (KHTML, like Gecko) Version/17.4 Safari/605.1.15 (Applebot/0.1; +http://www.apple.com/go/applebot)" 17.241.219.111
69.191.249.220 - - [19/Jun/2024:20:26:20 +0800] "GET /tc/pressrelease.php HTTP/1.0" 200 368714 "-" "BLP_bbot/0.1" 69.191.249.220
69.191.249.220 - - [19/Jun/2024:20:27:27 +0800] "GET /tc/annual_interim.php HTTP/1.0" 200 28903 "-" "BLP_bbot/0.1" 69.191.249.220
69.191.249.206 - - [19/Jun/2024:20:28:09 +0800] "GET /annual_interim.php HTTP/1.0" 200 29165 "-" "BLP_bbot/0.1" 69.191.249.206
69.191.249.221 - - [19/Jun/2024:20:28:29 +0800] "GET /pressrelease.php HTTP/1.0" 200 368765 "-" "BLP_bbot/0.1" 69.191.249.221
182.32.162.236 - - [19/Jun/2024:20:29:10 +0800] "GET /tc/pressrelease.php HTTP/1.0" 200 368714 "-" "Mozilla/5.0 (Macintosh; Intel Mac OS X 10_15_7) AppleWebKit/537.36 (KHTML, like Gecko) Chrome/109.0.0.0 Safari/537.36" 182.32.162.236
69.191.249.218 - - [19/Jun/2024:20:30:15 +0800] "GET /tc/pressrelease.php HTTP/1.0" 200 368714 "-" "BLP_bbot/0.1" 69.191.249.218
173.252.83.11 - - [19/Jun/2024:20:31:14 +0800] "GET /index.php HTTP/1.0" 200 13829 "-" "Python/3.10 aiohttp/3.9.3" 173.252.83.11
69.191.249.216 - - [19/Jun/2024:20:31:38 +0800] "GET /tc/annual_interim.php HTTP/1.0" 200 28903 "-" "BLP_bbot/0.1" 69.191.249.216
69.191.249.207 - - [19/Jun/2024:20:32:07 +0800] "GET /annual_interim.php HTTP/1.0" 200 29165 "-" "BLP_bbot/0.1" 69.191.249.207
69.191.249.219 - - [19/Jun/2024:20:32:25 +0800] "GET /pressrelease.php HTTP/1.0" 200 368765 "-" "BLP_bbot/0.1" 69.191.249.219
66.249.66.168 - - [19/Jun/2024:20:33:00 +0800] "GET / HTTP/1.0" 200 13829 "-" "Mozilla/5.0 (Linux; Android 6.0.1; Nexus 5X Build/MMB29P) AppleWebKit/537.36 (KHTML, like Gecko) Chrome/125.0.6422.175 Mobile Safari/537.36 (compatible; Googlebot/2.1; +http://www.google.com/bot.html)" 66.249.66.168
66.249.66.169 - - [19/Jun/2024:20:33:14 +0800] "GET /favicon.ico HTTP/1.0" 404 9957 "-" "Googlebot-Image/1.0" 66.249.66.169
72.13.46.2 - - [19/Jun/2024:20:33:59 +0800] "GET /robots.txt HTTP/1.0" 404 9957 "-" "Mozilla/5.0 (compatible; ips-agent)" 72.13.46.2
72.13.46.2 - - [19/Jun/2024:20:34:00 +0800] "GET / HTTP/1.0" 200 13829 "-" "Mozilla/5.0 (compatible; ips-agent)" 72.13.46.2
72.13.46.2 - - [19/Jun/2024:20:34:01 +0800] "GET /contact.php HTTP/1.0" 200 11082 "-" "Mozilla/5.0 (compatible; ips-agent)" 72.13.46.2
72.13.46.2 - - [19/Jun/2024:20:34:02 +0800] "GET /company.php HTTP/1.0" 200 12986 "-" "Mozilla/5.0 (compatible; ips-agent)" 72.13.46.2
69.191.249.219 - - [19/Jun/2024:20:34:05 +0800] "GET /tc/pressrelease.php HTTP/1.0" 200 368714 "-" "BLP_bbot/0.1" 69.191.249.219
69.191.249.210 - - [19/Jun/2024:20:35:27 +0800] "GET /tc/annual_interim.php HTTP/1.0" 200 28903 "-" "BLP_bbot/0.1" 69.191.249.210
69.191.249.219 - - [19/Jun/2024:20:36:03 +0800] "GET /annual_interim.php HTTP/1.0" 200 29165 "-" "BLP_bbot/0.1" 69.191.249.219
69.191.249.220 - - [19/Jun/2024:20:36:33 +0800] "GET /pressrelease.php HTTP/1.0" 200 368765 "-" "BLP_bbot/0.1" 69.191.249.220
173.252.83.13 - - [19/Jun/2024:20:36:42 +0800] "GET /tc/index.php HTTP/1.0" 200 13641 "-" "Python/3.10 aiohttp/3.9.3" 173.252.83.13
110.184.210.237 - - [19/Jun/2024:20:37:01 +0800] "GET / HTTP/1.0" 200 13829 "-" "Mozilla/5.0 (Macintosh; Intel Mac OS X 10_15_7) AppleWebKit/537.36 (KHTML, like Gecko) Chrome/109.0.0.0 Safari/537.36" 110.184.210.237
69.191.249.221 - - [19/Jun/2024:20:38:11 +0800] "GET /tc/pressrelease.php HTTP/1.0" 200 368714 "-" "BLP_bbot/0.1" 69.191.249.221
69.191.249.210 - - [19/Jun/2024:20:39:35 +0800] "GET /tc/annual_interim.php HTTP/1.0" 200 28903 "-" "BLP_bbot/0.1" 69.191.249.210
69.191.249.201 - - [19/Jun/2024:20:40:09 +0800] "GET /annual_interim.php HTTP/1.0" 200 29165 "-" "BLP_bbot/0.1" 69.191.249.201
69.191.249.219 - - [19/Jun/2024:20:40:26 +0800] "GET /pressrelease.php HTTP/1.0" 200 368765 "-" "BLP_bbot/0.1" 69.191.249.219
176.9.137.113 - - [19/Jun/2024:20:41:16 +0800] "GET /news/pdf/LTN20120228529_C.pdf HTTP/1.0" 200 392885 "-" "Mozilla/5.0 (Windows NT 10.0; Win64; x64) AppleWebKit/537.36 (KHTML, like Gecko) Chrome/125.0.0.0 Safari/537.36 OPR/110.0.0.0" 176.9.137.113
69.191.249.212 - - [19/Jun/2024:20:42:11 +0800] "GET /tc/pressrelease.php HTTP/1.0" 200 368714 "-" "BLP_bbot/0.1" 69.191.249.212
69.191.249.211 - - [19/Jun/2024:20:43:48 +0800] "GET /tc/annual_interim.php HTTP/1.0" 200 28903 "-" "BLP_bbot/0.1" 69.191.249.211
69.191.249.201 - - [19/Jun/2024:20:44:05 +0800] "GET /annual_interim.php HTTP/1.0" 200 29165 "-" "BLP_bbot/0.1" 69.191.249.201
69.191.249.220 - - [19/Jun/2024:20:44:24 +0800] "GET /pressrelease.php HTTP/1.0" 200 368765 "-" "BLP_bbot/0.1" 69.191.249.220
69.191.249.212 - - [19/Jun/2024:20:46:02 +0800] "GET /tc/pressrelease.php HTTP/1.0" 200 368714 "-" "BLP_bbot/0.1" 69.191.249.212
69.191.249.211 - - [19/Jun/2024:20:47:38 +0800] "GET /tc/annual_interim.php HTTP/1.0" 200 28903 "-" "BLP_bbot/0.1" 69.191.249.211
114.119.155.78 - - [19/Jun/2024:20:47:55 +0800] "GET /news/pdf/LTN20131101423_C.pdf HTTP/1.0" 200 200965 "http://1166hk.com/tc/pressrelease.php" "Mozilla/5.0 (Linux; Android 7.0;) AppleWebKit/537.36 (KHTML, like Gecko) Mobile Safari/537.36 (compatible; PetalBot;+https://webmaster.petalsearch.com/site/petalbot)" 10.179.80.224, 114.119.155.78
69.191.249.220 - - [19/Jun/2024:20:47:59 +0800] "GET /annual_interim.php HTTP/1.0" 200 29165 "-" "BLP_bbot/0.1" 69.191.249.220
69.191.249.216 - - [19/Jun/2024:20:48:34 +0800] "GET /pressrelease.php HTTP/1.0" 200 368765 "-" "BLP_bbot/0.1" 69.191.249.216
66.249.66.160 - - [19/Jun/2024:20:49:23 +0800] "GET /tc/pressrelease.php/tc/news/pdf/ltn20190912254_c.pdf HTTP/1.0" 200 368714 "-" "Mozilla/5.0 (Linux; Android 6.0.1; Nexus 5X Build/MMB29P) AppleWebKit/537.36 (KHTML, like Gecko) Chrome/125.0.6422.175 Mobile Safari/537.36 (compatible; GoogleOther)" 66.249.66.160
69.191.249.218 - - [19/Jun/2024:20:49:54 +0800] "GET /tc/pressrelease.php HTTP/1.0" 200 368714 "-" "BLP_bbot/0.1" 69.191.249.218
69.191.249.207 - - [19/Jun/2024:20:51:31 +0800] "GET /tc/annual_interim.php HTTP/1.0" 200 28903 "-" "BLP_bbot/0.1" 69.191.249.207
69.191.249.216 - - [19/Jun/2024:20:51:52 +0800] "GET /annual_interim.php HTTP/1.0" 200 29165 "-" "BLP_bbot/0.1" 69.191.249.216
69.191.249.217 - - [19/Jun/2024:20:52:30 +0800] "GET /pressrelease.php HTTP/1.0" 200 368765 "-" "BLP_bbot/0.1" 69.191.249.217
69.191.249.201 - - [19/Jun/2024:20:53:44 +0800] "GET /tc/pressrelease.php HTTP/1.0" 200 368714 "-" "BLP_bbot/0.1" 69.191.249.201
103.146.179.69 - - [19/Jun/2024:20:53:57 +0800] "GET / HTTP/1.0" 200 13829 "-" "Mozilla/5.0 (Macintosh; Intel Mac OS X 10_10_1) AppleWebKit/537.36 (KHTML, like Gecko) Chrome/37.0.2062.124 Safari/537.36" 103.146.179.69
103.146.179.69 - - [19/Jun/2024:20:53:57 +0800] "PUT /fileserver/a../../%08/..%08/.%08/%08%5C%5C HTTP/1.0" 405 9984 "-" "Mozilla/5.0 (X11; Ubuntu; Linux x86_64) AppleWebKit/537.36 (KHTML, like Gecko) Chrome/55.0.2919.83 Safari/537.36" 103.146.179.69
69.191.249.212 - - [19/Jun/2024:20:55:26 +0800] "GET /tc/annual_interim.php HTTP/1.0" 200 28903 "-" "BLP_bbot/0.1" 69.191.249.212
69.191.249.217 - - [19/Jun/2024:20:55:54 +0800] "GET /annual_interim.php HTTP/1.0" 200 29165 "-" "BLP_bbot/0.1" 69.191.249.217
69.191.249.220 - - [19/Jun/2024:20:56:33 +0800] "GET /pressrelease.php HTTP/1.0" 200 368765 "-" "BLP_bbot/0.1" 69.191.249.220
69.191.249.220 - - [19/Jun/2024:20:57:38 +0800] "GET /tc/pressrelease.php HTTP/1.0" 200 368714 "-" "BLP_bbot/0.1" 69.191.249.220
69.191.249.207 - - [19/Jun/2024:20:59:37 +0800] "GET /tc/annual_interim.php HTTP/1.0" 200 28903 "-" "BLP_bbot/0.1" 69.191.249.207
69.191.249.211 - - [19/Jun/2024:20:59:58 +0800] "GET /annual_interim.php HTTP/1.0" 200 29165 "-" "BLP_bbot/0.1" 69.191.249.211
69.191.249.206 - - [19/Jun/2024:21:00:39 +0800] "GET /pressrelease.php HTTP/1.0" 200 368765 "-" "BLP_bbot/0.1" 69.191.249.206
34.23.13.164 - - [19/Jun/2024:21:01:27 +0800] "GET / HTTP/1.0" 200 13829 "-" "Mozilla/5.0 (X11; Linux x86_64) AppleWebKit/537.36 (KHTML, like Gecko) Chrome/104.0.5112.101 Safari/537.36" 34.23.13.164
34.23.13.164 - - [19/Jun/2024:21:01:27 +0800] "GET /common.css HTTP/1.0" 200 2745 "http://1166hk.com/" "Mozilla/5.0 (X11; Linux x86_64) AppleWebKit/537.36 (KHTML, like Gecko) Chrome/104.0.5112.101 Safari/537.36" 34.23.13.164
34.23.13.164 - - [19/Jun/2024:21:01:28 +0800] "GET /iesuck.js HTTP/1.0" 200 877 "http://1166hk.com/" "Mozilla/5.0 (X11; Linux x86_64) AppleWebKit/537.36 (KHTML, like Gecko) Chrome/104.0.5112.101 Safari/537.36" 34.23.13.164
34.23.13.164 - - [19/Jun/2024:21:01:28 +0800] "GET /images/heading1.jpg HTTP/1.0" 200 21104 "http://1166hk.com/" "Mozilla/5.0 (X11; Linux x86_64) AppleWebKit/537.36 (KHTML, like Gecko) Chrome/104.0.5112.101 Safari/537.36" 34.23.13.164
34.23.13.164 - - [19/Jun/2024:21:01:28 +0800] "GET /images/bt_home.gif HTTP/1.0" 200 452 "http://1166hk.com/" "Mozilla/5.0 (X11; Linux x86_64) AppleWebKit/537.36 (KHTML, like Gecko) Chrome/104.0.5112.101 Safari/537.36" 34.23.13.164
34.23.13.164 - - [19/Jun/2024:21:01:28 +0800] "GET /images/web-1_04.gif HTTP/1.0" 200 311 "http://1166hk.com/" "Mozilla/5.0 (X11; Linux x86_64) AppleWebKit/537.36 (KHTML, like Gecko) Chrome/104.0.5112.101 Safari/537.36" 34.23.13.164
34.23.13.164 - - [19/Jun/2024:21:01:28 +0800] "GET /images/bt_contact.gif HTTP/1.0" 200 565 "http://1166hk.com/" "Mozilla/5.0 (X11; Linux x86_64) AppleWebKit/537.36 (KHTML, like Gecko) Chrome/104.0.5112.101 Safari/537.36" 34.23.13.164
34.23.13.164 - - [19/Jun/2024:21:01:28 +0800] "GET /images/bt_eng_sel.gif HTTP/1.0" 200 710 "http://1166hk.com/" "Mozilla/5.0 (X11; Linux x86_64) AppleWebKit/537.36 (KHTML, like Gecko) Chrome/104.0.5112.101 Safari/537.36" 34.23.13.164
34.23.13.164 - - [19/Jun/2024:21:01:28 +0800] "GET /images/menu-r3.gif HTTP/1.0" 200 611 "http://1166hk.com/" "Mozilla/5.0 (X11; Linux x86_64) AppleWebKit/537.36 (KHTML, like Gecko) Chrome/104.0.5112.101 Safari/537.36" 34.23.13.164
34.23.13.164 - - [19/Jun/2024:21:01:28 +0800] "GET /images/bt_chin.gif HTTP/1.0" 200 566 "http://1166hk.com/" "Mozilla/5.0 (X11; Linux x86_64) AppleWebKit/537.36 (KHTML, like Gecko) Chrome/104.0.5112.101 Safari/537.36" 34.23.13.164
34.23.13.164 - - [19/Jun/2024:21:01:28 +0800] "GET /images/spacer.gif HTTP/1.0" 200 301 "http://1166hk.com/" "Mozilla/5.0 (X11; Linux x86_64) AppleWebKit/537.36 (KHTML, like Gecko) Chrome/104.0.5112.101 Safari/537.36" 34.23.13.164
34.23.13.164 - - [19/Jun/2024:21:01:28 +0800] "GET /images/graphic1_03.gif HTTP/1.0" 200 622 "http://1166hk.com/" "Mozilla/5.0 (X11; Linux x86_64) AppleWebKit/537.36 (KHTML, like Gecko) Chrome/104.0.5112.101 Safari/537.36" 34.23.13.164
34.23.13.164 - - [19/Jun/2024:21:01:28 +0800] "GET /images/logo.gif HTTP/1.0" 200 3202 "http://1166hk.com/" "Mozilla/5.0 (X11; Linux x86_64) AppleWebKit/537.36 (KHTML, like Gecko) Chrome/104.0.5112.101 Safari/537.36" 34.23.13.164
34.23.13.164 - - [19/Jun/2024:21:01:28 +0800] "GET /images/bt_home_up.gif HTTP/1.0" 200 1729 "http://1166hk.com/" "Mozilla/5.0 (X11; Linux x86_64) AppleWebKit/537.36 (KHTML, like Gecko) Chrome/104.0.5112.101 Safari/537.36" 34.23.13.164
34.23.13.164 - - [19/Jun/2024:21:01:28 +0800] "GET /images/bt_home_up2.gif HTTP/1.0" 200 1776 "http://1166hk.com/" "Mozilla/5.0 (X11; Linux x86_64) AppleWebKit/537.36 (KHTML, like Gecko) Chrome/104.0.5112.101 Safari/537.36" 34.23.13.164
34.23.13.164 - - [19/Jun/2024:21:01:28 +0800] "GET /images/bt_chin_up.gif HTTP/1.0" 200 2351 "http://1166hk.com/" "Mozilla/5.0 (X11; Linux x86_64) AppleWebKit/537.36 (KHTML, like Gecko) Chrome/104.0.5112.101 Safari/537.36" 34.23.13.164
34.23.13.164 - - [19/Jun/2024:21:01:28 +0800] "GET /images/bt_contact_up.gif HTTP/1.0" 200 2343 "http://1166hk.com/" "Mozilla/5.0 (X11; Linux x86_64) AppleWebKit/537.36 (KHTML, like Gecko) Chrome/104.0.5112.101 Safari/537.36" 34.23.13.164
34.23.13.164 - - [19/Jun/2024:21:01:28 +0800] "GET /images/bt_tc2_up.gif HTTP/1.0" 200 1997 "http://1166hk.com/" "Mozilla/5.0 (X11; Linux x86_64) AppleWebKit/537.36 (KHTML, like Gecko) Chrome/104.0.5112.101 Safari/537.36" 34.23.13.164
69.191.249.207 - - [19/Jun/2024:21:01:49 +0800] "GET /tc/pressrelease.php HTTP/1.0" 200 368714 "-" "BLP_bbot/0.1" 69.191.249.207
121.52.252.43 - - [19/Jun/2024:21:03:10 +0800] "GET / HTTP/1.0" 200 13829 "-" "Mozilla/5.0 (Windows NT 6.1; Win64; x64) AppleWebKit/537.36 (KHTML, like Gecko) Chrome/65.0.3325.181 Safari/537.36" 121.52.252.43
69.191.249.219 - - [19/Jun/2024:21:03:48 +0800] "GET /tc/annual_interim.php HTTP/1.0" 200 28903 "-" "BLP_bbot/0.1" 69.191.249.219
69.191.249.221 - - [19/Jun/2024:21:04:04 +0800] "GET /annual_interim.php HTTP/1.0" 200 29165 "-" "BLP_bbot/0.1" 69.191.249.221
69.191.249.221 - - [19/Jun/2024:21:04:47 +0800] "GET /pressrelease.php HTTP/1.0" 200 368765 "-" "BLP_bbot/0.1" 69.191.249.221
220.181.108.176 - - [19/Jun/2024:21:05:26 +0800] "GET /news/pdf/LTN20121022257_C.pdf HTTP/1.0" 200 4668293 "-" "Mozilla/5.0 (compatible; Baiduspider/2.0; +http://www.baidu.com/search/spider.html)" 220.181.108.176
69.191.249.219 - - [19/Jun/2024:21:05:40 +0800] "GET /tc/pressrelease.php HTTP/1.0" 200 368714 "-" "BLP_bbot/0.1" 69.191.249.219
51.255.58.93 - - [19/Jun/2024:21:07:31 +0800] "POST /php-cgi/php-cgi.exe?%ADd+cgi.force_redirect%3d0+%ADd+cgi.redirect_status_env+%ADd+allow_url_include%3d1+%ADd+auto_prepend_file%3dphp://input HTTP/1.0" 404 9957 "-" "Mozilla/5.0 (Windows NT 10.0; Win64; x64) AppleWebKit/537.36 (KHTML, like Gecko) Chrome/110.0.0.0 Safari/537.36 Edg/110.0.1587.56" 51.255.58.93
51.255.58.93 - - [19/Jun/2024:21:07:31 +0800] "POST /index.php?%ADd+cgi.force_redirect%3d0+%ADd+cgi.redirect_status_env+%ADd+allow_url_include%3d1+%ADd+auto_prepend_file%3dphp://input HTTP/1.0" 200 13829 "-" "Mozilla/5.0 (Macintosh; Intel Mac OS X 10_15_7) AppleWebKit/537.36 (KHTML, like Gecko) Chrome/110.0.0.0 Safari/537.36" 51.255.58.93
51.255.58.93 - - [19/Jun/2024:21:07:32 +0800] "POST /test.php?%ADd+cgi.force_redirect%3d0+%ADd+cgi.redirect_status_env+%ADd+allow_url_include%3d1+%ADd+auto_prepend_file%3dphp://input HTTP/1.0" 404 9957 "-" "Mozilla/5.0 (Windows NT 10.0; Win64; x64; rv:120.0) Gecko/20100101 Firefox/120.0" 51.255.58.93
51.255.58.93 - - [19/Jun/2024:21:07:33 +0800] "POST /test.hello?%ADd+cgi.force_redirect%3d0+%ADd+cgi.redirect_status_env+%ADd+allow_url_include%3d1+%ADd+auto_prepend_file%3dphp://input HTTP/1.0" 404 9957 "-" "Mozilla/5.0 (Macintosh; Intel Mac OS X 10_15_7) AppleWebKit/605.1.15 (KHTML, like Gecko) Version/17.5 Safari/605.1.66" 51.255.58.93
69.191.249.201 - - [19/Jun/2024:21:07:48 +0800] "GET /tc/annual_interim.php HTTP/1.0" 200 28903 "-" "BLP_bbot/0.1" 69.191.249.201
69.191.249.212 - - [19/Jun/2024:21:08:06 +0800] "GET /annual_interim.php HTTP/1.0" 200 29165 "-" "BLP_bbot/0.1" 69.191.249.212
69.191.249.212 - - [19/Jun/2024:21:08:37 +0800] "GET /pressrelease.php HTTP/1.0" 200 368765 "-" "BLP_bbot/0.1" 69.191.249.212
114.119.141.71 - - [19/Jun/2024:21:08:51 +0800] "GET /pressrelease.php/news/2009/news/2008/news/pdf/news/2006/tc/news/2005/memo.php HTTP/1.0" 200 368765 "http://www.1166hk.com/pressrelease.php/news/2009/news/2008/news/pdf/news/2006/tc/news/2005/index.php" "Mozilla/5.0 (Linux; Android 7.0;) AppleWebKit/537.36 (KHTML, like Gecko) Mobile Safari/537.36 (compatible; PetalBot;+https://webmaster.petalsearch.com/site/petalbot)" 10.179.80.244, 114.119.141.71
69.191.249.216 - - [19/Jun/2024:21:09:41 +0800] "GET /tc/pressrelease.php HTTP/1.0" 200 368714 "-" "BLP_bbot/0.1" 69.191.249.216
114.119.138.183 - - [19/Jun/2024:21:10:13 +0800] "GET /news/pdf/LTN20140225035.pdf HTTP/1.0" 200 481640 "http://www.1166hk.com/pressrelease.php" "Mozilla/5.0 (Linux; Android 7.0;) AppleWebKit/537.36 (KHTML, like Gecko) Mobile Safari/537.36 (compatible; PetalBot;+https://webmaster.petalsearch.com/site/petalbot)" 10.179.80.202, 114.119.138.183
69.191.249.211 - - [19/Jun/2024:21:11:45 +0800] "GET /tc/annual_interim.php HTTP/1.0" 200 28903 "-" "BLP_bbot/0.1" 69.191.249.211
66.249.66.160 - - [19/Jun/2024:21:12:06 +0800] "GET /tc/pressrelease.php/tc/news/news/2007/CWF0607101.pdf HTTP/1.0" 200 368714 "-" "Mozilla/5.0 (Linux; Android 6.0.1; Nexus 5X Build/MMB29P) AppleWebKit/537.36 (KHTML, like Gecko) Chrome/125.0.6422.175 Mobile Safari/537.36 (compatible; Googlebot/2.1; +http://www.google.com/bot.html)" 66.249.66.160
69.191.249.216 - - [19/Jun/2024:21:12:18 +0800] "GET /annual_interim.php HTTP/1.0" 200 29165 "-" "BLP_bbot/0.1" 69.191.249.216
69.191.249.216 - - [19/Jun/2024:21:12:34 +0800] "GET /pressrelease.php HTTP/1.0" 200 368765 "-" "BLP_bbot/0.1" 69.191.249.216
69.191.249.220 - - [19/Jun/2024:21:13:41 +0800] "GET /tc/pressrelease.php HTTP/1.0" 200 368714 "-" "BLP_bbot/0.1" 69.191.249.220
209.11.218.77 - - [19/Jun/2024:21:13:58 +0800] "GET /tc/annual_interim.php HTTP/1.0" 200 28903 "-" "Mozilla/4.0 (compatible; MSIE 7.0; Windows NT 6.2; Win64; x64; Trident/7.0; .NET4.0C; .NET4.0E)" 209.11.218.77
209.11.218.77 - - [19/Jun/2024:21:13:59 +0800] "GET /images/bt_chin_tc.gif HTTP/1.0" 200 770 "-" "Mozilla/4.0 (compatible; MSIE 7.0; Windows NT 6.2; Win64; x64; Trident/7.0; .NET4.0C; .NET4.0E)" 209.11.218.77
209.11.218.77 - - [19/Jun/2024:21:13:59 +0800] "GET /images/bt_eng_tc.gif HTTP/1.0" 200 509 "-" "Mozilla/4.0 (compatible; MSIE 7.0; Windows NT 6.2; Win64; x64; Trident/7.0; .NET4.0C; .NET4.0E)" 209.11.218.77
209.11.218.77 - - [19/Jun/2024:21:13:59 +0800] "GET /images/bt_contact_tc.gif HTTP/1.0" 200 560 "-" "Mozilla/4.0 (compatible; MSIE 7.0; Windows NT 6.2; Win64; x64; Trident/7.0; .NET4.0C; .NET4.0E)" 209.11.218.77
209.11.218.77 - - [19/Jun/2024:21:13:59 +0800] "GET /images/bt_home_tc.gif HTTP/1.0" 200 441 "-" "Mozilla/4.0 (compatible; MSIE 7.0; Windows NT 6.2; Win64; x64; Trident/7.0; .NET4.0C; .NET4.0E)" 209.11.218.77
209.11.218.77 - - [19/Jun/2024:21:13:59 +0800] "GET /images/heading-annual_tc.gif HTTP/1.0" 200 1987 "-" "Mozilla/4.0 (compatible; MSIE 7.0; Windows NT 6.2; Win64; x64; Trident/7.0; .NET4.0C; .NET4.0E)" 209.11.218.77
209.11.218.77 - - [19/Jun/2024:21:13:59 +0800] "GET /images/heading1_tc.jpg HTTP/1.0" 200 21104 "-" "Mozilla/4.0 (compatible; MSIE 7.0; Windows NT 6.2; Win64; x64; Trident/7.0; .NET4.0C; .NET4.0E)" 209.11.218.77
209.11.218.77 - - [19/Jun/2024:21:13:59 +0800] "GET /images/logo.gif HTTP/1.0" 200 3202 "-" "Mozilla/4.0 (compatible; MSIE 7.0; Windows NT 6.2; Win64; x64; Trident/7.0; .NET4.0C; .NET4.0E)" 209.11.218.77
209.11.218.77 - - [19/Jun/2024:21:13:59 +0800] "GET /images/spacer.gif HTTP/1.0" 200 301 "-" "Mozilla/4.0 (compatible; MSIE 7.0; Windows NT 6.2; Win64; x64; Trident/7.0; .NET4.0C; .NET4.0E)" 209.11.218.77
209.11.218.77 - - [19/Jun/2024:21:14:00 +0800] "GET /tc/common.css HTTP/1.0" 404 9957 "-" "Mozilla/4.0 (compatible; MSIE 7.0; Windows NT 6.2; Win64; x64; Trident/7.0; .NET4.0C; .NET4.0E)" 209.11.218.77
209.11.218.77 - - [19/Jun/2024:21:14:00 +0800] "GET /tc/images/spacer.gif HTTP/1.0" 404 9957 "-" "Mozilla/4.0 (compatible; MSIE 7.0; Windows NT 6.2; Win64; x64; Trident/7.0; .NET4.0C; .NET4.0E)" 209.11.218.77
209.11.218.77 - - [19/Jun/2024:21:14:02 +0800] "GET /tc/annual_interim.php HTTP/1.0" 200 28903 "-" "-" 209.11.218.77
209.11.218.77 - - [19/Jun/2024:21:14:14 +0800] "GET /news/pdf/C1166_Dissemination.pdf HTTP/1.0" 404 9957 "-" "-" 209.11.218.77
209.11.218.77 - - [19/Jun/2024:21:14:19 +0800] "GET /news/pdf/C1166_Dissemination.pdf HTTP/1.0" 404 9957 "-" "-" 209.11.218.77
209.11.218.77 - - [19/Jun/2024:21:14:29 +0800] "GET /news/pdf/C1166_Dissemination.pdf HTTP/1.0" 404 9957 "-" "-" 209.11.218.77
209.11.218.77 - - [19/Jun/2024:21:14:45 +0800] "GET /news/pdf/C1166_Dissemination.pdf HTTP/1.0" 404 9957 "-" "-" 209.11.218.77
209.11.218.77 - - [19/Jun/2024:21:15:05 +0800] "GET /news/pdf/C1166_Dissemination.pdf HTTP/1.0" 404 9957 "-" "-" 209.11.218.77
209.11.218.77 - - [19/Jun/2024:21:15:30 +0800] "GET /news/pdf/C1166_Dissemination.pdf HTTP/1.0" 404 9957 "-" "-" 209.11.218.77
69.191.249.216 - - [19/Jun/2024:21:15:38 +0800] "GET /tc/annual_interim.php HTTP/1.0" 200 28903 "-" "BLP_bbot/0.1" 69.191.249.216
209.11.218.77 - - [19/Jun/2024:21:16:00 +0800] "GET /news/pdf/C1166_Dissemination.pdf HTTP/1.0" 404 9957 "-" "-" 209.11.218.77
209.11.218.77 - - [19/Jun/2024:21:16:01 +0800] "GET /news/pdf/privacy_ch.pdf HTTP/1.0" 404 9957 "-" "-" 209.11.218.77
209.11.218.77 - - [19/Jun/2024:21:16:06 +0800] "GET /news/pdf/privacy_ch.pdf HTTP/1.0" 404 9957 "-" "-" 209.11.218.77
69.191.249.201 - - [19/Jun/2024:21:16:09 +0800] "GET /annual_interim.php HTTP/1.0" 200 29165 "-" "BLP_bbot/0.1" 69.191.249.201
209.11.218.77 - - [19/Jun/2024:21:16:16 +0800] "GET /news/pdf/privacy_ch.pdf HTTP/1.0" 404 9957 "-" "-" 209.11.218.77
209.11.218.77 - - [19/Jun/2024:21:16:31 +0800] "GET /news/pdf/privacy_ch.pdf HTTP/1.0" 404 9957 "-" "-" 209.11.218.77
69.191.249.201 - - [19/Jun/2024:21:16:35 +0800] "GET /pressrelease.php HTTP/1.0" 200 368765 "-" "BLP_bbot/0.1" 69.191.249.201
209.11.218.77 - - [19/Jun/2024:21:16:52 +0800] "GET /news/pdf/privacy_ch.pdf HTTP/1.0" 404 9957 "-" "-" 209.11.218.77
66.249.66.169 - - [19/Jun/2024:21:17:05 +0800] "GET / HTTP/1.0" 200 13829 "-" "Mozilla/5.0 (compatible; Googlebot/2.1; +http://www.google.com/bot.html)" 66.249.66.169
209.11.218.77 - - [19/Jun/2024:21:17:17 +0800] "GET /news/pdf/privacy_ch.pdf HTTP/1.0" 404 9957 "-" "-" 209.11.218.77
69.191.249.201 - - [19/Jun/2024:21:17:47 +0800] "GET /tc/pressrelease.php HTTP/1.0" 200 368714 "-" "BLP_bbot/0.1" 69.191.249.201
209.11.218.77 - - [19/Jun/2024:21:17:47 +0800] "GET /news/pdf/privacy_ch.pdf HTTP/1.0" 404 9957 "-" "-" 209.11.218.77
209.11.218.77 - - [19/Jun/2024:21:17:47 +0800] "GET /news/pdf/C1166_Dissemination.pdf HTTP/1.0" 404 9957 "-" "-" 209.11.218.77
209.11.218.77 - - [19/Jun/2024:21:17:53 +0800] "GET /news/pdf/C1166_Dissemination.pdf HTTP/1.0" 404 9957 "-" "-" 209.11.218.77
209.11.218.77 - - [19/Jun/2024:21:18:03 +0800] "GET /news/pdf/C1166_Dissemination.pdf HTTP/1.0" 404 9957 "-" "-" 209.11.218.77
209.11.218.77 - - [19/Jun/2024:21:18:18 +0800] "GET /news/pdf/C1166_Dissemination.pdf HTTP/1.0" 404 9957 "-" "-" 209.11.218.77
209.11.218.77 - - [19/Jun/2024:21:18:38 +0800] "GET /news/pdf/C1166_Dissemination.pdf HTTP/1.0" 404 9957 "-" "-" 209.11.218.77
209.11.218.77 - - [19/Jun/2024:21:19:03 +0800] "GET /news/pdf/C1166_Dissemination.pdf HTTP/1.0" 404 9957 "-" "-" 209.11.218.77
69.191.249.216 - - [19/Jun/2024:21:19:33 +0800] "GET /tc/annual_interim.php HTTP/1.0" 200 28903 "-" "BLP_bbot/0.1" 69.191.249.216
209.11.218.77 - - [19/Jun/2024:21:19:34 +0800] "GET /news/pdf/C1166_Dissemination.pdf HTTP/1.0" 404 9957 "-" "-" 209.11.218.77
209.11.218.77 - - [19/Jun/2024:21:19:34 +0800] "GET /news/pdf/privacy_ch.pdf HTTP/1.0" 404 9957 "-" "-" 209.11.218.77
209.11.218.77 - - [19/Jun/2024:21:19:39 +0800] "GET /news/pdf/privacy_ch.pdf HTTP/1.0" 404 9957 "-" "-" 209.11.218.77
209.11.218.77 - - [19/Jun/2024:21:19:50 +0800] "GET /news/pdf/privacy_ch.pdf HTTP/1.0" 404 9957 "-" "-" 209.11.218.77
209.11.218.77 - - [19/Jun/2024:21:20:05 +0800] "GET /news/pdf/privacy_ch.pdf HTTP/1.0" 404 9957 "-" "-" 209.11.218.77
69.191.249.221 - - [19/Jun/2024:21:20:20 +0800] "GET /annual_interim.php HTTP/1.0" 200 29165 "-" "BLP_bbot/0.1" 69.191.249.221
209.11.218.77 - - [19/Jun/2024:21:20:25 +0800] "GET /news/pdf/privacy_ch.pdf HTTP/1.0" 404 9957 "-" "-" 209.11.218.77
69.191.249.219 - - [19/Jun/2024:21:20:41 +0800] "GET /pressrelease.php HTTP/1.0" 200 368765 "-" "BLP_bbot/0.1" 69.191.249.219
209.11.218.77 - - [19/Jun/2024:21:20:50 +0800] "GET /news/pdf/privacy_ch.pdf HTTP/1.0" 404 9957 "-" "-" 209.11.218.77
66.249.66.160 - - [19/Jun/2024:21:21:01 +0800] "GET /tc/pressrelease.php/news/news/pdf/LTN20111212552_C.pdf HTTP/1.0" 200 368714 "-" "Mozilla/5.0 AppleWebKit/537.36 (KHTML, like Gecko; compatible; GoogleOther) Chrome/125.0.6422.175 Safari/537.36" 66.249.66.160
209.11.218.77 - - [19/Jun/2024:21:21:21 +0800] "GET /news/pdf/privacy_ch.pdf HTTP/1.0" 404 9957 "-" "-" 209.11.218.77
69.191.249.206 - - [19/Jun/2024:21:21:50 +0800] "GET /tc/pressrelease.php HTTP/1.0" 200 368714 "-" "BLP_bbot/0.1" 69.191.249.206
209.11.218.77 - - [19/Jun/2024:21:22:03 +0800] "GET /news/pdf/C1166_Dissemination.pdf HTTP/1.0" 404 9957 "-" "-" 209.11.218.77
