69.191.249.219 - - [19/Jun/2024:16:55:10 +0800] "GET /tc/annual_interim.php HTTP/1.0" 200 28903 "-" "BLP_bbot/0.1" 69.191.249.219
69.191.249.211 - - [19/Jun/2024:16:55:14 +0800] "GET /annual_interim.php HTTP/1.0" 200 29165 "-" "BLP_bbot/0.1" 69.191.249.211
69.191.249.206 - - [19/Jun/2024:16:55:16 +0800] "GET /pressrelease.php HTTP/1.0" 200 368765 "-" "BLP_bbot/0.1" 69.191.249.206
70.108.9.176 - - [19/Jun/2024:16:56:01 +0800] "GET /tc/news/2008/C-20081028-02.pdf HTTP/1.0" 200 195742 "-" "Mozilla/5.0 (Windows NT 10.0; Win64; x64) AppleWebKit/537.36 (KHTML, like Gecko) Chrome/125.0.0.0 Safari/537.36 OPR/110.0.0.0" 70.108.9.176
45.123.203.250 - - [19/Jun/2024:16:56:26 +0800] "GET /tc/annual_interim.php HTTP/1.0" 200 28903 "-" "Mozilla/5.0 (Windows NT 6.1; Win64; x64) AppleWebKit/537.36 (KHTML, like Gecko) Chrome/73.0.3683.103 Safari/537.36" 45.123.203.250
69.191.249.221 - - [19/Jun/2024:16:58:03 +0800] "GET /tc/pressrelease.php HTTP/1.0" 200 368714 "-" "BLP_bbot/0.1" 69.191.249.221
66.249.77.4 - - [19/Jun/2024:16:58:34 +0800] "GET /tc/pressrelease.php/tc/news/pdf/LTN20150610690_C.pdf HTTP/1.0" 200 368714 "-" "Mozilla/5.0 (Linux; Android 6.0.1; Nexus 5X Build/MMB29P) AppleWebKit/537.36 (KHTML, like Gecko) Chrome/125.0.6422.175 Mobile Safari/537.36 (compatible; GoogleOther)" 66.249.77.4
69.191.249.207 - - [19/Jun/2024:16:59:00 +0800] "GET /tc/annual_interim.php HTTP/1.0" 200 28903 "-" "BLP_bbot/0.1" 69.191.249.207
69.191.249.212 - - [19/Jun/2024:16:59:04 +0800] "GET /annual_interim.php HTTP/1.0" 200 29165 "-" "BLP_bbot/0.1" 69.191.249.212
69.191.249.210 - - [19/Jun/2024:16:59:13 +0800] "GET /pressrelease.php HTTP/1.0" 200 368765 "-" "BLP_bbot/0.1" 69.191.249.210
113.8.244.227 - - [19/Jun/2024:17:00:44 +0800] "GET /index.php/admin/public/login.html HTTP/1.0" 200 13829 "-" "-" 113.8.244.227
113.8.244.213 - - [19/Jun/2024:17:00:44 +0800] "GET /index.php/admin/public/%20login.html HTTP/1.0" 200 13829 "-" "-" 113.8.244.213
69.191.249.210 - - [19/Jun/2024:17:01:54 +0800] "GET /tc/pressrelease.php HTTP/1.0" 200 368714 "-" "BLP_bbot/0.1" 69.191.249.210
5.253.84.117 - - [19/Jun/2024:17:02:09 +0800] "GET /news/pdf/2021020900342_c.pdf HTTP/1.0" 200 81444 "-" "Mozilla/5.0 (Windows NT 10.0; Win64; x64) AppleWebKit/537.36 (KHTML, like Gecko) Chrome/125.0.0.0 Safari/537.36" 5.253.84.117
69.191.249.220 - - [19/Jun/2024:17:02:59 +0800] "GET /annual_interim.php HTTP/1.0" 200 29165 "-" "BLP_bbot/0.1" 69.191.249.220
69.191.249.212 - - [19/Jun/2024:17:03:02 +0800] "GET /pressrelease.php HTTP/1.0" 200 368765 "-" "BLP_bbot/0.1" 69.191.249.212
69.191.249.210 - - [19/Jun/2024:17:03:07 +0800] "GET /tc/annual_interim.php HTTP/1.0" 200 28903 "-" "BLP_bbot/0.1" 69.191.249.210
121.52.252.100 - - [19/Jun/2024:17:03:25 +0800] "GET / HTTP/1.0" 200 13829 "-" "Mozilla/5.0 (Windows NT 6.1; Win64; x64) AppleWebKit/537.36 (KHTML, like Gecko) Chrome/65.0.3325.181 Safari/537.36" 121.52.252.100
66.249.77.2 - - [19/Jun/2024:17:04:11 +0800] "GET /tc/pressrelease.php/tc/news/pdf/LTN20091019334_C.pdf HTTP/1.0" 200 368714 "-" "Mozilla/5.0 (Linux; Android 6.0.1; Nexus 5X Build/MMB29P) AppleWebKit/537.36 (KHTML, like Gecko) Chrome/125.0.6422.175 Mobile Safari/537.36 (compatible; GoogleOther)" 66.249.77.2
69.191.249.221 - - [19/Jun/2024:17:05:49 +0800] "GET /tc/pressrelease.php HTTP/1.0" 200 368714 "-" "BLP_bbot/0.1" 69.191.249.221
203.12.0.21 - - [19/Jun/2024:17:06:09 +0800] "GET /news/pdf/LTN20150308022_C.pdf HTTP/1.0" 200 996640 "-" "Mozilla/5.0 (Windows NT 10.0; Win64; x64) AppleWebKit/537.36 (KHTML, like Gecko) Chrome/125.0.0.0 Safari/537.36 OPR/110.0.0.0" 203.12.0.21
89.58.51.117 - - [19/Jun/2024:17:06:09 +0800] "GET /tc/news/2007/C-20071005-01.pdf HTTP/1.0" 200 51765 "-" "Mozilla/5.0 (Windows NT 10.0; Win64; x64) AppleWebKit/537.36 (KHTML, like Gecko) Chrome/125.0.0.0 Safari/537.36 OPR/110.0.0.0" 89.58.51.117
69.191.249.221 - - [19/Jun/2024:17:07:02 +0800] "GET /annual_interim.php HTTP/1.0" 200 29165 "-" "BLP_bbot/0.1" 69.191.249.221
69.191.249.217 - - [19/Jun/2024:17:07:06 +0800] "GET /pressrelease.php HTTP/1.0" 200 368765 "-" "BLP_bbot/0.1" 69.191.249.217
69.191.249.211 - - [19/Jun/2024:17:07:16 +0800] "GET /tc/annual_interim.php HTTP/1.0" 200 28903 "-" "BLP_bbot/0.1" 69.191.249.211
137.226.113.44 - - [19/Jun/2024:17:08:57 +0800] "GET / HTTP/1.0" 200 13829 "-" "Mozilla/5.0 researchscan.comsys.rwth-aachen.de" 137.226.113.44
69.191.249.217 - - [19/Jun/2024:17:09:49 +0800] "GET /tc/pressrelease.php HTTP/1.0" 200 368714 "-" "BLP_bbot/0.1" 69.191.249.217
69.191.249.211 - - [19/Jun/2024:17:10:55 +0800] "GET /annual_interim.php HTTP/1.0" 200 29165 "-" "BLP_bbot/0.1" 69.191.249.211
69.191.249.217 - - [19/Jun/2024:17:10:57 +0800] "GET /pressrelease.php HTTP/1.0" 200 368765 "-" "BLP_bbot/0.1" 69.191.249.217
69.191.249.212 - - [19/Jun/2024:17:11:08 +0800] "GET /tc/annual_interim.php HTTP/1.0" 200 28903 "-" "BLP_bbot/0.1" 69.191.249.212
176.9.137.113 - - [19/Jun/2024:17:12:07 +0800] "GET /news/pdf/2020021000290_c.pdf HTTP/1.0" 200 415680 "-" "Mozilla/5.0 (Windows NT 10.0; Win64; x64) AppleWebKit/537.36 (KHTML, like Gecko) Chrome/125.0.0.0 Safari/537.36" 176.9.137.113
66.249.77.4 - - [19/Jun/2024:17:13:13 +0800] "GET /tc/pressrelease.php/tc/tc/news/2009/C-20090623-01.pdf HTTP/1.0" 200 368714 "-" "Mozilla/5.0 (Linux; Android 6.0.1; Nexus 5X Build/MMB29P) AppleWebKit/537.36 (KHTML, like Gecko) Chrome/125.0.6422.175 Mobile Safari/537.36 (compatible; GoogleOther)" 66.249.77.4
69.191.249.206 - - [19/Jun/2024:17:13:52 +0800] "GET /tc/pressrelease.php HTTP/1.0" 200 368714 "-" "BLP_bbot/0.1" 69.191.249.206
114.119.149.71 - - [19/Jun/2024:17:13:56 +0800] "GET /news/pdf/LTN20100409286_C.pdf HTTP/1.0" 200 1007056 "http://www.1166hk.com/tc/pressrelease.php" "Mozilla/5.0 (Linux; Android 7.0;) AppleWebKit/537.36 (KHTML, like Gecko) Mobile Safari/537.36 (compatible; PetalBot;+https://webmaster.petalsearch.com/site/petalbot)" 10.179.80.156, 114.119.149.71
69.191.249.218 - - [19/Jun/2024:17:15:01 +0800] "GET /annual_interim.php HTTP/1.0" 200 29165 "-" "BLP_bbot/0.1" 69.191.249.218
69.191.249.219 - - [19/Jun/2024:17:15:07 +0800] "GET /pressrelease.php HTTP/1.0" 200 368765 "-" "BLP_bbot/0.1" 69.191.249.219
69.191.249.218 - - [19/Jun/2024:17:15:11 +0800] "GET /tc/annual_interim.php HTTP/1.0" 200 28903 "-" "BLP_bbot/0.1" 69.191.249.218
54.36.232.187 - - [19/Jun/2024:17:16:36 +0800] "GET /news/pdf/2022110900179.pdf HTTP/1.0" 200 110610 "-" "Mozilla/5.0 (Windows NT 10.0; Win64; x64; rv:126.0) Gecko/20100101 Firefox/126.0" 54.36.232.187
69.191.249.211 - - [19/Jun/2024:17:17:52 +0800] "GET /tc/pressrelease.php HTTP/1.0" 200 368714 "-" "BLP_bbot/0.1" 69.191.249.211
69.191.249.219 - - [19/Jun/2024:17:19:00 +0800] "GET /annual_interim.php HTTP/1.0" 200 29165 "-" "BLP_bbot/0.1" 69.191.249.219
69.191.249.216 - - [19/Jun/2024:17:19:06 +0800] "GET /pressrelease.php HTTP/1.0" 200 368765 "-" "BLP_bbot/0.1" 69.191.249.216
69.191.249.206 - - [19/Jun/2024:17:19:23 +0800] "GET /tc/annual_interim.php HTTP/1.0" 200 28903 "-" "BLP_bbot/0.1" 69.191.249.206
69.191.249.207 - - [19/Jun/2024:17:21:47 +0800] "GET /tc/pressrelease.php HTTP/1.0" 200 368714 "-" "BLP_bbot/0.1" 69.191.249.207
69.191.249.212 - - [19/Jun/2024:17:23:09 +0800] "GET /annual_interim.php HTTP/1.0" 200 29165 "-" "BLP_bbot/0.1" 69.191.249.212
69.191.249.210 - - [19/Jun/2024:17:23:12 +0800] "GET /pressrelease.php HTTP/1.0" 200 368765 "-" "BLP_bbot/0.1" 69.191.249.210
69.191.249.221 - - [19/Jun/2024:17:23:30 +0800] "GET /tc/annual_interim.php HTTP/1.0" 200 28903 "-" "BLP_bbot/0.1" 69.191.249.221
66.249.77.3 - - [19/Jun/2024:17:23:38 +0800] "GET /news/pdf/LTN20121022264.pdf HTTP/1.0" 200 113676 "-" "Mozilla/5.0 (Linux; Android 6.0.1; Nexus 5X Build/MMB29P) AppleWebKit/537.36 (KHTML, like Gecko) Chrome/125.0.6422.175 Mobile Safari/537.36 (compatible; GoogleOther)" 66.249.77.3
66.249.77.3 - - [19/Jun/2024:17:24:34 +0800] "GET / HTTP/1.0" 200 13829 "-" "Mozilla/5.0 (compatible; Googlebot/2.1; +http://www.google.com/bot.html)" 66.249.77.3
69.191.249.220 - - [19/Jun/2024:17:25:41 +0800] "GET /tc/pressrelease.php HTTP/1.0" 200 368714 "-" "BLP_bbot/0.1" 69.191.249.220
198.100.144.147 - - [19/Jun/2024:17:26:13 +0800] "GET /news/pdf/2021110101353_c.pdf HTTP/1.0" 200 130527 "-" "Mozilla/5.0 (Windows NT 10.0; Win64; x64) AppleWebKit/537.36 (KHTML, like Gecko) Chrome/125.0.0.0 Safari/537.36 OPR/110.0.0.0" 198.100.144.147
69.191.249.221 - - [19/Jun/2024:17:27:01 +0800] "GET /annual_interim.php HTTP/1.0" 200 29165 "-" "BLP_bbot/0.1" 69.191.249.221
69.191.249.201 - - [19/Jun/2024:17:27:04 +0800] "GET /pressrelease.php HTTP/1.0" 200 368765 "-" "BLP_bbot/0.1" 69.191.249.201
69.191.249.217 - - [19/Jun/2024:17:27:20 +0800] "GET /tc/annual_interim.php HTTP/1.0" 200 28903 "-" "BLP_bbot/0.1" 69.191.249.217
60.20.200.179 - - [19/Jun/2024:17:29:00 +0800] "GET /tc/pressrelease.php HTTP/1.0" 200 368714 "-" "Mozilla/5.0 (Macintosh; Intel Mac OS X 10_15_7) AppleWebKit/537.36 (KHTML, like Gecko) Chrome/109.0.0.0 Safari/537.36" 60.20.200.179
69.191.249.210 - - [19/Jun/2024:17:29:36 +0800] "GET /tc/pressrelease.php HTTP/1.0" 200 368714 "-" "BLP_bbot/0.1" 69.191.249.210
103.131.71.25 - - [19/Jun/2024:17:29:46 +0800] "GET /robots.txt HTTP/1.0" 404 9957 "-" "Mozilla/5.0 (compatible; coccocbot-image/1.0; +http://help.coccoc.com/searchengine)" 103.131.71.25
103.131.71.35 - - [19/Jun/2024:17:29:50 +0800] "GET /robots.txt HTTP/1.0" 404 9957 "-" "Mozilla/5.0 (compatible; coccocbot-image/1.0; +http://help.coccoc.com/searchengine)" 103.131.71.35
103.131.71.41 - - [19/Jun/2024:17:29:52 +0800] "GET /Hua_Yi_Copper_Products/About_Us_files/shapeimage_3.png HTTP/1.0" 200 65801 "-" "Mozilla/5.0 (compatible; coccocbot-image/1.0; +http://help.coccoc.com/searchengine)" 103.131.71.41
95.217.8.152 - - [19/Jun/2024:17:29:59 +0800] "GET /news/pdf/2022092301110_c.pdf HTTP/1.0" 200 537207 "-" "Mozilla/5.0 (Windows NT 10.0; Win64; x64; rv:126.0) Gecko/20100101 Firefox/126.0" 95.217.8.152
66.249.77.2 - - [19/Jun/2024:17:30:13 +0800] "GET /robots.txt HTTP/1.0" 404 9957 "-" "Mozilla/5.0 (compatible; Googlebot/2.1; +http://www.google.com/bot.html)" 66.249.77.2
114.119.138.183 - - [19/Jun/2024:17:30:41 +0800] "GET /news/pdf/LTN20140415964.pdf HTTP/1.0" 200 68422 "http://www.1166hk.com/pressrelease.php" "Mozilla/5.0 (Linux; Android 7.0;) AppleWebKit/537.36 (KHTML, like Gecko) Mobile Safari/537.36 (compatible; PetalBot;+https://webmaster.petalsearch.com/site/petalbot)" 10.179.80.37, 114.119.138.183
69.191.249.206 - - [19/Jun/2024:17:31:06 +0800] "GET /annual_interim.php HTTP/1.0" 200 29165 "-" "BLP_bbot/0.1" 69.191.249.206
69.191.249.212 - - [19/Jun/2024:17:31:12 +0800] "GET /pressrelease.php HTTP/1.0" 200 368765 "-" "BLP_bbot/0.1" 69.191.249.212
66.249.69.67 - - [19/Jun/2024:17:31:13 +0800] "GET /news/pdf/LTN20181205502_C.pdf HTTP/1.0" 200 207157 "-" "Mozilla/5.0 (Linux; Android 6.0.1; Nexus 5X Build/MMB29P) AppleWebKit/537.36 (KHTML, like Gecko) Chrome/125.0.6422.175 Mobile Safari/537.36 (compatible; Googlebot/2.1; +http://www.google.com/bot.html)" 66.249.69.67
69.191.249.207 - - [19/Jun/2024:17:31:19 +0800] "GET /tc/annual_interim.php HTTP/1.0" 200 28903 "-" "BLP_bbot/0.1" 69.191.249.207
114.119.155.78 - - [19/Jun/2024:17:32:07 +0800] "GET /news/pdf/2021120300733.pdf HTTP/1.0" 200 471086 "http://1166hk.com/pressrelease.php" "Mozilla/5.0 (Linux; Android 7.0;) AppleWebKit/537.36 (KHTML, like Gecko) Mobile Safari/537.36 (compatible; PetalBot;+https://webmaster.petalsearch.com/site/petalbot)" 10.179.80.225, 114.119.155.78
69.191.249.211 - - [19/Jun/2024:17:33:39 +0800] "GET /tc/pressrelease.php HTTP/1.0" 200 368714 "-" "BLP_bbot/0.1" 69.191.249.211
69.191.249.218 - - [19/Jun/2024:17:35:12 +0800] "GET /pressrelease.php HTTP/1.0" 200 368765 "-" "BLP_bbot/0.1" 69.191.249.218
69.191.249.218 - - [19/Jun/2024:17:35:16 +0800] "GET /tc/annual_interim.php HTTP/1.0" 200 28903 "-" "BLP_bbot/0.1" 69.191.249.218
69.191.249.219 - - [19/Jun/2024:17:35:18 +0800] "GET /annual_interim.php HTTP/1.0" 200 29165 "-" "BLP_bbot/0.1" 69.191.249.219
182.32.163.125 - - [19/Jun/2024:17:37:18 +0800] "GET / HTTP/1.0" 200 13829 "-" "Mozilla/5.0 (Macintosh; Intel Mac OS X 10_15_7) AppleWebKit/537.36 (KHTML, like Gecko) Chrome/109.0.0.0 Safari/537.36" 182.32.163.125
193.248.153.47 - - [19/Jun/2024:17:37:29 +0800] "GET /news/pdf/2020030201336_c.pdf HTTP/1.0" 200 262807 "-" "Mozilla/5.0 (Windows NT 10.0; Win64; x64) AppleWebKit/537.36 (KHTML, like Gecko) Chrome/125.0.0.0 Safari/537.36" 193.248.153.47
69.191.249.207 - - [19/Jun/2024:17:37:38 +0800] "GET /tc/pressrelease.php HTTP/1.0" 200 368714 "-" "BLP_bbot/0.1" 69.191.249.207
66.249.77.2 - - [19/Jun/2024:17:38:37 +0800] "GET / HTTP/1.0" 200 13829 "-" "Mozilla/5.0 (Linux; Android 6.0.1; Nexus 5X Build/MMB29P) AppleWebKit/537.36 (KHTML, like Gecko) Chrome/125.0.6422.175 Mobile Safari/537.36 (compatible; Googlebot/2.1; +http://www.google.com/bot.html)" 66.249.77.2
69.191.249.206 - - [19/Jun/2024:17:39:07 +0800] "GET /pressrelease.php HTTP/1.0" 200 368765 "-" "BLP_bbot/0.1" 69.191.249.206
69.191.249.216 - - [19/Jun/2024:17:39:08 +0800] "GET /annual_interim.php HTTP/1.0" 200 29165 "-" "BLP_bbot/0.1" 69.191.249.216
69.191.249.218 - - [19/Jun/2024:17:39:09 +0800] "GET /tc/annual_interim.php HTTP/1.0" 200 28903 "-" "BLP_bbot/0.1" 69.191.249.218
69.191.249.206 - - [19/Jun/2024:17:41:28 +0800] "GET /tc/pressrelease.php HTTP/1.0" 200 368714 "-" "BLP_bbot/0.1" 69.191.249.206
69.191.249.206 - - [19/Jun/2024:17:43:04 +0800] "GET /tc/annual_interim.php HTTP/1.0" 200 28903 "-" "BLP_bbot/0.1" 69.191.249.206
69.191.249.211 - - [19/Jun/2024:17:43:12 +0800] "GET /pressrelease.php HTTP/1.0" 200 368765 "-" "BLP_bbot/0.1" 69.191.249.211
69.191.249.218 - - [19/Jun/2024:17:43:19 +0800] "GET /annual_interim.php HTTP/1.0" 200 29165 "-" "BLP_bbot/0.1" 69.191.249.218
69.191.249.211 - - [19/Jun/2024:17:45:28 +0800] "GET /tc/pressrelease.php HTTP/1.0" 200 368714 "-" "BLP_bbot/0.1" 69.191.249.211
69.191.249.210 - - [19/Jun/2024:17:47:00 +0800] "GET /tc/annual_interim.php HTTP/1.0" 200 28903 "-" "BLP_bbot/0.1" 69.191.249.210
69.191.249.212 - - [19/Jun/2024:17:47:06 +0800] "GET /pressrelease.php HTTP/1.0" 200 368765 "-" "BLP_bbot/0.1" 69.191.249.212
69.191.249.210 - - [19/Jun/2024:17:47:16 +0800] "GET /annual_interim.php HTTP/1.0" 200 29165 "-" "BLP_bbot/0.1" 69.191.249.210
69.191.249.207 - - [19/Jun/2024:17:49:27 +0800] "GET /tc/pressrelease.php HTTP/1.0" 200 368714 "-" "BLP_bbot/0.1" 69.191.249.207
180.102.110.177 - - [19/Jun/2024:17:49:44 +0800] "GET / HTTP/1.0" 200 13829 "-" "Sogou web spider/4.0(+http://www.sogou.com/docs/help/webmasters.htm#07)" 180.102.110.177
69.191.249.207 - - [19/Jun/2024:17:51:05 +0800] "GET /pressrelease.php HTTP/1.0" 200 368765 "-" "BLP_bbot/0.1" 69.191.249.207
69.191.249.206 - - [19/Jun/2024:17:51:10 +0800] "GET /tc/annual_interim.php HTTP/1.0" 200 28903 "-" "BLP_bbot/0.1" 69.191.249.206
69.191.249.212 - - [19/Jun/2024:17:51:14 +0800] "GET /annual_interim.php HTTP/1.0" 200 29165 "-" "BLP_bbot/0.1" 69.191.249.212
173.252.107.15 - - [19/Jun/2024:17:52:14 +0800] "GET /pressrelease.php HTTP/1.0" 200 368765 "-" "Python/3.10 aiohttp/3.9.3" 173.252.107.15
176.123.1.89 - - [19/Jun/2024:17:52:46 +0800] "GET / HTTP/1.0" 200 13829 "https://1166hk.com/" "Mozilla/5.0 (Windows NT 10.0; Win64; x64) AppleWebKit/537.36 (KHTML, like Gecko) Chrome/116.0.0.0 Safari/537.36 Edg/116.0.1938.76" 176.123.1.89
176.123.1.89 - - [19/Jun/2024:17:52:51 +0800] "GET /contact.php HTTP/1.0" 200 11082 "https://1166hk.com/contact.php" "Mozilla/5.0 (Windows NT 10.0; Win64; x64) AppleWebKit/537.36 (KHTML, like Gecko) Chrome/116.0.0.0 Safari/537.36 Edg/116.0.1938.76" 176.123.1.89
69.191.249.218 - - [19/Jun/2024:17:53:18 +0800] "GET /tc/pressrelease.php HTTP/1.0" 200 368714 "-" "BLP_bbot/0.1" 69.191.249.218
66.249.69.65 - - [19/Jun/2024:17:53:40 +0800] "GET / HTTP/1.0" 200 13829 "-" "Mozilla/5.0 (Linux; Android 6.0.1; Nexus 5X Build/MMB29P) AppleWebKit/537.36 (KHTML, like Gecko) Chrome/125.0.6422.175 Mobile Safari/537.36 (compatible; Googlebot/2.1; +http://www.google.com/bot.html)" 66.249.69.65
69.191.249.221 - - [19/Jun/2024:17:55:05 +0800] "GET /annual_interim.php HTTP/1.0" 200 29165 "-" "BLP_bbot/0.1" 69.191.249.221
69.191.249.206 - - [19/Jun/2024:17:55:13 +0800] "GET /pressrelease.php HTTP/1.0" 200 368765 "-" "BLP_bbot/0.1" 69.191.249.206
69.191.249.216 - - [19/Jun/2024:17:55:18 +0800] "GET /tc/annual_interim.php HTTP/1.0" 200 28903 "-" "BLP_bbot/0.1" 69.191.249.216
203.186.107.210 - - [19/Jun/2024:17:55:20 +0800] "GET / HTTP/1.0" 200 13829 "-" "Mozilla/5.0 (Windows NT 10.0; Win64; x64) AppleWebKit/537.36 (KHTML, like Gecko) Chrome/125.0.0.0 Safari/537.36" 203.186.107.210
203.186.107.210 - - [19/Jun/2024:17:55:20 +0800] "GET /common.css HTTP/1.0" 200 2745 "http://www.1166hk.com/" "Mozilla/5.0 (Windows NT 10.0; Win64; x64) AppleWebKit/537.36 (KHTML, like Gecko) Chrome/125.0.0.0 Safari/537.36" 203.186.107.210
203.186.107.210 - - [19/Jun/2024:17:55:20 +0800] "GET /images/heading1.jpg HTTP/1.0" 200 21104 "http://www.1166hk.com/" "Mozilla/5.0 (Windows NT 10.0; Win64; x64) AppleWebKit/537.36 (KHTML, like Gecko) Chrome/125.0.0.0 Safari/537.36" 203.186.107.210
203.186.107.210 - - [19/Jun/2024:17:55:20 +0800] "GET /images/graphic1_03.gif HTTP/1.0" 200 622 "http://www.1166hk.com/" "Mozilla/5.0 (Windows NT 10.0; Win64; x64) AppleWebKit/537.36 (KHTML, like Gecko) Chrome/125.0.0.0 Safari/537.36" 203.186.107.210
203.186.107.210 - - [19/Jun/2024:17:55:20 +0800] "GET /iesuck.js HTTP/1.0" 200 877 "http://www.1166hk.com/" "Mozilla/5.0 (Windows NT 10.0; Win64; x64) AppleWebKit/537.36 (KHTML, like Gecko) Chrome/125.0.0.0 Safari/537.36" 203.186.107.210
203.186.107.210 - - [19/Jun/2024:17:55:20 +0800] "GET /images/bt_home.gif HTTP/1.0" 200 452 "http://www.1166hk.com/" "Mozilla/5.0 (Windows NT 10.0; Win64; x64) AppleWebKit/537.36 (KHTML, like Gecko) Chrome/125.0.0.0 Safari/537.36" 203.186.107.210
203.186.107.210 - - [19/Jun/2024:17:55:20 +0800] "GET /images/web-1_04.gif HTTP/1.0" 200 311 "http://www.1166hk.com/" "Mozilla/5.0 (Windows NT 10.0; Win64; x64) AppleWebKit/537.36 (KHTML, like Gecko) Chrome/125.0.0.0 Safari/537.36" 203.186.107.210
203.186.107.210 - - [19/Jun/2024:17:55:20 +0800] "GET /images/bt_contact.gif HTTP/1.0" 200 565 "http://www.1166hk.com/" "Mozilla/5.0 (Windows NT 10.0; Win64; x64) AppleWebKit/537.36 (KHTML, like Gecko) Chrome/125.0.0.0 Safari/537.36" 203.186.107.210
203.186.107.210 - - [19/Jun/2024:17:55:20 +0800] "GET /images/bt_eng_sel.gif HTTP/1.0" 200 710 "http://www.1166hk.com/" "Mozilla/5.0 (Windows NT 10.0; Win64; x64) AppleWebKit/537.36 (KHTML, like Gecko) Chrome/125.0.0.0 Safari/537.36" 203.186.107.210
203.186.107.210 - - [19/Jun/2024:17:55:20 +0800] "GET /images/bt_chin.gif HTTP/1.0" 200 566 "http://www.1166hk.com/" "Mozilla/5.0 (Windows NT 10.0; Win64; x64) AppleWebKit/537.36 (KHTML, like Gecko) Chrome/125.0.0.0 Safari/537.36" 203.186.107.210
203.186.107.210 - - [19/Jun/2024:17:55:20 +0800] "GET /images/spacer.gif HTTP/1.0" 200 301 "http://www.1166hk.com/" "Mozilla/5.0 (Windows NT 10.0; Win64; x64) AppleWebKit/537.36 (KHTML, like Gecko) Chrome/125.0.0.0 Safari/537.36" 203.186.107.210
203.186.107.210 - - [19/Jun/2024:17:55:20 +0800] "GET /images/logo.gif HTTP/1.0" 200 3202 "http://www.1166hk.com/" "Mozilla/5.0 (Windows NT 10.0; Win64; x64) AppleWebKit/537.36 (KHTML, like Gecko) Chrome/125.0.0.0 Safari/537.36" 203.186.107.210
203.186.107.210 - - [19/Jun/2024:17:55:20 +0800] "GET /images/menu-r3.gif HTTP/1.0" 200 611 "http://www.1166hk.com/" "Mozilla/5.0 (Windows NT 10.0; Win64; x64) AppleWebKit/537.36 (KHTML, like Gecko) Chrome/125.0.0.0 Safari/537.36" 203.186.107.210
203.186.107.210 - - [19/Jun/2024:17:55:20 +0800] "GET /images/bt_home_up.gif HTTP/1.0" 200 1729 "http://www.1166hk.com/" "Mozilla/5.0 (Windows NT 10.0; Win64; x64) AppleWebKit/537.36 (KHTML, like Gecko) Chrome/125.0.0.0 Safari/537.36" 203.186.107.210
203.186.107.210 - - [19/Jun/2024:17:55:20 +0800] "GET /images/bt_contact_up.gif HTTP/1.0" 200 2343 "http://www.1166hk.com/" "Mozilla/5.0 (Windows NT 10.0; Win64; x64) AppleWebKit/537.36 (KHTML, like Gecko) Chrome/125.0.0.0 Safari/537.36" 203.186.107.210
203.186.107.210 - - [19/Jun/2024:17:55:20 +0800] "GET /images/bt_chin_up.gif HTTP/1.0" 200 2351 "http://www.1166hk.com/" "Mozilla/5.0 (Windows NT 10.0; Win64; x64) AppleWebKit/537.36 (KHTML, like Gecko) Chrome/125.0.0.0 Safari/537.36" 203.186.107.210
203.186.107.210 - - [19/Jun/2024:17:55:20 +0800] "GET /images/bt_home_up2.gif HTTP/1.0" 200 1776 "http://www.1166hk.com/" "Mozilla/5.0 (Windows NT 10.0; Win64; x64) AppleWebKit/537.36 (KHTML, like Gecko) Chrome/125.0.0.0 Safari/537.36" 203.186.107.210
203.186.107.210 - - [19/Jun/2024:17:55:20 +0800] "GET /images/bt_tc2_up.gif HTTP/1.0" 200 1997 "http://www.1166hk.com/" "Mozilla/5.0 (Windows NT 10.0; Win64; x64) AppleWebKit/537.36 (KHTML, like Gecko) Chrome/125.0.0.0 Safari/537.36" 203.186.107.210
203.186.107.210 - - [19/Jun/2024:17:55:20 +0800] "GET /favicon.ico HTTP/1.0" 404 9957 "http://www.1166hk.com/" "Mozilla/5.0 (Windows NT 10.0; Win64; x64) AppleWebKit/537.36 (KHTML, like Gecko) Chrome/125.0.0.0 Safari/537.36" 203.186.107.210
203.186.107.210 - - [19/Jun/2024:17:55:23 +0800] "GET /tc/index.php HTTP/1.0" 200 13641 "http://www.1166hk.com/" "Mozilla/5.0 (Windows NT 10.0; Win64; x64) AppleWebKit/537.36 (KHTML, like Gecko) Chrome/125.0.0.0 Safari/537.36" 203.186.107.210
203.186.107.210 - - [19/Jun/2024:17:55:23 +0800] "GET /tc/common_tc.css HTTP/1.0" 200 2914 "http://www.1166hk.com/tc/index.php" "Mozilla/5.0 (Windows NT 10.0; Win64; x64) AppleWebKit/537.36 (KHTML, like Gecko) Chrome/125.0.0.0 Safari/537.36" 203.186.107.210
203.186.107.210 - - [19/Jun/2024:17:55:23 +0800] "GET /images/heading1_tc.jpg HTTP/1.0" 200 21104 "http://www.1166hk.com/tc/index.php" "Mozilla/5.0 (Windows NT 10.0; Win64; x64) AppleWebKit/537.36 (KHTML, like Gecko) Chrome/125.0.0.0 Safari/537.36" 203.186.107.210
203.186.107.210 - - [19/Jun/2024:17:55:23 +0800] "GET /tc/iesuck.js HTTP/1.0" 404 9957 "http://www.1166hk.com/tc/index.php" "Mozilla/5.0 (Windows NT 10.0; Win64; x64) AppleWebKit/537.36 (KHTML, like Gecko) Chrome/125.0.0.0 Safari/537.36" 203.186.107.210
203.186.107.210 - - [19/Jun/2024:17:55:23 +0800] "GET /images/bt_home_tc.gif HTTP/1.0" 200 441 "http://www.1166hk.com/tc/index.php" "Mozilla/5.0 (Windows NT 10.0; Win64; x64) AppleWebKit/537.36 (KHTML, like Gecko) Chrome/125.0.0.0 Safari/537.36" 203.186.107.210
203.186.107.210 - - [19/Jun/2024:17:55:23 +0800] "GET /images/bt_eng_tc.gif HTTP/1.0" 200 509 "http://www.1166hk.com/tc/index.php" "Mozilla/5.0 (Windows NT 10.0; Win64; x64) AppleWebKit/537.36 (KHTML, like Gecko) Chrome/125.0.0.0 Safari/537.36" 203.186.107.210
203.186.107.210 - - [19/Jun/2024:17:55:23 +0800] "GET /images/bt_contact_tc.gif HTTP/1.0" 200 560 "http://www.1166hk.com/tc/index.php" "Mozilla/5.0 (Windows NT 10.0; Win64; x64) AppleWebKit/537.36 (KHTML, like Gecko) Chrome/125.0.0.0 Safari/537.36" 203.186.107.210
203.186.107.210 - - [19/Jun/2024:17:55:23 +0800] "GET /images/bt_chin_tc.gif HTTP/1.0" 200 770 "http://www.1166hk.com/tc/index.php" "Mozilla/5.0 (Windows NT 10.0; Win64; x64) AppleWebKit/537.36 (KHTML, like Gecko) Chrome/125.0.0.0 Safari/537.36" 203.186.107.210
203.186.107.210 - - [19/Jun/2024:17:55:23 +0800] "GET /tc/images/spacer.gif HTTP/1.0" 404 9957 "http://www.1166hk.com/tc/index.php" "Mozilla/5.0 (Windows NT 10.0; Win64; x64) AppleWebKit/537.36 (KHTML, like Gecko) Chrome/125.0.0.0 Safari/537.36" 203.186.107.210
203.186.107.210 - - [19/Jun/2024:17:55:23 +0800] "GET /tc/images/bt_home_up.gif HTTP/1.0" 404 9957 "http://www.1166hk.com/tc/index.php" "Mozilla/5.0 (Windows NT 10.0; Win64; x64) AppleWebKit/537.36 (KHTML, like Gecko) Chrome/125.0.0.0 Safari/537.36" 203.186.107.210
203.186.107.210 - - [19/Jun/2024:17:55:23 +0800] "GET /images/bt_home_tc_up.gif HTTP/1.0" 200 756 "http://www.1166hk.com/tc/index.php" "Mozilla/5.0 (Windows NT 10.0; Win64; x64) AppleWebKit/537.36 (KHTML, like Gecko) Chrome/125.0.0.0 Safari/537.36" 203.186.107.210
203.186.107.210 - - [19/Jun/2024:17:55:23 +0800] "GET /images/bt_contact_tc_up.gif HTTP/1.0" 200 1161 "http://www.1166hk.com/tc/index.php" "Mozilla/5.0 (Windows NT 10.0; Win64; x64) AppleWebKit/537.36 (KHTML, like Gecko) Chrome/125.0.0.0 Safari/537.36" 203.186.107.210
203.186.107.210 - - [19/Jun/2024:17:55:23 +0800] "GET /images/bt_eng_up_tc.gif HTTP/1.0" 200 938 "http://www.1166hk.com/tc/index.php" "Mozilla/5.0 (Windows NT 10.0; Win64; x64) AppleWebKit/537.36 (KHTML, like Gecko) Chrome/125.0.0.0 Safari/537.36" 203.186.107.210
203.186.107.210 - - [19/Jun/2024:17:55:26 +0800] "GET /tc/company.php HTTP/1.0" 200 12445 "http://www.1166hk.com/tc/index.php" "Mozilla/5.0 (Windows NT 10.0; Win64; x64) AppleWebKit/537.36 (KHTML, like Gecko) Chrome/125.0.0.0 Safari/537.36" 203.186.107.210
203.186.107.210 - - [19/Jun/2024:17:55:26 +0800] "GET /tc/common.css HTTP/1.0" 404 9957 "http://www.1166hk.com/tc/company.php" "Mozilla/5.0 (Windows NT 10.0; Win64; x64) AppleWebKit/537.36 (KHTML, like Gecko) Chrome/125.0.0.0 Safari/537.36" 203.186.107.210
203.186.107.210 - - [19/Jun/2024:17:55:26 +0800] "GET /tc/images/spacer.gif HTTP/1.0" 404 9957 "http://www.1166hk.com/tc/company.php" "Mozilla/5.0 (Windows NT 10.0; Win64; x64) AppleWebKit/537.36 (KHTML, like Gecko) Chrome/125.0.0.0 Safari/537.36" 203.186.107.210
203.186.107.210 - - [19/Jun/2024:17:55:26 +0800] "GET /images/heading-company_tc.gif HTTP/1.0" 200 1671 "http://www.1166hk.com/tc/company.php" "Mozilla/5.0 (Windows NT 10.0; Win64; x64) AppleWebKit/537.36 (KHTML, like Gecko) Chrome/125.0.0.0 Safari/537.36" 203.186.107.210
203.186.107.210 - - [19/Jun/2024:17:55:26 +0800] "GET /tc/iesuck.js HTTP/1.0" 404 9957 "http://www.1166hk.com/tc/company.php" "Mozilla/5.0 (Windows NT 10.0; Win64; x64) AppleWebKit/537.36 (KHTML, like Gecko) Chrome/125.0.0.0 Safari/537.36" 203.186.107.210
203.186.107.210 - - [19/Jun/2024:17:55:26 +0800] "GET /tc/images/bt_home_up.gif HTTP/1.0" 404 9957 "http://www.1166hk.com/tc/company.php" "Mozilla/5.0 (Windows NT 10.0; Win64; x64) AppleWebKit/537.36 (KHTML, like Gecko) Chrome/125.0.0.0 Safari/537.36" 203.186.107.210
203.186.107.210 - - [19/Jun/2024:17:55:28 +0800] "GET /tc/chart.pdf HTTP/1.0" 200 21661 "http://www.1166hk.com/tc/company.php" "Mozilla/5.0 (Windows NT 10.0; Win64; x64) AppleWebKit/537.36 (KHTML, like Gecko) Chrome/125.0.0.0 Safari/537.36" 203.186.107.210
35.167.241.197 - - [19/Jun/2024:17:55:37 +0800] "GET / HTTP/1.0" 200 13829 "-" "Mozilla/5.0 (Windows NT 10.0; Win64; x64) AppleWebKit/537.36 (KHTML, like Gecko) Chrome/85.0.4183.0 Safari/537.36 Some Company. inc admin.contact@gmail.com" 35.167.241.197
35.167.241.197 - - [19/Jun/2024:17:55:37 +0800] "GET /favicon.ico HTTP/1.0" 404 9957 "-" "Mozilla/5.0 (Windows NT 10.0; Win64; x64) AppleWebKit/537.36 (KHTML, like Gecko) Chrome/85.0.4183.0 Safari/537.36 Some Company. inc admin.contact@gmail.com" 35.167.241.197
203.186.107.210 - - [19/Jun/2024:17:56:09 +0800] "GET /tc/contact.php HTTP/1.0" 200 10297 "http://www.1166hk.com/tc/company.php" "Mozilla/5.0 (Windows NT 10.0; Win64; x64) AppleWebKit/537.36 (KHTML, like Gecko) Chrome/125.0.0.0 Safari/537.36" 203.186.107.210
203.186.107.210 - - [19/Jun/2024:17:56:09 +0800] "GET /tc/images/spacer.gif HTTP/1.0" 404 9957 "http://www.1166hk.com/tc/contact.php" "Mozilla/5.0 (Windows NT 10.0; Win64; x64) AppleWebKit/537.36 (KHTML, like Gecko) Chrome/125.0.0.0 Safari/537.36" 203.186.107.210
203.186.107.210 - - [19/Jun/2024:17:56:09 +0800] "GET /images/heading-contact_tc.gif HTTP/1.0" 200 2143 "http://www.1166hk.com/tc/contact.php" "Mozilla/5.0 (Windows NT 10.0; Win64; x64) AppleWebKit/537.36 (KHTML, like Gecko) Chrome/125.0.0.0 Safari/537.36" 203.186.107.210
203.186.107.210 - - [19/Jun/2024:17:56:09 +0800] "GET /tc/iesuck.js HTTP/1.0" 404 9957 "http://www.1166hk.com/tc/contact.php" "Mozilla/5.0 (Windows NT 10.0; Win64; x64) AppleWebKit/537.36 (KHTML, like Gecko) Chrome/125.0.0.0 Safari/537.36" 203.186.107.210
203.186.107.210 - - [19/Jun/2024:17:56:09 +0800] "GET /tc/images/bt_home_up.gif HTTP/1.0" 404 9957 "http://www.1166hk.com/tc/contact.php" "Mozilla/5.0 (Windows NT 10.0; Win64; x64) AppleWebKit/537.36 (KHTML, like Gecko) Chrome/125.0.0.0 Safari/537.36" 203.186.107.210
203.186.107.210 - - [19/Jun/2024:17:56:15 +0800] "GET /tc/index.php HTTP/1.0" 200 13641 "http://www.1166hk.com/tc/contact.php" "Mozilla/5.0 (Windows NT 10.0; Win64; x64) AppleWebKit/537.36 (KHTML, like Gecko) Chrome/125.0.0.0 Safari/537.36" 203.186.107.210
203.186.107.210 - - [19/Jun/2024:17:56:15 +0800] "GET /tc/images/spacer.gif HTTP/1.0" 404 9957 "http://www.1166hk.com/tc/index.php" "Mozilla/5.0 (Windows NT 10.0; Win64; x64) AppleWebKit/537.36 (KHTML, like Gecko) Chrome/125.0.0.0 Safari/537.36" 203.186.107.210
203.186.107.210 - - [19/Jun/2024:17:56:15 +0800] "GET /tc/iesuck.js HTTP/1.0" 404 9957 "http://www.1166hk.com/tc/index.php" "Mozilla/5.0 (Windows NT 10.0; Win64; x64) AppleWebKit/537.36 (KHTML, like Gecko) Chrome/125.0.0.0 Safari/537.36" 203.186.107.210
203.186.107.210 - - [19/Jun/2024:17:56:15 +0800] "GET /tc/images/bt_home_up.gif HTTP/1.0" 404 9957 "http://www.1166hk.com/tc/index.php" "Mozilla/5.0 (Windows NT 10.0; Win64; x64) AppleWebKit/537.36 (KHTML, like Gecko) Chrome/125.0.0.0 Safari/537.36" 203.186.107.210
203.186.107.210 - - [19/Jun/2024:17:56:16 +0800] "GET /tc/index.php HTTP/1.0" 200 13641 "http://www.1166hk.com/tc/index.php" "Mozilla/5.0 (Windows NT 10.0; Win64; x64) AppleWebKit/537.36 (KHTML, like Gecko) Chrome/125.0.0.0 Safari/537.36" 203.186.107.210
203.186.107.210 - - [19/Jun/2024:17:56:16 +0800] "GET /tc/images/spacer.gif HTTP/1.0" 404 9957 "http://www.1166hk.com/tc/index.php" "Mozilla/5.0 (Windows NT 10.0; Win64; x64) AppleWebKit/537.36 (KHTML, like Gecko) Chrome/125.0.0.0 Safari/537.36" 203.186.107.210
203.186.107.210 - - [19/Jun/2024:17:56:16 +0800] "GET /tc/iesuck.js HTTP/1.0" 404 9957 "http://www.1166hk.com/tc/index.php" "Mozilla/5.0 (Windows NT 10.0; Win64; x64) AppleWebKit/537.36 (KHTML, like Gecko) Chrome/125.0.0.0 Safari/537.36" 203.186.107.210
203.186.107.210 - - [19/Jun/2024:17:56:17 +0800] "GET /tc/images/bt_home_up.gif HTTP/1.0" 404 9957 "http://www.1166hk.com/tc/index.php" "Mozilla/5.0 (Windows NT 10.0; Win64; x64) AppleWebKit/537.36 (KHTML, like Gecko) Chrome/125.0.0.0 Safari/537.36" 203.186.107.210
203.186.107.210 - - [19/Jun/2024:17:56:19 +0800] "GET /tc/board_comm.php HTTP/1.0" 200 11654 "http://www.1166hk.com/tc/index.php" "Mozilla/5.0 (Windows NT 10.0; Win64; x64) AppleWebKit/537.36 (KHTML, like Gecko) Chrome/125.0.0.0 Safari/537.36" 203.186.107.210
203.186.107.210 - - [19/Jun/2024:17:56:19 +0800] "GET /tc/common.css HTTP/1.0" 404 9957 "http://www.1166hk.com/tc/board_comm.php" "Mozilla/5.0 (Windows NT 10.0; Win64; x64) AppleWebKit/537.36 (KHTML, like Gecko) Chrome/125.0.0.0 Safari/537.36" 203.186.107.210
203.186.107.210 - - [19/Jun/2024:17:56:19 +0800] "GET /tc/images/spacer.gif HTTP/1.0" 404 9957 "http://www.1166hk.com/tc/board_comm.php" "Mozilla/5.0 (Windows NT 10.0; Win64; x64) AppleWebKit/537.36 (KHTML, like Gecko) Chrome/125.0.0.0 Safari/537.36" 203.186.107.210
203.186.107.210 - - [19/Jun/2024:17:56:19 +0800] "GET /tc/iesuck.js HTTP/1.0" 404 9957 "http://www.1166hk.com/tc/board_comm.php" "Mozilla/5.0 (Windows NT 10.0; Win64; x64) AppleWebKit/537.36 (KHTML, like Gecko) Chrome/125.0.0.0 Safari/537.36" 203.186.107.210
203.186.107.210 - - [19/Jun/2024:17:56:19 +0800] "GET /images/heading-boardcomm_tc.gif HTTP/1.0" 200 1920 "http://www.1166hk.com/tc/board_comm.php" "Mozilla/5.0 (Windows NT 10.0; Win64; x64) AppleWebKit/537.36 (KHTML, like Gecko) Chrome/125.0.0.0 Safari/537.36" 203.186.107.210
203.186.107.210 - - [19/Jun/2024:17:56:19 +0800] "GET /tc/images/bt_home_up.gif HTTP/1.0" 404 9957 "http://www.1166hk.com/tc/board_comm.php" "Mozilla/5.0 (Windows NT 10.0; Win64; x64) AppleWebKit/537.36 (KHTML, like Gecko) Chrome/125.0.0.0 Safari/537.36" 203.186.107.210
203.186.107.210 - - [19/Jun/2024:17:56:20 +0800] "GET /tc/board_comm2022_tc.pdf HTTP/1.0" 200 19515 "http://www.1166hk.com/tc/board_comm.php" "Mozilla/5.0 (Windows NT 10.0; Win64; x64) AppleWebKit/537.36 (KHTML, like Gecko) Chrome/125.0.0.0 Safari/537.36" 203.186.107.210
203.186.107.210 - - [19/Jun/2024:17:56:32 +0800] "GET /tc/remuneration_tc.pdf HTTP/1.0" 200 203984 "http://www.1166hk.com/tc/board_comm.php" "Mozilla/5.0 (Windows NT 10.0; Win64; x64) AppleWebKit/537.36 (KHTML, like Gecko) Chrome/125.0.0.0 Safari/537.36" 203.186.107.210
69.191.249.219 - - [19/Jun/2024:17:57:19 +0800] "GET /tc/pressrelease.php HTTP/1.0" 200 368714 "-" "BLP_bbot/0.1" 69.191.249.219
69.191.249.216 - - [19/Jun/2024:17:59:15 +0800] "GET /annual_interim.php HTTP/1.0" 200 29165 "-" "BLP_bbot/0.1" 69.191.249.216
69.191.249.220 - - [19/Jun/2024:17:59:24 +0800] "GET /pressrelease.php HTTP/1.0" 200 368765 "-" "BLP_bbot/0.1" 69.191.249.220
69.191.249.217 - - [19/Jun/2024:17:59:30 +0800] "GET /tc/annual_interim.php HTTP/1.0" 200 28903 "-" "BLP_bbot/0.1" 69.191.249.217
69.191.249.216 - - [19/Jun/2024:18:01:08 +0800] "GET /tc/pressrelease.php HTTP/1.0" 200 368714 "-" "BLP_bbot/0.1" 69.191.249.216
69.191.249.201 - - [19/Jun/2024:18:03:04 +0800] "GET /annual_interim.php HTTP/1.0" 200 29165 "-" "BLP_bbot/0.1" 69.191.249.201
8.132.233.211 - - [19/Jun/2024:18:03:09 +0800] "GET / HTTP/1.0" 200 13829 "-" "Mozilla/5.0 (Windows NT 6.1; Win64; x64) AppleWebKit/537.36 (KHTML, like Gecko) Chrome/65.0.3325.181 Safari/537.36" 8.132.233.211
69.191.249.206 - - [19/Jun/2024:18:03:31 +0800] "GET /tc/annual_interim.php HTTP/1.0" 200 28903 "-" "BLP_bbot/0.1" 69.191.249.206
69.191.249.217 - - [19/Jun/2024:18:03:32 +0800] "GET /pressrelease.php HTTP/1.0" 200 368765 "-" "BLP_bbot/0.1" 69.191.249.217
69.191.249.219 - - [19/Jun/2024:18:05:08 +0800] "GET /tc/pressrelease.php HTTP/1.0" 200 368714 "-" "BLP_bbot/0.1" 69.191.249.219
69.191.249.218 - - [19/Jun/2024:18:07:11 +0800] "GET /annual_interim.php HTTP/1.0" 200 29165 "-" "BLP_bbot/0.1" 69.191.249.218
69.191.249.220 - - [19/Jun/2024:18:07:41 +0800] "GET /pressrelease.php HTTP/1.0" 200 368765 "-" "BLP_bbot/0.1" 69.191.249.220
69.191.249.221 - - [19/Jun/2024:18:07:42 +0800] "GET /tc/annual_interim.php HTTP/1.0" 200 28903 "-" "BLP_bbot/0.1" 69.191.249.221
69.191.249.217 - - [19/Jun/2024:18:08:58 +0800] "GET /tc/pressrelease.php HTTP/1.0" 200 368714 "-" "BLP_bbot/0.1" 69.191.249.217
66.249.77.4 - - [19/Jun/2024:18:10:58 +0800] "GET /tc/pressrelease.php/tc/tc/news/2008/C-20081230-02.pdf HTTP/1.0" 200 368714 "-" "Mozilla/5.0 (Linux; Android 6.0.1; Nexus 5X Build/MMB29P) AppleWebKit/537.36 (KHTML, like Gecko) Chrome/125.0.6422.175 Mobile Safari/537.36 (compatible; Googlebot/2.1; +http://www.google.com/bot.html)" 66.249.77.4
69.191.249.210 - - [19/Jun/2024:18:11:00 +0800] "GET /annual_interim.php HTTP/1.0" 200 29165 "-" "BLP_bbot/0.1" 69.191.249.210
69.191.249.221 - - [19/Jun/2024:18:11:44 +0800] "GET /tc/annual_interim.php HTTP/1.0" 200 28903 "-" "BLP_bbot/0.1" 69.191.249.221
69.191.249.217 - - [19/Jun/2024:18:11:52 +0800] "GET /pressrelease.php HTTP/1.0" 200 368765 "-" "BLP_bbot/0.1" 69.191.249.217
69.191.249.212 - - [19/Jun/2024:18:12:58 +0800] "GET /tc/pressrelease.php HTTP/1.0" 200 368714 "-" "BLP_bbot/0.1" 69.191.249.212
114.119.130.33 - - [19/Jun/2024:18:14:02 +0800] "GET /news/pdf/LTN20091002198_C.pdf HTTP/1.0" 200 179694 "http://www.1166hk.com/tc/pressrelease.php" "Mozilla/5.0 (Linux; Android 7.0;) AppleWebKit/537.36 (KHTML, like Gecko) Mobile Safari/537.36 (compatible; PetalBot;+https://webmaster.petalsearch.com/site/petalbot)" 10.179.80.120, 114.119.130.33
69.191.249.219 - - [19/Jun/2024:18:15:13 +0800] "GET /annual_interim.php HTTP/1.0" 200 29165 "-" "BLP_bbot/0.1" 69.191.249.219
69.191.249.206 - - [19/Jun/2024:18:15:42 +0800] "GET /tc/annual_interim.php HTTP/1.0" 200 28903 "-" "BLP_bbot/0.1" 69.191.249.206
69.191.249.210 - - [19/Jun/2024:18:15:54 +0800] "GET /pressrelease.php HTTP/1.0" 200 368765 "-" "BLP_bbot/0.1" 69.191.249.210
69.191.249.207 - - [19/Jun/2024:18:17:08 +0800] "GET /tc/pressrelease.php HTTP/1.0" 200 368714 "-" "BLP_bbot/0.1" 69.191.249.207
45.135.57.32 - - [19/Jun/2024:18:18:16 +0800] "GET /.git/HEAD HTTP/1.0" 404 9957 "-" "RepoLookoutBot/v1.1.0-297-gcf436d3 (abuse reports to abuse@repo-lookout.org)" 45.135.57.32
69.191.249.217 - - [19/Jun/2024:18:19:09 +0800] "GET /annual_interim.php HTTP/1.0" 200 29165 "-" "BLP_bbot/0.1" 69.191.249.217
69.191.249.210 - - [19/Jun/2024:18:19:40 +0800] "GET /tc/annual_interim.php HTTP/1.0" 200 28903 "-" "BLP_bbot/0.1" 69.191.249.210
69.191.249.211 - - [19/Jun/2024:18:20:06 +0800] "GET /pressrelease.php HTTP/1.0" 200 368765 "-" "BLP_bbot/0.1" 69.191.249.211
69.191.249.218 - - [19/Jun/2024:18:21:17 +0800] "GET /tc/pressrelease.php HTTP/1.0" 200 368714 "-" "BLP_bbot/0.1" 69.191.249.218
66.249.66.169 - - [19/Jun/2024:18:22:45 +0800] "GET / HTTP/1.0" 200 13829 "-" "Mozilla/5.0 (compatible; Googlebot/2.1; +http://www.google.com/bot.html)" 66.249.66.169
66.249.66.169 - - [19/Jun/2024:18:22:50 +0800] "GET /favicon.ico HTTP/1.0" 404 9957 "-" "Googlebot-Image/1.0" 66.249.66.169
69.191.249.210 - - [19/Jun/2024:18:23:10 +0800] "GET /annual_interim.php HTTP/1.0" 200 29165 "-" "BLP_bbot/0.1" 69.191.249.210
69.191.249.201 - - [19/Jun/2024:18:23:29 +0800] "GET /tc/annual_interim.php HTTP/1.0" 200 28903 "-" "BLP_bbot/0.1" 69.191.249.201
69.191.249.212 - - [19/Jun/2024:18:23:59 +0800] "GET /pressrelease.php HTTP/1.0" 200 368765 "-" "BLP_bbot/0.1" 69.191.249.212
69.191.249.206 - - [19/Jun/2024:18:25:19 +0800] "GET /tc/pressrelease.php HTTP/1.0" 200 368714 "-" "BLP_bbot/0.1" 69.191.249.206
69.191.249.212 - - [19/Jun/2024:18:27:09 +0800] "GET /annual_interim.php HTTP/1.0" 200 29165 "-" "BLP_bbot/0.1" 69.191.249.212
69.191.249.207 - - [19/Jun/2024:18:27:25 +0800] "GET /tc/annual_interim.php HTTP/1.0" 200 28903 "-" "BLP_bbot/0.1" 69.191.249.207
69.191.249.218 - - [19/Jun/2024:18:28:09 +0800] "GET /pressrelease.php HTTP/1.0" 200 368765 "-" "BLP_bbot/0.1" 69.191.249.218
60.20.197.112 - - [19/Jun/2024:18:29:01 +0800] "GET /tc/pressrelease.php HTTP/1.0" 200 368714 "-" "Mozilla/5.0 (Macintosh; Intel Mac OS X 10_15_7) AppleWebKit/537.36 (KHTML, like Gecko) Chrome/109.0.0.0 Safari/537.36" 60.20.197.112
69.191.249.217 - - [19/Jun/2024:18:29:30 +0800] "GET /tc/pressrelease.php HTTP/1.0" 200 368714 "-" "BLP_bbot/0.1" 69.191.249.217
35.184.203.44 - - [19/Jun/2024:18:29:51 +0800] "GET / HTTP/1.0" 200 13829 "-" "Ruby" 35.184.203.44
69.191.249.221 - - [19/Jun/2024:18:31:15 +0800] "GET /annual_interim.php HTTP/1.0" 200 29165 "-" "BLP_bbot/0.1" 69.191.249.221
69.191.249.210 - - [19/Jun/2024:18:31:15 +0800] "GET /tc/annual_interim.php HTTP/1.0" 200 28903 "-" "BLP_bbot/0.1" 69.191.249.210
66.249.66.169 - - [19/Jun/2024:18:31:15 +0800] "GET /news/pdf/LTN20100504765_C.pdf HTTP/1.0" 200 122510 "-" "Mozilla/5.0 (Linux; Android 6.0.1; Nexus 5X Build/MMB29P) AppleWebKit/537.36 (KHTML, like Gecko) Chrome/125.0.6422.175 Mobile Safari/537.36 (compatible; Googlebot/2.1; +http://www.google.com/bot.html)" 66.249.66.169
114.119.141.71 - - [19/Jun/2024:18:31:55 +0800] "GET /pressrelease.php/news/2009/news/2008/news/pdf/news/2006/news/2007/LTN20070404240.pdf HTTP/1.0" 200 368765 "http://www.1166hk.com/pressrelease.php/news/2009/news/2008/news/pdf/news/2006/pressrelease.php" "Mozilla/5.0 (Linux; Android 7.0;) AppleWebKit/537.36 (KHTML, like Gecko) Mobile Safari/537.36 (compatible; PetalBot;+https://webmaster.petalsearch.com/site/petalbot)" 10.179.80.54, 114.119.141.71
69.191.249.220 - - [19/Jun/2024:18:32:01 +0800] "GET /pressrelease.php HTTP/1.0" 200 368765 "-" "BLP_bbot/0.1" 69.191.249.220
114.119.130.33 - - [19/Jun/2024:18:33:18 +0800] "GET /news/pdf/LTN20180227832_C.pdf HTTP/1.0" 200 1051038 "http://www.1166hk.com/tc/pressrelease.php" "Mozilla/5.0 (Linux; Android 7.0;) AppleWebKit/537.36 (KHTML, like Gecko) Mobile Safari/537.36 (compatible; PetalBot;+https://webmaster.petalsearch.com/site/petalbot)" 10.179.80.119, 114.119.130.33
69.191.249.207 - - [19/Jun/2024:18:33:31 +0800] "GET /tc/pressrelease.php HTTP/1.0" 200 368714 "-" "BLP_bbot/0.1" 69.191.249.207
69.191.249.206 - - [19/Jun/2024:18:35:12 +0800] "GET /tc/annual_interim.php HTTP/1.0" 200 28903 "-" "BLP_bbot/0.1" 69.191.249.206
69.191.249.218 - - [19/Jun/2024:18:35:23 +0800] "GET /annual_interim.php HTTP/1.0" 200 29165 "-" "BLP_bbot/0.1" 69.191.249.218
69.191.249.218 - - [19/Jun/2024:18:36:10 +0800] "GET /pressrelease.php HTTP/1.0" 200 368765 "-" "BLP_bbot/0.1" 69.191.249.218
66.249.66.169 - - [19/Jun/2024:18:36:48 +0800] "GET / HTTP/1.0" 200 13829 "-" "Mozilla/5.0 (Linux; Android 6.0.1; Nexus 5X Build/MMB29P) AppleWebKit/537.36 (KHTML, like Gecko) Chrome/125.0.6422.175 Mobile Safari/537.36 (compatible; Googlebot/2.1; +http://www.google.com/bot.html)" 66.249.66.169
118.113.244.49 - - [19/Jun/2024:18:37:10 +0800] "GET / HTTP/1.0" 200 13829 "-" "Mozilla/5.0 (Macintosh; Intel Mac OS X 10_15_7) AppleWebKit/537.36 (KHTML, like Gecko) Chrome/109.0.0.0 Safari/537.36" 118.113.244.49
69.191.249.216 - - [19/Jun/2024:18:37:20 +0800] "GET /tc/pressrelease.php HTTP/1.0" 200 368714 "-" "BLP_bbot/0.1" 69.191.249.216
66.249.66.169 - - [19/Jun/2024:18:37:53 +0800] "GET /news/pdf/LTN20111202672.pdf HTTP/1.0" 200 79266 "-" "Mozilla/5.0 (Linux; Android 6.0.1; Nexus 5X Build/MMB29P) AppleWebKit/537.36 (KHTML, like Gecko) Chrome/125.0.6422.175 Mobile Safari/537.36 (compatible; Googlebot/2.1; +http://www.google.com/bot.html)" 66.249.66.169
69.191.249.221 - - [19/Jun/2024:18:39:06 +0800] "GET /tc/annual_interim.php HTTP/1.0" 200 28903 "-" "BLP_bbot/0.1" 69.191.249.221
69.191.249.216 - - [19/Jun/2024:18:39:33 +0800] "GET /annual_interim.php HTTP/1.0" 200 29165 "-" "BLP_bbot/0.1" 69.191.249.216
66.249.66.160 - - [19/Jun/2024:18:39:45 +0800] "GET /news/2004/6Joint%20Announcement%2020040812002.pdf HTTP/1.0" 200 55416 "-" "Mozilla/5.0 (Linux; Android 6.0.1; Nexus 5X Build/MMB29P) AppleWebKit/537.36 (KHTML, like Gecko) Chrome/125.0.6422.175 Mobile Safari/537.36 (compatible; Googlebot/2.1; +http://www.google.com/bot.html)" 66.249.66.160
69.191.249.210 - - [19/Jun/2024:18:40:21 +0800] "GET /pressrelease.php HTTP/1.0" 200 368765 "-" "BLP_bbot/0.1" 69.191.249.210
69.191.249.218 - - [19/Jun/2024:18:41:18 +0800] "GET /tc/pressrelease.php HTTP/1.0" 200 368714 "-" "BLP_bbot/0.1" 69.191.249.218
69.191.249.218 - - [19/Jun/2024:18:42:58 +0800] "GET /tc/annual_interim.php HTTP/1.0" 200 28903 "-" "BLP_bbot/0.1" 69.191.249.218
69.191.249.211 - - [19/Jun/2024:18:43:36 +0800] "GET /annual_interim.php HTTP/1.0" 200 29165 "-" "BLP_bbot/0.1" 69.191.249.211
96.79.9.166 - - [19/Jun/2024:18:43:37 +0800] "GET /annual_interim.php HTTP/1.0" 500 28960 "-" "Mozilla/5.0 (Windows; U; Windows NT 6.0; en-US; rv:1.9.1.2) Gecko/20090729 Firefox/3.5.2 (.NET CLR 3.5.30729)" 96.79.9.166
69.191.249.218 - - [19/Jun/2024:18:44:29 +0800] "GET /pressrelease.php HTTP/1.0" 200 368765 "-" "BLP_bbot/0.1" 69.191.249.218
66.249.66.195 - - [19/Jun/2024:18:44:38 +0800] "GET /tc/news/2008/C-20080520-01.pdf HTTP/1.0" 200 162876 "-" "Mozilla/5.0 (Linux; Android 6.0.1; Nexus 5X Build/MMB29P) AppleWebKit/537.36 (KHTML, like Gecko) Chrome/125.0.6422.175 Mobile Safari/537.36 (compatible; Googlebot/2.1; +http://www.google.com/bot.html)" 66.249.66.195
69.191.249.219 - - [19/Jun/2024:18:45:17 +0800] "GET /tc/pressrelease.php HTTP/1.0" 200 368714 "-" "BLP_bbot/0.1" 69.191.249.219
69.191.249.207 - - [19/Jun/2024:18:46:48 +0800] "GET /tc/annual_interim.php HTTP/1.0" 200 28903 "-" "BLP_bbot/0.1" 69.191.249.207
66.249.71.138 - - [19/Jun/2024:18:47:23 +0800] "GET /tc/pressrelease.php/tc/news/pdf/LTN20140502892_C.pdf HTTP/1.0" 200 368714 "-" "Mozilla/5.0 (Linux; Android 6.0.1; Nexus 5X Build/MMB29P) AppleWebKit/537.36 (KHTML, like Gecko) Chrome/125.0.6422.175 Mobile Safari/537.36 (compatible; GoogleOther)" 66.249.71.138
69.191.249.216 - - [19/Jun/2024:18:47:34 +0800] "GET /annual_interim.php HTTP/1.0" 200 29165 "-" "BLP_bbot/0.1" 69.191.249.216
34.203.50.75 - - [19/Jun/2024:18:47:45 +0800] "GET / HTTP/1.0" 200 13829 "-" "Mozilla/5.0 (Macintosh; Intel Mac OS X 10_15_7) AppleWebKit/537.36 (KHTML, like Gecko) Chrome/124.0.0.0 Safari/537.36" 34.203.50.75
114.119.145.194 - - [19/Jun/2024:18:48:32 +0800] "GET /tc/news/2004/CWF102.pdf HTTP/1.0" 200 21914 "http://www.1166hk.com/tc/pressrelease.php" "Mozilla/5.0 (Linux; Android 7.0;) AppleWebKit/537.36 (KHTML, like Gecko) Mobile Safari/537.36 (compatible; PetalBot;+https://webmaster.petalsearch.com/site/petalbot)" 10.179.80.224, 114.119.145.194
43.134.37.211 - - [19/Jun/2024:18:48:33 +0800] "GET / HTTP/1.0" 200 13829 "-" "Mozilla/5.0 (iPhone; CPU iPhone OS 13_2_3 like Mac OS X) AppleWebKit/605.1.15 (KHTML, like Gecko) Version/13.0.3 Mobile/15E148 Safari/604.1" 43.134.37.211
69.191.249.220 - - [19/Jun/2024:18:48:37 +0800] "GET /pressrelease.php HTTP/1.0" 200 368765 "-" "BLP_bbot/0.1" 69.191.249.220
69.191.249.210 - - [19/Jun/2024:18:49:12 +0800] "GET /tc/pressrelease.php HTTP/1.0" 200 368714 "-" "BLP_bbot/0.1" 69.191.249.210
69.191.249.211 - - [19/Jun/2024:18:50:53 +0800] "GET /tc/annual_interim.php HTTP/1.0" 200 28903 "-" "BLP_bbot/0.1" 69.191.249.211
69.191.249.206 - - [19/Jun/2024:18:51:38 +0800] "GET /annual_interim.php HTTP/1.0" 200 29165 "-" "BLP_bbot/0.1" 69.191.249.206
69.191.249.206 - - [19/Jun/2024:18:52:35 +0800] "GET /pressrelease.php HTTP/1.0" 200 368765 "-" "BLP_bbot/0.1" 69.191.249.206
69.191.249.210 - - [19/Jun/2024:18:53:22 +0800] "GET /tc/pressrelease.php HTTP/1.0" 200 368714 "-" "BLP_bbot/0.1" 69.191.249.210
69.191.249.201 - - [19/Jun/2024:18:54:42 +0800] "GET /tc/annual_interim.php HTTP/1.0" 200 28903 "-" "BLP_bbot/0.1" 69.191.249.201
69.191.249.221 - - [19/Jun/2024:18:55:41 +0800] "GET /annual_interim.php HTTP/1.0" 200 29165 "-" "BLP_bbot/0.1" 69.191.249.221
66.249.66.160 - - [19/Jun/2024:18:56:23 +0800] "GET /tc/pressrelease.php/tc/news/pdf/LTN20150416486_C.pdf HTTP/1.0" 200 368714 "-" "Mozilla/5.0 (Linux; Android 6.0.1; Nexus 5X Build/MMB29P) AppleWebKit/537.36 (KHTML, like Gecko) Chrome/125.0.6422.175 Mobile Safari/537.36 (compatible; GoogleOther)" 66.249.66.160
69.191.249.221 - - [19/Jun/2024:18:56:27 +0800] "GET /pressrelease.php HTTP/1.0" 200 368765 "-" "BLP_bbot/0.1" 69.191.249.221
69.191.249.220 - - [19/Jun/2024:18:57:12 +0800] "GET /tc/pressrelease.php HTTP/1.0" 200 368714 "-" "BLP_bbot/0.1" 69.191.249.220
69.191.249.211 - - [19/Jun/2024:18:58:36 +0800] "GET /tc/annual_interim.php HTTP/1.0" 200 28903 "-" "BLP_bbot/0.1" 69.191.249.211
116.179.32.138 - - [19/Jun/2024:18:59:53 +0800] "GET /news/pdf/ltn20190801546_c.pdf HTTP/1.0" 200 49423 "-" "Mozilla/5.0 (compatible; Baiduspider/2.0; +http://www.baidu.com/search/spider.html)" 116.179.32.138
220.181.108.101 - - [19/Jun/2024:18:59:53 +0800] "GET /tc/news/2007/C-20071014-01.pdf HTTP/1.0" 200 43440 "-" "Mozilla/5.0 (compatible; Baiduspider/2.0; +http://www.baidu.com/search/spider.html)" 220.181.108.101
220.181.108.158 - - [19/Jun/2024:18:59:54 +0800] "GET /news/pdf/LTN20141016421_C.pdf HTTP/1.0" 200 88328 "-" "Mozilla/5.0 (compatible; Baiduspider/2.0; +http://www.baidu.com/search/spider.html)" 220.181.108.158
69.191.249.206 - - [19/Jun/2024:18:59:54 +0800] "GET /annual_interim.php HTTP/1.0" 200 29165 "-" "BLP_bbot/0.1" 69.191.249.206
69.191.249.201 - - [19/Jun/2024:19:00:26 +0800] "GET /pressrelease.php HTTP/1.0" 200 368765 "-" "BLP_bbot/0.1" 69.191.249.201
69.191.249.211 - - [19/Jun/2024:19:01:19 +0800] "GET /tc/pressrelease.php HTTP/1.0" 200 368714 "-" "BLP_bbot/0.1" 69.191.249.211
69.191.249.206 - - [19/Jun/2024:19:02:32 +0800] "GET /tc/annual_interim.php HTTP/1.0" 200 28903 "-" "BLP_bbot/0.1" 69.191.249.206
114.116.219.124 - - [19/Jun/2024:19:03:06 +0800] "GET / HTTP/1.0" 200 13829 "-" "Mozilla/5.0 (Windows NT 6.1; Win64; x64) AppleWebKit/537.36 (KHTML, like Gecko) Chrome/65.0.3325.181 Safari/537.36" 114.116.219.124
69.191.249.207 - - [19/Jun/2024:19:04:03 +0800] "GET /annual_interim.php HTTP/1.0" 200 29165 "-" "BLP_bbot/0.1" 69.191.249.207
69.191.249.219 - - [19/Jun/2024:19:04:20 +0800] "GET /pressrelease.php HTTP/1.0" 200 368765 "-" "BLP_bbot/0.1" 69.191.249.219
95.217.9.42 - - [19/Jun/2024:19:05:23 +0800] "GET /tc/news/2008/C-20080331-02.pdf HTTP/1.0" 200 697337 "-" "Mozilla/5.0 (Windows NT 10.0; Win64; x64) AppleWebKit/537.36 (KHTML, like Gecko) Chrome/125.0.0.0 Safari/537.36 OPR/110.0.0.0" 95.217.9.42
69.191.249.212 - - [19/Jun/2024:19:05:24 +0800] "GET /tc/pressrelease.php HTTP/1.0" 200 368714 "-" "BLP_bbot/0.1" 69.191.249.212
209.11.218.77 - - [19/Jun/2024:19:05:50 +0800] "GET /annual_interim.php HTTP/1.0" 200 29165 "-" "Mozilla/4.0 (compatible; MSIE 7.0; Windows NT 6.2; Win64; x64; Trident/7.0; .NET4.0C; .NET4.0E)" 209.11.218.77
209.11.218.77 - - [19/Jun/2024:19:05:50 +0800] "GET /common.css HTTP/1.0" 200 2745 "-" "Mozilla/4.0 (compatible; MSIE 7.0; Windows NT 6.2; Win64; x64; Trident/7.0; .NET4.0C; .NET4.0E)" 209.11.218.77
209.11.218.77 - - [19/Jun/2024:19:05:51 +0800] "GET /images/bt_chin.gif HTTP/1.0" 200 566 "-" "Mozilla/4.0 (compatible; MSIE 7.0; Windows NT 6.2; Win64; x64; Trident/7.0; .NET4.0C; .NET4.0E)" 209.11.218.77
209.11.218.77 - - [19/Jun/2024:19:05:51 +0800] "GET /images/bt_contact.gif HTTP/1.0" 200 565 "-" "Mozilla/4.0 (compatible; MSIE 7.0; Windows NT 6.2; Win64; x64; Trident/7.0; .NET4.0C; .NET4.0E)" 209.11.218.77
209.11.218.77 - - [19/Jun/2024:19:05:51 +0800] "GET /images/bt_eng_sel.gif HTTP/1.0" 200 710 "-" "Mozilla/4.0 (compatible; MSIE 7.0; Windows NT 6.2; Win64; x64; Trident/7.0; .NET4.0C; .NET4.0E)" 209.11.218.77
209.11.218.77 - - [19/Jun/2024:19:05:51 +0800] "GET /images/bt_home.gif HTTP/1.0" 200 452 "-" "Mozilla/4.0 (compatible; MSIE 7.0; Windows NT 6.2; Win64; x64; Trident/7.0; .NET4.0C; .NET4.0E)" 209.11.218.77
209.11.218.77 - - [19/Jun/2024:19:05:51 +0800] "GET /images/heading-annual.gif HTTP/1.0" 200 2184 "-" "Mozilla/4.0 (compatible; MSIE 7.0; Windows NT 6.2; Win64; x64; Trident/7.0; .NET4.0C; .NET4.0E)" 209.11.218.77
209.11.218.77 - - [19/Jun/2024:19:05:51 +0800] "GET /images/heading1.jpg HTTP/1.0" 200 21104 "-" "Mozilla/4.0 (compatible; MSIE 7.0; Windows NT 6.2; Win64; x64; Trident/7.0; .NET4.0C; .NET4.0E)" 209.11.218.77
