209.11.218.77 - - [19/Jun/2024:21:22:08 +0800] "GET /news/pdf/C1166_Dissemination.pdf HTTP/1.0" 404 9957 "-" "-" 209.11.218.77
209.11.218.77 - - [19/Jun/2024:21:22:18 +0800] "GET /news/pdf/C1166_Dissemination.pdf HTTP/1.0" 404 9957 "-" "-" 209.11.218.77
209.11.218.77 - - [19/Jun/2024:21:22:33 +0800] "GET /news/pdf/C1166_Dissemination.pdf HTTP/1.0" 404 9957 "-" "-" 209.11.218.77
209.11.218.77 - - [19/Jun/2024:21:22:53 +0800] "GET /news/pdf/C1166_Dissemination.pdf HTTP/1.0" 404 9957 "-" "-" 209.11.218.77
209.11.218.77 - - [19/Jun/2024:21:23:19 +0800] "GET /news/pdf/C1166_Dissemination.pdf HTTP/1.0" 404 9957 "-" "-" 209.11.218.77
69.191.249.216 - - [19/Jun/2024:21:23:43 +0800] "GET /tc/annual_interim.php HTTP/1.0" 200 28903 "-" "BLP_bbot/0.1" 69.191.249.216
209.11.218.77 - - [19/Jun/2024:21:23:49 +0800] "GET /news/pdf/C1166_Dissemination.pdf HTTP/1.0" 404 9957 "-" "-" 209.11.218.77
209.11.218.77 - - [19/Jun/2024:21:23:49 +0800] "GET /news/pdf/privacy_ch.pdf HTTP/1.0" 404 9957 "-" "-" 209.11.218.77
209.11.218.77 - - [19/Jun/2024:21:23:54 +0800] "GET /news/pdf/privacy_ch.pdf HTTP/1.0" 404 9957 "-" "-" 209.11.218.77
209.11.218.77 - - [19/Jun/2024:21:24:05 +0800] "GET /news/pdf/privacy_ch.pdf HTTP/1.0" 404 9957 "-" "-" 209.11.218.77
54.213.223.136 - - [19/Jun/2024:21:24:10 +0800] "GET / HTTP/1.0" 200 13829 "-" "Mozilla/5.0 (Windows NT 10.0; Win64; x64) AppleWebKit/537.36 (KHTML, like Gecko) Chrome/85.0.4183.0 Safari/537.36 Some Company. inc admin.contact@gmail.com" 54.213.223.136
54.213.223.136 - - [19/Jun/2024:21:24:11 +0800] "GET /favicon.ico HTTP/1.0" 404 9957 "-" "Mozilla/5.0 (Windows NT 10.0; Win64; x64) AppleWebKit/537.36 (KHTML, like Gecko) Chrome/85.0.4183.0 Safari/537.36 Some Company. inc admin.contact@gmail.com" 54.213.223.136
209.11.218.77 - - [19/Jun/2024:21:24:20 +0800] "GET /news/pdf/privacy_ch.pdf HTTP/1.0" 404 9957 "-" "-" 209.11.218.77
69.191.249.218 - - [19/Jun/2024:21:24:32 +0800] "GET /annual_interim.php HTTP/1.0" 200 29165 "-" "BLP_bbot/0.1" 69.191.249.218
69.191.249.220 - - [19/Jun/2024:21:24:36 +0800] "GET /pressrelease.php HTTP/1.0" 200 368765 "-" "BLP_bbot/0.1" 69.191.249.220
209.11.218.77 - - [19/Jun/2024:21:24:40 +0800] "GET /news/pdf/privacy_ch.pdf HTTP/1.0" 404 9957 "-" "-" 209.11.218.77
209.11.218.77 - - [19/Jun/2024:21:25:05 +0800] "GET /news/pdf/privacy_ch.pdf HTTP/1.0" 404 9957 "-" "-" 209.11.218.77
209.11.218.77 - - [19/Jun/2024:21:25:36 +0800] "GET /news/pdf/privacy_ch.pdf HTTP/1.0" 404 9957 "-" "-" 209.11.218.77
209.11.218.77 - - [19/Jun/2024:21:25:36 +0800] "GET /news/pdf/C1166_Dissemination.pdf HTTP/1.0" 404 9957 "-" "-" 209.11.218.77
209.11.218.77 - - [19/Jun/2024:21:25:41 +0800] "GET /news/pdf/C1166_Dissemination.pdf HTTP/1.0" 404 9957 "-" "-" 209.11.218.77
209.11.218.77 - - [19/Jun/2024:21:25:51 +0800] "GET /news/pdf/C1166_Dissemination.pdf HTTP/1.0" 404 9957 "-" "-" 209.11.218.77
69.191.249.212 - - [19/Jun/2024:21:25:55 +0800] "GET /tc/pressrelease.php HTTP/1.0" 200 368714 "-" "BLP_bbot/0.1" 69.191.249.212
209.11.218.77 - - [19/Jun/2024:21:26:07 +0800] "GET /news/pdf/C1166_Dissemination.pdf HTTP/1.0" 404 9957 "-" "-" 209.11.218.77
209.11.218.77 - - [19/Jun/2024:21:26:27 +0800] "GET /news/pdf/C1166_Dissemination.pdf HTTP/1.0" 404 9957 "-" "-" 209.11.218.77
209.11.218.77 - - [19/Jun/2024:21:26:53 +0800] "GET /news/pdf/C1166_Dissemination.pdf HTTP/1.0" 404 9957 "-" "-" 209.11.218.77
209.11.218.77 - - [19/Jun/2024:21:27:23 +0800] "GET /news/pdf/C1166_Dissemination.pdf HTTP/1.0" 404 9957 "-" "-" 209.11.218.77
209.11.218.77 - - [19/Jun/2024:21:27:24 +0800] "GET /news/pdf/privacy_ch.pdf HTTP/1.0" 404 9957 "-" "-" 209.11.218.77
209.11.218.77 - - [19/Jun/2024:21:27:29 +0800] "GET /news/pdf/privacy_ch.pdf HTTP/1.0" 404 9957 "-" "-" 209.11.218.77
209.11.218.77 - - [19/Jun/2024:21:27:39 +0800] "GET /news/pdf/privacy_ch.pdf HTTP/1.0" 404 9957 "-" "-" 209.11.218.77
69.191.249.201 - - [19/Jun/2024:21:27:41 +0800] "GET /tc/annual_interim.php HTTP/1.0" 200 28903 "-" "BLP_bbot/0.1" 69.191.249.201
209.11.218.77 - - [19/Jun/2024:21:27:54 +0800] "GET /news/pdf/privacy_ch.pdf HTTP/1.0" 404 9957 "-" "-" 209.11.218.77
209.11.218.77 - - [19/Jun/2024:21:28:14 +0800] "GET /news/pdf/privacy_ch.pdf HTTP/1.0" 404 9957 "-" "-" 209.11.218.77
69.191.249.212 - - [19/Jun/2024:21:28:30 +0800] "GET /pressrelease.php HTTP/1.0" 200 368765 "-" "BLP_bbot/0.1" 69.191.249.212
209.11.218.77 - - [19/Jun/2024:21:28:40 +0800] "GET /news/pdf/privacy_ch.pdf HTTP/1.0" 404 9957 "-" "-" 209.11.218.77
69.191.249.207 - - [19/Jun/2024:21:28:43 +0800] "GET /annual_interim.php HTTP/1.0" 200 29165 "-" "BLP_bbot/0.1" 69.191.249.207
59.56.214.46 - - [19/Jun/2024:21:29:08 +0800] "GET /tc/pressrelease.php HTTP/1.0" 500 28960 "-" "Mozilla/5.0 (Macintosh; Intel Mac OS X 10_15_7) AppleWebKit/537.36 (KHTML, like Gecko) Chrome/109.0.0.0 Safari/537.36" 59.56.214.46
209.11.218.77 - - [19/Jun/2024:21:29:10 +0800] "GET /news/pdf/privacy_ch.pdf HTTP/1.0" 404 9957 "-" "-" 209.11.218.77
209.11.218.77 - - [19/Jun/2024:21:29:10 +0800] "GET /news/pdf/C1166_Dissemination.pdf HTTP/1.0" 404 9957 "-" "-" 209.11.218.77
116.208.202.175 - - [19/Jun/2024:21:29:10 +0800] "GET /tc/pressrelease.php HTTP/1.0" 200 368714 "-" "Mozilla/5.0 (Macintosh; Intel Mac OS X 10_15_7) AppleWebKit/537.36 (KHTML, like Gecko) Chrome/109.0.0.0 Safari/537.36" 116.208.202.175
209.11.218.77 - - [19/Jun/2024:21:29:16 +0800] "GET /news/pdf/C1166_Dissemination.pdf HTTP/1.0" 404 9957 "-" "-" 209.11.218.77
209.11.218.77 - - [19/Jun/2024:21:29:26 +0800] "GET /news/pdf/C1166_Dissemination.pdf HTTP/1.0" 404 9957 "-" "-" 209.11.218.77
209.11.218.77 - - [19/Jun/2024:21:29:41 +0800] "GET /news/pdf/C1166_Dissemination.pdf HTTP/1.0" 404 9957 "-" "-" 209.11.218.77
69.191.249.210 - - [19/Jun/2024:21:29:58 +0800] "GET /tc/pressrelease.php HTTP/1.0" 200 368714 "-" "BLP_bbot/0.1" 69.191.249.210
209.11.218.77 - - [19/Jun/2024:21:30:01 +0800] "GET /news/pdf/C1166_Dissemination.pdf HTTP/1.0" 404 9957 "-" "-" 209.11.218.77
209.11.218.77 - - [19/Jun/2024:21:30:26 +0800] "GET /news/pdf/C1166_Dissemination.pdf HTTP/1.0" 404 9957 "-" "-" 209.11.218.77
209.11.218.77 - - [19/Jun/2024:21:30:57 +0800] "GET /news/pdf/C1166_Dissemination.pdf HTTP/1.0" 404 9957 "-" "-" 209.11.218.77
209.11.218.77 - - [19/Jun/2024:21:30:57 +0800] "GET /news/pdf/privacy_ch.pdf HTTP/1.0" 404 9957 "-" "-" 209.11.218.77
209.11.218.77 - - [19/Jun/2024:21:31:02 +0800] "GET /news/pdf/privacy_ch.pdf HTTP/1.0" 404 9957 "-" "-" 209.11.218.77
66.249.71.138 - - [19/Jun/2024:21:31:07 +0800] "GET / HTTP/1.0" 200 13829 "-" "Mozilla/5.0 (Linux; Android 6.0.1; Nexus 5X Build/MMB29P) AppleWebKit/537.36 (KHTML, like Gecko) Chrome/125.0.6422.175 Mobile Safari/537.36 (compatible; Googlebot/2.1; +http://www.google.com/bot.html)" 66.249.71.138
209.11.218.77 - - [19/Jun/2024:21:31:13 +0800] "GET /news/pdf/privacy_ch.pdf HTTP/1.0" 404 9957 "-" "-" 209.11.218.77
209.11.218.77 - - [19/Jun/2024:21:31:28 +0800] "GET /news/pdf/privacy_ch.pdf HTTP/1.0" 404 9957 "-" "-" 209.11.218.77
209.11.218.77 - - [19/Jun/2024:21:31:48 +0800] "GET /news/pdf/privacy_ch.pdf HTTP/1.0" 404 9957 "-" "-" 209.11.218.77
69.191.249.207 - - [19/Jun/2024:21:31:51 +0800] "GET /tc/annual_interim.php HTTP/1.0" 200 28903 "-" "BLP_bbot/0.1" 69.191.249.207
209.11.218.77 - - [19/Jun/2024:21:32:13 +0800] "GET /news/pdf/privacy_ch.pdf HTTP/1.0" 404 9957 "-" "-" 209.11.218.77
69.191.249.212 - - [19/Jun/2024:21:32:34 +0800] "GET /annual_interim.php HTTP/1.0" 200 29165 "-" "BLP_bbot/0.1" 69.191.249.212
69.191.249.221 - - [19/Jun/2024:21:32:42 +0800] "GET /pressrelease.php HTTP/1.0" 200 368765 "-" "BLP_bbot/0.1" 69.191.249.221
209.11.218.77 - - [19/Jun/2024:21:32:44 +0800] "GET /news/pdf/privacy_ch.pdf HTTP/1.0" 404 9957 "-" "-" 209.11.218.77
69.191.249.216 - - [19/Jun/2024:21:34:00 +0800] "GET /tc/pressrelease.php HTTP/1.0" 200 368714 "-" "BLP_bbot/0.1" 69.191.249.216
69.191.249.212 - - [19/Jun/2024:21:35:52 +0800] "GET /tc/annual_interim.php HTTP/1.0" 200 28903 "-" "BLP_bbot/0.1" 69.191.249.212
69.191.249.218 - - [19/Jun/2024:21:36:26 +0800] "GET /annual_interim.php HTTP/1.0" 200 29165 "-" "BLP_bbot/0.1" 69.191.249.218
69.191.249.206 - - [19/Jun/2024:21:36:51 +0800] "GET /pressrelease.php HTTP/1.0" 200 368765 "-" "BLP_bbot/0.1" 69.191.249.206
58.53.143.86 - - [19/Jun/2024:21:37:02 +0800] "GET / HTTP/1.0" 200 13829 "-" "Mozilla/5.0 (Macintosh; Intel Mac OS X 10_15_7) AppleWebKit/537.36 (KHTML, like Gecko) Chrome/109.0.0.0 Safari/537.36" 58.53.143.86
69.191.249.211 - - [19/Jun/2024:21:37:58 +0800] "GET /tc/pressrelease.php HTTP/1.0" 200 368714 "-" "BLP_bbot/0.1" 69.191.249.211
66.249.66.160 - - [19/Jun/2024:21:39:23 +0800] "GET /index.php HTTP/1.0" 200 13829 "-" "Mozilla/5.0 (Linux; Android 6.0.1; Nexus 5X Build/MMB29P) AppleWebKit/537.36 (KHTML, like Gecko) Chrome/125.0.6422.175 Mobile Safari/537.36 (compatible; Googlebot/2.1; +http://www.google.com/bot.html)" 66.249.66.160
69.191.249.201 - - [19/Jun/2024:21:39:53 +0800] "GET /tc/annual_interim.php HTTP/1.0" 200 28903 "-" "BLP_bbot/0.1" 69.191.249.201
69.191.249.216 - - [19/Jun/2024:21:40:21 +0800] "GET /annual_interim.php HTTP/1.0" 200 29165 "-" "BLP_bbot/0.1" 69.191.249.216
69.191.249.218 - - [19/Jun/2024:21:40:48 +0800] "GET /pressrelease.php HTTP/1.0" 200 368765 "-" "BLP_bbot/0.1" 69.191.249.218
114.119.141.71 - - [19/Jun/2024:21:41:19 +0800] "GET /news/pdf/LTN20130801366_C.pdf HTTP/1.0" 200 201123 "http://www.1166hk.com/tc/pressrelease.php" "Mozilla/5.0 (Linux; Android 7.0;) AppleWebKit/537.36 (KHTML, like Gecko) Mobile Safari/537.36 (compatible; PetalBot;+https://webmaster.petalsearch.com/site/petalbot)" 10.179.80.250, 114.119.141.71
104.244.75.185 - - [19/Jun/2024:21:41:39 +0800] "GET /news/pdf/LTN20110901469_C.pdf HTTP/1.0" 200 196714 "-" "Mozilla/5.0 (Windows NT 10.0; Win64; x64) AppleWebKit/537.36 (KHTML, like Gecko) Chrome/125.0.0.0 Safari/537.36" 104.244.75.185
69.191.249.201 - - [19/Jun/2024:21:42:02 +0800] "GET /tc/pressrelease.php HTTP/1.0" 200 368714 "-" "BLP_bbot/0.1" 69.191.249.201
114.119.138.183 - - [19/Jun/2024:21:42:47 +0800] "GET /news/pdf/LTN20161125189_C.pdf HTTP/1.0" 200 202346 "http://1166hk.com/tc/pressrelease.php" "Mozilla/5.0 (Linux; Android 7.0;) AppleWebKit/537.36 (KHTML, like Gecko) Mobile Safari/537.36 (compatible; PetalBot;+https://webmaster.petalsearch.com/site/petalbot)" 10.179.80.163, 114.119.138.183
69.191.249.211 - - [19/Jun/2024:21:43:49 +0800] "GET /tc/annual_interim.php HTTP/1.0" 200 28903 "-" "BLP_bbot/0.1" 69.191.249.211
69.191.249.216 - - [19/Jun/2024:21:44:23 +0800] "GET /annual_interim.php HTTP/1.0" 200 29165 "-" "BLP_bbot/0.1" 69.191.249.216
69.191.249.218 - - [19/Jun/2024:21:44:57 +0800] "GET /pressrelease.php HTTP/1.0" 200 368765 "-" "BLP_bbot/0.1" 69.191.249.218
40.77.167.241 - - [19/Jun/2024:21:45:15 +0800] "GET /news/2009/E-20090609-01.pdf HTTP/1.0" 200 33072 "-" "Mozilla/5.0 AppleWebKit/537.36 (KHTML, like Gecko; compatible; bingbot/2.0; +http://www.bing.com/bingbot.htm) Chrome/116.0.1938.76 Safari/537.36" 40.77.167.241
66.249.71.136 - - [19/Jun/2024:21:45:46 +0800] "GET / HTTP/1.0" 200 13829 "-" "Mozilla/5.0 (compatible; Googlebot/2.1; +http://www.google.com/bot.html)" 66.249.71.136
69.191.249.212 - - [19/Jun/2024:21:46:06 +0800] "GET /tc/pressrelease.php HTTP/1.0" 200 368714 "-" "BLP_bbot/0.1" 69.191.249.212
69.191.249.221 - - [19/Jun/2024:21:47:43 +0800] "GET /tc/annual_interim.php HTTP/1.0" 200 28903 "-" "BLP_bbot/0.1" 69.191.249.221
69.191.249.206 - - [19/Jun/2024:21:48:34 +0800] "GET /annual_interim.php HTTP/1.0" 200 29165 "-" "BLP_bbot/0.1" 69.191.249.206
69.191.249.220 - - [19/Jun/2024:21:48:52 +0800] "GET /pressrelease.php HTTP/1.0" 200 368765 "-" "BLP_bbot/0.1" 69.191.249.220
69.191.249.212 - - [19/Jun/2024:21:50:11 +0800] "GET /tc/pressrelease.php HTTP/1.0" 200 368714 "-" "BLP_bbot/0.1" 69.191.249.212
66.249.66.195 - - [19/Jun/2024:21:51:36 +0800] "GET /robots.txt HTTP/1.0" 404 9957 "-" "Mozilla/5.0 (compatible; Googlebot/2.1; +http://www.google.com/bot.html)" 66.249.66.195
66.249.66.197 - - [19/Jun/2024:21:51:36 +0800] "GET / HTTP/1.0" 200 13829 "-" "Mozilla/5.0 (compatible; Googlebot/2.1; +http://www.google.com/bot.html)" 66.249.66.197
69.191.249.220 - - [19/Jun/2024:21:51:45 +0800] "GET /tc/annual_interim.php HTTP/1.0" 200 28903 "-" "BLP_bbot/0.1" 69.191.249.220
54.36.148.82 - - [19/Jun/2024:21:52:00 +0800] "GET /Hua_Yi_Copper_Products_TC/index.html HTTP/1.0" 200 576 "-" "Mozilla/5.0 (compatible; AhrefsBot/7.0; +http://ahrefs.com/robot/)" 54.36.148.82
69.191.249.212 - - [19/Jun/2024:21:52:43 +0800] "GET /annual_interim.php HTTP/1.0" 200 29165 "-" "BLP_bbot/0.1" 69.191.249.212
69.191.249.217 - - [19/Jun/2024:21:53:00 +0800] "GET /pressrelease.php HTTP/1.0" 200 368765 "-" "BLP_bbot/0.1" 69.191.249.217
69.191.249.212 - - [19/Jun/2024:21:54:06 +0800] "GET /tc/pressrelease.php HTTP/1.0" 200 368714 "-" "BLP_bbot/0.1" 69.191.249.212
69.191.249.206 - - [19/Jun/2024:21:55:56 +0800] "GET /tc/annual_interim.php HTTP/1.0" 200 28903 "-" "BLP_bbot/0.1" 69.191.249.206
69.191.249.207 - - [19/Jun/2024:21:56:39 +0800] "GET /annual_interim.php HTTP/1.0" 200 29165 "-" "BLP_bbot/0.1" 69.191.249.207
69.191.249.201 - - [19/Jun/2024:21:56:55 +0800] "GET /pressrelease.php HTTP/1.0" 200 368765 "-" "BLP_bbot/0.1" 69.191.249.201
69.191.249.216 - - [19/Jun/2024:21:58:03 +0800] "GET /tc/pressrelease.php HTTP/1.0" 200 368714 "-" "BLP_bbot/0.1" 69.191.249.216
69.191.249.207 - - [19/Jun/2024:21:59:57 +0800] "GET /tc/annual_interim.php HTTP/1.0" 200 28903 "-" "BLP_bbot/0.1" 69.191.249.207
69.191.249.219 - - [19/Jun/2024:22:00:47 +0800] "GET /annual_interim.php HTTP/1.0" 200 29165 "-" "BLP_bbot/0.1" 69.191.249.219
69.191.249.216 - - [19/Jun/2024:22:00:59 +0800] "GET /pressrelease.php HTTP/1.0" 200 368765 "-" "BLP_bbot/0.1" 69.191.249.216
69.191.249.216 - - [19/Jun/2024:22:01:56 +0800] "GET /tc/pressrelease.php HTTP/1.0" 200 368714 "-" "BLP_bbot/0.1" 69.191.249.216
121.52.252.98 - - [19/Jun/2024:22:03:09 +0800] "GET / HTTP/1.0" 200 13829 "-" "Mozilla/5.0 (Windows NT 6.1; Win64; x64) AppleWebKit/537.36 (KHTML, like Gecko) Chrome/65.0.3325.181 Safari/537.36" 121.52.252.98
69.191.249.219 - - [19/Jun/2024:22:04:01 +0800] "GET /tc/annual_interim.php HTTP/1.0" 200 28903 "-" "BLP_bbot/0.1" 69.191.249.219
69.191.249.219 - - [19/Jun/2024:22:04:48 +0800] "GET /pressrelease.php HTTP/1.0" 200 368765 "-" "BLP_bbot/0.1" 69.191.249.219
69.191.249.211 - - [19/Jun/2024:22:04:48 +0800] "GET /annual_interim.php HTTP/1.0" 200 29165 "-" "BLP_bbot/0.1" 69.191.249.211
69.191.249.201 - - [19/Jun/2024:22:05:55 +0800] "GET /tc/pressrelease.php HTTP/1.0" 200 368714 "-" "BLP_bbot/0.1" 69.191.249.201
69.191.249.211 - - [19/Jun/2024:22:07:53 +0800] "GET /tc/annual_interim.php HTTP/1.0" 200 28903 "-" "BLP_bbot/0.1" 69.191.249.211
69.191.249.218 - - [19/Jun/2024:22:08:37 +0800] "GET /annual_interim.php HTTP/1.0" 200 29165 "-" "BLP_bbot/0.1" 69.191.249.218
69.191.249.218 - - [19/Jun/2024:22:08:52 +0800] "GET /pressrelease.php HTTP/1.0" 200 368765 "-" "BLP_bbot/0.1" 69.191.249.218
69.191.249.207 - - [19/Jun/2024:22:10:07 +0800] "GET /tc/pressrelease.php HTTP/1.0" 200 368714 "-" "BLP_bbot/0.1" 69.191.249.207
95.217.1.198 - - [19/Jun/2024:22:10:13 +0800] "GET /news/pdf/LTN20170201276_C.pdf HTTP/1.0" 200 245059 "-" "Mozilla/5.0 (Windows NT 10.0; Win64; x64) AppleWebKit/537.36 (KHTML, like Gecko) Chrome/125.0.0.0 Safari/537.36 OPR/110.0.0.0" 95.217.1.198
66.249.66.168 - - [19/Jun/2024:22:10:23 +0800] "GET /index.php HTTP/1.0" 200 13829 "-" "Mozilla/5.0 (Linux; Android 6.0.1; Nexus 5X Build/MMB29P) AppleWebKit/537.36 (KHTML, like Gecko) Chrome/125.0.6422.175 Mobile Safari/537.36 (compatible; Googlebot/2.1; +http://www.google.com/bot.html)" 66.249.66.168
52.167.144.231 - - [19/Jun/2024:22:11:17 +0800] "GET /news/2008/E-20081230-01.pdf HTTP/1.0" 200 41902 "-" "Mozilla/5.0 AppleWebKit/537.36 (KHTML, like Gecko; compatible; bingbot/2.0; +http://www.bing.com/bingbot.htm) Chrome/116.0.1938.76 Safari/537.36" 52.167.144.231
69.191.249.207 - - [19/Jun/2024:22:11:59 +0800] "GET /tc/annual_interim.php HTTP/1.0" 200 28903 "-" "BLP_bbot/0.1" 69.191.249.207
52.167.144.231 - - [19/Jun/2024:22:12:07 +0800] "GET /images/logo.gif HTTP/1.0" 200 3202 "-" "Mozilla/5.0 (Windows NT 6.1; WOW64) AppleWebKit/534+ (KHTML, like Gecko) BingPreview/1.0b" 52.167.144.231
69.191.249.201 - - [19/Jun/2024:22:12:41 +0800] "GET /annual_interim.php HTTP/1.0" 200 29165 "-" "BLP_bbot/0.1" 69.191.249.201
69.191.249.220 - - [19/Jun/2024:22:12:48 +0800] "GET /pressrelease.php HTTP/1.0" 200 368765 "-" "BLP_bbot/0.1" 69.191.249.220
69.191.249.216 - - [19/Jun/2024:22:14:14 +0800] "GET /tc/pressrelease.php HTTP/1.0" 200 368714 "-" "BLP_bbot/0.1" 69.191.249.216
66.249.66.169 - - [19/Jun/2024:22:15:11 +0800] "GET / HTTP/1.0" 200 13829 "-" "Mozilla/5.0 (compatible; Googlebot/2.1; +http://www.google.com/bot.html)" 66.249.66.169
66.249.66.168 - - [19/Jun/2024:22:15:25 +0800] "GET /news/pdf/LTN20140314606.pdf HTTP/1.0" 200 669059 "-" "Mozilla/5.0 (Linux; Android 6.0.1; Nexus 5X Build/MMB29P) AppleWebKit/537.36 (KHTML, like Gecko) Chrome/125.0.6422.175 Mobile Safari/537.36 (compatible; Googlebot/2.1; +http://www.google.com/bot.html)" 66.249.66.168
66.249.66.168 - - [19/Jun/2024:22:15:35 +0800] "GET /news/pdf/LTN20101008156_C.pdf HTTP/1.0" 200 109798 "-" "Mozilla/5.0 (Linux; Android 6.0.1; Nexus 5X Build/MMB29P) AppleWebKit/537.36 (KHTML, like Gecko) Chrome/125.0.6422.175 Mobile Safari/537.36 (compatible; Googlebot/2.1; +http://www.google.com/bot.html)" 66.249.66.168
69.191.249.201 - - [19/Jun/2024:22:16:01 +0800] "GET /tc/annual_interim.php HTTP/1.0" 200 28903 "-" "BLP_bbot/0.1" 69.191.249.201
69.191.249.206 - - [19/Jun/2024:22:16:49 +0800] "GET /annual_interim.php HTTP/1.0" 200 29165 "-" "BLP_bbot/0.1" 69.191.249.206
69.191.249.219 - - [19/Jun/2024:22:16:52 +0800] "GET /pressrelease.php HTTP/1.0" 200 368765 "-" "BLP_bbot/0.1" 69.191.249.219
69.171.249.114 - - [19/Jun/2024:22:17:06 +0800] "GET /news/2006/LTN20060525060.xls HTTP/1.0" 200 36118 "-" "Python/3.10 aiohttp/3.9.3" 69.171.249.114
69.191.249.220 - - [19/Jun/2024:22:18:13 +0800] "GET /tc/pressrelease.php HTTP/1.0" 200 368714 "-" "BLP_bbot/0.1" 69.191.249.220
69.191.249.221 - - [19/Jun/2024:22:20:00 +0800] "GET /tc/annual_interim.php HTTP/1.0" 200 28903 "-" "BLP_bbot/0.1" 69.191.249.221
69.191.249.219 - - [19/Jun/2024:22:20:50 +0800] "GET /pressrelease.php HTTP/1.0" 200 368765 "-" "BLP_bbot/0.1" 69.191.249.219
69.191.249.211 - - [19/Jun/2024:22:20:57 +0800] "GET /annual_interim.php HTTP/1.0" 200 29165 "-" "BLP_bbot/0.1" 69.191.249.211
69.191.249.218 - - [19/Jun/2024:22:22:13 +0800] "GET /tc/pressrelease.php HTTP/1.0" 200 368714 "-" "BLP_bbot/0.1" 69.191.249.218
69.191.249.212 - - [19/Jun/2024:22:24:03 +0800] "GET /tc/annual_interim.php HTTP/1.0" 200 28903 "-" "BLP_bbot/0.1" 69.191.249.212
69.191.249.221 - - [19/Jun/2024:22:24:53 +0800] "GET /pressrelease.php HTTP/1.0" 200 368765 "-" "BLP_bbot/0.1" 69.191.249.221
69.191.249.221 - - [19/Jun/2024:22:24:54 +0800] "GET /annual_interim.php HTTP/1.0" 200 29165 "-" "BLP_bbot/0.1" 69.191.249.221
66.249.66.169 - - [19/Jun/2024:22:26:12 +0800] "GET /tc/pressrelease.php/tc/news/pdf/LTN20150416486_C.pdf HTTP/1.0" 200 368714 "-" "Mozilla/5.0 (Linux; Android 6.0.1; Nexus 5X Build/MMB29P) AppleWebKit/537.36 (KHTML, like Gecko) Chrome/125.0.6422.175 Mobile Safari/537.36 (compatible; Googlebot/2.1; +http://www.google.com/bot.html)" 66.249.66.169
69.191.249.217 - - [19/Jun/2024:22:26:16 +0800] "GET /tc/pressrelease.php HTTP/1.0" 200 368714 "-" "BLP_bbot/0.1" 69.191.249.217
69.191.249.217 - - [19/Jun/2024:22:28:12 +0800] "GET /tc/annual_interim.php HTTP/1.0" 200 28903 "-" "BLP_bbot/0.1" 69.191.249.217
69.191.249.218 - - [19/Jun/2024:22:28:54 +0800] "GET /pressrelease.php HTTP/1.0" 200 368765 "-" "BLP_bbot/0.1" 69.191.249.218
69.191.249.206 - - [19/Jun/2024:22:29:05 +0800] "GET /annual_interim.php HTTP/1.0" 200 29165 "-" "BLP_bbot/0.1" 69.191.249.206
66.249.66.160 - - [19/Jun/2024:22:29:12 +0800] "GET / HTTP/1.0" 200 13829 "-" "Mozilla/5.0 (Linux; Android 6.0.1; Nexus 5X Build/MMB29P) AppleWebKit/537.36 (KHTML, like Gecko) Chrome/125.0.6422.175 Mobile Safari/537.36 (compatible; Googlebot/2.1; +http://www.google.com/bot.html)" 66.249.66.160
66.249.66.160 - - [19/Jun/2024:22:29:16 +0800] "GET /iesuck.js HTTP/1.0" 200 877 "http://www.1166hk.com/" "Mozilla/5.0 (Linux; Android 6.0.1; Nexus 5X Build/MMB29P) AppleWebKit/537.36 (KHTML, like Gecko) Chrome/125.0.6422.154 Mobile Safari/537.36 (compatible; Googlebot/2.1; +http://www.google.com/bot.html)" 66.249.66.160
114.217.73.84 - - [19/Jun/2024:22:29:25 +0800] "GET /tc/pressrelease.php HTTP/1.0" 200 368714 "-" "Mozilla/5.0 (Macintosh; Intel Mac OS X 10_15_7) AppleWebKit/537.36 (KHTML, like Gecko) Chrome/109.0.0.0 Safari/537.36" 114.217.73.84
111.224.218.44 - - [19/Jun/2024:22:29:45 +0800] "GET /tc/pressrelease.php HTTP/1.0" 200 368714 "-" "Mozilla/5.0 (Macintosh; Intel Mac OS X 10_15_7) AppleWebKit/537.36 (KHTML, like Gecko) Chrome/109.0.0.0 Safari/537.36" 111.224.218.44
69.191.249.212 - - [19/Jun/2024:22:30:11 +0800] "GET /tc/pressrelease.php HTTP/1.0" 200 368714 "-" "BLP_bbot/0.1" 69.191.249.212
69.191.249.218 - - [19/Jun/2024:22:32:22 +0800] "GET /tc/annual_interim.php HTTP/1.0" 200 28903 "-" "BLP_bbot/0.1" 69.191.249.218
69.191.249.217 - - [19/Jun/2024:22:32:53 +0800] "GET /pressrelease.php HTTP/1.0" 200 368765 "-" "BLP_bbot/0.1" 69.191.249.217
69.191.249.220 - - [19/Jun/2024:22:33:01 +0800] "GET /annual_interim.php HTTP/1.0" 200 29165 "-" "BLP_bbot/0.1" 69.191.249.220
69.191.249.218 - - [19/Jun/2024:22:34:03 +0800] "GET /tc/pressrelease.php HTTP/1.0" 200 368714 "-" "BLP_bbot/0.1" 69.191.249.218
69.191.249.217 - - [19/Jun/2024:22:36:17 +0800] "GET /tc/annual_interim.php HTTP/1.0" 200 28903 "-" "BLP_bbot/0.1" 69.191.249.217
69.191.249.221 - - [19/Jun/2024:22:36:59 +0800] "GET /pressrelease.php HTTP/1.0" 200 368765 "-" "BLP_bbot/0.1" 69.191.249.221
69.191.249.220 - - [19/Jun/2024:22:37:10 +0800] "GET /annual_interim.php HTTP/1.0" 200 29165 "-" "BLP_bbot/0.1" 69.191.249.220
175.151.104.207 - - [19/Jun/2024:22:37:25 +0800] "GET / HTTP/1.0" 200 13829 "-" "Mozilla/5.0 (Macintosh; Intel Mac OS X 10_15_7) AppleWebKit/537.36 (KHTML, like Gecko) Chrome/109.0.0.0 Safari/537.36" 175.151.104.207
69.191.249.219 - - [19/Jun/2024:22:38:09 +0800] "GET /tc/pressrelease.php HTTP/1.0" 200 368714 "-" "BLP_bbot/0.1" 69.191.249.219
114.119.130.33 - - [19/Jun/2024:22:38:25 +0800] "GET /tc/chairman.php HTTP/1.0" 200 19470 "-" "Mozilla/5.0 (Linux; Android 7.0;) AppleWebKit/537.36 (KHTML, like Gecko) Mobile Safari/537.36 (compatible; PetalBot;+https://webmaster.petalsearch.com/site/petalbot)" 10.179.80.116, 114.119.130.33
69.191.249.220 - - [19/Jun/2024:22:40:20 +0800] "GET /tc/annual_interim.php HTTP/1.0" 200 28903 "-" "BLP_bbot/0.1" 69.191.249.220
69.191.249.207 - - [19/Jun/2024:22:40:54 +0800] "GET /pressrelease.php HTTP/1.0" 200 368765 "-" "BLP_bbot/0.1" 69.191.249.207
69.191.249.210 - - [19/Jun/2024:22:41:09 +0800] "GET /annual_interim.php HTTP/1.0" 200 29165 "-" "BLP_bbot/0.1" 69.191.249.210
69.191.249.216 - - [19/Jun/2024:22:42:19 +0800] "GET /tc/pressrelease.php HTTP/1.0" 200 368714 "-" "BLP_bbot/0.1" 69.191.249.216
69.191.249.212 - - [19/Jun/2024:22:44:30 +0800] "GET /tc/annual_interim.php HTTP/1.0" 200 28903 "-" "BLP_bbot/0.1" 69.191.249.212
69.191.249.210 - - [19/Jun/2024:22:44:55 +0800] "GET /pressrelease.php HTTP/1.0" 200 368765 "-" "BLP_bbot/0.1" 69.191.249.210
69.191.249.216 - - [19/Jun/2024:22:44:59 +0800] "GET /annual_interim.php HTTP/1.0" 200 29165 "-" "BLP_bbot/0.1" 69.191.249.216
69.191.249.201 - - [19/Jun/2024:22:46:14 +0800] "GET /tc/pressrelease.php HTTP/1.0" 200 368714 "-" "BLP_bbot/0.1" 69.191.249.201
69.191.249.206 - - [19/Jun/2024:22:48:38 +0800] "GET /tc/annual_interim.php HTTP/1.0" 200 28903 "-" "BLP_bbot/0.1" 69.191.249.206
69.191.249.206 - - [19/Jun/2024:22:48:46 +0800] "GET /pressrelease.php HTTP/1.0" 200 368765 "-" "BLP_bbot/0.1" 69.191.249.206
69.191.249.212 - - [19/Jun/2024:22:48:54 +0800] "GET /annual_interim.php HTTP/1.0" 200 29165 "-" "BLP_bbot/0.1" 69.191.249.212
69.191.249.210 - - [19/Jun/2024:22:50:20 +0800] "GET /tc/pressrelease.php HTTP/1.0" 200 368714 "-" "BLP_bbot/0.1" 69.191.249.210
69.191.249.211 - - [19/Jun/2024:22:52:33 +0800] "GET /tc/annual_interim.php HTTP/1.0" 200 28903 "-" "BLP_bbot/0.1" 69.191.249.211
69.191.249.207 - - [19/Jun/2024:22:52:47 +0800] "GET /annual_interim.php HTTP/1.0" 200 29165 "-" "BLP_bbot/0.1" 69.191.249.207
69.191.249.221 - - [19/Jun/2024:22:52:56 +0800] "GET /pressrelease.php HTTP/1.0" 200 368765 "-" "BLP_bbot/0.1" 69.191.249.221
69.191.249.219 - - [19/Jun/2024:22:54:26 +0800] "GET /tc/pressrelease.php HTTP/1.0" 200 368714 "-" "BLP_bbot/0.1" 69.191.249.219
69.191.249.201 - - [19/Jun/2024:22:56:28 +0800] "GET /tc/annual_interim.php HTTP/1.0" 200 28903 "-" "BLP_bbot/0.1" 69.191.249.201
69.191.249.221 - - [19/Jun/2024:22:56:52 +0800] "GET /annual_interim.php HTTP/1.0" 200 29165 "-" "BLP_bbot/0.1" 69.191.249.221
69.191.249.216 - - [19/Jun/2024:22:56:58 +0800] "GET /pressrelease.php HTTP/1.0" 200 368765 "-" "BLP_bbot/0.1" 69.191.249.216
69.191.249.206 - - [19/Jun/2024:22:58:25 +0800] "GET /tc/pressrelease.php HTTP/1.0" 200 368714 "-" "BLP_bbot/0.1" 69.191.249.206
69.191.249.217 - - [19/Jun/2024:23:00:25 +0800] "GET /tc/annual_interim.php HTTP/1.0" 200 28903 "-" "BLP_bbot/0.1" 69.191.249.217
69.191.249.212 - - [19/Jun/2024:23:00:50 +0800] "GET /annual_interim.php HTTP/1.0" 200 29165 "-" "BLP_bbot/0.1" 69.191.249.212
69.191.249.217 - - [19/Jun/2024:23:00:55 +0800] "GET /pressrelease.php HTTP/1.0" 200 368765 "-" "BLP_bbot/0.1" 69.191.249.217
69.191.249.201 - - [19/Jun/2024:23:02:25 +0800] "GET /tc/pressrelease.php HTTP/1.0" 200 368714 "-" "BLP_bbot/0.1" 69.191.249.201
112.17.10.241 - - [19/Jun/2024:23:03:11 +0800] "GET / HTTP/1.0" 200 13829 "-" "Mozilla/5.0 (Windows NT 6.1; Win64; x64) AppleWebKit/537.36 (KHTML, like Gecko) Chrome/65.0.3325.181 Safari/537.36" 112.17.10.241
69.191.249.212 - - [19/Jun/2024:23:04:34 +0800] "GET /tc/annual_interim.php HTTP/1.0" 200 28903 "-" "BLP_bbot/0.1" 69.191.249.212
69.191.249.201 - - [19/Jun/2024:23:05:01 +0800] "GET /annual_interim.php HTTP/1.0" 200 29165 "-" "BLP_bbot/0.1" 69.191.249.201
69.191.249.217 - - [19/Jun/2024:23:05:03 +0800] "GET /pressrelease.php HTTP/1.0" 200 368765 "-" "BLP_bbot/0.1" 69.191.249.217
69.191.249.212 - - [19/Jun/2024:23:06:28 +0800] "GET /tc/pressrelease.php HTTP/1.0" 200 368714 "-" "BLP_bbot/0.1" 69.191.249.212
69.191.249.217 - - [19/Jun/2024:23:08:36 +0800] "GET /tc/annual_interim.php HTTP/1.0" 200 28903 "-" "BLP_bbot/0.1" 69.191.249.217
69.191.249.207 - - [19/Jun/2024:23:08:51 +0800] "GET /annual_interim.php HTTP/1.0" 200 29165 "-" "BLP_bbot/0.1" 69.191.249.207
69.191.249.210 - - [19/Jun/2024:23:09:08 +0800] "GET /pressrelease.php HTTP/1.0" 200 368765 "-" "BLP_bbot/0.1" 69.191.249.210
69.191.249.211 - - [19/Jun/2024:23:10:31 +0800] "GET /tc/pressrelease.php HTTP/1.0" 200 368714 "-" "BLP_bbot/0.1" 69.191.249.211
69.191.249.218 - - [19/Jun/2024:23:12:47 +0800] "GET /tc/annual_interim.php HTTP/1.0" 200 28903 "-" "BLP_bbot/0.1" 69.191.249.218
69.191.249.211 - - [19/Jun/2024:23:12:49 +0800] "GET /annual_interim.php HTTP/1.0" 200 29165 "-" "BLP_bbot/0.1" 69.191.249.211
69.191.249.216 - - [19/Jun/2024:23:13:13 +0800] "GET /pressrelease.php HTTP/1.0" 200 368765 "-" "BLP_bbot/0.1" 69.191.249.216
66.249.66.160 - - [19/Jun/2024:23:13:14 +0800] "GET / HTTP/1.0" 200 13829 "-" "Mozilla/5.0 (compatible; Googlebot/2.1; +http://www.google.com/bot.html)" 66.249.66.160
69.191.249.207 - - [19/Jun/2024:23:14:39 +0800] "GET /tc/pressrelease.php HTTP/1.0" 200 368714 "-" "BLP_bbot/0.1" 69.191.249.207
69.191.249.219 - - [19/Jun/2024:23:16:54 +0800] "GET /tc/annual_interim.php HTTP/1.0" 200 28903 "-" "BLP_bbot/0.1" 69.191.249.219
69.191.249.216 - - [19/Jun/2024:23:16:54 +0800] "GET /annual_interim.php HTTP/1.0" 200 29165 "-" "BLP_bbot/0.1" 69.191.249.216
69.191.249.217 - - [19/Jun/2024:23:17:20 +0800] "GET /pressrelease.php HTTP/1.0" 200 368765 "-" "BLP_bbot/0.1" 69.191.249.217
173.252.87.116 - - [19/Jun/2024:23:19:48 +0800] "GET /company.php HTTP/1.0" 200 12986 "-" "Python/3.10 aiohttp/3.9.3" 173.252.87.116
69.191.249.212 - - [19/Jun/2024:23:20:06 +0800] "GET /tc/pressrelease.php HTTP/1.0" 200 368714 "-" "BLP_bbot/0.1" 69.191.249.212
69.191.249.221 - - [19/Jun/2024:23:20:44 +0800] "GET /tc/annual_interim.php HTTP/1.0" 200 28903 "-" "BLP_bbot/0.1" 69.191.249.221
69.191.249.210 - - [19/Jun/2024:23:20:50 +0800] "GET /annual_interim.php HTTP/1.0" 200 29165 "-" "BLP_bbot/0.1" 69.191.249.210
66.249.66.169 - - [19/Jun/2024:23:21:12 +0800] "GET /tc/pressrelease.php/news/news/pdf/LTN20101026183_C.pdf HTTP/1.0" 200 368714 "-" "Mozilla/5.0 AppleWebKit/537.36 (KHTML, like Gecko; compatible; GoogleOther) Chrome/125.0.6422.175 Safari/537.36" 66.249.66.169
66.249.71.137 - - [19/Jun/2024:23:21:13 +0800] "GET /tc/pressrelease.php/tc/news/news/pdf/2024040202511_c.pdf HTTP/1.0" 200 368714 "-" "Mozilla/5.0 AppleWebKit/537.36 (KHTML, like Gecko; compatible; GoogleOther) Chrome/125.0.6422.175 Safari/537.36" 66.249.71.137
69.191.249.212 - - [19/Jun/2024:23:21:27 +0800] "GET /pressrelease.php HTTP/1.0" 200 368765 "-" "BLP_bbot/0.1" 69.191.249.212
114.119.155.78 - - [19/Jun/2024:23:23:49 +0800] "GET /tc/news/2008/C-20080902-01.pdf HTTP/1.0" 200 150741 "http://1166hk.com/tc/pressrelease.php" "Mozilla/5.0 (Linux; Android 7.0;) AppleWebKit/537.36 (KHTML, like Gecko) Mobile Safari/537.36 (compatible; PetalBot;+https://webmaster.petalsearch.com/site/petalbot)" 10.179.80.119, 114.119.155.78
69.191.249.216 - - [19/Jun/2024:23:24:11 +0800] "GET /tc/pressrelease.php HTTP/1.0" 200 368714 "-" "BLP_bbot/0.1" 69.191.249.216
69.191.249.206 - - [19/Jun/2024:23:24:38 +0800] "GET /tc/annual_interim.php HTTP/1.0" 200 28903 "-" "BLP_bbot/0.1" 69.191.249.206
69.191.249.211 - - [19/Jun/2024:23:24:52 +0800] "GET /annual_interim.php HTTP/1.0" 200 29165 "-" "BLP_bbot/0.1" 69.191.249.211
114.119.158.167 - - [19/Jun/2024:23:25:13 +0800] "GET /news/pdf/LTN20150910423.pdf HTTP/1.0" 200 79083 "http://www.1166hk.com/pressrelease.php" "Mozilla/5.0 (Linux; Android 7.0;) AppleWebKit/537.36 (KHTML, like Gecko) Mobile Safari/537.36 (compatible; PetalBot;+https://webmaster.petalsearch.com/site/petalbot)" 10.179.80.67, 114.119.158.167
69.191.249.220 - - [19/Jun/2024:23:25:38 +0800] "GET /pressrelease.php HTTP/1.0" 200 368765 "-" "BLP_bbot/0.1" 69.191.249.220
114.119.138.183 - - [19/Jun/2024:23:26:35 +0800] "GET /news/pdf/LTN20170901424_C.pdf HTTP/1.0" 200 245082 "http://www.1166hk.com/tc/pressrelease.php" "Mozilla/5.0 (Linux; Android 7.0;) AppleWebKit/537.36 (KHTML, like Gecko) Mobile Safari/537.36 (compatible; PetalBot;+https://webmaster.petalsearch.com/site/petalbot)" 10.179.80.160, 114.119.138.183
66.249.66.160 - - [19/Jun/2024:23:27:20 +0800] "GET / HTTP/1.0" 200 13829 "-" "Mozilla/5.0 (Linux; Android 6.0.1; Nexus 5X Build/MMB29P) AppleWebKit/537.36 (KHTML, like Gecko) Chrome/125.0.6422.175 Mobile Safari/537.36 (compatible; Googlebot/2.1; +http://www.google.com/bot.html)" 66.249.66.160
114.119.137.174 - - [19/Jun/2024:23:28:00 +0800] "GET /tc/news/2007/C-20071224-01.pdf HTTP/1.0" 200 264060 "http://1166hk.com/tc/pressrelease.php" "Mozilla/5.0 (Linux; Android 7.0;) AppleWebKit/537.36 (KHTML, like Gecko) Mobile Safari/537.36 (compatible; PetalBot;+https://webmaster.petalsearch.com/site/petalbot)" 10.179.80.67, 114.119.137.174
69.191.249.218 - - [19/Jun/2024:23:28:22 +0800] "GET /tc/pressrelease.php HTTP/1.0" 200 368714 "-" "BLP_bbot/0.1" 69.191.249.218
69.191.249.206 - - [19/Jun/2024:23:28:31 +0800] "GET /tc/annual_interim.php HTTP/1.0" 200 28903 "-" "BLP_bbot/0.1" 69.191.249.206
51.222.253.11 - - [19/Jun/2024:23:28:36 +0800] "GET /index.php HTTP/1.0" 200 13829 "-" "Mozilla/5.0 (compatible; AhrefsBot/7.0; +http://ahrefs.com/robot/)" 51.222.253.11
69.191.249.217 - - [19/Jun/2024:23:28:54 +0800] "GET /annual_interim.php HTTP/1.0" 200 29165 "-" "BLP_bbot/0.1" 69.191.249.217
114.119.149.71 - - [19/Jun/2024:23:29:23 +0800] "GET /news/pdf/2024031900296_c.pdf HTTP/1.0" 200 796574 "http://1166hk.com/tc/pressrelease.php" "Mozilla/5.0 (Linux; Android 7.0;) AppleWebKit/537.36 (KHTML, like Gecko) Mobile Safari/537.36 (compatible; PetalBot;+https://webmaster.petalsearch.com/site/petalbot)" 10.179.80.244, 114.119.149.71
114.97.117.213 - - [19/Jun/2024:23:29:38 +0800] "GET /tc/pressrelease.php HTTP/1.0" 200 368714 "-" "Mozilla/5.0 (Macintosh; Intel Mac OS X 10_15_7) AppleWebKit/537.36 (KHTML, like Gecko) Chrome/109.0.0.0 Safari/537.36" 114.97.117.213
69.191.249.206 - - [19/Jun/2024:23:29:51 +0800] "GET /pressrelease.php HTTP/1.0" 200 368765 "-" "BLP_bbot/0.1" 69.191.249.206
69.191.249.206 - - [19/Jun/2024:23:32:18 +0800] "GET /tc/pressrelease.php HTTP/1.0" 200 368714 "-" "BLP_bbot/0.1" 69.191.249.206
69.191.249.221 - - [19/Jun/2024:23:32:33 +0800] "GET /tc/annual_interim.php HTTP/1.0" 200 28903 "-" "BLP_bbot/0.1" 69.191.249.221
69.191.249.217 - - [19/Jun/2024:23:32:45 +0800] "GET /annual_interim.php HTTP/1.0" 200 29165 "-" "BLP_bbot/0.1" 69.191.249.217
69.191.249.212 - - [19/Jun/2024:23:33:54 +0800] "GET /pressrelease.php HTTP/1.0" 200 368765 "-" "BLP_bbot/0.1" 69.191.249.212
69.191.249.201 - - [19/Jun/2024:23:36:15 +0800] "GET /tc/pressrelease.php HTTP/1.0" 200 368714 "-" "BLP_bbot/0.1" 69.191.249.201
69.191.249.220 - - [19/Jun/2024:23:36:28 +0800] "GET /tc/annual_interim.php HTTP/1.0" 200 28903 "-" "BLP_bbot/0.1" 69.191.249.220
69.191.249.211 - - [19/Jun/2024:23:36:51 +0800] "GET /annual_interim.php HTTP/1.0" 200 29165 "-" "BLP_bbot/0.1" 69.191.249.211
171.83.164.75 - - [19/Jun/2024:23:37:11 +0800] "GET / HTTP/1.0" 200 13829 "-" "Mozilla/5.0 (Macintosh; Intel Mac OS X 10_15_7) AppleWebKit/537.36 (KHTML, like Gecko) Chrome/109.0.0.0 Safari/537.36" 171.83.164.75
69.171.249.27 - - [19/Jun/2024:23:37:11 +0800] "GET /annual_interim.php HTTP/1.0" 200 29165 "-" "Python/3.10 aiohttp/3.9.3" 69.171.249.27
69.191.249.220 - - [19/Jun/2024:23:38:05 +0800] "GET /pressrelease.php HTTP/1.0" 200 368765 "-" "BLP_bbot/0.1" 69.191.249.220
69.191.249.201 - - [19/Jun/2024:23:40:07 +0800] "GET /tc/pressrelease.php HTTP/1.0" 200 368714 "-" "BLP_bbot/0.1" 69.191.249.201
69.191.249.217 - - [19/Jun/2024:23:40:37 +0800] "GET /tc/annual_interim.php HTTP/1.0" 200 28903 "-" "BLP_bbot/0.1" 69.191.249.217
69.191.249.220 - - [19/Jun/2024:23:40:59 +0800] "GET /annual_interim.php HTTP/1.0" 200 29165 "-" "BLP_bbot/0.1" 69.191.249.220
69.191.249.221 - - [19/Jun/2024:23:42:16 +0800] "GET /pressrelease.php HTTP/1.0" 200 368765 "-" "BLP_bbot/0.1" 69.191.249.221
69.191.249.206 - - [19/Jun/2024:23:44:17 +0800] "GET /tc/pressrelease.php HTTP/1.0" 200 368714 "-" "BLP_bbot/0.1" 69.191.249.206
69.191.249.216 - - [19/Jun/2024:23:44:39 +0800] "GET /tc/annual_interim.php HTTP/1.0" 200 28903 "-" "BLP_bbot/0.1" 69.191.249.216
69.191.249.219 - - [19/Jun/2024:23:44:52 +0800] "GET /annual_interim.php HTTP/1.0" 200 29165 "-" "BLP_bbot/0.1" 69.191.249.219
69.191.249.210 - - [19/Jun/2024:23:46:25 +0800] "GET /pressrelease.php HTTP/1.0" 200 368765 "-" "BLP_bbot/0.1" 69.191.249.210
69.191.249.220 - - [19/Jun/2024:23:48:28 +0800] "GET /tc/pressrelease.php HTTP/1.0" 200 368714 "-" "BLP_bbot/0.1" 69.191.249.220
69.191.249.212 - - [19/Jun/2024:23:48:29 +0800] "GET /tc/annual_interim.php HTTP/1.0" 200 28903 "-" "BLP_bbot/0.1" 69.191.249.212
192.99.14.19 - - [19/Jun/2024:23:48:40 +0800] "GET /robots.txt HTTP/1.0" 404 9957 "-" "Mozilla/5.0 (compatible; MJ12bot/v1.4.8; http://mj12bot.com/)" 192.99.14.19
192.99.14.19 - - [19/Jun/2024:23:48:42 +0800] "GET /annual_interim.php HTTP/1.0" 200 29165 "-" "Mozilla/5.0 (compatible; MJ12bot/v1.4.8; http://mj12bot.com/)" 192.99.14.19
69.191.249.221 - - [19/Jun/2024:23:49:00 +0800] "GET /annual_interim.php HTTP/1.0" 200 29165 "-" "BLP_bbot/0.1" 69.191.249.221
69.191.249.212 - - [19/Jun/2024:23:50:22 +0800] "GET /pressrelease.php HTTP/1.0" 200 368765 "-" "BLP_bbot/0.1" 69.191.249.212
69.191.249.201 - - [19/Jun/2024:23:52:20 +0800] "GET /tc/pressrelease.php HTTP/1.0" 200 368714 "-" "BLP_bbot/0.1" 69.191.249.201
69.191.249.212 - - [19/Jun/2024:23:52:38 +0800] "GET /tc/annual_interim.php HTTP/1.0" 200 28903 "-" "BLP_bbot/0.1" 69.191.249.212
69.191.249.221 - - [19/Jun/2024:23:52:55 +0800] "GET /annual_interim.php HTTP/1.0" 200 29165 "-" "BLP_bbot/0.1" 69.191.249.221
69.191.249.218 - - [19/Jun/2024:23:54:30 +0800] "GET /pressrelease.php HTTP/1.0" 200 368765 "-" "BLP_bbot/0.1" 69.191.249.218
69.191.249.206 - - [19/Jun/2024:23:56:26 +0800] "GET /tc/pressrelease.php HTTP/1.0" 200 368714 "-" "BLP_bbot/0.1" 69.191.249.206
69.191.249.210 - - [19/Jun/2024:23:56:29 +0800] "GET /tc/annual_interim.php HTTP/1.0" 200 28903 "-" "BLP_bbot/0.1" 69.191.249.210
69.191.249.210 - - [19/Jun/2024:23:57:01 +0800] "GET /annual_interim.php HTTP/1.0" 200 29165 "-" "BLP_bbot/0.1" 69.191.249.210
69.191.249.217 - - [19/Jun/2024:23:58:36 +0800] "GET /pressrelease.php HTTP/1.0" 200 368765 "-" "BLP_bbot/0.1" 69.191.249.217