66.249.69.67 - - [19/Jun/2024:03:22:41 +0800] "GET / HTTP/1.0" 200 13829 "-" "Mozilla/5.0 (compatible; Googlebot/2.1; +http://www.google.com/bot.html)" 66.249.69.67
54.36.148.15 - - [19/Jun/2024:03:24:36 +0800] "GET /robots.txt HTTP/1.0" 404 9957 "-" "Mozilla/5.0 (compatible; AhrefsBot/7.0; +http://ahrefs.com/robot/)" 54.36.148.15
51.222.253.5 - - [19/Jun/2024:03:24:38 +0800] "GET /links.php HTTP/1.0" 200 12422 "-" "Mozilla/5.0 (compatible; AhrefsBot/7.0; +http://ahrefs.com/robot/)" 51.222.253.5
69.191.249.206 - - [19/Jun/2024:03:25:14 +0800] "GET /tc/pressrelease.php HTTP/1.0" 200 368714 "-" "BLP_bbot/0.1" 69.191.249.206
69.191.249.218 - - [19/Jun/2024:03:25:15 +0800] "GET /tc/annual_interim.php HTTP/1.0" 200 28903 "-" "BLP_bbot/0.1" 69.191.249.218
69.191.249.210 - - [19/Jun/2024:03:25:59 +0800] "GET /pressrelease.php HTTP/1.0" 200 368765 "-" "BLP_bbot/0.1" 69.191.249.210
69.191.249.216 - - [19/Jun/2024:03:26:19 +0800] "GET /annual_interim.php HTTP/1.0" 200 29165 "-" "BLP_bbot/0.1" 69.191.249.216
66.249.77.4 - - [19/Jun/2024:03:26:41 +0800] "GET / HTTP/1.0" 200 13829 "-" "Mozilla/5.0 (compatible; Googlebot/2.1; +http://www.google.com/bot.html)" 66.249.77.4
66.249.77.3 - - [19/Jun/2024:03:27:50 +0800] "GET /news/pdf/LTN20161125174.pdf HTTP/1.0" 200 69206 "-" "Mozilla/5.0 (Linux; Android 6.0.1; Nexus 5X Build/MMB29P) AppleWebKit/537.36 (KHTML, like Gecko) Chrome/125.0.6422.175 Mobile Safari/537.36 (compatible; Googlebot/2.1; +http://www.google.com/bot.html)" 66.249.77.3
69.191.249.211 - - [19/Jun/2024:03:29:10 +0800] "GET /tc/pressrelease.php HTTP/1.0" 200 368714 "-" "BLP_bbot/0.1" 69.191.249.211
180.119.157.180 - - [19/Jun/2024:03:29:11 +0800] "GET /tc/pressrelease.php HTTP/1.0" 200 368714 "-" "Mozilla/5.0 (Macintosh; Intel Mac OS X 10_15_7) AppleWebKit/537.36 (KHTML, like Gecko) Chrome/109.0.0.0 Safari/537.36" 180.119.157.180
69.191.249.210 - - [19/Jun/2024:03:29:12 +0800] "GET /tc/annual_interim.php HTTP/1.0" 200 28903 "-" "BLP_bbot/0.1" 69.191.249.210
69.191.249.219 - - [19/Jun/2024:03:29:58 +0800] "GET /pressrelease.php HTTP/1.0" 200 368765 "-" "BLP_bbot/0.1" 69.191.249.219
69.191.249.220 - - [19/Jun/2024:03:30:27 +0800] "GET /annual_interim.php HTTP/1.0" 200 29165 "-" "BLP_bbot/0.1" 69.191.249.220
66.249.77.4 - - [19/Jun/2024:03:30:28 +0800] "GET / HTTP/1.0" 200 13829 "-" "Mozilla/5.0 (compatible; Googlebot/2.1; +http://www.google.com/bot.html)" 66.249.77.4
66.249.69.65 - - [19/Jun/2024:03:30:34 +0800] "GET / HTTP/1.0" 200 13829 "-" "Mozilla/5.0 (compatible; Googlebot/2.1; +http://www.google.com/bot.html)" 66.249.69.65
69.191.249.207 - - [19/Jun/2024:03:33:13 +0800] "GET /tc/pressrelease.php HTTP/1.0" 200 368714 "-" "BLP_bbot/0.1" 69.191.249.207
69.191.249.220 - - [19/Jun/2024:03:33:21 +0800] "GET /tc/annual_interim.php HTTP/1.0" 200 28903 "-" "BLP_bbot/0.1" 69.191.249.220
40.77.167.76 - - [19/Jun/2024:03:33:22 +0800] "GET / HTTP/1.0" 200 13829 "-" "Mozilla/5.0 AppleWebKit/537.36 (KHTML, like Gecko; compatible; bingbot/2.0; +http://www.bing.com/bingbot.htm) Chrome/116.0.1938.76 Safari/537.36" 40.77.167.76
69.191.249.219 - - [19/Jun/2024:03:34:03 +0800] "GET /pressrelease.php HTTP/1.0" 200 368765 "-" "BLP_bbot/0.1" 69.191.249.219
69.191.249.206 - - [19/Jun/2024:03:34:23 +0800] "GET /annual_interim.php HTTP/1.0" 200 29165 "-" "BLP_bbot/0.1" 69.191.249.206
47.244.210.165 - - [19/Jun/2024:03:35:36 +0800] "GET / HTTP/1.0" 200 13829 "-" "Java/17.0.11" 47.244.210.165
114.119.141.71 - - [19/Jun/2024:03:36:13 +0800] "GET /news/pdf/LTN201903141047_C.pdf HTTP/1.0" 200 646157 "http://www.1166hk.com/tc/pressrelease.php" "Mozilla/5.0 (Linux; Android 7.0;) AppleWebKit/537.36 (KHTML, like Gecko) Mobile Safari/537.36 (compatible; PetalBot;+https://webmaster.petalsearch.com/site/petalbot)" 10.179.80.44, 114.119.141.71
69.191.249.221 - - [19/Jun/2024:03:37:07 +0800] "GET /tc/pressrelease.php HTTP/1.0" 200 368714 "-" "BLP_bbot/0.1" 69.191.249.221
180.107.216.165 - - [19/Jun/2024:03:37:08 +0800] "GET / HTTP/1.0" 200 13829 "-" "Mozilla/5.0 (Macintosh; Intel Mac OS X 10_15_7) AppleWebKit/537.36 (KHTML, like Gecko) Chrome/109.0.0.0 Safari/537.36" 180.107.216.165
69.191.249.201 - - [19/Jun/2024:03:37:32 +0800] "GET /tc/annual_interim.php HTTP/1.0" 200 28903 "-" "BLP_bbot/0.1" 69.191.249.201
114.119.130.33 - - [19/Jun/2024:03:37:33 +0800] "GET /news/2009/E-20090709-01.pdf HTTP/1.0" 200 80211 "http://www.1166hk.com/pressrelease.php" "Mozilla/5.0 (Linux; Android 7.0;) AppleWebKit/537.36 (KHTML, like Gecko) Mobile Safari/537.36 (compatible; PetalBot;+https://webmaster.petalsearch.com/site/petalbot)" 10.179.80.77, 114.119.130.33
183.129.153.150 - - [19/Jun/2024:03:37:44 +0800] "GET / HTTP/1.0" 200 13829 "https://www.baidu.com" "Baiduspider-render/2.0; +http://www.baidu.com/search/spider.html)" 183.129.153.150
69.191.249.218 - - [19/Jun/2024:03:37:59 +0800] "GET /pressrelease.php HTTP/1.0" 200 368765 "-" "BLP_bbot/0.1" 69.191.249.218
69.191.249.217 - - [19/Jun/2024:03:38:28 +0800] "GET /annual_interim.php HTTP/1.0" 200 29165 "-" "BLP_bbot/0.1" 69.191.249.217
69.191.249.211 - - [19/Jun/2024:03:41:17 +0800] "GET /tc/pressrelease.php HTTP/1.0" 200 368714 "-" "BLP_bbot/0.1" 69.191.249.211
69.191.249.212 - - [19/Jun/2024:03:41:31 +0800] "GET /tc/annual_interim.php HTTP/1.0" 200 28903 "-" "BLP_bbot/0.1" 69.191.249.212
69.191.249.219 - - [19/Jun/2024:03:42:11 +0800] "GET /pressrelease.php HTTP/1.0" 200 368765 "-" "BLP_bbot/0.1" 69.191.249.219
69.191.249.211 - - [19/Jun/2024:03:42:17 +0800] "GET /annual_interim.php HTTP/1.0" 200 29165 "-" "BLP_bbot/0.1" 69.191.249.211
69.191.249.216 - - [19/Jun/2024:03:45:18 +0800] "GET /tc/pressrelease.php HTTP/1.0" 200 368714 "-" "BLP_bbot/0.1" 69.191.249.216
69.191.249.211 - - [19/Jun/2024:03:45:28 +0800] "GET /tc/annual_interim.php HTTP/1.0" 200 28903 "-" "BLP_bbot/0.1" 69.191.249.211
69.191.249.207 - - [19/Jun/2024:03:46:12 +0800] "GET /annual_interim.php HTTP/1.0" 200 29165 "-" "BLP_bbot/0.1" 69.191.249.207
69.191.249.207 - - [19/Jun/2024:03:46:18 +0800] "GET /pressrelease.php HTTP/1.0" 200 368765 "-" "BLP_bbot/0.1" 69.191.249.207
66.249.77.2 - - [19/Jun/2024:03:46:43 +0800] "GET / HTTP/1.0" 200 13829 "-" "Mozilla/5.0 (compatible; Googlebot/2.1; +http://www.google.com/bot.html)" 66.249.77.2
66.249.77.3 - - [19/Jun/2024:03:46:44 +0800] "GET / HTTP/1.0" 200 13829 "-" "Mozilla/5.0 (Linux; Android 6.0.1; Nexus 5X Build/MMB29P) AppleWebKit/537.36 (KHTML, like Gecko) Chrome/125.0.6422.175 Mobile Safari/537.36 (compatible; Googlebot/2.1; +http://www.google.com/bot.html)" 66.249.77.3
69.191.249.216 - - [19/Jun/2024:03:49:15 +0800] "GET /tc/pressrelease.php HTTP/1.0" 200 368714 "-" "BLP_bbot/0.1" 69.191.249.216
69.191.249.201 - - [19/Jun/2024:03:49:19 +0800] "GET /tc/annual_interim.php HTTP/1.0" 200 28903 "-" "BLP_bbot/0.1" 69.191.249.201
69.191.249.221 - - [19/Jun/2024:03:50:10 +0800] "GET /pressrelease.php HTTP/1.0" 200 368765 "-" "BLP_bbot/0.1" 69.191.249.221
69.191.249.211 - - [19/Jun/2024:03:50:17 +0800] "GET /annual_interim.php HTTP/1.0" 200 29165 "-" "BLP_bbot/0.1" 69.191.249.211
69.191.249.211 - - [19/Jun/2024:03:53:13 +0800] "GET /tc/annual_interim.php HTTP/1.0" 200 28903 "-" "BLP_bbot/0.1" 69.191.249.211
69.191.249.218 - - [19/Jun/2024:03:53:19 +0800] "GET /tc/pressrelease.php HTTP/1.0" 200 368714 "-" "BLP_bbot/0.1" 69.191.249.218
69.191.249.207 - - [19/Jun/2024:03:54:16 +0800] "GET /pressrelease.php HTTP/1.0" 200 368765 "-" "BLP_bbot/0.1" 69.191.249.207
69.191.249.211 - - [19/Jun/2024:03:54:17 +0800] "GET /annual_interim.php HTTP/1.0" 200 29165 "-" "BLP_bbot/0.1" 69.191.249.211
69.191.249.217 - - [19/Jun/2024:03:57:24 +0800] "GET /tc/annual_interim.php HTTP/1.0" 200 28903 "-" "BLP_bbot/0.1" 69.191.249.217
69.191.249.207 - - [19/Jun/2024:03:57:28 +0800] "GET /tc/pressrelease.php HTTP/1.0" 200 368714 "-" "BLP_bbot/0.1" 69.191.249.207
69.191.249.218 - - [19/Jun/2024:03:58:06 +0800] "GET /pressrelease.php HTTP/1.0" 200 368765 "-" "BLP_bbot/0.1" 69.191.249.218
69.191.249.220 - - [19/Jun/2024:03:58:22 +0800] "GET /annual_interim.php HTTP/1.0" 200 29165 "-" "BLP_bbot/0.1" 69.191.249.220
69.191.249.217 - - [19/Jun/2024:04:01:28 +0800] "GET /tc/annual_interim.php HTTP/1.0" 200 28903 "-" "BLP_bbot/0.1" 69.191.249.217
69.191.249.206 - - [19/Jun/2024:04:01:32 +0800] "GET /tc/pressrelease.php HTTP/1.0" 200 368714 "-" "BLP_bbot/0.1" 69.191.249.206
69.191.249.201 - - [19/Jun/2024:04:01:59 +0800] "GET /pressrelease.php HTTP/1.0" 200 368765 "-" "BLP_bbot/0.1" 69.191.249.201
69.191.249.206 - - [19/Jun/2024:04:02:32 +0800] "GET /annual_interim.php HTTP/1.0" 200 29165 "-" "BLP_bbot/0.1" 69.191.249.206
112.17.10.225 - - [19/Jun/2024:04:03:36 +0800] "GET / HTTP/1.0" 200 13829 "-" "Mozilla/5.0 (Windows NT 6.1; Win64; x64) AppleWebKit/537.36 (KHTML, like Gecko) Chrome/65.0.3325.181 Safari/537.36" 112.17.10.225
69.191.249.216 - - [19/Jun/2024:04:05:25 +0800] "GET /tc/annual_interim.php HTTP/1.0" 200 28903 "-" "BLP_bbot/0.1" 69.191.249.216
69.191.249.201 - - [19/Jun/2024:04:05:31 +0800] "GET /tc/pressrelease.php HTTP/1.0" 200 368714 "-" "BLP_bbot/0.1" 69.191.249.201
69.191.249.207 - - [19/Jun/2024:04:06:09 +0800] "GET /pressrelease.php HTTP/1.0" 200 368765 "-" "BLP_bbot/0.1" 69.191.249.207
69.191.249.210 - - [19/Jun/2024:04:06:30 +0800] "GET /annual_interim.php HTTP/1.0" 200 29165 "-" "BLP_bbot/0.1" 69.191.249.210
112.86.225.28 - - [19/Jun/2024:04:08:08 +0800] "GET /news/pdf/LTN20190320286_C.pdf HTTP/1.0" 200 2038135 "-" "Sogou web spider/4.0(+http://www.sogou.com/docs/help/webmasters.htm#07)" 112.86.225.28
38.45.125.154 - - [19/Jun/2024:04:09:15 +0800] "GET /admin HTTP/1.0" 404 9957 "-" "Mozilla/5.0 (Windows NT 10.0; Win64; x64) AppleWebKit/537.36 (KHTML, like Gecko) Chrome/120.0.0.0 Safari/537.36" 38.45.125.154
66.249.77.4 - - [19/Jun/2024:04:09:22 +0800] "GET /tc/pressrelease.php/tc/news/news/2006/LTN20061020097_C.pdf HTTP/1.0" 200 368714 "-" "Mozilla/5.0 (Linux; Android 6.0.1; Nexus 5X Build/MMB29P) AppleWebKit/537.36 (KHTML, like Gecko) Chrome/125.0.6422.175 Mobile Safari/537.36 (compatible; Googlebot/2.1; +http://www.google.com/bot.html)" 66.249.77.4
69.191.249.211 - - [19/Jun/2024:04:09:24 +0800] "GET /tc/annual_interim.php HTTP/1.0" 200 28903 "-" "BLP_bbot/0.1" 69.191.249.211
69.191.249.217 - - [19/Jun/2024:04:09:27 +0800] "GET /tc/pressrelease.php HTTP/1.0" 200 368714 "-" "BLP_bbot/0.1" 69.191.249.217
69.191.249.217 - - [19/Jun/2024:04:10:06 +0800] "GET /pressrelease.php HTTP/1.0" 200 368765 "-" "BLP_bbot/0.1" 69.191.249.217
69.191.249.206 - - [19/Jun/2024:04:10:28 +0800] "GET /annual_interim.php HTTP/1.0" 200 29165 "-" "BLP_bbot/0.1" 69.191.249.206
69.191.249.216 - - [19/Jun/2024:04:13:13 +0800] "GET /tc/annual_interim.php HTTP/1.0" 200 28903 "-" "BLP_bbot/0.1" 69.191.249.216
223.109.255.139 - - [19/Jun/2024:04:13:36 +0800] "GET / HTTP/1.0" 200 13829 "-" "Sogou web spider/4.0(+http://www.sogou.com/docs/help/webmasters.htm#07)" 223.109.255.139
69.191.249.207 - - [19/Jun/2024:04:13:37 +0800] "GET /tc/pressrelease.php HTTP/1.0" 200 368714 "-" "BLP_bbot/0.1" 69.191.249.207
69.191.249.207 - - [19/Jun/2024:04:14:12 +0800] "GET /pressrelease.php HTTP/1.0" 200 368765 "-" "BLP_bbot/0.1" 69.191.249.207
69.191.249.220 - - [19/Jun/2024:04:14:32 +0800] "GET /annual_interim.php HTTP/1.0" 200 29165 "-" "BLP_bbot/0.1" 69.191.249.220
66.249.77.2 - - [19/Jun/2024:04:16:23 +0800] "GET /news/pdf/LTN20110201585_C.pdf HTTP/1.0" 200 196001 "-" "Mozilla/5.0 (Linux; Android 6.0.1; Nexus 5X Build/MMB29P) AppleWebKit/537.36 (KHTML, like Gecko) Chrome/125.0.6422.175 Mobile Safari/537.36 (compatible; Googlebot/2.1; +http://www.google.com/bot.html)" 66.249.77.2
114.119.145.194 - - [19/Jun/2024:04:16:28 +0800] "GET /news/pdf/LTN20100702721_C.pdf HTTP/1.0" 200 147064 "http://www.1166hk.com/tc/pressrelease.php" "Mozilla/5.0 (Linux; Android 7.0;) AppleWebKit/537.36 (KHTML, like Gecko) Mobile Safari/537.36 (compatible; PetalBot;+https://webmaster.petalsearch.com/site/petalbot)" 10.179.80.229, 114.119.145.194
69.191.249.210 - - [19/Jun/2024:04:17:24 +0800] "GET /tc/annual_interim.php HTTP/1.0" 200 28903 "-" "BLP_bbot/0.1" 69.191.249.210
69.191.249.217 - - [19/Jun/2024:04:17:48 +0800] "GET /tc/pressrelease.php HTTP/1.0" 200 368714 "-" "BLP_bbot/0.1" 69.191.249.217
69.191.249.219 - - [19/Jun/2024:04:18:14 +0800] "GET /pressrelease.php HTTP/1.0" 200 368765 "-" "BLP_bbot/0.1" 69.191.249.219
69.191.249.216 - - [19/Jun/2024:04:18:31 +0800] "GET /annual_interim.php HTTP/1.0" 200 29165 "-" "BLP_bbot/0.1" 69.191.249.216
69.191.249.210 - - [19/Jun/2024:04:21:34 +0800] "GET /tc/annual_interim.php HTTP/1.0" 200 28903 "-" "BLP_bbot/0.1" 69.191.249.210
69.191.249.217 - - [19/Jun/2024:04:21:47 +0800] "GET /tc/pressrelease.php HTTP/1.0" 200 368714 "-" "BLP_bbot/0.1" 69.191.249.217
69.191.249.212 - - [19/Jun/2024:04:22:15 +0800] "GET /pressrelease.php HTTP/1.0" 200 368765 "-" "BLP_bbot/0.1" 69.191.249.212
69.191.249.217 - - [19/Jun/2024:04:22:40 +0800] "GET /annual_interim.php HTTP/1.0" 200 29165 "-" "BLP_bbot/0.1" 69.191.249.217
69.191.249.207 - - [19/Jun/2024:04:25:40 +0800] "GET /tc/pressrelease.php HTTP/1.0" 200 368714 "-" "BLP_bbot/0.1" 69.191.249.207
69.191.249.201 - - [19/Jun/2024:04:25:44 +0800] "GET /tc/annual_interim.php HTTP/1.0" 200 28903 "-" "BLP_bbot/0.1" 69.191.249.201
69.191.249.217 - - [19/Jun/2024:04:26:05 +0800] "GET /pressrelease.php HTTP/1.0" 200 368765 "-" "BLP_bbot/0.1" 69.191.249.217
69.191.249.206 - - [19/Jun/2024:04:26:45 +0800] "GET /annual_interim.php HTTP/1.0" 200 29165 "-" "BLP_bbot/0.1" 69.191.249.206
52.167.144.226 - - [19/Jun/2024:04:28:17 +0800] "GET /news/2009/E-20090205-01.pdf HTTP/1.0" 200 33038 "-" "Mozilla/5.0 AppleWebKit/537.36 (KHTML, like Gecko; compatible; bingbot/2.0; +http://www.bing.com/bingbot.htm) Chrome/116.0.1938.76 Safari/537.36" 52.167.144.226
125.87.91.173 - - [19/Jun/2024:04:29:00 +0800] "GET /tc/pressrelease.php HTTP/1.0" 200 368714 "-" "Mozilla/5.0 (Macintosh; Intel Mac OS X 10_15_7) AppleWebKit/537.36 (KHTML, like Gecko) Chrome/109.0.0.0 Safari/537.36" 125.87.91.173
69.191.249.219 - - [19/Jun/2024:04:29:33 +0800] "GET /tc/annual_interim.php HTTP/1.0" 200 28903 "-" "BLP_bbot/0.1" 69.191.249.219
69.191.249.219 - - [19/Jun/2024:04:29:46 +0800] "GET /tc/pressrelease.php HTTP/1.0" 200 368714 "-" "BLP_bbot/0.1" 69.191.249.219
69.191.249.211 - - [19/Jun/2024:04:30:15 +0800] "GET /pressrelease.php HTTP/1.0" 200 368765 "-" "BLP_bbot/0.1" 69.191.249.211
69.191.249.207 - - [19/Jun/2024:04:30:43 +0800] "GET /annual_interim.php HTTP/1.0" 200 29165 "-" "BLP_bbot/0.1" 69.191.249.207
35.203.251.226 - - [19/Jun/2024:04:30:46 +0800] "GET / HTTP/1.0" 200 13829 "-" "Mozilla/5.0 (Macintosh; Intel Mac OS X 14.1; rv:109.0) Gecko/20100101 Firefox/119.0" 35.203.251.226
69.191.249.218 - - [19/Jun/2024:04:33:26 +0800] "GET /tc/annual_interim.php HTTP/1.0" 200 28903 "-" "BLP_bbot/0.1" 69.191.249.218
69.191.249.206 - - [19/Jun/2024:04:33:35 +0800] "GET /tc/pressrelease.php HTTP/1.0" 200 368714 "-" "BLP_bbot/0.1" 69.191.249.206
69.191.249.207 - - [19/Jun/2024:04:34:05 +0800] "GET /pressrelease.php HTTP/1.0" 200 368765 "-" "BLP_bbot/0.1" 69.191.249.207
69.191.249.218 - - [19/Jun/2024:04:34:42 +0800] "GET /annual_interim.php HTTP/1.0" 200 29165 "-" "BLP_bbot/0.1" 69.191.249.218
171.83.164.218 - - [19/Jun/2024:04:37:11 +0800] "GET / HTTP/1.0" 200 13829 "-" "Mozilla/5.0 (Macintosh; Intel Mac OS X 10_15_7) AppleWebKit/537.36 (KHTML, like Gecko) Chrome/109.0.0.0 Safari/537.36" 171.83.164.218
69.191.249.211 - - [19/Jun/2024:04:37:16 +0800] "GET /tc/annual_interim.php HTTP/1.0" 200 28903 "-" "BLP_bbot/0.1" 69.191.249.211
69.191.249.212 - - [19/Jun/2024:04:37:43 +0800] "GET /tc/pressrelease.php HTTP/1.0" 200 368714 "-" "BLP_bbot/0.1" 69.191.249.212
69.191.249.218 - - [19/Jun/2024:04:38:06 +0800] "GET /pressrelease.php HTTP/1.0" 200 368765 "-" "BLP_bbot/0.1" 69.191.249.218
69.191.249.210 - - [19/Jun/2024:04:38:53 +0800] "GET /annual_interim.php HTTP/1.0" 200 29165 "-" "BLP_bbot/0.1" 69.191.249.210
69.191.249.221 - - [19/Jun/2024:04:41:20 +0800] "GET /tc/annual_interim.php HTTP/1.0" 200 28903 "-" "BLP_bbot/0.1" 69.191.249.221
69.191.249.211 - - [19/Jun/2024:04:41:52 +0800] "GET /tc/pressrelease.php HTTP/1.0" 200 368714 "-" "BLP_bbot/0.1" 69.191.249.211
69.191.249.218 - - [19/Jun/2024:04:42:17 +0800] "GET /pressrelease.php HTTP/1.0" 200 368765 "-" "BLP_bbot/0.1" 69.191.249.218
51.222.253.14 - - [19/Jun/2024:04:42:54 +0800] "GET /annual_interim.php HTTP/1.0" 200 29165 "-" "Mozilla/5.0 (compatible; AhrefsBot/7.0; +http://ahrefs.com/robot/)" 51.222.253.14
69.191.249.201 - - [19/Jun/2024:04:42:56 +0800] "GET /annual_interim.php HTTP/1.0" 200 29165 "-" "BLP_bbot/0.1" 69.191.249.201
66.249.77.3 - - [19/Jun/2024:04:44:48 +0800] "GET / HTTP/1.0" 200 13829 "-" "Mozilla/5.0 (compatible; Googlebot/2.1; +http://www.google.com/bot.html)" 66.249.77.3
66.249.77.4 - - [19/Jun/2024:04:44:48 +0800] "GET / HTTP/1.0" 200 13829 "-" "Mozilla/5.0 (Linux; Android 6.0.1; Nexus 5X Build/MMB29P) AppleWebKit/537.36 (KHTML, like Gecko) Chrome/125.0.6422.175 Mobile Safari/537.36 (compatible; Googlebot/2.1; +http://www.google.com/bot.html)" 66.249.77.4
69.191.249.210 - - [19/Jun/2024:04:45:29 +0800] "GET /tc/annual_interim.php HTTP/1.0" 200 28903 "-" "BLP_bbot/0.1" 69.191.249.210
69.191.249.212 - - [19/Jun/2024:04:45:44 +0800] "GET /tc/pressrelease.php HTTP/1.0" 200 368714 "-" "BLP_bbot/0.1" 69.191.249.212
69.191.249.212 - - [19/Jun/2024:04:46:07 +0800] "GET /pressrelease.php HTTP/1.0" 200 368765 "-" "BLP_bbot/0.1" 69.191.249.212
69.191.249.221 - - [19/Jun/2024:04:47:07 +0800] "GET /annual_interim.php HTTP/1.0" 200 29165 "-" "BLP_bbot/0.1" 69.191.249.221
118.127.8.98 - - [19/Jun/2024:04:49:02 +0800] "GET /contact.php HTTP/1.0" 200 11082 "-" "Mozilla/5.0 (Windows NT 10.0; Win64; x64) AppleWebKit/537.36 (KHTML, like Gecko; compatible; BW/1.2; rb.gy/oupwis) Chrome/124.0.0.0 Safari/537.36" 118.127.8.98
69.191.249.201 - - [19/Jun/2024:04:49:22 +0800] "GET /tc/annual_interim.php HTTP/1.0" 200 28903 "-" "BLP_bbot/0.1" 69.191.249.201
69.191.249.216 - - [19/Jun/2024:04:49:43 +0800] "GET /tc/pressrelease.php HTTP/1.0" 200 368714 "-" "BLP_bbot/0.1" 69.191.249.216
69.191.249.210 - - [19/Jun/2024:04:50:09 +0800] "GET /pressrelease.php HTTP/1.0" 200 368765 "-" "BLP_bbot/0.1" 69.191.249.210
66.249.77.3 - - [19/Jun/2024:04:50:54 +0800] "GET /tc/news/pdf/LTN20180326350_C.pdf HTTP/1.0" 404 9957 "-" "Mozilla/5.0 (Linux; Android 6.0.1; Nexus 5X Build/MMB29P) AppleWebKit/537.36 (KHTML, like Gecko) Chrome/125.0.6422.175 Mobile Safari/537.36 (compatible; Googlebot/2.1; +http://www.google.com/bot.html)" 66.249.77.3
69.191.249.216 - - [19/Jun/2024:04:51:18 +0800] "GET /annual_interim.php HTTP/1.0" 200 29165 "-" "BLP_bbot/0.1" 69.191.249.216
69.191.249.206 - - [19/Jun/2024:04:53:19 +0800] "GET /tc/annual_interim.php HTTP/1.0" 200 28903 "-" "BLP_bbot/0.1" 69.191.249.206
69.191.249.217 - - [19/Jun/2024:04:53:40 +0800] "GET /tc/pressrelease.php HTTP/1.0" 200 368714 "-" "BLP_bbot/0.1" 69.191.249.217
69.191.249.207 - - [19/Jun/2024:04:54:04 +0800] "GET /pressrelease.php HTTP/1.0" 200 368765 "-" "BLP_bbot/0.1" 69.191.249.207
69.191.249.217 - - [19/Jun/2024:04:55:11 +0800] "GET /annual_interim.php HTTP/1.0" 200 29165 "-" "BLP_bbot/0.1" 69.191.249.217
69.191.249.218 - - [19/Jun/2024:04:57:29 +0800] "GET /tc/annual_interim.php HTTP/1.0" 200 28903 "-" "BLP_bbot/0.1" 69.191.249.218
69.191.249.218 - - [19/Jun/2024:04:57:49 +0800] "GET /tc/pressrelease.php HTTP/1.0" 200 368714 "-" "BLP_bbot/0.1" 69.191.249.218
69.191.249.219 - - [19/Jun/2024:04:58:00 +0800] "GET /pressrelease.php HTTP/1.0" 200 368765 "-" "BLP_bbot/0.1" 69.191.249.219
69.191.249.206 - - [19/Jun/2024:04:59:12 +0800] "GET /annual_interim.php HTTP/1.0" 200 29165 "-" "BLP_bbot/0.1" 69.191.249.206
69.191.249.221 - - [19/Jun/2024:05:01:23 +0800] "GET /tc/annual_interim.php HTTP/1.0" 200 28903 "-" "BLP_bbot/0.1" 69.191.249.221
69.191.249.221 - - [19/Jun/2024:05:01:39 +0800] "GET /tc/pressrelease.php HTTP/1.0" 200 368714 "-" "BLP_bbot/0.1" 69.191.249.221
69.191.249.218 - - [19/Jun/2024:05:01:54 +0800] "GET /pressrelease.php HTTP/1.0" 200 368765 "-" "BLP_bbot/0.1" 69.191.249.218
69.191.249.206 - - [19/Jun/2024:05:03:05 +0800] "GET /annual_interim.php HTTP/1.0" 200 29165 "-" "BLP_bbot/0.1" 69.191.249.206
121.52.252.99 - - [19/Jun/2024:05:03:36 +0800] "GET / HTTP/1.0" 200 13829 "-" "Mozilla/5.0 (Windows NT 6.1; Win64; x64) AppleWebKit/537.36 (KHTML, like Gecko) Chrome/65.0.3325.181 Safari/537.36" 121.52.252.99
66.249.69.66 - - [19/Jun/2024:05:04:05 +0800] "GET /news/2005/LTN20051017084.pdf HTTP/1.0" 200 51199 "-" "Mozilla/5.0 (Linux; Android 6.0.1; Nexus 5X Build/MMB29P) AppleWebKit/537.36 (KHTML, like Gecko) Chrome/125.0.6422.175 Mobile Safari/537.36 (compatible; Googlebot/2.1; +http://www.google.com/bot.html)" 66.249.69.66
69.191.249.217 - - [19/Jun/2024:05:05:31 +0800] "GET /tc/annual_interim.php HTTP/1.0" 200 28903 "-" "BLP_bbot/0.1" 69.191.249.217
69.191.249.217 - - [19/Jun/2024:05:05:42 +0800] "GET /tc/pressrelease.php HTTP/1.0" 200 368714 "-" "BLP_bbot/0.1" 69.191.249.217
69.191.249.207 - - [19/Jun/2024:05:06:06 +0800] "GET /pressrelease.php HTTP/1.0" 200 368765 "-" "BLP_bbot/0.1" 69.191.249.207
69.191.249.218 - - [19/Jun/2024:05:07:15 +0800] "GET /annual_interim.php HTTP/1.0" 200 29165 "-" "BLP_bbot/0.1" 69.191.249.218
69.191.249.210 - - [19/Jun/2024:05:09:24 +0800] "GET /tc/annual_interim.php HTTP/1.0" 200 28903 "-" "BLP_bbot/0.1" 69.191.249.210
69.191.249.212 - - [19/Jun/2024:05:09:33 +0800] "GET /tc/pressrelease.php HTTP/1.0" 200 368714 "-" "BLP_bbot/0.1" 69.191.249.212
69.191.249.216 - - [19/Jun/2024:05:10:09 +0800] "GET /pressrelease.php HTTP/1.0" 200 368765 "-" "BLP_bbot/0.1" 69.191.249.216
69.171.249.2 - - [19/Jun/2024:05:10:43 +0800] "GET /company.php HTTP/1.0" 200 12986 "-" "Python/3.10 aiohttp/3.9.3" 69.171.249.2
69.191.249.216 - - [19/Jun/2024:05:11:24 +0800] "GET /annual_interim.php HTTP/1.0" 200 29165 "-" "BLP_bbot/0.1" 69.191.249.216
173.252.83.6 - - [19/Jun/2024:05:13:23 +0800] "GET /tc/index.php HTTP/1.0" 200 13641 "-" "facebookexternalhit/1.1 (+http://www.facebook.com/externalhit_uatext.php)" 173.252.83.6
69.191.249.207 - - [19/Jun/2024:05:13:31 +0800] "GET /tc/annual_interim.php HTTP/1.0" 200 28903 "-" "BLP_bbot/0.1" 69.191.249.207
69.191.249.212 - - [19/Jun/2024:05:13:37 +0800] "GET /tc/pressrelease.php HTTP/1.0" 200 368714 "-" "BLP_bbot/0.1" 69.191.249.212
69.191.249.212 - - [19/Jun/2024:05:14:02 +0800] "GET /pressrelease.php HTTP/1.0" 200 368765 "-" "BLP_bbot/0.1" 69.191.249.212
69.191.249.206 - - [19/Jun/2024:05:15:27 +0800] "GET /annual_interim.php HTTP/1.0" 200 29165 "-" "BLP_bbot/0.1" 69.191.249.206
69.191.249.220 - - [19/Jun/2024:05:17:31 +0800] "GET /tc/annual_interim.php HTTP/1.0" 200 28903 "-" "BLP_bbot/0.1" 69.191.249.220
69.191.249.217 - - [19/Jun/2024:05:17:38 +0800] "GET /tc/pressrelease.php HTTP/1.0" 200 368714 "-" "BLP_bbot/0.1" 69.191.249.217
69.191.249.207 - - [19/Jun/2024:05:18:07 +0800] "GET /pressrelease.php HTTP/1.0" 200 368765 "-" "BLP_bbot/0.1" 69.191.249.207
69.191.249.207 - - [19/Jun/2024:05:19:23 +0800] "GET /annual_interim.php HTTP/1.0" 200 29165 "-" "BLP_bbot/0.1" 69.191.249.207
69.191.249.217 - - [19/Jun/2024:05:21:26 +0800] "GET /tc/annual_interim.php HTTP/1.0" 200 28903 "-" "BLP_bbot/0.1" 69.191.249.217
173.252.83.2 - - [19/Jun/2024:05:21:32 +0800] "GET /pressrelease.php HTTP/1.0" 200 368765 "-" "facebookexternalhit/1.1 (+http://www.facebook.com/externalhit_uatext.php)" 173.252.83.2
69.191.249.207 - - [19/Jun/2024:05:21:33 +0800] "GET /tc/pressrelease.php HTTP/1.0" 200 368714 "-" "BLP_bbot/0.1" 69.191.249.207
69.191.249.210 - - [19/Jun/2024:05:22:03 +0800] "GET /pressrelease.php HTTP/1.0" 200 368765 "-" "BLP_bbot/0.1" 69.191.249.210
69.191.249.210 - - [19/Jun/2024:05:23:12 +0800] "GET /annual_interim.php HTTP/1.0" 200 29165 "-" "BLP_bbot/0.1" 69.191.249.210
161.97.154.209 - - [19/Jun/2024:05:24:13 +0800] "GET / HTTP/1.0" 200 13829 "-" "fasthttp" 161.97.154.209
69.191.249.216 - - [19/Jun/2024:05:25:30 +0800] "GET /tc/pressrelease.php HTTP/1.0" 200 368714 "-" "BLP_bbot/0.1" 69.191.249.216
69.191.249.212 - - [19/Jun/2024:05:25:38 +0800] "GET /tc/annual_interim.php HTTP/1.0" 200 28903 "-" "BLP_bbot/0.1" 69.191.249.212
69.191.249.221 - - [19/Jun/2024:05:26:14 +0800] "GET /pressrelease.php HTTP/1.0" 200 368765 "-" "BLP_bbot/0.1" 69.191.249.221
114.119.155.78 - - [19/Jun/2024:05:26:56 +0800] "GET /news/pdf/LTN20100409302_C.pdf HTTP/1.0" 200 157092 "http://www.1166hk.com/tc/pressrelease.php" "Mozilla/5.0 (Linux; Android 7.0;) AppleWebKit/537.36 (KHTML, like Gecko) Mobile Safari/537.36 (compatible; PetalBot;+https://webmaster.petalsearch.com/site/petalbot)" 10.179.80.202, 114.119.155.78
69.191.249.212 - - [19/Jun/2024:05:27:03 +0800] "GET /annual_interim.php HTTP/1.0" 200 29165 "-" "BLP_bbot/0.1" 69.191.249.212
114.119.149.71 - - [19/Jun/2024:05:28:21 +0800] "GET /news/pdf/LTN20110214166.pdf HTTP/1.0" 200 38710 "http://www.1166hk.com/pressrelease.php" "Mozilla/5.0 (Linux; Android 7.0;) AppleWebKit/537.36 (KHTML, like Gecko) Mobile Safari/537.36 (compatible; PetalBot;+https://webmaster.petalsearch.com/site/petalbot)" 10.179.80.234, 114.119.149.71
116.210.169.125 - - [19/Jun/2024:05:29:00 +0800] "GET /tc/pressrelease.php HTTP/1.0" 200 368714 "-" "Mozilla/5.0 (Macintosh; Intel Mac OS X 10_15_7) AppleWebKit/537.36 (KHTML, like Gecko) Chrome/109.0.0.0 Safari/537.36" 116.210.169.125
69.191.249.212 - - [19/Jun/2024:05:29:21 +0800] "GET /tc/pressrelease.php HTTP/1.0" 200 368714 "-" "BLP_bbot/0.1" 69.191.249.212
112.86.225.36 - - [19/Jun/2024:05:29:42 +0800] "GET / HTTP/1.0" 200 13829 "-" "Sogou web spider/4.0(+http://www.sogou.com/docs/help/webmasters.htm#07)" 112.86.225.36
69.191.249.201 - - [19/Jun/2024:05:29:44 +0800] "GET /tc/annual_interim.php HTTP/1.0" 200 28903 "-" "BLP_bbot/0.1" 69.191.249.201
69.191.249.207 - - [19/Jun/2024:05:30:08 +0800] "GET /pressrelease.php HTTP/1.0" 200 368765 "-" "BLP_bbot/0.1" 69.191.249.207
69.191.249.221 - - [19/Jun/2024:05:31:00 +0800] "GET /annual_interim.php HTTP/1.0" 200 29165 "-" "BLP_bbot/0.1" 69.191.249.221
69.191.249.207 - - [19/Jun/2024:05:33:13 +0800] "GET /tc/pressrelease.php HTTP/1.0" 200 368714 "-" "BLP_bbot/0.1" 69.191.249.207
35.239.239.68 - - [19/Jun/2024:05:33:15 +0800] "GET /robots.txt HTTP/1.0" 404 9957 "-" "-" 35.239.239.68
35.184.34.71 - - [19/Jun/2024:05:33:16 +0800] "GET /memo.php HTTP/1.0" 200 11330 "-" "Mozilla/5.0 (Windows NT 10.0; Win64; x64) AppleWebKit/537.36 (KHTML, like Gecko) Chrome/119.0.0.0 Safari/537.36" 35.184.34.71
35.184.34.71 - - [19/Jun/2024:05:33:17 +0800] "GET /common.css HTTP/1.0" 200 2745 "http://www.1166hk.com/memo.php" "Mozilla/5.0 (Windows NT 10.0; Win64; x64) AppleWebKit/537.36 (KHTML, like Gecko) Chrome/119.0.0.0 Safari/537.36" 35.184.34.71
35.239.239.68 - - [19/Jun/2024:05:33:17 +0800] "GET /images/heading1.jpg HTTP/1.0" 200 21104 "http://www.1166hk.com/memo.php" "Mozilla/5.0 (Windows NT 10.0; Win64; x64) AppleWebKit/537.36 (KHTML, like Gecko) Chrome/119.0.0.0 Safari/537.36" 35.239.239.68
35.239.239.68 - - [19/Jun/2024:05:33:17 +0800] "GET /iesuck.js HTTP/1.0" 200 877 "http://www.1166hk.com/memo.php" "Mozilla/5.0 (Windows NT 10.0; Win64; x64) AppleWebKit/537.36 (KHTML, like Gecko) Chrome/119.0.0.0 Safari/537.36" 35.239.239.68
35.184.34.71 - - [19/Jun/2024:05:33:17 +0800] "GET /images/heading-memo.gif HTTP/1.0" 200 2340 "http://www.1166hk.com/memo.php" "Mozilla/5.0 (Windows NT 10.0; Win64; x64) AppleWebKit/537.36 (KHTML, like Gecko) Chrome/119.0.0.0 Safari/537.36" 35.184.34.71
35.184.34.71 - - [19/Jun/2024:05:33:17 +0800] "GET /images/logo.gif HTTP/1.0" 200 3202 "http://www.1166hk.com/memo.php" "Mozilla/5.0 (Windows NT 10.0; Win64; x64) AppleWebKit/537.36 (KHTML, like Gecko) Chrome/119.0.0.0 Safari/537.36" 35.184.34.71
35.239.239.68 - - [19/Jun/2024:05:33:17 +0800] "GET /images/graphic1_03.gif HTTP/1.0" 200 622 "http://www.1166hk.com/memo.php" "Mozilla/5.0 (Windows NT 10.0; Win64; x64) AppleWebKit/537.36 (KHTML, like Gecko) Chrome/119.0.0.0 Safari/537.36" 35.239.239.68
35.239.239.68 - - [19/Jun/2024:05:33:17 +0800] "GET /images/bt_home.gif HTTP/1.0" 200 452 "http://www.1166hk.com/memo.php" "Mozilla/5.0 (Windows NT 10.0; Win64; x64) AppleWebKit/537.36 (KHTML, like Gecko) Chrome/119.0.0.0 Safari/537.36" 35.239.239.68
35.239.239.68 - - [19/Jun/2024:05:33:17 +0800] "GET /images/web-1_04.gif HTTP/1.0" 200 311 "http://www.1166hk.com/memo.php" "Mozilla/5.0 (Windows NT 10.0; Win64; x64) AppleWebKit/537.36 (KHTML, like Gecko) Chrome/119.0.0.0 Safari/537.36" 35.239.239.68
35.184.34.71 - - [19/Jun/2024:05:33:17 +0800] "GET /images/bt_contact.gif HTTP/1.0" 200 565 "http://www.1166hk.com/memo.php" "Mozilla/5.0 (Windows NT 10.0; Win64; x64) AppleWebKit/537.36 (KHTML, like Gecko) Chrome/119.0.0.0 Safari/537.36" 35.184.34.71
35.239.239.68 - - [19/Jun/2024:05:33:17 +0800] "GET /images/bt_eng_sel.gif HTTP/1.0" 200 710 "http://www.1166hk.com/memo.php" "Mozilla/5.0 (Windows NT 10.0; Win64; x64) AppleWebKit/537.36 (KHTML, like Gecko) Chrome/119.0.0.0 Safari/537.36" 35.239.239.68
35.239.239.68 - - [19/Jun/2024:05:33:17 +0800] "GET /images/bt_chin.gif HTTP/1.0" 200 566 "http://www.1166hk.com/memo.php" "Mozilla/5.0 (Windows NT 10.0; Win64; x64) AppleWebKit/537.36 (KHTML, like Gecko) Chrome/119.0.0.0 Safari/537.36" 35.239.239.68
35.184.34.71 - - [19/Jun/2024:05:33:17 +0800] "GET /images/spacer.gif HTTP/1.0" 200 301 "http://www.1166hk.com/memo.php" "Mozilla/5.0 (Windows NT 10.0; Win64; x64) AppleWebKit/537.36 (KHTML, like Gecko) Chrome/119.0.0.0 Safari/537.36" 35.184.34.71
35.239.239.68 - - [19/Jun/2024:05:33:18 +0800] "GET /favicon.ico HTTP/1.0" 404 9957 "http://www.1166hk.com/memo.php" "Mozilla/5.0 (Windows NT 10.0; Win64; x64) AppleWebKit/537.36 (KHTML, like Gecko) Chrome/119.0.0.0 Safari/537.36" 35.239.239.68
35.184.34.71 - - [19/Jun/2024:05:33:18 +0800] "GET /images/bt_home_up.gif HTTP/1.0" 200 1729 "http://www.1166hk.com/memo.php" "Mozilla/5.0 (Windows NT 10.0; Win64; x64) AppleWebKit/537.36 (KHTML, like Gecko) Chrome/119.0.0.0 Safari/537.36" 35.184.34.71
65.154.226.171 - - [19/Jun/2024:05:33:30 +0800] "GET /memo.php HTTP/1.0" 200 11330 "-" "Mozilla/5.0 (Windows NT 10.0) AppleWebKit/537.36 (KHTML, like Gecko) Chrome/106.0.0.0 Safari/537.36" 65.154.226.171
65.154.226.168 - - [19/Jun/2024:05:33:32 +0800] "GET /robots.txt HTTP/1.0" 404 9957 "-" "Mozilla/5.0 (Windows NT 10.0) AppleWebKit/537.36 (KHTML, like Gecko) Chrome/106.0.0.0 Safari/537.36" 65.154.226.168
69.191.249.218 - - [19/Jun/2024:05:33:41 +0800] "GET /tc/annual_interim.php HTTP/1.0" 200 28903 "-" "BLP_bbot/0.1" 69.191.249.218
69.191.249.206 - - [19/Jun/2024:05:34:19 +0800] "GET /pressrelease.php HTTP/1.0" 200 368765 "-" "BLP_bbot/0.1" 69.191.249.206
66.249.77.3 - - [19/Jun/2024:05:34:47 +0800] "GET /tc/pressrelease.php/tc/news/news/2008/C-20080222-01.pdf HTTP/1.0" 200 368714 "-" "Mozilla/5.0 (Linux; Android 6.0.1; Nexus 5X Build/MMB29P) AppleWebKit/537.36 (KHTML, like Gecko) Chrome/125.0.6422.175 Mobile Safari/537.36 (compatible; Googlebot/2.1; +http://www.google.com/bot.html)" 66.249.77.3
69.191.249.220 - - [19/Jun/2024:05:34:51 +0800] "GET /annual_interim.php HTTP/1.0" 200 29165 "-" "BLP_bbot/0.1" 69.191.249.220
66.249.77.4 - - [19/Jun/2024:05:35:22 +0800] "GET /tc/pressrelease.php/tc/news/news/2008/C-20080516-01.pdf HTTP/1.0" 200 368714 "-" "Mozilla/5.0 (Linux; Android 6.0.1; Nexus 5X Build/MMB29P) AppleWebKit/537.36 (KHTML, like Gecko) Chrome/125.0.6422.175 Mobile Safari/537.36 (compatible; GoogleOther)" 66.249.77.4
114.99.130.231 - - [19/Jun/2024:05:37:06 +0800] "GET / HTTP/1.0" 200 13829 "-" "Mozilla/5.0 (Macintosh; Intel Mac OS X 10_15_7) AppleWebKit/537.36 (KHTML, like Gecko) Chrome/109.0.0.0 Safari/537.36" 114.99.130.231
69.191.249.221 - - [19/Jun/2024:05:37:11 +0800] "GET /tc/pressrelease.php HTTP/1.0" 200 368714 "-" "BLP_bbot/0.1" 69.191.249.221
69.191.249.218 - - [19/Jun/2024:05:37:50 +0800] "GET /tc/annual_interim.php HTTP/1.0" 200 28903 "-" "BLP_bbot/0.1" 69.191.249.218
61.155.157.50 - - [19/Jun/2024:05:37:58 +0800] "GET / HTTP/1.0" 200 13829 "-" "Mozilla/5.0 (Windows NT 10.0; Win64; x64) AppleWebKit/537.36 (KHTML, like Gecko) Chrome/114.0.0.0 Safari/537.36" 61.155.157.50
69.191.249.212 - - [19/Jun/2024:05:38:14 +0800] "GET /pressrelease.php HTTP/1.0" 200 368765 "-" "BLP_bbot/0.1" 69.191.249.212
61.155.157.50 - - [19/Jun/2024:05:38:23 +0800] "GET / HTTP/1.0" 200 13829 "-" "Mozilla/5.0 (Windows NT 10.0; Win64; x64) AppleWebKit/537.36 (KHTML, like Gecko) Chrome/114.0.0.0 Safari/537.36" 61.155.157.50
69.191.249.220 - - [19/Jun/2024:05:38:59 +0800] "GET /annual_interim.php HTTP/1.0" 200 29165 "-" "BLP_bbot/0.1" 69.191.249.220
61.155.157.50 - - [19/Jun/2024:05:39:19 +0800] "GET / HTTP/1.0" 200 13829 "-" "Mozilla/5.0 (Windows NT 10.0; Win64; x64) AppleWebKit/537.36 (KHTML, like Gecko) Chrome/114.0.0.0 Safari/537.36" 61.155.157.50
61.155.157.50 - - [19/Jun/2024:05:39:42 +0800] "GET / HTTP/1.0" 200 13829 "-" "Mozilla/5.0 (Windows NT 10.0; Win64; x64) AppleWebKit/537.36 (KHTML, like Gecko) Chrome/114.0.0.0 Safari/537.36" 61.155.157.50
61.155.157.50 - - [19/Jun/2024:05:40:03 +0800] "GET / HTTP/1.0" 200 13829 "-" "Mozilla/5.0 (Windows NT 10.0; Win64; x64) AppleWebKit/537.36 (KHTML, like Gecko) Chrome/114.0.0.0 Safari/537.36" 61.155.157.50
66.249.77.3 - - [19/Jun/2024:05:40:07 +0800] "GET /tc/pressrelease.php/tc/tc/news/2009/C-20090330-01.pdf HTTP/1.0" 200 368714 "-" "Mozilla/5.0 (Linux; Android 6.0.1; Nexus 5X Build/MMB29P) AppleWebKit/537.36 (KHTML, like Gecko) Chrome/125.0.6422.175 Mobile Safari/537.36 (compatible; GoogleOther)" 66.249.77.3
61.155.157.50 - - [19/Jun/2024:05:40:34 +0800] "GET / HTTP/1.0" 200 13829 "-" "Mozilla/5.0 (Windows NT 10.0; Win64; x64) AppleWebKit/537.36 (KHTML, like Gecko) Chrome/114.0.0.0 Safari/537.36" 61.155.157.50
61.155.157.50 - - [19/Jun/2024:05:40:57 +0800] "GET / HTTP/1.0" 200 13829 "-" "Mozilla/5.0 (Windows NT 10.0; Win64; x64) AppleWebKit/537.36 (KHTML, like Gecko) Chrome/114.0.0.0 Safari/537.36" 61.155.157.50
69.191.249.206 - - [19/Jun/2024:05:41:21 +0800] "GET /tc/pressrelease.php HTTP/1.0" 200 368714 "-" "BLP_bbot/0.1" 69.191.249.206
61.155.157.50 - - [19/Jun/2024:05:41:34 +0800] "GET / HTTP/1.0" 200 13829 "-" "Mozilla/5.0 (Windows NT 10.0; Win64; x64) AppleWebKit/537.36 (KHTML, like Gecko) Chrome/114.0.0.0 Safari/537.36" 61.155.157.50
69.191.249.210 - - [19/Jun/2024:05:41:40 +0800] "GET /tc/annual_interim.php HTTP/1.0" 200 28903 "-" "BLP_bbot/0.1" 69.191.249.210
61.155.157.50 - - [19/Jun/2024:05:41:52 +0800] "GET / HTTP/1.0" 200 13829 "-" "Mozilla/5.0 (Windows NT 10.0; Win64; x64) AppleWebKit/537.36 (KHTML, like Gecko) Chrome/114.0.0.0 Safari/537.36" 61.155.157.50
61.155.157.50 - - [19/Jun/2024:05:42:15 +0800] "GET / HTTP/1.0" 200 13829 "-" "Mozilla/5.0 (Windows NT 10.0; Win64; x64) AppleWebKit/537.36 (KHTML, like Gecko) Chrome/114.0.0.0 Safari/537.36" 61.155.157.50
69.191.249.207 - - [19/Jun/2024:05:42:27 +0800] "GET /pressrelease.php HTTP/1.0" 200 368765 "-" "BLP_bbot/0.1" 69.191.249.207
61.155.157.50 - - [19/Jun/2024:05:42:32 +0800] "GET / HTTP/1.0" 200 13829 "-" "Mozilla/5.0 (Windows NT 10.0; Win64; x64) AppleWebKit/537.36 (KHTML, like Gecko) Chrome/114.0.0.0 Safari/537.36" 61.155.157.50
66.249.77.4 - - [19/Jun/2024:05:42:53 +0800] "GET / HTTP/1.0" 200 13829 "-" "Mozilla/5.0 (compatible; Googlebot/2.1; +http://www.google.com/bot.html)" 66.249.77.4
69.191.249.210 - - [19/Jun/2024:05:42:53 +0800] "GET /annual_interim.php HTTP/1.0" 200 29165 "-" "BLP_bbot/0.1" 69.191.249.210
66.249.77.3 - - [19/Jun/2024:05:42:54 +0800] "GET / HTTP/1.0" 200 13829 "-" "Mozilla/5.0 (Linux; Android 6.0.1; Nexus 5X Build/MMB29P) AppleWebKit/537.36 (KHTML, like Gecko) Chrome/125.0.6422.175 Mobile Safari/537.36 (compatible; Googlebot/2.1; +http://www.google.com/bot.html)" 66.249.77.3
61.155.157.50 - - [19/Jun/2024:05:42:56 +0800] "GET / HTTP/1.0" 200 13829 "-" "Mozilla/5.0 (Windows NT 10.0; Win64; x64) AppleWebKit/537.36 (KHTML, like Gecko) Chrome/114.0.0.0 Safari/537.36" 61.155.157.50
66.249.77.4 - - [19/Jun/2024:05:44:50 +0800] "GET /tc/pressrelease.php/tc/news/news/2008/C-20081028-03.pdf HTTP/1.0" 200 368714 "-" "Mozilla/5.0 (Linux; Android 6.0.1; Nexus 5X Build/MMB29P) AppleWebKit/537.36 (KHTML, like Gecko) Chrome/125.0.6422.175 Mobile Safari/537.36 (compatible; GoogleOther)" 66.249.77.4
69.191.249.218 - - [19/Jun/2024:05:45:17 +0800] "GET /tc/pressrelease.php HTTP/1.0" 200 368714 "-" "BLP_bbot/0.1" 69.191.249.218
69.191.249.221 - - [19/Jun/2024:05:45:51 +0800] "GET /tc/annual_interim.php HTTP/1.0" 200 28903 "-" "BLP_bbot/0.1" 69.191.249.221
69.191.249.206 - - [19/Jun/2024:05:46:39 +0800] "GET /pressrelease.php HTTP/1.0" 200 368765 "-" "BLP_bbot/0.1" 69.191.249.206
69.191.249.216 - - [19/Jun/2024:05:46:59 +0800] "GET /annual_interim.php HTTP/1.0" 200 29165 "-" "BLP_bbot/0.1" 69.191.249.216
69.191.249.201 - - [19/Jun/2024:05:49:10 +0800] "GET /tc/pressrelease.php HTTP/1.0" 200 368714 "-" "BLP_bbot/0.1" 69.191.249.201
66.249.77.2 - - [19/Jun/2024:05:49:34 +0800] "GET /tc/pressrelease.php/tc/news/news/pdf/2024041100846_c.pdf HTTP/1.0" 200 368714 "-" "Mozilla/5.0 (Linux; Android 6.0.1; Nexus 5X Build/MMB29P) AppleWebKit/537.36 (KHTML, like Gecko) Chrome/125.0.6422.175 Mobile Safari/537.36 (compatible; GoogleOther)" 66.249.77.2
69.191.249.219 - - [19/Jun/2024:05:50:00 +0800] "GET /tc/annual_interim.php HTTP/1.0" 200 28903 "-" "BLP_bbot/0.1" 69.191.249.219
69.191.249.207 - - [19/Jun/2024:05:50:38 +0800] "GET /pressrelease.php HTTP/1.0" 200 368765 "-" "BLP_bbot/0.1" 69.191.249.207
69.191.249.201 - - [19/Jun/2024:05:50:53 +0800] "GET /annual_interim.php HTTP/1.0" 200 29165 "-" "BLP_bbot/0.1" 69.191.249.201
69.171.230.2 - - [19/Jun/2024:05:52:15 +0800] "GET /notices.php HTTP/1.0" 200 10627 "-" "facebookexternalhit/1.1 (+http://www.facebook.com/externalhit_uatext.php)" 69.171.230.2
69.191.249.206 - - [19/Jun/2024:05:53:20 +0800] "GET /tc/pressrelease.php HTTP/1.0" 200 368714 "-" "BLP_bbot/0.1" 69.191.249.206
69.191.249.221 - - [19/Jun/2024:05:54:08 +0800] "GET /tc/annual_interim.php HTTP/1.0" 200 28903 "-" "BLP_bbot/0.1" 69.191.249.221
54.36.149.52 - - [19/Jun/2024:05:54:08 +0800] "GET /notices.php HTTP/1.0" 200 10627 "-" "Mozilla/5.0 (compatible; AhrefsBot/7.0; +http://ahrefs.com/robot/)" 54.36.149.52
66.249.77.4 - - [19/Jun/2024:05:54:19 +0800] "GET /tc/pressrelease.php/tc/news/news/2006/LTN20061020097_C.pdf HTTP/1.0" 200 368714 "-" "Mozilla/5.0 (Linux; Android 6.0.1; Nexus 5X Build/MMB29P) AppleWebKit/537.36 (KHTML, like Gecko) Chrome/125.0.6422.175 Mobile Safari/537.36 (compatible; GoogleOther)" 66.249.77.4
69.191.249.210 - - [19/Jun/2024:05:54:47 +0800] "GET /pressrelease.php HTTP/1.0" 200 368765 "-" "BLP_bbot/0.1" 69.191.249.210
69.191.249.221 - - [19/Jun/2024:05:55:00 +0800] "GET /annual_interim.php HTTP/1.0" 200 29165 "-" "BLP_bbot/0.1" 69.191.249.221
173.252.83.6 - - [19/Jun/2024:05:56:50 +0800] "GET /links.php HTTP/1.0" 200 12422 "-" "facebookexternalhit/1.1 (+http://www.facebook.com/externalhit_uatext.php)" 173.252.83.6
69.191.249.207 - - [19/Jun/2024:05:57:21 +0800] "GET /tc/pressrelease.php HTTP/1.0" 200 368714 "-" "BLP_bbot/0.1" 69.191.249.207
114.119.149.71 - - [19/Jun/2024:05:58:08 +0800] "GET /tc/news/2005/C_Solartech(AR).pdf HTTP/1.0" 200 639216 "http://www.1166hk.com/tc/pressrelease.php" "Mozilla/5.0 (Linux; Android 7.0;) AppleWebKit/537.36 (KHTML, like Gecko) Mobile Safari/537.36 (compatible; PetalBot;+https://webmaster.petalsearch.com/site/petalbot)" 10.179.80.207, 114.119.149.71
69.191.249.211 - - [19/Jun/2024:05:58:19 +0800] "GET /tc/annual_interim.php HTTP/1.0" 200 28903 "-" "BLP_bbot/0.1" 69.191.249.211
69.191.249.211 - - [19/Jun/2024:05:58:52 +0800] "GET /pressrelease.php HTTP/1.0" 200 368765 "-" "BLP_bbot/0.1" 69.191.249.211
69.191.249.219 - - [19/Jun/2024:05:58:57 +0800] "GET /annual_interim.php HTTP/1.0" 200 29165 "-" "BLP_bbot/0.1" 69.191.249.219
66.249.77.3 - - [19/Jun/2024:05:59:03 +0800] "GET /tc/pressrelease.php/tc/news/news/2008/C-20080222-01.pdf HTTP/1.0" 200 368714 "-" "Mozilla/5.0 (Linux; Android 6.0.1; Nexus 5X Build/MMB29P) AppleWebKit/537.36 (KHTML, like Gecko) Chrome/125.0.6422.175 Mobile Safari/537.36 (compatible; GoogleOther)" 66.249.77.3
69.191.249.211 - - [19/Jun/2024:06:01:22 +0800] "GET /tc/pressrelease.php HTTP/1.0" 200 368714 "-" "BLP_bbot/0.1" 69.191.249.211
69.191.249.206 - - [19/Jun/2024:06:02:19 +0800] "GET /tc/annual_interim.php HTTP/1.0" 200 28903 "-" "BLP_bbot/0.1" 69.191.249.206
69.191.249.218 - - [19/Jun/2024:06:02:44 +0800] "GET /pressrelease.php HTTP/1.0" 200 368765 "-" "BLP_bbot/0.1" 69.191.249.218
69.191.249.210 - - [19/Jun/2024:06:03:00 +0800] "GET /annual_interim.php HTTP/1.0" 200 29165 "-" "BLP_bbot/0.1" 69.191.249.210
8.145.212.58 - - [19/Jun/2024:06:03:07 +0800] "GET / HTTP/1.0" 200 13829 "-" "Mozilla/5.0 (Windows NT 6.1; Win64; x64) AppleWebKit/537.36 (KHTML, like Gecko) Chrome/65.0.3325.181 Safari/537.36" 8.145.212.58
220.181.108.147 - - [19/Jun/2024:06:03:09 +0800] "GET /news/pdf/LTN20120203910_C.pdf HTTP/1.0" 200 169934 "-" "Mozilla/5.0 (compatible; Baiduspider/2.0; +http://www.baidu.com/search/spider.html)" 220.181.108.147
69.191.249.207 - - [19/Jun/2024:06:05:23 +0800] "GET /tc/pressrelease.php HTTP/1.0" 200 368714 "-" "BLP_bbot/0.1" 69.191.249.207
69.191.249.210 - - [19/Jun/2024:06:06:19 +0800] "GET /tc/annual_interim.php HTTP/1.0" 200 28903 "-" "BLP_bbot/0.1" 69.191.249.210
69.191.249.212 - - [19/Jun/2024:06:06:37 +0800] "GET /pressrelease.php HTTP/1.0" 200 368765 "-" "BLP_bbot/0.1" 69.191.249.212
69.191.249.211 - - [19/Jun/2024:06:07:03 +0800] "GET /annual_interim.php HTTP/1.0" 200 29165 "-" "BLP_bbot/0.1" 69.191.249.211
66.249.77.4 - - [19/Jun/2024:06:07:50 +0800] "GET /news/pdf/LTN20140225037.pdf HTTP/1.0" 200 57532 "-" "Mozilla/5.0 (Linux; Android 6.0.1; Nexus 5X Build/MMB29P) AppleWebKit/537.36 (KHTML, like Gecko) Chrome/125.0.6422.175 Mobile Safari/537.36 (compatible; Googlebot/2.1; +http://www.google.com/bot.html)" 66.249.77.4
66.249.77.4 - - [19/Jun/2024:06:08:50 +0800] "GET /news/pdf/2021060102170.pdf HTTP/1.0" 200 58788 "-" "Mozilla/5.0 (Linux; Android 6.0.1; Nexus 5X Build/MMB29P) AppleWebKit/537.36 (KHTML, like Gecko) Chrome/125.0.6422.175 Mobile Safari/537.36 (compatible; Googlebot/2.1; +http://www.google.com/bot.html)" 66.249.77.4
69.191.249.218 - - [19/Jun/2024:06:09:23 +0800] "GET /tc/pressrelease.php HTTP/1.0" 200 368714 "-" "BLP_bbot/0.1" 69.191.249.218
69.191.249.207 - - [19/Jun/2024:06:10:07 +0800] "GET /tc/annual_interim.php HTTP/1.0" 200 28903 "-" "BLP_bbot/0.1" 69.191.249.207
69.191.249.217 - - [19/Jun/2024:06:10:28 +0800] "GET /pressrelease.php HTTP/1.0" 200 368765 "-" "BLP_bbot/0.1" 69.191.249.217
69.191.249.212 - - [19/Jun/2024:06:11:03 +0800] "GET /annual_interim.php HTTP/1.0" 200 29165 "-" "BLP_bbot/0.1" 69.191.249.212
66.249.77.2 - - [19/Jun/2024:06:13:01 +0800] "GET /tc/pressrelease.php/tc/news/news/2005/20050715095_C.pdf HTTP/1.0" 200 368714 "-" "Mozilla/5.0 (Linux; Android 6.0.1; Nexus 5X Build/MMB29P) AppleWebKit/537.36 (KHTML, like Gecko) Chrome/125.0.6422.175 Mobile Safari/537.36 (compatible; Googlebot/2.1; +http://www.google.com/bot.html)" 66.249.77.2
69.191.249.219 - - [19/Jun/2024:06:13:32 +0800] "GET /tc/pressrelease.php HTTP/1.0" 200 368714 "-" "BLP_bbot/0.1" 69.191.249.219
69.191.249.210 - - [19/Jun/2024:06:14:15 +0800] "GET /tc/annual_interim.php HTTP/1.0" 200 28903 "-" "BLP_bbot/0.1" 69.191.249.210
69.191.249.206 - - [19/Jun/2024:06:14:34 +0800] "GET /pressrelease.php HTTP/1.0" 200 368765 "-" "BLP_bbot/0.1" 69.191.249.206
69.191.249.220 - - [19/Jun/2024:06:14:52 +0800] "GET /annual_interim.php HTTP/1.0" 200 29165 "-" "BLP_bbot/0.1" 69.191.249.220
69.171.230.112 - - [19/Jun/2024:06:17:29 +0800] "GET /contact.php HTTP/1.0" 200 11082 "-" "Python/3.10 aiohttp/3.9.3" 69.171.230.112
69.191.249.220 - - [19/Jun/2024:06:17:39 +0800] "GET /tc/pressrelease.php HTTP/1.0" 200 368714 "-" "BLP_bbot/0.1" 69.191.249.220
69.191.249.219 - - [19/Jun/2024:06:18:11 +0800] "GET /tc/annual_interim.php HTTP/1.0" 200 28903 "-" "BLP_bbot/0.1" 69.191.249.219
69.191.249.217 - - [19/Jun/2024:06:18:40 +0800] "GET /annual_interim.php HTTP/1.0" 200 29165 "-" "BLP_bbot/0.1" 69.191.249.217
69.191.249.217 - - [19/Jun/2024:06:18:47 +0800] "GET /pressrelease.php HTTP/1.0" 200 368765 "-" "BLP_bbot/0.1" 69.191.249.217
69.191.249.206 - - [19/Jun/2024:06:21:46 +0800] "GET /tc/pressrelease.php HTTP/1.0" 200 368714 "-" "BLP_bbot/0.1" 69.191.249.206
69.191.249.207 - - [19/Jun/2024:06:22:06 +0800] "GET /tc/annual_interim.php HTTP/1.0" 200 28903 "-" "BLP_bbot/0.1" 69.191.249.207
69.191.249.220 - - [19/Jun/2024:06:22:30 +0800] "GET /annual_interim.php HTTP/1.0" 200 29165 "-" "BLP_bbot/0.1" 69.191.249.220
69.191.249.201 - - [19/Jun/2024:06:22:42 +0800] "GET /pressrelease.php HTTP/1.0" 200 368765 "-" "BLP_bbot/0.1" 69.191.249.201
114.119.138.183 - - [19/Jun/2024:06:23:48 +0800] "GET /news/2009/E-20090514-01.pdf HTTP/1.0" 200 33065 "http://www.1166hk.com/pressrelease.php" "Mozilla/5.0 (Linux; Android 7.0;) AppleWebKit/537.36 (KHTML, like Gecko) Mobile Safari/537.36 (compatible; PetalBot;+https://webmaster.petalsearch.com/site/petalbot)" 10.179.80.238, 114.119.138.183
114.119.130.33 - - [19/Jun/2024:06:25:10 +0800] "GET /news/pdf/LTN20151020222_C.pdf HTTP/1.0" 200 291539 "http://1166hk.com/tc/pressrelease.php" "Mozilla/5.0 (Linux; Android 7.0;) AppleWebKit/537.36 (KHTML, like Gecko) Mobile Safari/537.36 (compatible; PetalBot;+https://webmaster.petalsearch.com/site/petalbot)" 10.179.80.160, 114.119.130.33
112.86.225.209 - - [19/Jun/2024:06:25:53 +0800] "GET /robots.txt HTTP/1.0" 404 9957 "-" "Sogou web spider/4.0(+http://www.sogou.com/docs/help/webmasters.htm#07)" 112.86.225.209
69.191.249.210 - - [19/Jun/2024:06:25:55 +0800] "GET /tc/annual_interim.php HTTP/1.0" 200 28903 "-" "BLP_bbot/0.1" 69.191.249.210
69.191.249.219 - - [19/Jun/2024:06:25:58 +0800] "GET /tc/pressrelease.php HTTP/1.0" 200 368714 "-" "BLP_bbot/0.1" 69.191.249.219
69.191.249.216 - - [19/Jun/2024:06:26:36 +0800] "GET /annual_interim.php HTTP/1.0" 200 29165 "-" "BLP_bbot/0.1" 69.191.249.216
69.191.249.212 - - [19/Jun/2024:06:26:38 +0800] "GET /pressrelease.php HTTP/1.0" 200 368765 "-" "BLP_bbot/0.1" 69.191.249.212
119.98.221.11 - - [19/Jun/2024:06:29:04 +0800] "GET /tc/pressrelease.php HTTP/1.0" 200 368714 "-" "Mozilla/5.0 (Macintosh; Intel Mac OS X 10_15_7) AppleWebKit/537.36 (KHTML, like Gecko) Chrome/109.0.0.0 Safari/537.36" 119.98.221.11
69.191.249.207 - - [19/Jun/2024:06:29:45 +0800] "GET /tc/annual_interim.php HTTP/1.0" 200 28903 "-" "BLP_bbot/0.1" 69.191.249.207
69.191.249.217 - - [19/Jun/2024:06:29:48 +0800] "GET /tc/pressrelease.php HTTP/1.0" 200 368714 "-" "BLP_bbot/0.1" 69.191.249.217
69.191.249.219 - - [19/Jun/2024:06:30:31 +0800] "GET /annual_interim.php HTTP/1.0" 200 29165 "-" "BLP_bbot/0.1" 69.191.249.219
69.191.249.210 - - [19/Jun/2024:06:30:45 +0800] "GET /pressrelease.php HTTP/1.0" 200 368765 "-" "BLP_bbot/0.1" 69.191.249.210
69.191.249.221 - - [19/Jun/2024:06:33:51 +0800] "GET /tc/pressrelease.php HTTP/1.0" 200 368714 "-" "BLP_bbot/0.1" 69.191.249.221
69.191.249.210 - - [19/Jun/2024:06:33:54 +0800] "GET /tc/annual_interim.php HTTP/1.0" 200 28903 "-" "BLP_bbot/0.1" 69.191.249.210
69.191.249.221 - - [19/Jun/2024:06:34:22 +0800] "GET /annual_interim.php HTTP/1.0" 200 29165 "-" "BLP_bbot/0.1" 69.191.249.221
69.191.249.210 - - [19/Jun/2024:06:34:52 +0800] "GET /pressrelease.php HTTP/1.0" 200 368765 "-" "BLP_bbot/0.1" 69.191.249.210
113.239.127.239 - - [19/Jun/2024:06:37:01 +0800] "GET / HTTP/1.0" 200 13829 "-" "Mozilla/5.0 (Macintosh; Intel Mac OS X 10_15_7) AppleWebKit/537.36 (KHTML, like Gecko) Chrome/109.0.0.0 Safari/537.36" 113.239.127.239
69.191.249.220 - - [19/Jun/2024:06:37:45 +0800] "GET /tc/pressrelease.php HTTP/1.0" 200 368714 "-" "BLP_bbot/0.1" 69.191.249.220
69.191.249.207 - - [19/Jun/2024:06:37:45 +0800] "GET /tc/annual_interim.php HTTP/1.0" 200 28903 "-" "BLP_bbot/0.1" 69.191.249.207
69.191.249.207 - - [19/Jun/2024:06:38:25 +0800] "GET /annual_interim.php HTTP/1.0" 200 29165 "-" "BLP_bbot/0.1" 69.191.249.207
69.191.249.216 - - [19/Jun/2024:06:39:04 +0800] "GET /pressrelease.php HTTP/1.0" 200 368765 "-" "BLP_bbot/0.1" 69.191.249.216
66.249.77.4 - - [19/Jun/2024:06:41:32 +0800] "GET / HTTP/1.0" 200 13829 "-" "Mozilla/5.0 (Linux; Android 6.0.1; Nexus 5X Build/MMB29P) AppleWebKit/537.36 (KHTML, like Gecko) Chrome/125.0.6422.175 Mobile Safari/537.36 (compatible; Googlebot/2.1; +http://www.google.com/bot.html)" 66.249.77.4
66.249.77.3 - - [19/Jun/2024:06:41:33 +0800] "GET / HTTP/1.0" 200 13829 "-" "Mozilla/5.0 (compatible; Googlebot/2.1; +http://www.google.com/bot.html)" 66.249.77.3
69.191.249.201 - - [19/Jun/2024:06:41:41 +0800] "GET /tc/annual_interim.php HTTP/1.0" 200 28903 "-" "BLP_bbot/0.1" 69.191.249.201
69.191.249.211 - - [19/Jun/2024:06:41:50 +0800] "GET /tc/pressrelease.php HTTP/1.0" 200 368714 "-" "BLP_bbot/0.1" 69.191.249.211
69.191.249.206 - - [19/Jun/2024:06:42:16 +0800] "GET /annual_interim.php HTTP/1.0" 200 29165 "-" "BLP_bbot/0.1" 69.191.249.206
69.191.249.220 - - [19/Jun/2024:06:43:08 +0800] "GET /pressrelease.php HTTP/1.0" 200 368765 "-" "BLP_bbot/0.1" 69.191.249.220
69.191.249.217 - - [19/Jun/2024:06:45:41 +0800] "GET /tc/pressrelease.php HTTP/1.0" 200 368714 "-" "BLP_bbot/0.1" 69.191.249.217
69.191.249.219 - - [19/Jun/2024:06:45:41 +0800] "GET /tc/annual_interim.php HTTP/1.0" 200 28903 "-" "BLP_bbot/0.1" 69.191.249.219
69.191.249.216 - - [19/Jun/2024:06:46:19 +0800] "GET /annual_interim.php HTTP/1.0" 200 29165 "-" "BLP_bbot/0.1" 69.191.249.216
66.249.77.4 - - [19/Jun/2024:06:46:44 +0800] "GET /tc/pressrelease.php/news/pdf/ltn20190929042_c.pdf HTTP/1.0" 200 368714 "-" "Mozilla/5.0 (Linux; Android 6.0.1; Nexus 5X Build/MMB29P) AppleWebKit/537.36 (KHTML, like Gecko) Chrome/125.0.6422.175 Mobile Safari/537.36 (compatible; GoogleOther)" 66.249.77.4
69.191.249.206 - - [19/Jun/2024:06:47:09 +0800] "GET /pressrelease.php HTTP/1.0" 200 368765 "-" "BLP_bbot/0.1" 69.191.249.206
