114.119.141.71 - - [19/Jun/2024:06:47:41 +0800] "GET /news/pdf/LTN20090925673.pdf HTTP/1.0" 200 75888 "http://1166hk.com/pressrelease.php" "Mozilla/5.0 (Linux; Android 7.0;) AppleWebKit/537.36 (KHTML, like Gecko) Mobile Safari/537.36 (compatible; PetalBot;+https://webmaster.petalsearch.com/site/petalbot)" 10.179.80.250, 114.119.141.71
66.249.77.3 - - [19/Jun/2024:06:49:06 +0800] "GET /tc/pressrelease.php/tc/news/news/pdf/2019120600940_c.pdf HTTP/1.0" 200 368714 "-" "Mozilla/5.0 (Linux; Android 6.0.1; Nexus 5X Build/MMB29P) AppleWebKit/537.36 (KHTML, like Gecko) Chrome/125.0.6422.175 Mobile Safari/537.36 (compatible; GoogleOther)" 66.249.77.3
69.191.249.212 - - [19/Jun/2024:06:49:41 +0800] "GET /tc/pressrelease.php HTTP/1.0" 200 368714 "-" "BLP_bbot/0.1" 69.191.249.212
69.191.249.212 - - [19/Jun/2024:06:49:54 +0800] "GET /tc/annual_interim.php HTTP/1.0" 200 28903 "-" "BLP_bbot/0.1" 69.191.249.212
69.191.249.212 - - [19/Jun/2024:06:50:22 +0800] "GET /annual_interim.php HTTP/1.0" 200 29165 "-" "BLP_bbot/0.1" 69.191.249.212
69.191.249.220 - - [19/Jun/2024:06:51:01 +0800] "GET /pressrelease.php HTTP/1.0" 200 368765 "-" "BLP_bbot/0.1" 69.191.249.220
66.249.77.2 - - [19/Jun/2024:06:51:28 +0800] "GET /tc/pressrelease.php/news/pdf/LTN20091022344_C.pdf HTTP/1.0" 200 368714 "-" "Mozilla/5.0 (Linux; Android 6.0.1; Nexus 5X Build/MMB29P) AppleWebKit/537.36 (KHTML, like Gecko) Chrome/125.0.6422.175 Mobile Safari/537.36 (compatible; GoogleOther)" 66.249.77.2
69.191.249.210 - - [19/Jun/2024:06:53:43 +0800] "GET /tc/pressrelease.php HTTP/1.0" 200 368714 "-" "BLP_bbot/0.1" 69.191.249.210
69.191.249.212 - - [19/Jun/2024:06:53:44 +0800] "GET /tc/annual_interim.php HTTP/1.0" 200 28903 "-" "BLP_bbot/0.1" 69.191.249.212
66.249.77.3 - - [19/Jun/2024:06:53:50 +0800] "GET /tc/pressrelease.php/news/2009/C-20090731-01.pdf HTTP/1.0" 200 368714 "-" "Mozilla/5.0 (Linux; Android 6.0.1; Nexus 5X Build/MMB29P) AppleWebKit/537.36 (KHTML, like Gecko) Chrome/125.0.6422.175 Mobile Safari/537.36 (compatible; GoogleOther)" 66.249.77.3
69.191.249.207 - - [19/Jun/2024:06:54:27 +0800] "GET /annual_interim.php HTTP/1.0" 200 29165 "-" "BLP_bbot/0.1" 69.191.249.207
69.191.249.211 - - [19/Jun/2024:06:54:52 +0800] "GET /pressrelease.php HTTP/1.0" 200 368765 "-" "BLP_bbot/0.1" 69.191.249.211
120.245.60.117 - - [19/Jun/2024:06:54:58 +0800] "GET /news/pdf/LTN20121129650_C.pdf HTTP/1.0" 200 304511 "http://www.1166hk.com/tc/pressrelease.php" "Mozilla/5.0 (Linux; Android 9; MI 9) AppleWebKit/537.36 (KHTML, like Gecko) Chrome/80.0.3978.35 Mobile Safari/537.36" 120.245.60.117
66.249.77.3 - - [19/Jun/2024:06:56:12 +0800] "GET /tc/pressrelease.php/tc/news/2004/privacy_ch.pdf HTTP/1.0" 200 368714 "-" "Mozilla/5.0 (Linux; Android 6.0.1; Nexus 5X Build/MMB29P) AppleWebKit/537.36 (KHTML, like Gecko) Chrome/125.0.6422.175 Mobile Safari/537.36 (compatible; GoogleOther)" 66.249.77.3
66.249.77.2 - - [19/Jun/2024:06:56:53 +0800] "GET /news/pdf/LTN201504021791.pdf HTTP/1.0" 200 77095 "-" "Mozilla/5.0 (Linux; Android 6.0.1; Nexus 5X Build/MMB29P) AppleWebKit/537.36 (KHTML, like Gecko) Chrome/125.0.6422.175 Mobile Safari/537.36 (compatible; Googlebot/2.1; +http://www.google.com/bot.html)" 66.249.77.2
69.191.249.219 - - [19/Jun/2024:06:57:41 +0800] "GET /tc/annual_interim.php HTTP/1.0" 200 28903 "-" "BLP_bbot/0.1" 69.191.249.219
69.191.249.212 - - [19/Jun/2024:06:57:51 +0800] "GET /tc/pressrelease.php HTTP/1.0" 200 368714 "-" "BLP_bbot/0.1" 69.191.249.212
69.191.249.216 - - [19/Jun/2024:06:58:17 +0800] "GET /annual_interim.php HTTP/1.0" 200 29165 "-" "BLP_bbot/0.1" 69.191.249.216
66.249.77.4 - - [19/Jun/2024:06:58:34 +0800] "GET /tc/pressrelease.php/news/pdf/2022053100911_c.pdf HTTP/1.0" 200 368714 "-" "Mozilla/5.0 (Linux; Android 6.0.1; Nexus 5X Build/MMB29P) AppleWebKit/537.36 (KHTML, like Gecko) Chrome/125.0.6422.175 Mobile Safari/537.36 (compatible; GoogleOther)" 66.249.77.4
69.191.249.201 - - [19/Jun/2024:06:59:00 +0800] "GET /pressrelease.php HTTP/1.0" 200 368765 "-" "BLP_bbot/0.1" 69.191.249.201
66.249.77.3 - - [19/Jun/2024:06:59:01 +0800] "GET /news/pdf/2022022200508.pdf HTTP/1.0" 200 462025 "-" "Mozilla/5.0 (Linux; Android 6.0.1; Nexus 5X Build/MMB29P) AppleWebKit/537.36 (KHTML, like Gecko) Chrome/125.0.6422.175 Mobile Safari/537.36 (compatible; Googlebot/2.1; +http://www.google.com/bot.html)" 66.249.77.3
66.249.77.2 - - [19/Jun/2024:07:00:56 +0800] "GET /tc/pressrelease.php/tc/news/2004/news/2008/C-20081230-01.pdf HTTP/1.0" 200 368714 "-" "Mozilla/5.0 (Linux; Android 6.0.1; Nexus 5X Build/MMB29P) AppleWebKit/537.36 (KHTML, like Gecko) Chrome/125.0.6422.175 Mobile Safari/537.36 (compatible; GoogleOther)" 66.249.77.2
66.249.77.4 - - [19/Jun/2024:07:01:05 +0800] "GET /news/pdf/2022010301386.pdf HTTP/1.0" 200 62116 "-" "Mozilla/5.0 (Linux; Android 6.0.1; Nexus 5X Build/MMB29P) AppleWebKit/537.36 (KHTML, like Gecko) Chrome/125.0.6422.175 Mobile Safari/537.36 (compatible; Googlebot/2.1; +http://www.google.com/bot.html)" 66.249.77.4
69.191.249.201 - - [19/Jun/2024:07:01:46 +0800] "GET /tc/annual_interim.php HTTP/1.0" 200 28903 "-" "BLP_bbot/0.1" 69.191.249.201
69.191.249.220 - - [19/Jun/2024:07:02:01 +0800] "GET /tc/pressrelease.php HTTP/1.0" 200 368714 "-" "BLP_bbot/0.1" 69.191.249.220
69.191.249.201 - - [19/Jun/2024:07:02:22 +0800] "GET /annual_interim.php HTTP/1.0" 200 29165 "-" "BLP_bbot/0.1" 69.191.249.201
69.191.249.216 - - [19/Jun/2024:07:02:56 +0800] "GET /pressrelease.php HTTP/1.0" 200 368765 "-" "BLP_bbot/0.1" 69.191.249.216
66.249.77.2 - - [19/Jun/2024:07:03:06 +0800] "GET /news/pdf/LTN201904011023.pdf HTTP/1.0" 200 69781 "-" "Mozilla/5.0 (Linux; Android 6.0.1; Nexus 5X Build/MMB29P) AppleWebKit/537.36 (KHTML, like Gecko) Chrome/125.0.6422.175 Mobile Safari/537.36 (compatible; Googlebot/2.1; +http://www.google.com/bot.html)" 66.249.77.2
106.15.73.3 - - [19/Jun/2024:07:03:08 +0800] "GET / HTTP/1.0" 200 13829 "-" "Mozilla/5.0 (Windows NT 6.1; Win64; x64) AppleWebKit/537.36 (KHTML, like Gecko) Chrome/65.0.3325.181 Safari/537.36" 106.15.73.3
66.249.77.3 - - [19/Jun/2024:07:05:08 +0800] "GET /news/pdf/2022110900175.pdf HTTP/1.0" 200 91337 "-" "Mozilla/5.0 (Linux; Android 6.0.1; Nexus 5X Build/MMB29P) AppleWebKit/537.36 (KHTML, like Gecko) Chrome/125.0.6422.175 Mobile Safari/537.36 (compatible; Googlebot/2.1; +http://www.google.com/bot.html)" 66.249.77.3
66.249.77.2 - - [19/Jun/2024:07:05:40 +0800] "GET /tc/pressrelease.php/news/2009/news/2008/C-20080516-01.pdf HTTP/1.0" 200 368714 "-" "Mozilla/5.0 (Linux; Android 6.0.1; Nexus 5X Build/MMB29P) AppleWebKit/537.36 (KHTML, like Gecko) Chrome/125.0.6422.175 Mobile Safari/537.36 (compatible; GoogleOther)" 66.249.77.2
69.191.249.218 - - [19/Jun/2024:07:05:45 +0800] "GET /tc/annual_interim.php HTTP/1.0" 200 28903 "-" "BLP_bbot/0.1" 69.191.249.218
69.191.249.211 - - [19/Jun/2024:07:05:55 +0800] "GET /tc/pressrelease.php HTTP/1.0" 200 368714 "-" "BLP_bbot/0.1" 69.191.249.211
69.191.249.221 - - [19/Jun/2024:07:06:13 +0800] "GET /annual_interim.php HTTP/1.0" 200 29165 "-" "BLP_bbot/0.1" 69.191.249.221
69.191.249.206 - - [19/Jun/2024:07:06:46 +0800] "GET /pressrelease.php HTTP/1.0" 200 368765 "-" "BLP_bbot/0.1" 69.191.249.206
51.222.253.20 - - [19/Jun/2024:07:06:55 +0800] "GET /memo.php HTTP/1.0" 200 11330 "-" "Mozilla/5.0 (compatible; AhrefsBot/7.0; +http://ahrefs.com/robot/)" 51.222.253.20
66.249.77.3 - - [19/Jun/2024:07:07:11 +0800] "GET /news/pdf/2020102200426.pdf HTTP/1.0" 200 452607 "-" "Mozilla/5.0 (Linux; Android 6.0.1; Nexus 5X Build/MMB29P) AppleWebKit/537.36 (KHTML, like Gecko) Chrome/125.0.6422.175 Mobile Safari/537.36 (compatible; Googlebot/2.1; +http://www.google.com/bot.html)" 66.249.77.3
66.249.77.4 - - [19/Jun/2024:07:07:14 +0800] "GET /news/pdf/LTN20190502806_C.pdf HTTP/1.0" 200 263605 "-" "Mozilla/5.0 (Linux; Android 6.0.1; Nexus 5X Build/MMB29P) AppleWebKit/537.36 (KHTML, like Gecko) Chrome/125.0.6422.175 Mobile Safari/537.36 (compatible; Googlebot/2.1; +http://www.google.com/bot.html)" 66.249.77.4
69.191.249.206 - - [19/Jun/2024:07:09:46 +0800] "GET /tc/pressrelease.php HTTP/1.0" 200 368714 "-" "BLP_bbot/0.1" 69.191.249.206
69.191.249.211 - - [19/Jun/2024:07:09:55 +0800] "GET /tc/annual_interim.php HTTP/1.0" 200 28903 "-" "BLP_bbot/0.1" 69.191.249.211
69.191.249.220 - - [19/Jun/2024:07:10:19 +0800] "GET /annual_interim.php HTTP/1.0" 200 29165 "-" "BLP_bbot/0.1" 69.191.249.220
66.249.77.4 - - [19/Jun/2024:07:10:25 +0800] "GET /tc/pressrelease.php/news/pdf/ltn201907021074_c.pdf HTTP/1.0" 200 368714 "-" "Mozilla/5.0 (Linux; Android 6.0.1; Nexus 5X Build/MMB29P) AppleWebKit/537.36 (KHTML, like Gecko) Chrome/125.0.6422.175 Mobile Safari/537.36 (compatible; GoogleOther)" 66.249.77.4
69.191.249.212 - - [19/Jun/2024:07:10:46 +0800] "GET /pressrelease.php HTTP/1.0" 200 368765 "-" "BLP_bbot/0.1" 69.191.249.212
112.86.225.118 - - [19/Jun/2024:07:11:01 +0800] "GET /news/pdf/2024030402103_c.pdf HTTP/1.0" 200 677428 "-" "Sogou web spider/4.0(+http://www.sogou.com/docs/help/webmasters.htm#07)" 112.86.225.118
69.191.249.216 - - [19/Jun/2024:07:13:40 +0800] "GET /tc/pressrelease.php HTTP/1.0" 200 368714 "-" "BLP_bbot/0.1" 69.191.249.216
69.191.249.217 - - [19/Jun/2024:07:13:52 +0800] "GET /tc/annual_interim.php HTTP/1.0" 200 28903 "-" "BLP_bbot/0.1" 69.191.249.217
66.249.77.2 - - [19/Jun/2024:07:14:16 +0800] "GET /news/pdf/LTN20160503545.pdf HTTP/1.0" 200 65682 "-" "Mozilla/5.0 (Linux; Android 6.0.1; Nexus 5X Build/MMB29P) AppleWebKit/537.36 (KHTML, like Gecko) Chrome/125.0.6422.175 Mobile Safari/537.36 (compatible; Googlebot/2.1; +http://www.google.com/bot.html)" 66.249.77.2
69.191.249.212 - - [19/Jun/2024:07:14:31 +0800] "GET /annual_interim.php HTTP/1.0" 200 29165 "-" "BLP_bbot/0.1" 69.191.249.212
69.191.249.221 - - [19/Jun/2024:07:14:53 +0800] "GET /pressrelease.php HTTP/1.0" 200 368765 "-" "BLP_bbot/0.1" 69.191.249.221
66.249.77.2 - - [19/Jun/2024:07:15:09 +0800] "GET /tc/pressrelease.php/tc/news/news/2004/20041201.pdf HTTP/1.0" 200 368714 "-" "Mozilla/5.0 (Linux; Android 6.0.1; Nexus 5X Build/MMB29P) AppleWebKit/537.36 (KHTML, like Gecko) Chrome/125.0.6422.175 Mobile Safari/537.36 (compatible; GoogleOther)" 66.249.77.2
66.249.77.4 - - [19/Jun/2024:07:16:16 +0800] "GET /news/pdf/LTN20100727218.pdf HTTP/1.0" 200 29175 "-" "Mozilla/5.0 (Linux; Android 6.0.1; Nexus 5X Build/MMB29P) AppleWebKit/537.36 (KHTML, like Gecko) Chrome/125.0.6422.175 Mobile Safari/537.36 (compatible; Googlebot/2.1; +http://www.google.com/bot.html)" 66.249.77.4
69.191.249.218 - - [19/Jun/2024:07:17:37 +0800] "GET /tc/pressrelease.php HTTP/1.0" 200 368714 "-" "BLP_bbot/0.1" 69.191.249.218
69.191.249.218 - - [19/Jun/2024:07:17:55 +0800] "GET /tc/annual_interim.php HTTP/1.0" 200 28903 "-" "BLP_bbot/0.1" 69.191.249.218
69.191.249.219 - - [19/Jun/2024:07:18:34 +0800] "GET /annual_interim.php HTTP/1.0" 200 29165 "-" "BLP_bbot/0.1" 69.191.249.219
69.191.249.211 - - [19/Jun/2024:07:18:59 +0800] "GET /pressrelease.php HTTP/1.0" 200 368765 "-" "BLP_bbot/0.1" 69.191.249.211
66.249.77.4 - - [19/Jun/2024:07:19:01 +0800] "GET /robots.txt HTTP/1.0" 404 9957 "-" "Mozilla/5.0 (compatible; Googlebot/2.1; +http://www.google.com/bot.html)" 66.249.77.4
66.249.77.2 - - [19/Jun/2024:07:19:06 +0800] "GET /news/pdf/ltn20191101331.pdf HTTP/1.0" 200 69885 "-" "Mozilla/5.0 (Linux; Android 6.0.1; Nexus 5X Build/MMB29P) AppleWebKit/537.36 (KHTML, like Gecko) Chrome/125.0.6422.175 Mobile Safari/537.36 (compatible; Googlebot/2.1; +http://www.google.com/bot.html)" 66.249.77.2
66.249.77.2 - - [19/Jun/2024:07:19:54 +0800] "GET /tc/pressrelease.php/news/2009/news/2007/C-20071231-03.pdf HTTP/1.0" 200 368714 "-" "Mozilla/5.0 (Linux; Android 6.0.1; Nexus 5X Build/MMB29P) AppleWebKit/537.36 (KHTML, like Gecko) Chrome/125.0.6422.175 Mobile Safari/537.36 (compatible; GoogleOther)" 66.249.77.2
69.191.249.219 - - [19/Jun/2024:07:21:47 +0800] "GET /tc/pressrelease.php HTTP/1.0" 200 368714 "-" "BLP_bbot/0.1" 69.191.249.219
69.191.249.210 - - [19/Jun/2024:07:21:59 +0800] "GET /tc/annual_interim.php HTTP/1.0" 200 28903 "-" "BLP_bbot/0.1" 69.191.249.210
66.249.77.3 - - [19/Jun/2024:07:22:12 +0800] "GET /robots.txt HTTP/1.0" 404 9957 "-" "Mozilla/5.0 (compatible; Googlebot/2.1; +http://www.google.com/bot.html)" 66.249.77.3
66.249.77.2 - - [19/Jun/2024:07:22:12 +0800] "GET /news/pdf/LTN20140912191.pdf HTTP/1.0" 200 38975 "-" "Mozilla/5.0 (Linux; Android 6.0.1; Nexus 5X Build/MMB29P) AppleWebKit/537.36 (KHTML, like Gecko) Chrome/125.0.6422.175 Mobile Safari/537.36 (compatible; Googlebot/2.1; +http://www.google.com/bot.html)" 66.249.77.2
69.191.249.221 - - [19/Jun/2024:07:22:24 +0800] "GET /annual_interim.php HTTP/1.0" 200 29165 "-" "BLP_bbot/0.1" 69.191.249.221
69.191.249.217 - - [19/Jun/2024:07:22:49 +0800] "GET /pressrelease.php HTTP/1.0" 200 368765 "-" "BLP_bbot/0.1" 69.191.249.217
66.249.77.3 - - [19/Jun/2024:07:23:12 +0800] "GET /robots.txt HTTP/1.0" 404 9957 "-" "Mozilla/5.0 (compatible; Googlebot/2.1; +http://www.google.com/bot.html)" 66.249.77.3
66.249.77.3 - - [19/Jun/2024:07:23:12 +0800] "GET /news/pdf/2022090900289.pdf HTTP/1.0" 200 16612 "-" "Mozilla/5.0 (Linux; Android 6.0.1; Nexus 5X Build/MMB29P) AppleWebKit/537.36 (KHTML, like Gecko) Chrome/125.0.6422.175 Mobile Safari/537.36 (compatible; Googlebot/2.1; +http://www.google.com/bot.html)" 66.249.77.3
66.249.77.2 - - [19/Jun/2024:07:24:37 +0800] "GET /robots.txt HTTP/1.0" 404 9957 "-" "Mozilla/5.0 (compatible; Googlebot/2.1; +http://www.google.com/bot.html)" 66.249.77.2
66.249.77.4 - - [19/Jun/2024:07:24:37 +0800] "GET /tc/pressrelease.php/news/2008/news/2007/C-20070813-02.pdf HTTP/1.0" 200 368714 "-" "Mozilla/5.0 (Linux; Android 6.0.1; Nexus 5X Build/MMB29P) AppleWebKit/537.36 (KHTML, like Gecko) Chrome/125.0.6422.175 Mobile Safari/537.36 (compatible; GoogleOther)" 66.249.77.4
69.191.249.211 - - [19/Jun/2024:07:25:49 +0800] "GET /tc/annual_interim.php HTTP/1.0" 200 28903 "-" "BLP_bbot/0.1" 69.191.249.211
69.191.249.206 - - [19/Jun/2024:07:25:50 +0800] "GET /tc/pressrelease.php HTTP/1.0" 200 368714 "-" "BLP_bbot/0.1" 69.191.249.206
66.249.77.3 - - [19/Jun/2024:07:26:15 +0800] "GET /news/pdf/LTN20160704655.pdf HTTP/1.0" 200 65598 "-" "Mozilla/5.0 (Linux; Android 6.0.1; Nexus 5X Build/MMB29P) AppleWebKit/537.36 (KHTML, like Gecko) Chrome/125.0.6422.175 Mobile Safari/537.36 (compatible; Googlebot/2.1; +http://www.google.com/bot.html)" 66.249.77.3
66.249.77.3 - - [19/Jun/2024:07:26:15 +0800] "GET /robots.txt HTTP/1.0" 404 9957 "-" "Mozilla/5.0 (compatible; Googlebot/2.1; +http://www.google.com/bot.html)" 66.249.77.3
69.191.249.220 - - [19/Jun/2024:07:26:34 +0800] "GET /annual_interim.php HTTP/1.0" 200 29165 "-" "BLP_bbot/0.1" 69.191.249.220
69.191.249.218 - - [19/Jun/2024:07:26:41 +0800] "GET /pressrelease.php HTTP/1.0" 200 368765 "-" "BLP_bbot/0.1" 69.191.249.218
192.36.109.94 - - [19/Jun/2024:07:26:58 +0800] "GET /robots.txt HTTP/1.0" 404 9957 "-" "Mozilla/5.0 (Linux; Android 12; SAMSUNG SM-A415F) AppleWebKit/537.36 (KHTML, like Gecko) SamsungBrowser/23.0 Chrome/115.0.0.0 Mobile Safari/537.3" 192.36.109.94
192.36.109.120 - - [19/Jun/2024:07:26:59 +0800] "GET / HTTP/1.0" 200 13829 "-" "Mozilla/5.0 (Linux; Android 12; SAMSUNG SM-A415F) AppleWebKit/537.36 (KHTML, like Gecko) SamsungBrowser/23.0 Chrome/115.0.0.0 Mobile Safari/537.3" 192.36.109.120
66.249.77.4 - - [19/Jun/2024:07:28:17 +0800] "GET /tc/pressrelease.php/tc/news/C1166_Dissemination.pdf HTTP/1.0" 200 368714 "-" "Mozilla/5.0 (Linux; Android 6.0.1; Nexus 5X Build/MMB29P) AppleWebKit/537.36 (KHTML, like Gecko) Chrome/125.0.6422.175 Mobile Safari/537.36 (compatible; Googlebot/2.1; +http://www.google.com/bot.html)" 66.249.77.4
66.249.77.2 - - [19/Jun/2024:07:28:17 +0800] "GET /robots.txt HTTP/1.0" 404 9957 "-" "Mozilla/5.0 (compatible; Googlebot/2.1; +http://www.google.com/bot.html)" 66.249.77.2
66.249.77.3 - - [19/Jun/2024:07:29:21 +0800] "GET /robots.txt HTTP/1.0" 404 9957 "-" "Mozilla/5.0 (compatible; Googlebot/2.1; +http://www.google.com/bot.html)" 66.249.77.3
66.249.77.2 - - [19/Jun/2024:07:29:21 +0800] "GET /tc/pressrelease.php/tc/news/pdf/2022022501188_c.pdf HTTP/1.0" 200 368714 "-" "Mozilla/5.0 (Linux; Android 6.0.1; Nexus 5X Build/MMB29P) AppleWebKit/537.36 (KHTML, like Gecko) Chrome/125.0.6422.175 Mobile Safari/537.36 (compatible; GoogleOther)" 66.249.77.2
183.164.56.205 - - [19/Jun/2024:07:29:43 +0800] "GET /tc/pressrelease.php HTTP/1.0" 200 368714 "-" "Mozilla/5.0 (Macintosh; Intel Mac OS X 10_15_7) AppleWebKit/537.36 (KHTML, like Gecko) Chrome/109.0.0.0 Safari/537.36" 183.164.56.205
69.191.249.218 - - [19/Jun/2024:07:29:54 +0800] "GET /tc/annual_interim.php HTTP/1.0" 200 28903 "-" "BLP_bbot/0.1" 69.191.249.218
69.191.249.207 - - [19/Jun/2024:07:29:59 +0800] "GET /tc/pressrelease.php HTTP/1.0" 200 368714 "-" "BLP_bbot/0.1" 69.191.249.207
69.191.249.218 - - [19/Jun/2024:07:30:34 +0800] "GET /annual_interim.php HTTP/1.0" 200 29165 "-" "BLP_bbot/0.1" 69.191.249.218
69.191.249.206 - - [19/Jun/2024:07:30:36 +0800] "GET /pressrelease.php HTTP/1.0" 200 368765 "-" "BLP_bbot/0.1" 69.191.249.206
66.249.77.2 - - [19/Jun/2024:07:31:17 +0800] "GET /tc/pressrelease.php/tc/news/news/2007/C-20071127-01.pdf HTTP/1.0" 200 368714 "-" "Mozilla/5.0 (Linux; Android 6.0.1; Nexus 5X Build/MMB29P) AppleWebKit/537.36 (KHTML, like Gecko) Chrome/125.0.6422.175 Mobile Safari/537.36 (compatible; Googlebot/2.1; +http://www.google.com/bot.html)" 66.249.77.2
69.191.249.212 - - [19/Jun/2024:07:33:51 +0800] "GET /tc/annual_interim.php HTTP/1.0" 200 28903 "-" "BLP_bbot/0.1" 69.191.249.212
66.249.77.2 - - [19/Jun/2024:07:34:06 +0800] "GET /tc/pressrelease.php/tc/news/pdf/LTN20100602667_C.pdf HTTP/1.0" 200 368714 "-" "Mozilla/5.0 (Linux; Android 6.0.1; Nexus 5X Build/MMB29P) AppleWebKit/537.36 (KHTML, like Gecko) Chrome/125.0.6422.175 Mobile Safari/537.36 (compatible; GoogleOther)" 66.249.77.2
69.191.249.211 - - [19/Jun/2024:07:34:09 +0800] "GET /tc/pressrelease.php HTTP/1.0" 200 368714 "-" "BLP_bbot/0.1" 69.191.249.211
69.191.249.221 - - [19/Jun/2024:07:34:25 +0800] "GET /annual_interim.php HTTP/1.0" 200 29165 "-" "BLP_bbot/0.1" 69.191.249.221
69.191.249.221 - - [19/Jun/2024:07:34:35 +0800] "GET /pressrelease.php HTTP/1.0" 200 368765 "-" "BLP_bbot/0.1" 69.191.249.221
119.98.223.119 - - [19/Jun/2024:07:37:13 +0800] "GET / HTTP/1.0" 200 13829 "-" "Mozilla/5.0 (Macintosh; Intel Mac OS X 10_15_7) AppleWebKit/537.36 (KHTML, like Gecko) Chrome/109.0.0.0 Safari/537.36" 119.98.223.119
69.191.249.211 - - [19/Jun/2024:07:37:47 +0800] "GET /tc/annual_interim.php HTTP/1.0" 200 28903 "-" "BLP_bbot/0.1" 69.191.249.211
69.191.249.206 - - [19/Jun/2024:07:38:03 +0800] "GET /tc/pressrelease.php HTTP/1.0" 200 368714 "-" "BLP_bbot/0.1" 69.191.249.206
69.191.249.207 - - [19/Jun/2024:07:38:22 +0800] "GET /annual_interim.php HTTP/1.0" 200 29165 "-" "BLP_bbot/0.1" 69.191.249.207
69.191.249.211 - - [19/Jun/2024:07:38:27 +0800] "GET /pressrelease.php HTTP/1.0" 200 368765 "-" "BLP_bbot/0.1" 69.191.249.211
66.249.77.4 - - [19/Jun/2024:07:38:50 +0800] "GET /tc/pressrelease.php/tc/news/C1166_Dissemination.pdf HTTP/1.0" 200 368714 "-" "Mozilla/5.0 (Linux; Android 6.0.1; Nexus 5X Build/MMB29P) AppleWebKit/537.36 (KHTML, like Gecko) Chrome/125.0.6422.175 Mobile Safari/537.36 (compatible; GoogleOther)" 66.249.77.4
114.119.158.167 - - [19/Jun/2024:07:39:29 +0800] "GET /news/pdf/LTN20120103413_C.pdf HTTP/1.0" 200 200110 "http://1166hk.com/tc/pressrelease.php" "Mozilla/5.0 (Linux; Android 7.0;) AppleWebKit/537.36 (KHTML, like Gecko) Mobile Safari/537.36 (compatible; PetalBot;+https://webmaster.petalsearch.com/site/petalbot)" 10.179.80.186, 114.119.158.167
66.249.77.2 - - [19/Jun/2024:07:40:53 +0800] "GET /news/pdf/LTN20151019640_C.pdf HTTP/1.0" 200 244137 "-" "Mozilla/5.0 (Linux; Android 6.0.1; Nexus 5X Build/MMB29P) AppleWebKit/537.36 (KHTML, like Gecko) Chrome/125.0.6422.175 Mobile Safari/537.36 (compatible; Googlebot/2.1; +http://www.google.com/bot.html)" 66.249.77.2
66.249.77.3 - - [19/Jun/2024:07:41:16 +0800] "GET / HTTP/1.0" 200 13829 "-" "Mozilla/5.0 (compatible; Googlebot/2.1; +http://www.google.com/bot.html)" 66.249.77.3
66.249.77.3 - - [19/Jun/2024:07:41:16 +0800] "GET / HTTP/1.0" 200 13829 "-" "Mozilla/5.0 (Linux; Android 6.0.1; Nexus 5X Build/MMB29P) AppleWebKit/537.36 (KHTML, like Gecko) Chrome/125.0.6422.175 Mobile Safari/537.36 (compatible; Googlebot/2.1; +http://www.google.com/bot.html)" 66.249.77.3
66.249.77.2 - - [19/Jun/2024:07:41:32 +0800] "GET /favicon.ico HTTP/1.0" 404 9957 "-" "Googlebot-Image/1.0" 66.249.77.2
69.191.249.207 - - [19/Jun/2024:07:41:43 +0800] "GET /tc/annual_interim.php HTTP/1.0" 200 28903 "-" "BLP_bbot/0.1" 69.191.249.207
69.191.249.217 - - [19/Jun/2024:07:41:58 +0800] "GET /tc/pressrelease.php HTTP/1.0" 200 368714 "-" "BLP_bbot/0.1" 69.191.249.217
69.191.249.207 - - [19/Jun/2024:07:42:16 +0800] "GET /annual_interim.php HTTP/1.0" 200 29165 "-" "BLP_bbot/0.1" 69.191.249.207
69.191.249.218 - - [19/Jun/2024:07:42:17 +0800] "GET /pressrelease.php HTTP/1.0" 200 368765 "-" "BLP_bbot/0.1" 69.191.249.218
66.249.77.4 - - [19/Jun/2024:07:44:57 +0800] "GET /tc/news/2006/LTN20060426130_C.pdf HTTP/1.0" 200 246084 "-" "Mozilla/5.0 (Linux; Android 6.0.1; Nexus 5X Build/MMB29P) AppleWebKit/537.36 (KHTML, like Gecko) Chrome/125.0.6422.175 Mobile Safari/537.36 (compatible; Googlebot/2.1; +http://www.google.com/bot.html)" 66.249.77.4
69.191.249.201 - - [19/Jun/2024:07:45:32 +0800] "GET /tc/annual_interim.php HTTP/1.0" 200 28903 "-" "BLP_bbot/0.1" 69.191.249.201
69.191.249.220 - - [19/Jun/2024:07:46:06 +0800] "GET /tc/pressrelease.php HTTP/1.0" 200 368714 "-" "BLP_bbot/0.1" 69.191.249.220
69.191.249.206 - - [19/Jun/2024:07:46:16 +0800] "GET /pressrelease.php HTTP/1.0" 200 368765 "-" "BLP_bbot/0.1" 69.191.249.206
69.191.249.221 - - [19/Jun/2024:07:46:22 +0800] "GET /annual_interim.php HTTP/1.0" 200 29165 "-" "BLP_bbot/0.1" 69.191.249.221
69.191.249.221 - - [19/Jun/2024:07:49:43 +0800] "GET /tc/annual_interim.php HTTP/1.0" 200 28903 "-" "BLP_bbot/0.1" 69.191.249.221
69.191.249.216 - - [19/Jun/2024:07:49:57 +0800] "GET /tc/pressrelease.php HTTP/1.0" 200 368714 "-" "BLP_bbot/0.1" 69.191.249.216
69.191.249.217 - - [19/Jun/2024:07:50:24 +0800] "GET /pressrelease.php HTTP/1.0" 200 368765 "-" "BLP_bbot/0.1" 69.191.249.217
69.191.249.212 - - [19/Jun/2024:07:50:31 +0800] "GET /annual_interim.php HTTP/1.0" 200 29165 "-" "BLP_bbot/0.1" 69.191.249.212
69.191.249.201 - - [19/Jun/2024:07:53:34 +0800] "GET /tc/annual_interim.php HTTP/1.0" 200 28903 "-" "BLP_bbot/0.1" 69.191.249.201
69.191.249.221 - - [19/Jun/2024:07:54:07 +0800] "GET /tc/pressrelease.php HTTP/1.0" 200 368714 "-" "BLP_bbot/0.1" 69.191.249.221
69.191.249.219 - - [19/Jun/2024:07:54:16 +0800] "GET /pressrelease.php HTTP/1.0" 200 368765 "-" "BLP_bbot/0.1" 69.191.249.219
192.44.68.140 - - [19/Jun/2024:07:54:17 +0800] "GET /images/logo2.gif HTTP/1.0" 200 1783 "-" "Mozilla/5.0 (X11; Ubuntu; Linux x86_64; rv:72.0) Gecko/20100101 Firefox/72.0" 192.44.68.140
69.191.249.212 - - [19/Jun/2024:07:54:24 +0800] "GET /annual_interim.php HTTP/1.0" 200 29165 "-" "BLP_bbot/0.1" 69.191.249.212
95.108.213.142 - - [19/Jun/2024:07:56:48 +0800] "GET /robots.txt HTTP/1.0" 404 9957 "-" "Mozilla/5.0 (compatible; YandexBot/3.0; +http://yandex.com/bots)" 95.108.213.142
213.180.203.66 - - [19/Jun/2024:07:56:48 +0800] "GET /tc/news/2004/CWF105.pdf HTTP/1.0" 200 87481 "-" "Mozilla/5.0 (compatible; YandexBot/3.0; +http://yandex.com/bots)" 213.180.203.66
66.249.77.3 - - [19/Jun/2024:07:56:50 +0800] "GET /tc/pressrelease.php/tc/news/news/2007/C-20071127-01.pdf HTTP/1.0" 200 368714 "-" "Mozilla/5.0 (Linux; Android 6.0.1; Nexus 5X Build/MMB29P) AppleWebKit/537.36 (KHTML, like Gecko) Chrome/125.0.6422.175 Mobile Safari/537.36 (compatible; GoogleOther)" 66.249.77.3
69.191.249.219 - - [19/Jun/2024:07:57:36 +0800] "GET /tc/annual_interim.php HTTP/1.0" 200 28903 "-" "BLP_bbot/0.1" 69.191.249.219
69.191.249.221 - - [19/Jun/2024:07:58:03 +0800] "GET /tc/pressrelease.php HTTP/1.0" 200 368714 "-" "BLP_bbot/0.1" 69.191.249.221
69.191.249.201 - - [19/Jun/2024:07:58:11 +0800] "GET /pressrelease.php HTTP/1.0" 200 368765 "-" "BLP_bbot/0.1" 69.191.249.201
69.191.249.210 - - [19/Jun/2024:07:58:21 +0800] "GET /annual_interim.php HTTP/1.0" 200 29165 "-" "BLP_bbot/0.1" 69.191.249.210
114.119.149.71 - - [19/Jun/2024:07:58:28 +0800] "GET /news/2008/E-20081230-05.pdf HTTP/1.0" 200 73337 "http://1166hk.com/pressrelease.php" "Mozilla/5.0 (Linux; Android 7.0;) AppleWebKit/537.36 (KHTML, like Gecko) Mobile Safari/537.36 (compatible; PetalBot;+https://webmaster.petalsearch.com/site/petalbot)" 10.179.80.150, 114.119.149.71
45.123.203.250 - - [19/Jun/2024:08:00:11 +0800] "GET /tc/pressrelease.php HTTP/1.0" 200 368714 "-" "Mozilla/5.0 (Windows NT 6.1; Win64; x64) AppleWebKit/537.36 (KHTML, like Gecko) Chrome/73.0.3683.103 Safari/537.36" 45.123.203.250
69.191.249.201 - - [19/Jun/2024:08:01:47 +0800] "GET /tc/annual_interim.php HTTP/1.0" 200 28903 "-" "BLP_bbot/0.1" 69.191.249.201
69.191.249.216 - - [19/Jun/2024:08:01:52 +0800] "GET /tc/pressrelease.php HTTP/1.0" 200 368714 "-" "BLP_bbot/0.1" 69.191.249.216
69.191.249.201 - - [19/Jun/2024:08:02:00 +0800] "GET /pressrelease.php HTTP/1.0" 200 368765 "-" "BLP_bbot/0.1" 69.191.249.201
69.191.249.217 - - [19/Jun/2024:08:02:33 +0800] "GET /annual_interim.php HTTP/1.0" 200 29165 "-" "BLP_bbot/0.1" 69.191.249.217
8.134.118.58 - - [19/Jun/2024:08:03:21 +0800] "GET / HTTP/1.0" 200 13829 "-" "Mozilla/5.0 (Windows NT 6.1; Win64; x64) AppleWebKit/537.36 (KHTML, like Gecko) Chrome/65.0.3325.181 Safari/537.36" 8.134.118.58
69.191.249.219 - - [19/Jun/2024:08:05:38 +0800] "GET /tc/annual_interim.php HTTP/1.0" 200 28903 "-" "BLP_bbot/0.1" 69.191.249.219
69.191.249.207 - - [19/Jun/2024:08:05:50 +0800] "GET /tc/pressrelease.php HTTP/1.0" 200 368714 "-" "BLP_bbot/0.1" 69.191.249.207
69.191.249.217 - - [19/Jun/2024:08:05:54 +0800] "GET /pressrelease.php HTTP/1.0" 200 368765 "-" "BLP_bbot/0.1" 69.191.249.217
69.191.249.219 - - [19/Jun/2024:08:06:22 +0800] "GET /annual_interim.php HTTP/1.0" 200 29165 "-" "BLP_bbot/0.1" 69.191.249.219
69.191.249.220 - - [19/Jun/2024:08:09:34 +0800] "GET /tc/annual_interim.php HTTP/1.0" 200 28903 "-" "BLP_bbot/0.1" 69.191.249.220
69.191.249.221 - - [19/Jun/2024:08:09:50 +0800] "GET /tc/pressrelease.php HTTP/1.0" 200 368714 "-" "BLP_bbot/0.1" 69.191.249.221
69.191.249.220 - - [19/Jun/2024:08:09:58 +0800] "GET /pressrelease.php HTTP/1.0" 200 368765 "-" "BLP_bbot/0.1" 69.191.249.220
61.155.157.28 - - [19/Jun/2024:08:10:11 +0800] "GET / HTTP/1.0" 200 13829 "-" "Mozilla/5.0 (Windows NT 10.0; Win64; x64) AppleWebKit/537.36 (KHTML, like Gecko) Chrome/100.0.4896.127 Safari/537.36" 61.155.157.28
61.155.157.28 - - [19/Jun/2024:08:10:11 +0800] "GET /common.css HTTP/1.0" 200 2745 "http://www.1166hk.com/" "Mozilla/5.0 (Windows NT 10.0; Win64; x64) AppleWebKit/537.36 (KHTML, like Gecko) Chrome/100.0.4896.127 Safari/537.36" 61.155.157.28
61.155.157.28 - - [19/Jun/2024:08:10:12 +0800] "GET /images/heading1.jpg HTTP/1.0" 200 21104 "http://www.1166hk.com/" "Mozilla/5.0 (Windows NT 10.0; Win64; x64) AppleWebKit/537.36 (KHTML, like Gecko) Chrome/100.0.4896.127 Safari/537.36" 61.155.157.28
61.155.157.28 - - [19/Jun/2024:08:10:12 +0800] "GET /images/bt_home.gif HTTP/1.0" 200 452 "http://www.1166hk.com/" "Mozilla/5.0 (Windows NT 10.0; Win64; x64) AppleWebKit/537.36 (KHTML, like Gecko) Chrome/100.0.4896.127 Safari/537.36" 61.155.157.28
61.155.157.28 - - [19/Jun/2024:08:10:12 +0800] "GET /iesuck.js HTTP/1.0" 200 877 "http://www.1166hk.com/" "Mozilla/5.0 (Windows NT 10.0; Win64; x64) AppleWebKit/537.36 (KHTML, like Gecko) Chrome/100.0.4896.127 Safari/537.36" 61.155.157.28
61.155.157.28 - - [19/Jun/2024:08:10:12 +0800] "GET /images/web-1_04.gif HTTP/1.0" 200 311 "http://www.1166hk.com/" "Mozilla/5.0 (Windows NT 10.0; Win64; x64) AppleWebKit/537.36 (KHTML, like Gecko) Chrome/100.0.4896.127 Safari/537.36" 61.155.157.28
61.155.157.28 - - [19/Jun/2024:08:10:12 +0800] "GET /images/bt_contact.gif HTTP/1.0" 200 565 "http://www.1166hk.com/" "Mozilla/5.0 (Windows NT 10.0; Win64; x64) AppleWebKit/537.36 (KHTML, like Gecko) Chrome/100.0.4896.127 Safari/537.36" 61.155.157.28
61.155.157.28 - - [19/Jun/2024:08:10:12 +0800] "GET /images/bt_eng_sel.gif HTTP/1.0" 200 710 "http://www.1166hk.com/" "Mozilla/5.0 (Windows NT 10.0; Win64; x64) AppleWebKit/537.36 (KHTML, like Gecko) Chrome/100.0.4896.127 Safari/537.36" 61.155.157.28
69.191.249.221 - - [19/Jun/2024:08:10:12 +0800] "GET /annual_interim.php HTTP/1.0" 200 29165 "-" "BLP_bbot/0.1" 69.191.249.221
61.155.157.28 - - [19/Jun/2024:08:10:13 +0800] "GET /images/bt_chin.gif HTTP/1.0" 200 566 "http://www.1166hk.com/" "Mozilla/5.0 (Windows NT 10.0; Win64; x64) AppleWebKit/537.36 (KHTML, like Gecko) Chrome/100.0.4896.127 Safari/537.36" 61.155.157.28
61.155.157.28 - - [19/Jun/2024:08:10:13 +0800] "GET /images/graphic1_03.gif HTTP/1.0" 200 622 "http://www.1166hk.com/" "Mozilla/5.0 (Windows NT 10.0; Win64; x64) AppleWebKit/537.36 (KHTML, like Gecko) Chrome/100.0.4896.127 Safari/537.36" 61.155.157.28
61.155.157.28 - - [19/Jun/2024:08:10:13 +0800] "GET /images/spacer.gif HTTP/1.0" 200 301 "http://www.1166hk.com/" "Mozilla/5.0 (Windows NT 10.0; Win64; x64) AppleWebKit/537.36 (KHTML, like Gecko) Chrome/100.0.4896.127 Safari/537.36" 61.155.157.28
61.155.157.28 - - [19/Jun/2024:08:10:13 +0800] "GET /images/logo.gif HTTP/1.0" 200 3202 "http://www.1166hk.com/" "Mozilla/5.0 (Windows NT 10.0; Win64; x64) AppleWebKit/537.36 (KHTML, like Gecko) Chrome/100.0.4896.127 Safari/537.36" 61.155.157.28
61.155.157.28 - - [19/Jun/2024:08:10:15 +0800] "GET /images/menu-r3.gif HTTP/1.0" 200 611 "http://www.1166hk.com/" "Mozilla/5.0 (Windows NT 10.0; Win64; x64) AppleWebKit/537.36 (KHTML, like Gecko) Chrome/100.0.4896.127 Safari/537.36" 61.155.157.28
61.155.157.28 - - [19/Jun/2024:08:10:28 +0800] "GET /images/bt_home_up.gif HTTP/1.0" 200 1729 "http://www.1166hk.com/" "Mozilla/5.0 (Windows NT 10.0; Win64; x64) AppleWebKit/537.36 (KHTML, like Gecko) Chrome/100.0.4896.127 Safari/537.36" 61.155.157.28
61.155.157.28 - - [19/Jun/2024:08:10:28 +0800] "GET /images/bt_chin_up.gif HTTP/1.0" 200 2351 "http://www.1166hk.com/" "Mozilla/5.0 (Windows NT 10.0; Win64; x64) AppleWebKit/537.36 (KHTML, like Gecko) Chrome/100.0.4896.127 Safari/537.36" 61.155.157.28
61.155.157.28 - - [19/Jun/2024:08:10:28 +0800] "GET /images/bt_home_up2.gif HTTP/1.0" 200 1776 "http://www.1166hk.com/" "Mozilla/5.0 (Windows NT 10.0; Win64; x64) AppleWebKit/537.36 (KHTML, like Gecko) Chrome/100.0.4896.127 Safari/537.36" 61.155.157.28
61.155.157.28 - - [19/Jun/2024:08:10:28 +0800] "GET /images/bt_tc2_up.gif HTTP/1.0" 200 1997 "http://www.1166hk.com/" "Mozilla/5.0 (Windows NT 10.0; Win64; x64) AppleWebKit/537.36 (KHTML, like Gecko) Chrome/100.0.4896.127 Safari/537.36" 61.155.157.28
61.155.157.28 - - [19/Jun/2024:08:10:28 +0800] "GET /images/bt_contact_up.gif HTTP/1.0" 200 2343 "http://www.1166hk.com/" "Mozilla/5.0 (Windows NT 10.0; Win64; x64) AppleWebKit/537.36 (KHTML, like Gecko) Chrome/100.0.4896.127 Safari/537.36" 61.155.157.28
69.191.249.211 - - [19/Jun/2024:08:13:39 +0800] "GET /tc/pressrelease.php HTTP/1.0" 200 368714 "-" "BLP_bbot/0.1" 69.191.249.211
69.191.249.212 - - [19/Jun/2024:08:13:44 +0800] "GET /tc/annual_interim.php HTTP/1.0" 200 28903 "-" "BLP_bbot/0.1" 69.191.249.212
69.191.249.219 - - [19/Jun/2024:08:13:48 +0800] "GET /pressrelease.php HTTP/1.0" 200 368765 "-" "BLP_bbot/0.1" 69.191.249.219
220.181.108.94 - - [19/Jun/2024:08:14:05 +0800] "GET /news/pdf/LTN20100304461_C.pdf HTTP/1.0" 200 280779 "-" "Mozilla/5.0 (compatible; Baiduspider/2.0; +http://www.baidu.com/search/spider.html)" 220.181.108.94
69.191.249.216 - - [19/Jun/2024:08:14:21 +0800] "GET /annual_interim.php HTTP/1.0" 200 29165 "-" "BLP_bbot/0.1" 69.191.249.216
66.249.77.3 - - [19/Jun/2024:08:14:50 +0800] "GET /news/pdf/LTN20160704655.pdf HTTP/1.0" 200 65598 "-" "Mozilla/5.0 (Linux; Android 6.0.1; Nexus 5X Build/MMB29P) AppleWebKit/537.36 (KHTML, like Gecko) Chrome/125.0.6422.175 Mobile Safari/537.36 (compatible; GoogleOther)" 66.249.77.3
51.222.253.19 - - [19/Jun/2024:08:15:30 +0800] "GET /contact.php HTTP/1.0" 200 11082 "-" "Mozilla/5.0 (compatible; AhrefsBot/7.0; +http://ahrefs.com/robot/)" 51.222.253.19
78.153.140.218 - - [19/Jun/2024:08:15:41 +0800] "GET /.env HTTP/1.0" 404 9957 "-" "Mozilla/5.0 (X11; Linux x86_64) AppleWebKit/537.36 (KHTML, like Gecko) Chrome/81.0.4044.129 Safari/537.36" 78.153.140.218
66.249.77.4 - - [19/Jun/2024:08:16:25 +0800] "GET /news/pdf/2024052701054_c.pdf HTTP/1.0" 200 572562 "-" "Mozilla/5.0 (Linux; Android 6.0.1; Nexus 5X Build/MMB29P) AppleWebKit/537.36 (KHTML, like Gecko) Chrome/125.0.6422.175 Mobile Safari/537.36 (compatible; Googlebot/2.1; +http://www.google.com/bot.html)" 66.249.77.4
69.191.249.217 - - [19/Jun/2024:08:17:29 +0800] "GET /tc/pressrelease.php HTTP/1.0" 200 368714 "-" "BLP_bbot/0.1" 69.191.249.217
69.191.249.212 - - [19/Jun/2024:08:17:38 +0800] "GET /pressrelease.php HTTP/1.0" 200 368765 "-" "BLP_bbot/0.1" 69.191.249.212
69.191.249.220 - - [19/Jun/2024:08:17:49 +0800] "GET /tc/annual_interim.php HTTP/1.0" 200 28903 "-" "BLP_bbot/0.1" 69.191.249.220
69.191.249.220 - - [19/Jun/2024:08:18:20 +0800] "GET /annual_interim.php HTTP/1.0" 200 29165 "-" "BLP_bbot/0.1" 69.191.249.220
66.249.69.65 - - [19/Jun/2024:08:21:05 +0800] "GET / HTTP/1.0" 200 13829 "-" "Mozilla/5.0 (Linux; Android 6.0.1; Nexus 5X Build/MMB29P) AppleWebKit/537.36 (KHTML, like Gecko) Chrome/125.0.6422.175 Mobile Safari/537.36 (compatible; Googlebot/2.1; +http://www.google.com/bot.html)" 66.249.69.65
69.191.249.210 - - [19/Jun/2024:08:21:29 +0800] "GET /pressrelease.php HTTP/1.0" 200 368765 "-" "BLP_bbot/0.1" 69.191.249.210
69.191.249.219 - - [19/Jun/2024:08:21:30 +0800] "GET /tc/pressrelease.php HTTP/1.0" 200 368714 "-" "BLP_bbot/0.1" 69.191.249.219
69.191.249.207 - - [19/Jun/2024:08:21:55 +0800] "GET /tc/annual_interim.php HTTP/1.0" 200 28903 "-" "BLP_bbot/0.1" 69.191.249.207
114.119.149.71 - - [19/Jun/2024:08:21:59 +0800] "GET /news/pdf/LTN20111028500.pdf HTTP/1.0" 200 28379 "http://www.1166hk.com/pressrelease.php" "Mozilla/5.0 (Linux; Android 7.0;) AppleWebKit/537.36 (KHTML, like Gecko) Mobile Safari/537.36 (compatible; PetalBot;+https://webmaster.petalsearch.com/site/petalbot)" 10.179.80.41, 114.119.149.71
69.191.249.212 - - [19/Jun/2024:08:22:21 +0800] "GET /annual_interim.php HTTP/1.0" 200 29165 "-" "BLP_bbot/0.1" 69.191.249.212
114.119.145.194 - - [19/Jun/2024:08:23:23 +0800] "GET /tc/news/2007/C-20070831-01.pdf HTTP/1.0" 200 411521 "http://1166hk.com/tc/pressrelease.php" "Mozilla/5.0 (Linux; Android 7.0;) AppleWebKit/537.36 (KHTML, like Gecko) Mobile Safari/537.36 (compatible; PetalBot;+https://webmaster.petalsearch.com/site/petalbot)" 10.179.80.180, 114.119.145.194
114.119.145.194 - - [19/Jun/2024:08:24:46 +0800] "GET /news/pdf/LTN20170502411.pdf HTTP/1.0" 200 66099 "http://1166hk.com/pressrelease.php" "Mozilla/5.0 (Linux; Android 7.0;) AppleWebKit/537.36 (KHTML, like Gecko) Mobile Safari/537.36 (compatible; PetalBot;+https://webmaster.petalsearch.com/site/petalbot)" 10.179.80.88, 114.119.145.194
69.191.249.221 - - [19/Jun/2024:08:25:30 +0800] "GET /tc/pressrelease.php HTTP/1.0" 200 368714 "-" "BLP_bbot/0.1" 69.191.249.221
69.191.249.220 - - [19/Jun/2024:08:25:32 +0800] "GET /pressrelease.php HTTP/1.0" 200 368765 "-" "BLP_bbot/0.1" 69.191.249.220
69.191.249.221 - - [19/Jun/2024:08:26:01 +0800] "GET /tc/annual_interim.php HTTP/1.0" 200 28903 "-" "BLP_bbot/0.1" 69.191.249.221
69.191.249.221 - - [19/Jun/2024:08:26:15 +0800] "GET /annual_interim.php HTTP/1.0" 200 29165 "-" "BLP_bbot/0.1" 69.191.249.221
66.249.77.4 - - [19/Jun/2024:08:27:12 +0800] "GET /tc/news/2008/C-20080902-01.pdf HTTP/1.0" 200 150741 "-" "Mozilla/5.0 (Linux; Android 6.0.1; Nexus 5X Build/MMB29P) AppleWebKit/537.36 (KHTML, like Gecko) Chrome/125.0.6422.175 Mobile Safari/537.36 (compatible; Googlebot/2.1; +http://www.google.com/bot.html)" 66.249.77.4
69.191.249.210 - - [19/Jun/2024:08:29:34 +0800] "GET /pressrelease.php HTTP/1.0" 200 368765 "-" "BLP_bbot/0.1" 69.191.249.210
69.191.249.201 - - [19/Jun/2024:08:29:41 +0800] "GET /tc/pressrelease.php HTTP/1.0" 200 368714 "-" "BLP_bbot/0.1" 69.191.249.201
69.191.249.216 - - [19/Jun/2024:08:30:09 +0800] "GET /tc/annual_interim.php HTTP/1.0" 200 28903 "-" "BLP_bbot/0.1" 69.191.249.216
69.191.249.210 - - [19/Jun/2024:08:30:13 +0800] "GET /annual_interim.php HTTP/1.0" 200 29165 "-" "BLP_bbot/0.1" 69.191.249.210
66.249.77.3 - - [19/Jun/2024:08:32:50 +0800] "GET /news/pdf/2022110900175.pdf HTTP/1.0" 200 91337 "-" "Mozilla/5.0 (Linux; Android 6.0.1; Nexus 5X Build/MMB29P) AppleWebKit/537.36 (KHTML, like Gecko) Chrome/125.0.6422.175 Mobile Safari/537.36 (compatible; GoogleOther)" 66.249.77.3
69.191.249.219 - - [19/Jun/2024:08:33:39 +0800] "GET /pressrelease.php HTTP/1.0" 200 368765 "-" "BLP_bbot/0.1" 69.191.249.219
69.191.249.217 - - [19/Jun/2024:08:33:41 +0800] "GET /tc/pressrelease.php HTTP/1.0" 200 368714 "-" "BLP_bbot/0.1" 69.191.249.217
69.191.249.219 - - [19/Jun/2024:08:34:15 +0800] "GET /tc/annual_interim.php HTTP/1.0" 200 28903 "-" "BLP_bbot/0.1" 69.191.249.219
69.191.249.218 - - [19/Jun/2024:08:34:23 +0800] "GET /annual_interim.php HTTP/1.0" 200 29165 "-" "BLP_bbot/0.1" 69.191.249.218
66.249.77.2 - - [19/Jun/2024:08:36:23 +0800] "GET /news/pdf/LTN20151203747_C.pdf HTTP/1.0" 200 128989 "-" "Mozilla/5.0 (Linux; Android 6.0.1; Nexus 5X Build/MMB29P) AppleWebKit/537.36 (KHTML, like Gecko) Chrome/125.0.6422.175 Mobile Safari/537.36 (compatible; Googlebot/2.1; +http://www.google.com/bot.html)" 66.249.77.2
27.157.18.57 - - [19/Jun/2024:08:37:02 +0800] "GET / HTTP/1.0" 200 13829 "-" "Mozilla/5.0 (Macintosh; Intel Mac OS X 10_15_7) AppleWebKit/537.36 (KHTML, like Gecko) Chrome/109.0.0.0 Safari/537.36" 27.157.18.57
69.191.249.217 - - [19/Jun/2024:08:37:35 +0800] "GET /pressrelease.php HTTP/1.0" 200 368765 "-" "BLP_bbot/0.1" 69.191.249.217
69.191.249.218 - - [19/Jun/2024:08:37:48 +0800] "GET /tc/pressrelease.php HTTP/1.0" 200 368714 "-" "BLP_bbot/0.1" 69.191.249.218
69.191.249.216 - - [19/Jun/2024:08:38:16 +0800] "GET /tc/annual_interim.php HTTP/1.0" 200 28903 "-" "BLP_bbot/0.1" 69.191.249.216
69.191.249.221 - - [19/Jun/2024:08:38:28 +0800] "GET /annual_interim.php HTTP/1.0" 200 29165 "-" "BLP_bbot/0.1" 69.191.249.221
66.249.77.4 - - [19/Jun/2024:08:39:22 +0800] "GET / HTTP/1.0" 200 13829 "-" "Mozilla/5.0 (compatible; Googlebot/2.1; +http://www.google.com/bot.html)" 66.249.77.4
66.249.77.3 - - [19/Jun/2024:08:39:22 +0800] "GET / HTTP/1.0" 200 13829 "-" "Mozilla/5.0 (Linux; Android 6.0.1; Nexus 5X Build/MMB29P) AppleWebKit/537.36 (KHTML, like Gecko) Chrome/125.0.6422.175 Mobile Safari/537.36 (compatible; Googlebot/2.1; +http://www.google.com/bot.html)" 66.249.77.3
66.249.77.2 - - [19/Jun/2024:08:39:28 +0800] "GET /favicon.ico HTTP/1.0" 404 9957 "-" "Googlebot-Image/1.0" 66.249.77.2
69.191.249.219 - - [19/Jun/2024:08:41:33 +0800] "GET /pressrelease.php HTTP/1.0" 200 368765 "-" "BLP_bbot/0.1" 69.191.249.219
69.191.249.206 - - [19/Jun/2024:08:41:56 +0800] "GET /tc/pressrelease.php HTTP/1.0" 200 368714 "-" "BLP_bbot/0.1" 69.191.249.206
69.191.249.206 - - [19/Jun/2024:08:42:16 +0800] "GET /tc/annual_interim.php HTTP/1.0" 200 28903 "-" "BLP_bbot/0.1" 69.191.249.206
69.191.249.217 - - [19/Jun/2024:08:42:23 +0800] "GET /annual_interim.php HTTP/1.0" 200 29165 "-" "BLP_bbot/0.1" 69.191.249.217
35.239.239.68 - - [19/Jun/2024:08:43:43 +0800] "GET /robots.txt HTTP/1.0" 404 9957 "-" "-" 35.239.239.68
35.239.239.68 - - [19/Jun/2024:08:43:44 +0800] "GET /tc/index.php HTTP/1.0" 200 13641 "-" "Mozilla/5.0 (Windows NT 10.0; Win64; x64) AppleWebKit/537.36 (KHTML, like Gecko) Chrome/119.0.0.0 Safari/537.36" 35.239.239.68
35.239.239.68 - - [19/Jun/2024:08:43:45 +0800] "GET /images/heading1_tc.jpg HTTP/1.0" 200 21104 "http://www.1166hk.com/tc/index.php" "Mozilla/5.0 (Windows NT 10.0; Win64; x64) AppleWebKit/537.36 (KHTML, like Gecko) Chrome/119.0.0.0 Safari/537.36" 35.239.239.68
35.239.239.68 - - [19/Jun/2024:08:43:45 +0800] "GET /tc/common_tc.css HTTP/1.0" 200 2914 "http://www.1166hk.com/tc/index.php" "Mozilla/5.0 (Windows NT 10.0; Win64; x64) AppleWebKit/537.36 (KHTML, like Gecko) Chrome/119.0.0.0 Safari/537.36" 35.239.239.68
35.184.34.71 - - [19/Jun/2024:08:43:45 +0800] "GET /images/graphic1_03.gif HTTP/1.0" 200 622 "http://www.1166hk.com/tc/index.php" "Mozilla/5.0 (Windows NT 10.0; Win64; x64) AppleWebKit/537.36 (KHTML, like Gecko) Chrome/119.0.0.0 Safari/537.36" 35.184.34.71
35.239.239.68 - - [19/Jun/2024:08:43:45 +0800] "GET /tc/iesuck.js HTTP/1.0" 404 9957 "http://www.1166hk.com/tc/index.php" "Mozilla/5.0 (Windows NT 10.0; Win64; x64) AppleWebKit/537.36 (KHTML, like Gecko) Chrome/119.0.0.0 Safari/537.36" 35.239.239.68
35.184.34.71 - - [19/Jun/2024:08:43:45 +0800] "GET /images/bt_home_tc.gif HTTP/1.0" 200 441 "http://www.1166hk.com/tc/index.php" "Mozilla/5.0 (Windows NT 10.0; Win64; x64) AppleWebKit/537.36 (KHTML, like Gecko) Chrome/119.0.0.0 Safari/537.36" 35.184.34.71
35.239.239.68 - - [19/Jun/2024:08:43:45 +0800] "GET /images/bt_eng_tc.gif HTTP/1.0" 200 509 "http://www.1166hk.com/tc/index.php" "Mozilla/5.0 (Windows NT 10.0; Win64; x64) AppleWebKit/537.36 (KHTML, like Gecko) Chrome/119.0.0.0 Safari/537.36" 35.239.239.68
35.239.239.68 - - [19/Jun/2024:08:43:45 +0800] "GET /images/bt_contact_tc.gif HTTP/1.0" 200 560 "http://www.1166hk.com/tc/index.php" "Mozilla/5.0 (Windows NT 10.0; Win64; x64) AppleWebKit/537.36 (KHTML, like Gecko) Chrome/119.0.0.0 Safari/537.36" 35.239.239.68
35.184.34.71 - - [19/Jun/2024:08:43:45 +0800] "GET /images/bt_chin_tc.gif HTTP/1.0" 200 770 "http://www.1166hk.com/tc/index.php" "Mozilla/5.0 (Windows NT 10.0; Win64; x64) AppleWebKit/537.36 (KHTML, like Gecko) Chrome/119.0.0.0 Safari/537.36" 35.184.34.71
35.239.239.68 - - [19/Jun/2024:08:43:45 +0800] "GET /tc/images/spacer.gif HTTP/1.0" 404 9957 "http://www.1166hk.com/tc/index.php" "Mozilla/5.0 (Windows NT 10.0; Win64; x64) AppleWebKit/537.36 (KHTML, like Gecko) Chrome/119.0.0.0 Safari/537.36" 35.239.239.68
35.239.239.68 - - [19/Jun/2024:08:43:45 +0800] "GET /images/logo.gif HTTP/1.0" 200 3202 "http://www.1166hk.com/tc/index.php" "Mozilla/5.0 (Windows NT 10.0; Win64; x64) AppleWebKit/537.36 (KHTML, like Gecko) Chrome/119.0.0.0 Safari/537.36" 35.239.239.68
35.184.34.71 - - [19/Jun/2024:08:43:45 +0800] "GET /images/menu-r3.gif HTTP/1.0" 200 611 "http://www.1166hk.com/tc/index.php" "Mozilla/5.0 (Windows NT 10.0; Win64; x64) AppleWebKit/537.36 (KHTML, like Gecko) Chrome/119.0.0.0 Safari/537.36" 35.184.34.71
35.239.239.68 - - [19/Jun/2024:08:43:46 +0800] "GET /images/bt_contact_tc_up.gif HTTP/1.0" 200 1161 "http://www.1166hk.com/tc/index.php" "Mozilla/5.0 (Windows NT 10.0; Win64; x64) AppleWebKit/537.36 (KHTML, like Gecko) Chrome/119.0.0.0 Safari/537.36" 35.239.239.68
35.184.34.71 - - [19/Jun/2024:08:43:46 +0800] "GET /tc/images/bt_home_up.gif HTTP/1.0" 404 9957 "http://www.1166hk.com/tc/index.php" "Mozilla/5.0 (Windows NT 10.0; Win64; x64) AppleWebKit/537.36 (KHTML, like Gecko) Chrome/119.0.0.0 Safari/537.36" 35.184.34.71
35.239.239.68 - - [19/Jun/2024:08:43:46 +0800] "GET /images/bt_home_tc_up.gif HTTP/1.0" 200 756 "http://www.1166hk.com/tc/index.php" "Mozilla/5.0 (Windows NT 10.0; Win64; x64) AppleWebKit/537.36 (KHTML, like Gecko) Chrome/119.0.0.0 Safari/537.36" 35.239.239.68
136.243.220.209 - - [19/Jun/2024:08:45:15 +0800] "GET /robots.txt HTTP/1.0" 404 9957 "-" "Mozilla/5.0 (compatible; DataForSeoBot/1.0; +https://dataforseo.com/dataforseo-bot)" 136.243.220.209
136.243.220.209 - - [19/Jun/2024:08:45:17 +0800] "GET /robots.txt HTTP/1.0" 404 9957 "-" "Mozilla/5.0 (compatible; DataForSeoBot/1.0; +https://dataforseo.com/dataforseo-bot)" 136.243.220.209
136.243.220.209 - - [19/Jun/2024:08:45:17 +0800] "GET / HTTP/1.0" 200 13829 "-" "Mozilla/5.0 (compatible; DataForSeoBot/1.0; +https://dataforseo.com/dataforseo-bot)" 136.243.220.209
136.243.220.209 - - [19/Jun/2024:08:45:17 +0800] "GET /robots.txt HTTP/1.0" 404 9957 "-" "Mozilla/5.0 (compatible; DataForSeoBot/1.0; +https://dataforseo.com/dataforseo-bot)" 136.243.220.209
136.243.220.209 - - [19/Jun/2024:08:45:19 +0800] "GET /robots.txt HTTP/1.0" 404 9957 "-" "Mozilla/5.0 (compatible; DataForSeoBot/1.0; +https://dataforseo.com/dataforseo-bot)" 136.243.220.209
136.243.220.209 - - [19/Jun/2024:08:45:19 +0800] "GET /sitemap.xml HTTP/1.0" 404 9957 "-" "Mozilla/5.0 (compatible; DataForSeoBot/1.0; +https://dataforseo.com/dataforseo-bot)" 136.243.220.209
69.191.249.220 - - [19/Jun/2024:08:45:26 +0800] "GET /pressrelease.php HTTP/1.0" 200 368765 "-" "BLP_bbot/0.1" 69.191.249.220
69.191.249.220 - - [19/Jun/2024:08:45:45 +0800] "GET /tc/pressrelease.php HTTP/1.0" 200 368714 "-" "BLP_bbot/0.1" 69.191.249.220
69.191.249.221 - - [19/Jun/2024:08:46:21 +0800] "GET /annual_interim.php HTTP/1.0" 200 29165 "-" "BLP_bbot/0.1" 69.191.249.221
69.191.249.201 - - [19/Jun/2024:08:46:22 +0800] "GET /tc/annual_interim.php HTTP/1.0" 200 28903 "-" "BLP_bbot/0.1" 69.191.249.201
66.249.77.4 - - [19/Jun/2024:08:46:56 +0800] "GET /tc/pressrelease.php/news/2007/C-20070813-02.pdf HTTP/1.0" 200 368714 "-" "Mozilla/5.0 AppleWebKit/537.36 (KHTML, like Gecko; compatible; GoogleOther) Chrome/125.0.6422.175 Safari/537.36" 66.249.77.4
45.123.203.250 - - [19/Jun/2024:08:47:34 +0800] "GET /tc/annual_interim.php HTTP/1.0" 200 28903 "-" "Mozilla/5.0 (Windows NT 6.1; Win64; x64) AppleWebKit/537.36 (KHTML, like Gecko) Chrome/73.0.3683.103 Safari/537.36" 45.123.203.250
69.191.249.216 - - [19/Jun/2024:08:49:22 +0800] "GET /pressrelease.php HTTP/1.0" 200 368765 "-" "BLP_bbot/0.1" 69.191.249.216
69.191.249.207 - - [19/Jun/2024:08:49:52 +0800] "GET /tc/pressrelease.php HTTP/1.0" 200 368714 "-" "BLP_bbot/0.1" 69.191.249.207
69.191.249.221 - - [19/Jun/2024:08:50:12 +0800] "GET /tc/annual_interim.php HTTP/1.0" 200 28903 "-" "BLP_bbot/0.1" 69.191.249.221
69.191.249.210 - - [19/Jun/2024:08:50:19 +0800] "GET /annual_interim.php HTTP/1.0" 200 29165 "-" "BLP_bbot/0.1" 69.191.249.210
66.249.77.4 - - [19/Jun/2024:08:50:50 +0800] "GET /tc/pressrelease.php/tc/news/news/2009/C-20090119-02.pdf HTTP/1.0" 200 368714 "-" "Mozilla/5.0 (Linux; Android 6.0.1; Nexus 5X Build/MMB29P) AppleWebKit/537.36 (KHTML, like Gecko) Chrome/125.0.6422.175 Mobile Safari/537.36 (compatible; GoogleOther)" 66.249.77.4
114.119.158.167 - - [19/Jun/2024:08:51:05 +0800] "GET /tc/news/2009/C-20090615-01.pdf HTTP/1.0" 200 698556 "http://www.1166hk.com/tc/pressrelease.php" "Mozilla/5.0 (Linux; Android 7.0;) AppleWebKit/537.36 (KHTML, like Gecko) Mobile Safari/537.36 (compatible; PetalBot;+https://webmaster.petalsearch.com/site/petalbot)" 10.179.80.163, 114.119.158.167
114.119.141.71 - - [19/Jun/2024:08:52:28 +0800] "GET /news/pdf/LTN20170227616.pdf HTTP/1.0" 200 571983 "http://www.1166hk.com/pressrelease.php" "Mozilla/5.0 (Linux; Android 7.0;) AppleWebKit/537.36 (KHTML, like Gecko) Mobile Safari/537.36 (compatible; PetalBot;+https://webmaster.petalsearch.com/site/petalbot)" 10.179.80.198, 114.119.141.71
66.249.69.66 - - [19/Jun/2024:08:52:58 +0800] "GET / HTTP/1.0" 200 13829 "-" "Mozilla/5.0 (Linux; Android 6.0.1; Nexus 5X Build/MMB29P) AppleWebKit/537.36 (KHTML, like Gecko) Chrome/125.0.6422.175 Mobile Safari/537.36 (compatible; Googlebot/2.1; +http://www.google.com/bot.html)" 66.249.69.66
66.249.69.66 - - [19/Jun/2024:08:52:58 +0800] "GET /robots.txt HTTP/1.0" 404 9957 "-" "Mozilla/5.0 (compatible; Googlebot/2.1; +http://www.google.com/bot.html)" 66.249.69.66
69.191.249.212 - - [19/Jun/2024:08:53:27 +0800] "GET /pressrelease.php HTTP/1.0" 200 368765 "-" "BLP_bbot/0.1" 69.191.249.212
69.191.249.206 - - [19/Jun/2024:08:53:58 +0800] "GET /tc/pressrelease.php HTTP/1.0" 200 368714 "-" "BLP_bbot/0.1" 69.191.249.206
69.191.249.207 - - [19/Jun/2024:08:54:13 +0800] "GET /annual_interim.php HTTP/1.0" 200 29165 "-" "BLP_bbot/0.1" 69.191.249.207
69.191.249.206 - - [19/Jun/2024:08:54:19 +0800] "GET /tc/annual_interim.php HTTP/1.0" 200 28903 "-" "BLP_bbot/0.1" 69.191.249.206
66.249.77.4 - - [19/Jun/2024:08:57:11 +0800] "GET / HTTP/1.0" 200 13829 "-" "Mozilla/5.0 (compatible; Googlebot/2.1; +http://www.google.com/bot.html)" 66.249.77.4
69.191.249.220 - - [19/Jun/2024:08:57:16 +0800] "GET /pressrelease.php HTTP/1.0" 200 368765 "-" "BLP_bbot/0.1" 69.191.249.220
69.191.249.216 - - [19/Jun/2024:08:58:02 +0800] "GET /annual_interim.php HTTP/1.0" 200 29165 "-" "BLP_bbot/0.1" 69.191.249.216
69.191.249.216 - - [19/Jun/2024:08:58:06 +0800] "GET /tc/pressrelease.php HTTP/1.0" 200 368714 "-" "BLP_bbot/0.1" 69.191.249.216
69.191.249.207 - - [19/Jun/2024:08:58:18 +0800] "GET /tc/annual_interim.php HTTP/1.0" 200 28903 "-" "BLP_bbot/0.1" 69.191.249.207
66.249.77.3 - - [19/Jun/2024:09:01:05 +0800] "GET /tc/pressrelease.php/tc/news/news/2008/C-20080516-01.pdf HTTP/1.0" 200 368714 "-" "Mozilla/5.0 (Linux; Android 6.0.1; Nexus 5X Build/MMB29P) AppleWebKit/537.36 (KHTML, like Gecko) Chrome/125.0.6422.175 Mobile Safari/537.36 (compatible; Googlebot/2.1; +http://www.google.com/bot.html)" 66.249.77.3
69.191.249.206 - - [19/Jun/2024:09:01:20 +0800] "GET /pressrelease.php HTTP/1.0" 200 368765 "-" "BLP_bbot/0.1" 69.191.249.206
69.191.249.201 - - [19/Jun/2024:09:01:55 +0800] "GET /tc/pressrelease.php HTTP/1.0" 200 368714 "-" "BLP_bbot/0.1" 69.191.249.201
116.179.32.214 - - [19/Jun/2024:09:02:04 +0800] "GET /tc/company.php HTTP/1.0" 200 12445 "-" "Mozilla/5.0 (compatible; Baiduspider/2.0; +http://www.baidu.com/search/spider.html)" 116.179.32.214
116.179.37.123 - - [19/Jun/2024:09:02:04 +0800] "GET /tc/images/spacer.gif HTTP/1.0" 404 9957 "http://1166hk.com/tc/company.php" "Mozilla/5.0 (compatible; Baiduspider-render/2.0; +http://www.baidu.com/search/spider.html)" 116.179.37.123
116.179.37.172 - - [19/Jun/2024:09:02:05 +0800] "GET /tc/common.css HTTP/1.0" 404 9957 "http://1166hk.com/tc/company.php" "Mozilla/5.0 (compatible; Baiduspider-render/2.0; +http://www.baidu.com/search/spider.html)" 116.179.37.172
116.179.37.164 - - [19/Jun/2024:09:02:05 +0800] "GET /tc/iesuck.js HTTP/1.0" 404 9957 "http://1166hk.com/tc/company.php" "Mozilla/5.0 (compatible; Baiduspider-render/2.0; +http://www.baidu.com/search/spider.html)" 116.179.37.164
