116.179.37.82 - - [19/Jun/2024:09:02:05 +0800] "GET /images/bt_home_tc.gif HTTP/1.0" 200 441 "http://1166hk.com/tc/company.php" "Mozilla/5.0 (compatible; Baiduspider-render/2.0; +http://www.baidu.com/search/spider.html)" 116.179.37.82
116.179.37.171 - - [19/Jun/2024:09:02:05 +0800] "GET /tc/common_tc.css HTTP/1.0" 200 2914 "http://1166hk.com/tc/company.php" "Mozilla/5.0 (compatible; Baiduspider-render/2.0; +http://www.baidu.com/search/spider.html)" 116.179.37.171
116.179.37.118 - - [19/Jun/2024:09:02:05 +0800] "GET /tc/images/bt_home_up.gif HTTP/1.0" 404 9957 "http://1166hk.com/tc/company.php" "Mozilla/5.0 (compatible; Baiduspider-render/2.0; +http://www.baidu.com/search/spider.html)" 116.179.37.118
66.249.77.2 - - [19/Jun/2024:09:02:08 +0800] "GET /tc/news/2005/LTN20051028037_C.pdf HTTP/1.0" 200 310597 "-" "Mozilla/5.0 (Linux; Android 6.0.1; Nexus 5X Build/MMB29P) AppleWebKit/537.36 (KHTML, like Gecko) Chrome/125.0.6422.175 Mobile Safari/537.36 (compatible; Googlebot/2.1; +http://www.google.com/bot.html)" 66.249.77.2
69.191.249.218 - - [19/Jun/2024:09:02:23 +0800] "GET /annual_interim.php HTTP/1.0" 200 29165 "-" "BLP_bbot/0.1" 69.191.249.218
69.191.249.216 - - [19/Jun/2024:09:02:27 +0800] "GET /tc/annual_interim.php HTTP/1.0" 200 28903 "-" "BLP_bbot/0.1" 69.191.249.216
112.17.10.216 - - [19/Jun/2024:09:03:09 +0800] "GET / HTTP/1.0" 200 13829 "-" "Mozilla/5.0 (Windows NT 6.1; Win64; x64) AppleWebKit/537.36 (KHTML, like Gecko) Chrome/65.0.3325.181 Safari/537.36" 112.17.10.216
3.25.93.29 - - [19/Jun/2024:09:04:35 +0800] "GET /pressrelease.php HTTP/1.0" 200 368765 "-" "Mozilla/5.0 (Windows NT 6.1; WOW64) AppleWebKit/537.11 (KHTML, like Gecko) Chrome/23.0.1271.95 Safari/537.11" 3.25.93.29
69.191.249.207 - - [19/Jun/2024:09:05:33 +0800] "GET /pressrelease.php HTTP/1.0" 200 368765 "-" "BLP_bbot/0.1" 69.191.249.207
69.191.249.218 - - [19/Jun/2024:09:05:48 +0800] "GET /tc/pressrelease.php HTTP/1.0" 200 368714 "-" "BLP_bbot/0.1" 69.191.249.218
69.191.249.212 - - [19/Jun/2024:09:06:17 +0800] "GET /tc/annual_interim.php HTTP/1.0" 200 28903 "-" "BLP_bbot/0.1" 69.191.249.212
69.191.249.212 - - [19/Jun/2024:09:06:23 +0800] "GET /annual_interim.php HTTP/1.0" 200 29165 "-" "BLP_bbot/0.1" 69.191.249.212
66.249.77.2 - - [19/Jun/2024:09:07:11 +0800] "GET /news/pdf/LTN20161007467_C.pdf HTTP/1.0" 200 110424 "-" "Mozilla/5.0 (Linux; Android 6.0.1; Nexus 5X Build/MMB29P) AppleWebKit/537.36 (KHTML, like Gecko) Chrome/125.0.6422.175 Mobile Safari/537.36 (compatible; Googlebot/2.1; +http://www.google.com/bot.html)" 66.249.77.2
66.249.77.4 - - [19/Jun/2024:09:08:51 +0800] "GET /news/pdf/LTN20160503545.pdf HTTP/1.0" 200 65682 "-" "Mozilla/5.0 (Linux; Android 6.0.1; Nexus 5X Build/MMB29P) AppleWebKit/537.36 (KHTML, like Gecko) Chrome/125.0.6422.175 Mobile Safari/537.36 (compatible; GoogleOther)" 66.249.77.4
69.191.249.212 - - [19/Jun/2024:09:09:36 +0800] "GET /pressrelease.php HTTP/1.0" 200 368765 "-" "BLP_bbot/0.1" 69.191.249.212
66.249.69.67 - - [19/Jun/2024:09:09:38 +0800] "GET / HTTP/1.0" 200 13829 "-" "Mozilla/5.0 (compatible; Googlebot/2.1; +http://www.google.com/bot.html)" 66.249.69.67
69.191.249.206 - - [19/Jun/2024:09:09:43 +0800] "GET /tc/pressrelease.php HTTP/1.0" 200 368714 "-" "BLP_bbot/0.1" 69.191.249.206
69.191.249.211 - - [19/Jun/2024:09:10:20 +0800] "GET /tc/annual_interim.php HTTP/1.0" 200 28903 "-" "BLP_bbot/0.1" 69.191.249.211
69.191.249.210 - - [19/Jun/2024:09:10:23 +0800] "GET /annual_interim.php HTTP/1.0" 200 29165 "-" "BLP_bbot/0.1" 69.191.249.210
69.191.249.207 - - [19/Jun/2024:09:13:38 +0800] "GET /pressrelease.php HTTP/1.0" 200 368765 "-" "BLP_bbot/0.1" 69.191.249.207
69.191.249.201 - - [19/Jun/2024:09:13:49 +0800] "GET /tc/pressrelease.php HTTP/1.0" 200 368714 "-" "BLP_bbot/0.1" 69.191.249.201
69.191.249.207 - - [19/Jun/2024:09:14:15 +0800] "GET /tc/annual_interim.php HTTP/1.0" 200 28903 "-" "BLP_bbot/0.1" 69.191.249.207
69.191.249.217 - - [19/Jun/2024:09:14:20 +0800] "GET /annual_interim.php HTTP/1.0" 200 29165 "-" "BLP_bbot/0.1" 69.191.249.217
69.191.249.217 - - [19/Jun/2024:09:17:40 +0800] "GET /pressrelease.php HTTP/1.0" 200 368765 "-" "BLP_bbot/0.1" 69.191.249.217
69.191.249.212 - - [19/Jun/2024:09:17:55 +0800] "GET /tc/pressrelease.php HTTP/1.0" 200 368714 "-" "BLP_bbot/0.1" 69.191.249.212
69.191.249.207 - - [19/Jun/2024:09:18:06 +0800] "GET /tc/annual_interim.php HTTP/1.0" 200 28903 "-" "BLP_bbot/0.1" 69.191.249.207
69.191.249.210 - - [19/Jun/2024:09:18:10 +0800] "GET /annual_interim.php HTTP/1.0" 200 29165 "-" "BLP_bbot/0.1" 69.191.249.210
114.119.138.183 - - [19/Jun/2024:09:19:44 +0800] "GET /news/2004/8-14%20Annual%20Report%20.pdf HTTP/1.0" 200 23920 "http://www.1166hk.com/pressrelease.php" "Mozilla/5.0 (Linux; Android 7.0;) AppleWebKit/537.36 (KHTML, like Gecko) Mobile Safari/537.36 (compatible; PetalBot;+https://webmaster.petalsearch.com/site/petalbot)" 10.179.80.160, 114.119.138.183
69.191.249.219 - - [19/Jun/2024:09:21:49 +0800] "GET /tc/pressrelease.php HTTP/1.0" 200 368714 "-" "BLP_bbot/0.1" 69.191.249.219
69.191.249.221 - - [19/Jun/2024:09:21:51 +0800] "GET /pressrelease.php HTTP/1.0" 200 368765 "-" "BLP_bbot/0.1" 69.191.249.221
69.191.249.221 - - [19/Jun/2024:09:22:00 +0800] "GET /annual_interim.php HTTP/1.0" 200 29165 "-" "BLP_bbot/0.1" 69.191.249.221
69.191.249.201 - - [19/Jun/2024:09:22:11 +0800] "GET /tc/annual_interim.php HTTP/1.0" 200 28903 "-" "BLP_bbot/0.1" 69.191.249.201
69.191.249.212 - - [19/Jun/2024:09:25:45 +0800] "GET /pressrelease.php HTTP/1.0" 200 368765 "-" "BLP_bbot/0.1" 69.191.249.212
69.191.249.219 - - [19/Jun/2024:09:25:58 +0800] "GET /annual_interim.php HTTP/1.0" 200 29165 "-" "BLP_bbot/0.1" 69.191.249.219
69.191.249.219 - - [19/Jun/2024:09:26:00 +0800] "GET /tc/pressrelease.php HTTP/1.0" 200 368714 "-" "BLP_bbot/0.1" 69.191.249.219
69.191.249.219 - - [19/Jun/2024:09:26:16 +0800] "GET /tc/annual_interim.php HTTP/1.0" 200 28903 "-" "BLP_bbot/0.1" 69.191.249.219
66.249.77.4 - - [19/Jun/2024:09:26:50 +0800] "GET /tc/pressrelease.php/tc/news/2006/news/2007/C-20071008-01.pdf HTTP/1.0" 200 368714 "-" "Mozilla/5.0 (Linux; Android 6.0.1; Nexus 5X Build/MMB29P) AppleWebKit/537.36 (KHTML, like Gecko) Chrome/125.0.6422.175 Mobile Safari/537.36 (compatible; GoogleOther)" 66.249.77.4
119.142.44.144 - - [19/Jun/2024:09:29:00 +0800] "GET /tc/pressrelease.php HTTP/1.0" 200 368714 "-" "Mozilla/5.0 (Macintosh; Intel Mac OS X 10_15_7) AppleWebKit/537.36 (KHTML, like Gecko) Chrome/109.0.0.0 Safari/537.36" 119.142.44.144
69.191.249.212 - - [19/Jun/2024:09:29:37 +0800] "GET /pressrelease.php HTTP/1.0" 200 368765 "-" "BLP_bbot/0.1" 69.191.249.212
69.191.249.207 - - [19/Jun/2024:09:30:01 +0800] "GET /tc/pressrelease.php HTTP/1.0" 200 368714 "-" "BLP_bbot/0.1" 69.191.249.207
69.191.249.211 - - [19/Jun/2024:09:30:06 +0800] "GET /annual_interim.php HTTP/1.0" 200 29165 "-" "BLP_bbot/0.1" 69.191.249.211
69.191.249.206 - - [19/Jun/2024:09:30:26 +0800] "GET /tc/annual_interim.php HTTP/1.0" 200 28903 "-" "BLP_bbot/0.1" 69.191.249.206
69.191.249.219 - - [19/Jun/2024:09:33:29 +0800] "GET /pressrelease.php HTTP/1.0" 200 368765 "-" "BLP_bbot/0.1" 69.191.249.219
69.191.249.219 - - [19/Jun/2024:09:33:52 +0800] "GET /tc/pressrelease.php HTTP/1.0" 200 368714 "-" "BLP_bbot/0.1" 69.191.249.219
69.191.249.206 - - [19/Jun/2024:09:33:58 +0800] "GET /annual_interim.php HTTP/1.0" 200 29165 "-" "BLP_bbot/0.1" 69.191.249.206
69.191.249.211 - - [19/Jun/2024:09:34:20 +0800] "GET /tc/annual_interim.php HTTP/1.0" 200 28903 "-" "BLP_bbot/0.1" 69.191.249.211
66.249.77.2 - - [19/Jun/2024:09:35:10 +0800] "GET /news/pdf/2020022500923_c.pdf HTTP/1.0" 200 534140 "-" "Mozilla/5.0 (Linux; Android 6.0.1; Nexus 5X Build/MMB29P) AppleWebKit/537.36 (KHTML, like Gecko) Chrome/125.0.6422.175 Mobile Safari/537.36 (compatible; Googlebot/2.1; +http://www.google.com/bot.html)" 66.249.77.2
116.209.54.156 - - [19/Jun/2024:09:37:00 +0800] "GET / HTTP/1.0" 200 13829 "-" "Mozilla/5.0 (Macintosh; Intel Mac OS X 10_15_7) AppleWebKit/537.36 (KHTML, like Gecko) Chrome/109.0.0.0 Safari/537.36" 116.209.54.156
66.249.77.2 - - [19/Jun/2024:09:37:28 +0800] "GET / HTTP/1.0" 200 13829 "-" "Mozilla/5.0 (compatible; Googlebot/2.1; +http://www.google.com/bot.html)" 66.249.77.2
66.249.77.4 - - [19/Jun/2024:09:37:29 +0800] "GET / HTTP/1.0" 200 13829 "-" "Mozilla/5.0 (Linux; Android 6.0.1; Nexus 5X Build/MMB29P) AppleWebKit/537.36 (KHTML, like Gecko) Chrome/125.0.6422.175 Mobile Safari/537.36 (compatible; Googlebot/2.1; +http://www.google.com/bot.html)" 66.249.77.4
69.191.249.206 - - [19/Jun/2024:09:37:31 +0800] "GET /pressrelease.php HTTP/1.0" 200 368765 "-" "BLP_bbot/0.1" 69.191.249.206
69.191.249.212 - - [19/Jun/2024:09:38:01 +0800] "GET /tc/pressrelease.php HTTP/1.0" 200 368714 "-" "BLP_bbot/0.1" 69.191.249.212
69.191.249.216 - - [19/Jun/2024:09:38:03 +0800] "GET /annual_interim.php HTTP/1.0" 200 29165 "-" "BLP_bbot/0.1" 69.191.249.216
69.191.249.211 - - [19/Jun/2024:09:38:17 +0800] "GET /tc/annual_interim.php HTTP/1.0" 200 28903 "-" "BLP_bbot/0.1" 69.191.249.211
66.249.77.4 - - [19/Jun/2024:09:39:29 +0800] "GET /links.php HTTP/1.0" 200 12422 "-" "Mozilla/5.0 (Linux; Android 6.0.1; Nexus 5X Build/MMB29P) AppleWebKit/537.36 (KHTML, like Gecko) Chrome/125.0.6422.175 Mobile Safari/537.36 (compatible; Googlebot/2.1; +http://www.google.com/bot.html)" 66.249.77.4
66.249.77.3 - - [19/Jun/2024:09:39:30 +0800] "GET /board_comm.php HTTP/1.0" 200 12162 "-" "Mozilla/5.0 (Linux; Android 6.0.1; Nexus 5X Build/MMB29P) AppleWebKit/537.36 (KHTML, like Gecko) Chrome/125.0.6422.175 Mobile Safari/537.36 (compatible; Googlebot/2.1; +http://www.google.com/bot.html)" 66.249.77.3
66.249.77.2 - - [19/Jun/2024:09:39:31 +0800] "GET /index.php HTTP/1.0" 200 13829 "-" "Mozilla/5.0 (Linux; Android 6.0.1; Nexus 5X Build/MMB29P) AppleWebKit/537.36 (KHTML, like Gecko) Chrome/125.0.6422.175 Mobile Safari/537.36 (compatible; Googlebot/2.1; +http://www.google.com/bot.html)" 66.249.77.2
112.86.225.176 - - [19/Jun/2024:09:40:46 +0800] "GET / HTTP/1.0" 200 13829 "-" "Sogou web spider/4.0(+http://www.sogou.com/docs/help/webmasters.htm#07)" 112.86.225.176
69.191.249.212 - - [19/Jun/2024:09:41:24 +0800] "GET /pressrelease.php HTTP/1.0" 200 368765 "-" "BLP_bbot/0.1" 69.191.249.212
69.191.249.207 - - [19/Jun/2024:09:42:03 +0800] "GET /tc/pressrelease.php HTTP/1.0" 200 368714 "-" "BLP_bbot/0.1" 69.191.249.207
69.191.249.219 - - [19/Jun/2024:09:42:06 +0800] "GET /annual_interim.php HTTP/1.0" 200 29165 "-" "BLP_bbot/0.1" 69.191.249.219
69.191.249.201 - - [19/Jun/2024:09:42:13 +0800] "GET /tc/annual_interim.php HTTP/1.0" 200 28903 "-" "BLP_bbot/0.1" 69.191.249.201
66.249.77.3 - - [19/Jun/2024:09:44:50 +0800] "GET /news/pdf/LTN201904011023.pdf HTTP/1.0" 200 69781 "-" "Mozilla/5.0 (Linux; Android 6.0.1; Nexus 5X Build/MMB29P) AppleWebKit/537.36 (KHTML, like Gecko) Chrome/125.0.6422.175 Mobile Safari/537.36 (compatible; GoogleOther)" 66.249.77.3
112.86.225.251 - - [19/Jun/2024:09:45:10 +0800] "GET / HTTP/1.0" 200 13829 "-" "Sogou web spider/4.0(+http://www.sogou.com/docs/help/webmasters.htm#07)" 112.86.225.251
69.191.249.216 - - [19/Jun/2024:09:45:29 +0800] "GET /pressrelease.php HTTP/1.0" 200 368765 "-" "BLP_bbot/0.1" 69.191.249.216
69.191.249.220 - - [19/Jun/2024:09:46:06 +0800] "GET /annual_interim.php HTTP/1.0" 200 29165 "-" "BLP_bbot/0.1" 69.191.249.220
69.191.249.216 - - [19/Jun/2024:09:46:08 +0800] "GET /tc/pressrelease.php HTTP/1.0" 200 368714 "-" "BLP_bbot/0.1" 69.191.249.216
69.191.249.220 - - [19/Jun/2024:09:46:20 +0800] "GET /tc/annual_interim.php HTTP/1.0" 200 28903 "-" "BLP_bbot/0.1" 69.191.249.220
103.131.71.29 - - [19/Jun/2024:09:46:58 +0800] "GET /robots.txt HTTP/1.0" 404 9957 "-" "Mozilla/5.0 (compatible; coccocbot-image/1.0; +http://help.coccoc.com/searchengine)" 103.131.71.29
103.131.71.45 - - [19/Jun/2024:09:47:02 +0800] "GET /robots.txt HTTP/1.0" 404 9957 "-" "Mozilla/5.0 (compatible; coccocbot-image/1.0; +http://help.coccoc.com/searchengine)" 103.131.71.45
103.131.71.37 - - [19/Jun/2024:09:47:04 +0800] "GET /Hua_Yi_Copper_Products/About_Us_files/Header_ip-3.jpg HTTP/1.0" 200 12552 "-" "Mozilla/5.0 (compatible; coccocbot-image/1.0; +http://help.coccoc.com/searchengine)" 103.131.71.37
69.191.249.216 - - [19/Jun/2024:09:49:21 +0800] "GET /pressrelease.php HTTP/1.0" 200 368765 "-" "BLP_bbot/0.1" 69.191.249.216
69.191.249.206 - - [19/Jun/2024:09:50:09 +0800] "GET /annual_interim.php HTTP/1.0" 200 29165 "-" "BLP_bbot/0.1" 69.191.249.206
69.191.249.217 - - [19/Jun/2024:09:50:10 +0800] "GET /tc/pressrelease.php HTTP/1.0" 200 368714 "-" "BLP_bbot/0.1" 69.191.249.217
69.191.249.212 - - [19/Jun/2024:09:50:15 +0800] "GET /tc/annual_interim.php HTTP/1.0" 200 28903 "-" "BLP_bbot/0.1" 69.191.249.212
66.249.77.2 - - [19/Jun/2024:09:50:59 +0800] "GET /news/pdf/LTN20130227650_C.pdf HTTP/1.0" 200 1204142 "-" "Mozilla/5.0 (Linux; Android 6.0.1; Nexus 5X Build/MMB29P) AppleWebKit/537.36 (KHTML, like Gecko) Chrome/125.0.6422.175 Mobile Safari/537.36 (compatible; Googlebot/2.1; +http://www.google.com/bot.html)" 66.249.77.2
69.191.249.210 - - [19/Jun/2024:09:53:22 +0800] "GET /pressrelease.php HTTP/1.0" 200 368765 "-" "BLP_bbot/0.1" 69.191.249.210
69.191.249.201 - - [19/Jun/2024:09:54:07 +0800] "GET /tc/annual_interim.php HTTP/1.0" 200 28903 "-" "BLP_bbot/0.1" 69.191.249.201
103.131.71.149 - - [19/Jun/2024:09:54:18 +0800] "GET /robots.txt HTTP/1.0" 404 9957 "-" "Mozilla/5.0 (compatible; coccocbot-web/1.0; +http://help.coccoc.com/searchengine)" 103.131.71.149
69.191.249.216 - - [19/Jun/2024:09:54:19 +0800] "GET /annual_interim.php HTTP/1.0" 200 29165 "-" "BLP_bbot/0.1" 69.191.249.216
69.191.249.201 - - [19/Jun/2024:09:54:21 +0800] "GET /tc/pressrelease.php HTTP/1.0" 200 368714 "-" "BLP_bbot/0.1" 69.191.249.201
66.249.77.4 - - [19/Jun/2024:09:55:31 +0800] "GET / HTTP/1.0" 200 13829 "-" "Mozilla/5.0 (compatible; Googlebot/2.1; +http://www.google.com/bot.html)" 66.249.77.4
66.249.77.3 - - [19/Jun/2024:09:57:04 +0800] "GET /news/2005/LTN20051018075.pdf HTTP/1.0" 200 93949 "-" "Mozilla/5.0 (Linux; Android 6.0.1; Nexus 5X Build/MMB29P) AppleWebKit/537.36 (KHTML, like Gecko) Chrome/125.0.6422.175 Mobile Safari/537.36 (compatible; Googlebot/2.1; +http://www.google.com/bot.html)" 66.249.77.3
69.191.249.216 - - [19/Jun/2024:09:57:33 +0800] "GET /pressrelease.php HTTP/1.0" 200 368765 "-" "BLP_bbot/0.1" 69.191.249.216
69.191.249.218 - - [19/Jun/2024:09:57:58 +0800] "GET /tc/annual_interim.php HTTP/1.0" 200 28903 "-" "BLP_bbot/0.1" 69.191.249.218
69.191.249.212 - - [19/Jun/2024:09:58:11 +0800] "GET /annual_interim.php HTTP/1.0" 200 29165 "-" "BLP_bbot/0.1" 69.191.249.212
69.191.249.206 - - [19/Jun/2024:09:58:19 +0800] "GET /tc/pressrelease.php HTTP/1.0" 200 368714 "-" "BLP_bbot/0.1" 69.191.249.206
54.36.148.155 - - [19/Jun/2024:09:59:57 +0800] "GET /robots.txt HTTP/1.0" 404 9957 "-" "Mozilla/5.0 (compatible; AhrefsBot/7.0; +http://ahrefs.com/robot/)" 54.36.148.155
66.249.77.3 - - [19/Jun/2024:10:01:08 +0800] "GET /news/2004/5Change%20of%20financial%20year%20end%20date20040823026.pdf HTTP/1.0" 200 33040 "-" "Mozilla/5.0 (Linux; Android 6.0.1; Nexus 5X Build/MMB29P) AppleWebKit/537.36 (KHTML, like Gecko) Chrome/125.0.6422.175 Mobile Safari/537.36 (compatible; Googlebot/2.1; +http://www.google.com/bot.html)" 66.249.77.3
69.191.249.216 - - [19/Jun/2024:10:01:35 +0800] "GET /pressrelease.php HTTP/1.0" 200 368765 "-" "BLP_bbot/0.1" 69.191.249.216
69.191.249.218 - - [19/Jun/2024:10:01:56 +0800] "GET /tc/annual_interim.php HTTP/1.0" 200 28903 "-" "BLP_bbot/0.1" 69.191.249.218
69.191.249.201 - - [19/Jun/2024:10:02:07 +0800] "GET /annual_interim.php HTTP/1.0" 200 29165 "-" "BLP_bbot/0.1" 69.191.249.201
69.191.249.206 - - [19/Jun/2024:10:02:29 +0800] "GET /tc/pressrelease.php HTTP/1.0" 200 368714 "-" "BLP_bbot/0.1" 69.191.249.206
66.249.77.3 - - [19/Jun/2024:10:02:50 +0800] "GET /tc/pressrelease.php/tc/news/2006/news/2008/C-20081216-01.pdf HTTP/1.0" 200 368714 "-" "Mozilla/5.0 (Linux; Android 6.0.1; Nexus 5X Build/MMB29P) AppleWebKit/537.36 (KHTML, like Gecko) Chrome/125.0.6422.175 Mobile Safari/537.36 (compatible; GoogleOther)" 66.249.77.3
116.63.97.53 - - [19/Jun/2024:10:03:06 +0800] "GET / HTTP/1.0" 200 13829 "-" "Mozilla/5.0 (Windows NT 6.1; Win64; x64) AppleWebKit/537.36 (KHTML, like Gecko) Chrome/65.0.3325.181 Safari/537.36" 116.63.97.53
65.154.226.170 - - [19/Jun/2024:10:04:13 +0800] "GET /images/graphic1%5f03.gif HTTP/1.0" 200 622 "-" "Mozilla/5.0 (Windows NT 10.0) AppleWebKit/537.36 (KHTML, like Gecko) Chrome/106.0.0.0 Safari/537.36" 65.154.226.170
69.191.249.206 - - [19/Jun/2024:10:05:38 +0800] "GET /pressrelease.php HTTP/1.0" 200 368765 "-" "BLP_bbot/0.1" 69.191.249.206
69.191.249.212 - - [19/Jun/2024:10:06:01 +0800] "GET /tc/annual_interim.php HTTP/1.0" 200 28903 "-" "BLP_bbot/0.1" 69.191.249.212
69.191.249.206 - - [19/Jun/2024:10:06:08 +0800] "GET /annual_interim.php HTTP/1.0" 200 29165 "-" "BLP_bbot/0.1" 69.191.249.206
69.191.249.212 - - [19/Jun/2024:10:06:31 +0800] "GET /tc/pressrelease.php HTTP/1.0" 200 368714 "-" "BLP_bbot/0.1" 69.191.249.212
66.249.77.2 - - [19/Jun/2024:10:07:12 +0800] "GET /reqprinted.php HTTP/1.0" 404 9957 "-" "Mozilla/5.0 (Linux; Android 6.0.1; Nexus 5X Build/MMB29P) AppleWebKit/537.36 (KHTML, like Gecko) Chrome/125.0.6422.175 Mobile Safari/537.36 (compatible; Googlebot/2.1; +http://www.google.com/bot.html)" 66.249.77.2
69.191.249.218 - - [19/Jun/2024:10:09:45 +0800] "GET /pressrelease.php HTTP/1.0" 200 368765 "-" "BLP_bbot/0.1" 69.191.249.218
69.191.249.217 - - [19/Jun/2024:10:10:11 +0800] "GET /tc/annual_interim.php HTTP/1.0" 200 28903 "-" "BLP_bbot/0.1" 69.191.249.217
69.191.249.218 - - [19/Jun/2024:10:10:18 +0800] "GET /annual_interim.php HTTP/1.0" 200 29165 "-" "BLP_bbot/0.1" 69.191.249.218
69.191.249.210 - - [19/Jun/2024:10:10:33 +0800] "GET /tc/pressrelease.php HTTP/1.0" 200 368714 "-" "BLP_bbot/0.1" 69.191.249.210
66.249.77.3 - - [19/Jun/2024:10:10:53 +0800] "GET /news/pdf/2024031900300_c.pdf HTTP/1.0" 200 690990 "-" "Mozilla/5.0 (Linux; Android 6.0.1; Nexus 5X Build/MMB29P) AppleWebKit/537.36 (KHTML, like Gecko) Chrome/125.0.6422.175 Mobile Safari/537.36 (compatible; Googlebot/2.1; +http://www.google.com/bot.html)" 66.249.77.3
173.252.83.9 - - [19/Jun/2024:10:12:34 +0800] "GET /robots.txt HTTP/1.0" 404 9957 "-" "facebookexternalhit/1.1 (+http://www.facebook.com/externalhit_uatext.php)" 173.252.83.9
173.252.83.2 - - [19/Jun/2024:10:12:35 +0800] "GET /news/2006/LTN20060525060.xls HTTP/1.0" 200 36118 "-" "facebookexternalhit/1.1 (+http://www.facebook.com/externalhit_uatext.php)" 173.252.83.2
69.191.249.220 - - [19/Jun/2024:10:13:47 +0800] "GET /pressrelease.php HTTP/1.0" 200 368765 "-" "BLP_bbot/0.1" 69.191.249.220
66.249.77.2 - - [19/Jun/2024:10:13:58 +0800] "GET /tc/pressrelease.php/tc/news/news/2009/C-20090119-02.pdf HTTP/1.0" 200 368714 "-" "Mozilla/5.0 (Linux; Android 6.0.1; Nexus 5X Build/MMB29P) AppleWebKit/537.36 (KHTML, like Gecko) Chrome/125.0.6422.175 Mobile Safari/537.36 (compatible; Googlebot/2.1; +http://www.google.com/bot.html)" 66.249.77.2
69.191.249.219 - - [19/Jun/2024:10:14:04 +0800] "GET /tc/annual_interim.php HTTP/1.0" 200 28903 "-" "BLP_bbot/0.1" 69.191.249.219
69.171.249.5 - - [19/Jun/2024:10:14:25 +0800] "GET /index.php HTTP/1.0" 200 13829 "-" "facebookexternalhit/1.1 (+http://www.facebook.com/externalhit_uatext.php)" 69.171.249.5
69.191.249.207 - - [19/Jun/2024:10:14:27 +0800] "GET /annual_interim.php HTTP/1.0" 200 29165 "-" "BLP_bbot/0.1" 69.191.249.207
69.191.249.212 - - [19/Jun/2024:10:14:36 +0800] "GET /tc/pressrelease.php HTTP/1.0" 200 368714 "-" "BLP_bbot/0.1" 69.191.249.212
69.191.249.218 - - [19/Jun/2024:10:17:38 +0800] "GET /pressrelease.php HTTP/1.0" 200 368765 "-" "BLP_bbot/0.1" 69.191.249.218
69.191.249.219 - - [19/Jun/2024:10:17:58 +0800] "GET /tc/annual_interim.php HTTP/1.0" 200 28903 "-" "BLP_bbot/0.1" 69.191.249.219
64.71.131.243 - - [19/Jun/2024:10:18:18 +0800] "GET / HTTP/1.0" 200 13829 "-" "Mozilla/5.0 (compatible; ev-crawler/1.0; +https://headline.com/legal/crawler)" 64.71.131.243
69.191.249.220 - - [19/Jun/2024:10:18:29 +0800] "GET /annual_interim.php HTTP/1.0" 200 29165 "-" "BLP_bbot/0.1" 69.191.249.220
69.191.249.218 - - [19/Jun/2024:10:18:40 +0800] "GET /tc/pressrelease.php HTTP/1.0" 200 368714 "-" "BLP_bbot/0.1" 69.191.249.218
213.180.203.224 - - [19/Jun/2024:10:18:52 +0800] "GET /robots.txt HTTP/1.0" 404 9957 "-" "Mozilla/5.0 (compatible; YandexBot/3.0; +http://yandex.com/bots)" 213.180.203.224
5.255.231.52 - - [19/Jun/2024:10:18:53 +0800] "GET /news/pdf/LTN20141016425_C.pdf HTTP/1.0" 200 286136 "-" "Mozilla/5.0 (compatible; YandexBot/3.0; +http://yandex.com/bots)" 5.255.231.52
66.249.77.3 - - [19/Jun/2024:10:20:50 +0800] "GET /tc/pressrelease.php/news/2005/news/2006/LTN20060331090_C.pdf HTTP/1.0" 200 368714 "-" "Mozilla/5.0 (Linux; Android 6.0.1; Nexus 5X Build/MMB29P) AppleWebKit/537.36 (KHTML, like Gecko) Chrome/125.0.6422.175 Mobile Safari/537.36 (compatible; GoogleOther)" 66.249.77.3
69.191.249.206 - - [19/Jun/2024:10:21:34 +0800] "GET /pressrelease.php HTTP/1.0" 200 368765 "-" "BLP_bbot/0.1" 69.191.249.206
69.191.249.220 - - [19/Jun/2024:10:22:10 +0800] "GET /tc/annual_interim.php HTTP/1.0" 200 28903 "-" "BLP_bbot/0.1" 69.191.249.220
69.191.249.210 - - [19/Jun/2024:10:22:19 +0800] "GET /annual_interim.php HTTP/1.0" 200 29165 "-" "BLP_bbot/0.1" 69.191.249.210
69.191.249.210 - - [19/Jun/2024:10:22:30 +0800] "GET /tc/pressrelease.php HTTP/1.0" 200 368714 "-" "BLP_bbot/0.1" 69.191.249.210
66.249.69.66 - - [19/Jun/2024:10:22:56 +0800] "GET /news/pdf/LTN20170227617_C.pdf HTTP/1.0" 200 783649 "-" "Mozilla/5.0 (Linux; Android 6.0.1; Nexus 5X Build/MMB29P) AppleWebKit/537.36 (KHTML, like Gecko) Chrome/125.0.6422.175 Mobile Safari/537.36 (compatible; Googlebot/2.1; +http://www.google.com/bot.html)" 66.249.69.66
69.191.249.217 - - [19/Jun/2024:10:25:36 +0800] "GET /pressrelease.php HTTP/1.0" 200 368765 "-" "BLP_bbot/0.1" 69.191.249.217
69.191.249.201 - - [19/Jun/2024:10:26:08 +0800] "GET /tc/annual_interim.php HTTP/1.0" 200 28903 "-" "BLP_bbot/0.1" 69.191.249.201
69.191.249.201 - - [19/Jun/2024:10:26:17 +0800] "GET /annual_interim.php HTTP/1.0" 200 29165 "-" "BLP_bbot/0.1" 69.191.249.201
69.191.249.201 - - [19/Jun/2024:10:26:23 +0800] "GET /tc/pressrelease.php HTTP/1.0" 200 368714 "-" "BLP_bbot/0.1" 69.191.249.201
118.113.247.157 - - [19/Jun/2024:10:29:00 +0800] "GET /tc/pressrelease.php HTTP/1.0" 200 368714 "-" "Mozilla/5.0 (Macintosh; Intel Mac OS X 10_15_7) AppleWebKit/537.36 (KHTML, like Gecko) Chrome/109.0.0.0 Safari/537.36" 118.113.247.157
69.191.249.217 - - [19/Jun/2024:10:29:33 +0800] "GET /pressrelease.php HTTP/1.0" 200 368765 "-" "BLP_bbot/0.1" 69.191.249.217
69.191.249.212 - - [19/Jun/2024:10:30:01 +0800] "GET /tc/annual_interim.php HTTP/1.0" 200 28903 "-" "BLP_bbot/0.1" 69.191.249.212
66.249.77.2 - - [19/Jun/2024:10:30:06 +0800] "GET /news/pdf/LTN20120319382.pdf HTTP/1.0" 200 38833 "-" "Mozilla/5.0 (Linux; Android 6.0.1; Nexus 5X Build/MMB29P) AppleWebKit/537.36 (KHTML, like Gecko) Chrome/125.0.6422.175 Mobile Safari/537.36 (compatible; Googlebot/2.1; +http://www.google.com/bot.html)" 66.249.77.2
69.191.249.206 - - [19/Jun/2024:10:30:24 +0800] "GET /tc/pressrelease.php HTTP/1.0" 200 368714 "-" "BLP_bbot/0.1" 69.191.249.206
69.191.249.211 - - [19/Jun/2024:10:30:28 +0800] "GET /annual_interim.php HTTP/1.0" 200 29165 "-" "BLP_bbot/0.1" 69.191.249.211
69.191.249.207 - - [19/Jun/2024:10:33:22 +0800] "GET /pressrelease.php HTTP/1.0" 200 368765 "-" "BLP_bbot/0.1" 69.191.249.207
69.171.249.3 - - [19/Jun/2024:10:33:42 +0800] "GET /annual_interim.php HTTP/1.0" 200 29165 "-" "Python/3.10 aiohttp/3.9.3" 69.171.249.3
69.191.249.221 - - [19/Jun/2024:10:33:58 +0800] "GET /tc/annual_interim.php HTTP/1.0" 200 28903 "-" "BLP_bbot/0.1" 69.191.249.221
69.191.249.211 - - [19/Jun/2024:10:34:29 +0800] "GET /annual_interim.php HTTP/1.0" 200 29165 "-" "BLP_bbot/0.1" 69.191.249.211
69.191.249.212 - - [19/Jun/2024:10:34:35 +0800] "GET /tc/pressrelease.php HTTP/1.0" 200 368714 "-" "BLP_bbot/0.1" 69.191.249.212
124.236.100.56 - - [19/Jun/2024:10:34:59 +0800] "GET / HTTP/1.0" 200 13829 "-" "Mozilla/5.0 (Linux; Android 10; Pixel 4) AppleWebKit/537.36 (KHTML, like Gecko) Chrome/123.0.0.0 Mobile Safari/537.36" 124.236.100.56
66.249.77.3 - - [19/Jun/2024:10:35:34 +0800] "GET / HTTP/1.0" 200 13829 "-" "Mozilla/5.0 (Linux; Android 6.0.1; Nexus 5X Build/MMB29P) AppleWebKit/537.36 (KHTML, like Gecko) Chrome/125.0.6422.175 Mobile Safari/537.36 (compatible; Googlebot/2.1; +http://www.google.com/bot.html)" 66.249.77.3
66.249.77.4 - - [19/Jun/2024:10:35:35 +0800] "GET / HTTP/1.0" 200 13829 "-" "Mozilla/5.0 (compatible; Googlebot/2.1; +http://www.google.com/bot.html)" 66.249.77.4
182.204.179.160 - - [19/Jun/2024:10:37:21 +0800] "GET / HTTP/1.0" 200 13829 "-" "Mozilla/5.0 (Macintosh; Intel Mac OS X 10_15_7) AppleWebKit/537.36 (KHTML, like Gecko) Chrome/109.0.0.0 Safari/537.36" 182.204.179.160
69.191.249.219 - - [19/Jun/2024:10:37:30 +0800] "GET /pressrelease.php HTTP/1.0" 200 368765 "-" "BLP_bbot/0.1" 69.191.249.219
69.191.249.218 - - [19/Jun/2024:10:37:48 +0800] "GET /tc/annual_interim.php HTTP/1.0" 200 28903 "-" "BLP_bbot/0.1" 69.191.249.218
69.191.249.206 - - [19/Jun/2024:10:38:35 +0800] "GET /annual_interim.php HTTP/1.0" 200 29165 "-" "BLP_bbot/0.1" 69.191.249.206
69.191.249.218 - - [19/Jun/2024:10:38:42 +0800] "GET /tc/pressrelease.php HTTP/1.0" 200 368714 "-" "BLP_bbot/0.1" 69.191.249.218
66.249.77.3 - - [19/Jun/2024:10:38:50 +0800] "GET /news/pdf/LTN201504021791.pdf HTTP/1.0" 200 77095 "-" "Mozilla/5.0 (Linux; Android 6.0.1; Nexus 5X Build/MMB29P) AppleWebKit/537.36 (KHTML, like Gecko) Chrome/125.0.6422.175 Mobile Safari/537.36 (compatible; GoogleOther)" 66.249.77.3
69.191.249.207 - - [19/Jun/2024:10:41:20 +0800] "GET /pressrelease.php HTTP/1.0" 200 368765 "-" "BLP_bbot/0.1" 69.191.249.207
69.191.249.217 - - [19/Jun/2024:10:41:52 +0800] "GET /tc/annual_interim.php HTTP/1.0" 200 28903 "-" "BLP_bbot/0.1" 69.191.249.217
69.191.249.206 - - [19/Jun/2024:10:42:36 +0800] "GET /annual_interim.php HTTP/1.0" 200 29165 "-" "BLP_bbot/0.1" 69.191.249.206
69.191.249.220 - - [19/Jun/2024:10:42:45 +0800] "GET /tc/pressrelease.php HTTP/1.0" 200 368714 "-" "BLP_bbot/0.1" 69.191.249.220
69.191.249.201 - - [19/Jun/2024:10:45:15 +0800] "GET /pressrelease.php HTTP/1.0" 200 368765 "-" "BLP_bbot/0.1" 69.191.249.201
69.191.249.218 - - [19/Jun/2024:10:45:40 +0800] "GET /tc/annual_interim.php HTTP/1.0" 200 28903 "-" "BLP_bbot/0.1" 69.191.249.218
69.191.249.217 - - [19/Jun/2024:10:46:28 +0800] "GET /annual_interim.php HTTP/1.0" 200 29165 "-" "BLP_bbot/0.1" 69.191.249.217
69.191.249.220 - - [19/Jun/2024:10:46:54 +0800] "GET /tc/pressrelease.php HTTP/1.0" 200 368714 "-" "BLP_bbot/0.1" 69.191.249.220
69.191.249.219 - - [19/Jun/2024:10:49:21 +0800] "GET /pressrelease.php HTTP/1.0" 200 368765 "-" "BLP_bbot/0.1" 69.191.249.219
69.191.249.220 - - [19/Jun/2024:10:49:43 +0800] "GET /tc/annual_interim.php HTTP/1.0" 200 28903 "-" "BLP_bbot/0.1" 69.191.249.220
69.191.249.218 - - [19/Jun/2024:10:50:31 +0800] "GET /annual_interim.php HTTP/1.0" 200 29165 "-" "BLP_bbot/0.1" 69.191.249.218
69.191.249.221 - - [19/Jun/2024:10:50:56 +0800] "GET /tc/pressrelease.php HTTP/1.0" 200 368714 "-" "BLP_bbot/0.1" 69.191.249.221
66.249.77.2 - - [19/Jun/2024:10:52:54 +0800] "GET /news/2008/E-20081210-01.pdf HTTP/1.0" 200 440835 "-" "Mozilla/5.0 (Linux; Android 6.0.1; Nexus 5X Build/MMB29P) AppleWebKit/537.36 (KHTML, like Gecko) Chrome/125.0.6422.175 Mobile Safari/537.36 (compatible; Googlebot/2.1; +http://www.google.com/bot.html)" 66.249.77.2
69.191.249.212 - - [19/Jun/2024:10:53:14 +0800] "GET /pressrelease.php HTTP/1.0" 200 368765 "-" "BLP_bbot/0.1" 69.191.249.212
69.191.249.216 - - [19/Jun/2024:10:53:46 +0800] "GET /tc/annual_interim.php HTTP/1.0" 200 28903 "-" "BLP_bbot/0.1" 69.191.249.216
69.191.249.201 - - [19/Jun/2024:10:54:23 +0800] "GET /annual_interim.php HTTP/1.0" 200 29165 "-" "BLP_bbot/0.1" 69.191.249.201
69.191.249.220 - - [19/Jun/2024:10:54:59 +0800] "GET /tc/pressrelease.php HTTP/1.0" 200 368714 "-" "BLP_bbot/0.1" 69.191.249.220
66.249.77.3 - - [19/Jun/2024:10:55:43 +0800] "GET /tc/pressrelease.php/tc/news/news/2007/C-20071003-03.htm HTTP/1.0" 200 368714 "-" "Mozilla/5.0 (Linux; Android 6.0.1; Nexus 5X Build/MMB29P) AppleWebKit/537.36 (KHTML, like Gecko) Chrome/125.0.6422.175 Mobile Safari/537.36 (compatible; GoogleOther)" 66.249.77.3
66.249.77.4 - - [19/Jun/2024:10:55:45 +0800] "GET /tc/pressrelease.php/tc/news/news/2007/common_tc.css HTTP/1.0" 200 368714 "http://www.1166hk.com/tc/pressrelease.php/tc/news/news/2007/C-20071003-03.htm" "Mozilla/5.0 (Linux; Android 6.0.1; Nexus 5X Build/MMB29P) AppleWebKit/537.36 (KHTML, like Gecko) Chrome/125.0.6422.154 Mobile Safari/537.36 (compatible; Googlebot/2.1; +http://www.google.com/bot.html)" 66.249.77.4
66.249.77.4 - - [19/Jun/2024:10:55:46 +0800] "GET /tc/pressrelease.php/tc/news/news/2007/iesuck.js HTTP/1.0" 200 368714 "http://www.1166hk.com/tc/pressrelease.php/tc/news/news/2007/C-20071003-03.htm" "Mozilla/5.0 (Linux; Android 6.0.1; Nexus 5X Build/MMB29P) AppleWebKit/537.36 (KHTML, like Gecko) Chrome/125.0.6422.154 Mobile Safari/537.36 (compatible; Googlebot/2.1; +http://www.google.com/bot.html)" 66.249.77.4
66.249.77.2 - - [19/Jun/2024:10:55:47 +0800] "GET /news/pdf/LTN20140204565.pdf HTTP/1.0" 200 68196 "-" "Mozilla/5.0 (Linux; Android 6.0.1; Nexus 5X Build/MMB29P) AppleWebKit/537.36 (KHTML, like Gecko) Chrome/125.0.6422.175 Mobile Safari/537.36 (compatible; GoogleOther)" 66.249.77.2
114.119.155.78 - - [19/Jun/2024:10:56:15 +0800] "GET /news/pdf/2021102100421.pdf HTTP/1.0" 200 184758 "http://www.1166hk.com/pressrelease.php" "Mozilla/5.0 (Linux; Android 7.0;) AppleWebKit/537.36 (KHTML, like Gecko) Mobile Safari/537.36 (compatible; PetalBot;+https://webmaster.petalsearch.com/site/petalbot)" 10.179.80.164, 114.119.155.78
66.249.77.4 - - [19/Jun/2024:10:56:57 +0800] "GET /index.php HTTP/1.0" 200 13829 "-" "Mozilla/5.0 (Linux; Android 6.0.1; Nexus 5X Build/MMB29P) AppleWebKit/537.36 (KHTML, like Gecko) Chrome/125.0.6422.175 Mobile Safari/537.36 (compatible; Googlebot/2.1; +http://www.google.com/bot.html)" 66.249.77.4
69.191.249.219 - - [19/Jun/2024:10:57:12 +0800] "GET /pressrelease.php HTTP/1.0" 200 368765 "-" "BLP_bbot/0.1" 69.191.249.219
69.191.249.211 - - [19/Jun/2024:10:57:37 +0800] "GET /tc/annual_interim.php HTTP/1.0" 200 28903 "-" "BLP_bbot/0.1" 69.191.249.211
69.191.249.211 - - [19/Jun/2024:10:58:27 +0800] "GET /annual_interim.php HTTP/1.0" 200 29165 "-" "BLP_bbot/0.1" 69.191.249.211
69.191.249.207 - - [19/Jun/2024:10:58:52 +0800] "GET /tc/pressrelease.php HTTP/1.0" 200 368714 "-" "BLP_bbot/0.1" 69.191.249.207
66.249.77.4 - - [19/Jun/2024:10:58:56 +0800] "GET /news/pdf/2020102200426.pdf HTTP/1.0" 200 452607 "-" "Mozilla/5.0 (Linux; Android 6.0.1; Nexus 5X Build/MMB29P) AppleWebKit/537.36 (KHTML, like Gecko) Chrome/125.0.6422.175 Mobile Safari/537.36 (compatible; GoogleOther)" 66.249.77.4
69.191.249.219 - - [19/Jun/2024:11:01:06 +0800] "GET /pressrelease.php HTTP/1.0" 200 368765 "-" "BLP_bbot/0.1" 69.191.249.219
69.191.249.220 - - [19/Jun/2024:11:01:32 +0800] "GET /tc/annual_interim.php HTTP/1.0" 200 28903 "-" "BLP_bbot/0.1" 69.191.249.220
66.249.77.3 - - [19/Jun/2024:11:02:09 +0800] "GET /news/pdf/2022090900289.pdf HTTP/1.0" 200 16612 "-" "Mozilla/5.0 (Linux; Android 6.0.1; Nexus 5X Build/MMB29P) AppleWebKit/537.36 (KHTML, like Gecko) Chrome/125.0.6422.175 Mobile Safari/537.36 (compatible; GoogleOther)" 66.249.77.3
69.191.249.218 - - [19/Jun/2024:11:02:28 +0800] "GET /annual_interim.php HTTP/1.0" 200 29165 "-" "BLP_bbot/0.1" 69.191.249.218
69.191.249.216 - - [19/Jun/2024:11:02:56 +0800] "GET /tc/pressrelease.php HTTP/1.0" 200 368714 "-" "BLP_bbot/0.1" 69.191.249.216
112.17.10.228 - - [19/Jun/2024:11:03:09 +0800] "GET / HTTP/1.0" 200 13829 "-" "Mozilla/5.0 (Windows NT 6.1; Win64; x64) AppleWebKit/537.36 (KHTML, like Gecko) Chrome/65.0.3325.181 Safari/537.36" 112.17.10.228
66.249.77.4 - - [19/Jun/2024:11:03:28 +0800] "GET /tc/pressrelease.php/tc/tc/news/2007/C-20071003-03.htm HTTP/1.0" 200 368714 "-" "Mozilla/5.0 (Linux; Android 6.0.1; Nexus 5X Build/MMB29P) AppleWebKit/537.36 (KHTML, like Gecko) Chrome/125.0.6422.175 Mobile Safari/537.36 (compatible; GoogleOther)" 66.249.77.4
66.249.77.2 - - [19/Jun/2024:11:03:44 +0800] "GET /tc/pressrelease.php/tc/tc/news/2007/common_tc.css HTTP/1.0" 200 368714 "http://www.1166hk.com/tc/pressrelease.php/tc/tc/news/2007/C-20071003-03.htm" "Mozilla/5.0 (Linux; Android 6.0.1; Nexus 5X Build/MMB29P) AppleWebKit/537.36 (KHTML, like Gecko) Chrome/125.0.6422.154 Mobile Safari/537.36 (compatible; Googlebot/2.1; +http://www.google.com/bot.html)" 66.249.77.2
121.229.156.35 - - [19/Jun/2024:11:04:04 +0800] "GET / HTTP/1.0" 200 13829 "-" "Sogou web spider/4.0(+http://www.sogou.com/docs/help/webmasters.htm#07)" 121.229.156.35
69.191.249.221 - - [19/Jun/2024:11:05:02 +0800] "GET /pressrelease.php HTTP/1.0" 200 368765 "-" "BLP_bbot/0.1" 69.191.249.221
66.249.77.4 - - [19/Jun/2024:11:05:22 +0800] "GET /tc/pressrelease.php/tc/news/news/2008/C-20080318-01.pdf HTTP/1.0" 200 368714 "-" "Mozilla/5.0 (Linux; Android 6.0.1; Nexus 5X Build/MMB29P) AppleWebKit/537.36 (KHTML, like Gecko) Chrome/125.0.6422.175 Mobile Safari/537.36 (compatible; GoogleOther)" 66.249.77.4
69.191.249.207 - - [19/Jun/2024:11:05:23 +0800] "GET /tc/annual_interim.php HTTP/1.0" 200 28903 "-" "BLP_bbot/0.1" 69.191.249.207
69.191.249.219 - - [19/Jun/2024:11:06:34 +0800] "GET /annual_interim.php HTTP/1.0" 200 29165 "-" "BLP_bbot/0.1" 69.191.249.219
69.191.249.217 - - [19/Jun/2024:11:07:06 +0800] "GET /tc/pressrelease.php HTTP/1.0" 200 368714 "-" "BLP_bbot/0.1" 69.191.249.217
69.191.249.216 - - [19/Jun/2024:11:09:06 +0800] "GET /pressrelease.php HTTP/1.0" 200 368765 "-" "BLP_bbot/0.1" 69.191.249.216
69.191.249.206 - - [19/Jun/2024:11:09:24 +0800] "GET /tc/annual_interim.php HTTP/1.0" 200 28903 "-" "BLP_bbot/0.1" 69.191.249.206
69.191.249.201 - - [19/Jun/2024:11:10:39 +0800] "GET /annual_interim.php HTTP/1.0" 200 29165 "-" "BLP_bbot/0.1" 69.191.249.201
135.181.213.220 - - [19/Jun/2024:11:10:41 +0800] "GET /robots.txt HTTP/1.0" 404 9957 "-" "Mozilla/5.0 (compatible; MJ12bot/v1.4.8; http://mj12bot.com/)" 135.181.213.220
135.181.213.220 - - [19/Jun/2024:11:10:46 +0800] "GET / HTTP/1.0" 200 13829 "-" "Mozilla/5.0 (compatible; MJ12bot/v1.4.8; http://mj12bot.com/)" 135.181.213.220
135.181.213.220 - - [19/Jun/2024:11:10:48 +0800] "GET /news/2006/LTN20061005100.htm HTTP/1.0" 200 14434 "-" "Mozilla/5.0 (compatible; MJ12bot/v1.4.8; http://mj12bot.com/)" 135.181.213.220
66.249.77.2 - - [19/Jun/2024:11:10:58 +0800] "GET /tc/pressrelease.php/tc/news/annual_interim.php HTTP/1.0" 200 368714 "-" "Mozilla/5.0 (Linux; Android 6.0.1; Nexus 5X Build/MMB29P) AppleWebKit/537.36 (KHTML, like Gecko) Chrome/125.0.6422.175 Mobile Safari/537.36 (compatible; GoogleOther)" 66.249.77.2
66.249.77.3 - - [19/Jun/2024:11:11:01 +0800] "GET /news/pdf/LTN20100727218.pdf HTTP/1.0" 200 29175 "-" "Mozilla/5.0 (Linux; Android 6.0.1; Nexus 5X Build/MMB29P) AppleWebKit/537.36 (KHTML, like Gecko) Chrome/125.0.6422.175 Mobile Safari/537.36 (compatible; GoogleOther)" 66.249.77.3
66.249.77.3 - - [19/Jun/2024:11:11:03 +0800] "GET /tc/pressrelease.php/tc/news/common_tc.css HTTP/1.0" 200 368714 "http://www.1166hk.com/tc/pressrelease.php/tc/news/annual_interim.php" "Mozilla/5.0 (Linux; Android 6.0.1; Nexus 5X Build/MMB29P) AppleWebKit/537.36 (KHTML, like Gecko) Chrome/125.0.6422.154 Mobile Safari/537.36 (compatible; Googlebot/2.1; +http://www.google.com/bot.html)" 66.249.77.3
66.249.77.2 - - [19/Jun/2024:11:11:05 +0800] "GET /tc/pressrelease.php/tc/news/iesuck.js HTTP/1.0" 200 368714 "http://www.1166hk.com/tc/pressrelease.php/tc/news/annual_interim.php" "Mozilla/5.0 (Linux; Android 6.0.1; Nexus 5X Build/MMB29P) AppleWebKit/537.36 (KHTML, like Gecko) Chrome/125.0.6422.154 Mobile Safari/537.36 (compatible; Googlebot/2.1; +http://www.google.com/bot.html)" 66.249.77.2
18.215.101.26 - - [19/Jun/2024:11:11:06 +0800] "GET /pressrelease.php HTTP/1.0" 200 368765 "-" "Mozilla/5.0 (Windows NT 10.0; Win64; x64) AppleWebKit/537.36 (KHTML, like Gecko) HeadlessChrome/103.0.5060.114 Safari/537.36" 18.215.101.26
18.215.101.26 - - [19/Jun/2024:11:11:07 +0800] "GET /common.css HTTP/1.0" 200 2745 "http://www.1166hk.com/pressrelease.php" "Mozilla/5.0 (Windows NT 10.0; Win64; x64) AppleWebKit/537.36 (KHTML, like Gecko) HeadlessChrome/103.0.5060.114 Safari/537.36" 18.215.101.26
18.215.101.26 - - [19/Jun/2024:11:11:07 +0800] "GET /images/heading1.jpg HTTP/1.0" 200 21104 "http://www.1166hk.com/pressrelease.php" "Mozilla/5.0 (Windows NT 10.0; Win64; x64) AppleWebKit/537.36 (KHTML, like Gecko) HeadlessChrome/103.0.5060.114 Safari/537.36" 18.215.101.26
18.215.101.26 - - [19/Jun/2024:11:11:07 +0800] "GET /images/bt_eng_sel.gif HTTP/1.0" 200 710 "http://www.1166hk.com/pressrelease.php" "Mozilla/5.0 (Windows NT 10.0; Win64; x64) AppleWebKit/537.36 (KHTML, like Gecko) HeadlessChrome/103.0.5060.114 Safari/537.36" 18.215.101.26
18.215.101.26 - - [19/Jun/2024:11:11:07 +0800] "GET /images/bt_contact.gif HTTP/1.0" 200 565 "http://www.1166hk.com/pressrelease.php" "Mozilla/5.0 (Windows NT 10.0; Win64; x64) AppleWebKit/537.36 (KHTML, like Gecko) HeadlessChrome/103.0.5060.114 Safari/537.36" 18.215.101.26
18.215.101.26 - - [19/Jun/2024:11:11:07 +0800] "GET /images/web-1_04.gif HTTP/1.0" 200 311 "http://www.1166hk.com/pressrelease.php" "Mozilla/5.0 (Windows NT 10.0; Win64; x64) AppleWebKit/537.36 (KHTML, like Gecko) HeadlessChrome/103.0.5060.114 Safari/537.36" 18.215.101.26
18.215.101.26 - - [19/Jun/2024:11:11:07 +0800] "GET /images/bt_home.gif HTTP/1.0" 200 452 "http://www.1166hk.com/pressrelease.php" "Mozilla/5.0 (Windows NT 10.0; Win64; x64) AppleWebKit/537.36 (KHTML, like Gecko) HeadlessChrome/103.0.5060.114 Safari/537.36" 18.215.101.26
18.215.101.26 - - [19/Jun/2024:11:11:07 +0800] "GET /images/bt_chin.gif HTTP/1.0" 200 566 "http://www.1166hk.com/pressrelease.php" "Mozilla/5.0 (Windows NT 10.0; Win64; x64) AppleWebKit/537.36 (KHTML, like Gecko) HeadlessChrome/103.0.5060.114 Safari/537.36" 18.215.101.26
18.215.101.26 - - [19/Jun/2024:11:11:07 +0800] "GET /images/spacer.gif HTTP/1.0" 200 301 "http://www.1166hk.com/pressrelease.php" "Mozilla/5.0 (Windows NT 10.0; Win64; x64) AppleWebKit/537.36 (KHTML, like Gecko) HeadlessChrome/103.0.5060.114 Safari/537.36" 18.215.101.26
18.215.101.26 - - [19/Jun/2024:11:11:07 +0800] "GET /iesuck.js HTTP/1.0" 200 877 "http://www.1166hk.com/pressrelease.php" "Mozilla/5.0 (Windows NT 10.0; Win64; x64) AppleWebKit/537.36 (KHTML, like Gecko) HeadlessChrome/103.0.5060.114 Safari/537.36" 18.215.101.26
18.215.101.26 - - [19/Jun/2024:11:11:07 +0800] "GET /images/acrobat-icon.gif HTTP/1.0" 200 1305 "http://www.1166hk.com/pressrelease.php" "Mozilla/5.0 (Windows NT 10.0; Win64; x64) AppleWebKit/537.36 (KHTML, like Gecko) HeadlessChrome/103.0.5060.114 Safari/537.36" 18.215.101.26
18.215.101.26 - - [19/Jun/2024:11:11:07 +0800] "GET /images/heading-pressrelease.gif HTTP/1.0" 200 1802 "http://www.1166hk.com/pressrelease.php" "Mozilla/5.0 (Windows NT 10.0; Win64; x64) AppleWebKit/537.36 (KHTML, like Gecko) HeadlessChrome/103.0.5060.114 Safari/537.36" 18.215.101.26
18.215.101.26 - - [19/Jun/2024:11:11:08 +0800] "GET /images/logo.gif HTTP/1.0" 200 3202 "http://www.1166hk.com/pressrelease.php" "Mozilla/5.0 (Windows NT 10.0; Win64; x64) AppleWebKit/537.36 (KHTML, like Gecko) HeadlessChrome/103.0.5060.114 Safari/537.36" 18.215.101.26
18.215.101.26 - - [19/Jun/2024:11:11:08 +0800] "GET /images/bt_home_up.gif HTTP/1.0" 200 1729 "http://www.1166hk.com/pressrelease.php" "Mozilla/5.0 (Windows NT 10.0; Win64; x64) AppleWebKit/537.36 (KHTML, like Gecko) HeadlessChrome/103.0.5060.114 Safari/537.36" 18.215.101.26
18.215.101.26 - - [19/Jun/2024:11:11:09 +0800] "GET /annual_interim.php HTTP/1.0" 200 29165 "-" "Mozilla/5.0 (Windows NT 10.0; Win64; x64) AppleWebKit/537.36 (KHTML, like Gecko) HeadlessChrome/103.0.5060.114 Safari/537.36" 18.215.101.26
18.215.101.26 - - [19/Jun/2024:11:11:09 +0800] "GET /images/heading-annual.gif HTTP/1.0" 200 2184 "http://www.1166hk.com/annual_interim.php" "Mozilla/5.0 (Windows NT 10.0; Win64; x64) AppleWebKit/537.36 (KHTML, like Gecko) HeadlessChrome/103.0.5060.114 Safari/537.36" 18.215.101.26
69.191.249.216 - - [19/Jun/2024:11:11:12 +0800] "GET /tc/pressrelease.php HTTP/1.0" 200 368714 "-" "BLP_bbot/0.1" 69.191.249.216
114.119.138.183 - - [19/Jun/2024:11:12:53 +0800] "GET /news/pdf/LTN20141119260_C.pdf HTTP/1.0" 200 195458 "http://www.1166hk.com/tc/pressrelease.php" "Mozilla/5.0 (Linux; Android 7.0;) AppleWebKit/537.36 (KHTML, like Gecko) Mobile Safari/537.36 (compatible; PetalBot;+https://webmaster.petalsearch.com/site/petalbot)" 10.179.80.150, 114.119.138.183
69.191.249.217 - - [19/Jun/2024:11:13:03 +0800] "GET /pressrelease.php HTTP/1.0" 200 368765 "-" "BLP_bbot/0.1" 69.191.249.217
69.191.249.219 - - [19/Jun/2024:11:13:24 +0800] "GET /tc/annual_interim.php HTTP/1.0" 200 28903 "-" "BLP_bbot/0.1" 69.191.249.219
69.191.249.221 - - [19/Jun/2024:11:14:32 +0800] "GET /annual_interim.php HTTP/1.0" 200 29165 "-" "BLP_bbot/0.1" 69.191.249.221
69.191.249.217 - - [19/Jun/2024:11:15:13 +0800] "GET /tc/pressrelease.php HTTP/1.0" 200 368714 "-" "BLP_bbot/0.1" 69.191.249.217
112.86.225.250 - - [19/Jun/2024:11:17:07 +0800] "GET / HTTP/1.0" 200 13829 "-" "Sogou web spider/4.0(+http://www.sogou.com/docs/help/webmasters.htm#07)" 112.86.225.250
69.191.249.210 - - [19/Jun/2024:11:17:09 +0800] "GET /pressrelease.php HTTP/1.0" 200 368765 "-" "BLP_bbot/0.1" 69.191.249.210
69.191.249.220 - - [19/Jun/2024:11:17:17 +0800] "GET /tc/annual_interim.php HTTP/1.0" 200 28903 "-" "BLP_bbot/0.1" 69.191.249.220
66.249.77.2 - - [19/Jun/2024:11:17:24 +0800] "GET /news/2005/LTN20051018075.pdf HTTP/1.0" 200 93949 "-" "Mozilla/5.0 (Linux; Android 6.0.1; Nexus 5X Build/MMB29P) AppleWebKit/537.36 (KHTML, like Gecko) Chrome/125.0.6422.175 Mobile Safari/537.36 (compatible; GoogleOther)" 66.249.77.2
66.249.77.3 - - [19/Jun/2024:11:18:28 +0800] "GET /tc/pressrelease.php/tc/news/notices.php HTTP/1.0" 200 368714 "-" "Mozilla/5.0 (Linux; Android 6.0.1; Nexus 5X Build/MMB29P) AppleWebKit/537.36 (KHTML, like Gecko) Chrome/125.0.6422.175 Mobile Safari/537.36 (compatible; GoogleOther)" 66.249.77.3
69.191.249.221 - - [19/Jun/2024:11:18:42 +0800] "GET /annual_interim.php HTTP/1.0" 200 29165 "-" "BLP_bbot/0.1" 69.191.249.221
69.191.249.220 - - [19/Jun/2024:11:19:04 +0800] "GET /tc/pressrelease.php HTTP/1.0" 200 368714 "-" "BLP_bbot/0.1" 69.191.249.220
69.191.249.217 - - [19/Jun/2024:11:21:20 +0800] "GET /pressrelease.php HTTP/1.0" 200 368765 "-" "BLP_bbot/0.1" 69.191.249.217
69.191.249.219 - - [19/Jun/2024:11:21:21 +0800] "GET /tc/annual_interim.php HTTP/1.0" 200 28903 "-" "BLP_bbot/0.1" 69.191.249.219
69.191.249.210 - - [19/Jun/2024:11:22:52 +0800] "GET /annual_interim.php HTTP/1.0" 200 29165 "-" "BLP_bbot/0.1" 69.191.249.210
69.191.249.210 - - [19/Jun/2024:11:23:00 +0800] "GET /tc/pressrelease.php HTTP/1.0" 200 368714 "-" "BLP_bbot/0.1" 69.191.249.210
66.249.77.4 - - [19/Jun/2024:11:23:50 +0800] "GET /tc/pressrelease.php/tc/news/news/2009/C-20090609-01.pdf HTTP/1.0" 200 368714 "-" "Mozilla/5.0 (Linux; Android 6.0.1; Nexus 5X Build/MMB29P) AppleWebKit/537.36 (KHTML, like Gecko) Chrome/125.0.6422.175 Mobile Safari/537.36 (compatible; GoogleOther)" 66.249.77.4
69.191.249.220 - - [19/Jun/2024:11:25:15 +0800] "GET /pressrelease.php HTTP/1.0" 200 368765 "-" "BLP_bbot/0.1" 69.191.249.220
69.191.249.216 - - [19/Jun/2024:11:25:30 +0800] "GET /tc/annual_interim.php HTTP/1.0" 200 28903 "-" "BLP_bbot/0.1" 69.191.249.216
66.249.77.2 - - [19/Jun/2024:11:25:58 +0800] "GET /tc/pressrelease.php/tc/news/news/2006/LTN20060524088_C.xls HTTP/1.0" 200 368714 "-" "Mozilla/5.0 (Linux; Android 6.0.1; Nexus 5X Build/MMB29P) AppleWebKit/537.36 (KHTML, like Gecko) Chrome/125.0.6422.175 Mobile Safari/537.36 (compatible; GoogleOther)" 66.249.77.2
66.249.77.2 - - [19/Jun/2024:11:26:00 +0800] "GET /tc/pressrelease.php/tc/news/news/2006/common_tc.css HTTP/1.0" 200 368714 "http://www.1166hk.com/tc/pressrelease.php/tc/news/news/2006/LTN20060524088_C.xls" "Mozilla/5.0 (Linux; Android 6.0.1; Nexus 5X Build/MMB29P) AppleWebKit/537.36 (KHTML, like Gecko) Chrome/125.0.6422.154 Mobile Safari/537.36 (compatible; Googlebot/2.1; +http://www.google.com/bot.html)" 66.249.77.2
66.249.77.2 - - [19/Jun/2024:11:26:01 +0800] "GET /tc/pressrelease.php/tc/news/news/2006/iesuck.js HTTP/1.0" 200 368714 "http://www.1166hk.com/tc/pressrelease.php/tc/news/news/2006/LTN20060524088_C.xls" "Mozilla/5.0 (Linux; Android 6.0.1; Nexus 5X Build/MMB29P) AppleWebKit/537.36 (KHTML, like Gecko) Chrome/125.0.6422.154 Mobile Safari/537.36 (compatible; Googlebot/2.1; +http://www.google.com/bot.html)" 66.249.77.2
69.191.249.216 - - [19/Jun/2024:11:26:52 +0800] "GET /tc/pressrelease.php HTTP/1.0" 200 368714 "-" "BLP_bbot/0.1" 69.191.249.216
69.191.249.211 - - [19/Jun/2024:11:26:54 +0800] "GET /annual_interim.php HTTP/1.0" 200 29165 "-" "BLP_bbot/0.1" 69.191.249.211
117.62.62.31 - - [19/Jun/2024:11:29:08 +0800] "GET /tc/pressrelease.php HTTP/1.0" 200 368714 "-" "Mozilla/5.0 (Macintosh; Intel Mac OS X 10_15_7) AppleWebKit/537.36 (KHTML, like Gecko) Chrome/109.0.0.0 Safari/537.36" 117.62.62.31
69.191.249.219 - - [19/Jun/2024:11:29:11 +0800] "GET /pressrelease.php HTTP/1.0" 200 368765 "-" "BLP_bbot/0.1" 69.191.249.219
59.59.214.139 - - [19/Jun/2024:11:29:18 +0800] "GET /tc/pressrelease.php HTTP/1.0" 200 368714 "-" "Mozilla/5.0 (Macintosh; Intel Mac OS X 10_15_7) AppleWebKit/537.36 (KHTML, like Gecko) Chrome/109.0.0.0 Safari/537.36" 59.59.214.139
69.191.249.218 - - [19/Jun/2024:11:29:29 +0800] "GET /tc/annual_interim.php HTTP/1.0" 200 28903 "-" "BLP_bbot/0.1" 69.191.249.218
66.249.77.2 - - [19/Jun/2024:11:30:16 +0800] "GET /news/2004/5Change%20of%20financial%20year%20end%20date20040823026.pdf HTTP/1.0" 200 33040 "-" "Mozilla/5.0 (Linux; Android 6.0.1; Nexus 5X Build/MMB29P) AppleWebKit/537.36 (KHTML, like Gecko) Chrome/125.0.6422.175 Mobile Safari/537.36 (compatible; GoogleOther)" 66.249.77.2
113.8.244.222 - - [19/Jun/2024:11:30:21 +0800] "GET /plus/erraddsave.php HTTP/1.0" 404 9957 "-" "-" 113.8.244.222
69.191.249.207 - - [19/Jun/2024:11:31:03 +0800] "GET /annual_interim.php HTTP/1.0" 200 29165 "-" "BLP_bbot/0.1" 69.191.249.207
69.191.249.217 - - [19/Jun/2024:11:31:04 +0800] "GET /tc/pressrelease.php HTTP/1.0" 200 368714 "-" "BLP_bbot/0.1" 69.191.249.217
192.185.176.205 - - [19/Jun/2024:11:31:32 +0800] "GET / HTTP/1.0" 200 13829 "-" "-" 192.185.176.205
69.191.249.210 - - [19/Jun/2024:11:33:18 +0800] "GET /pressrelease.php HTTP/1.0" 200 368765 "-" "BLP_bbot/0.1" 69.191.249.210
69.191.249.212 - - [19/Jun/2024:11:33:23 +0800] "GET /tc/annual_interim.php HTTP/1.0" 200 28903 "-" "BLP_bbot/0.1" 69.191.249.212
66.249.77.4 - - [19/Jun/2024:11:33:28 +0800] "GET /tc/pressrelease.php/tc/news/board_comm.php HTTP/1.0" 200 368714 "-" "Mozilla/5.0 (Linux; Android 6.0.1; Nexus 5X Build/MMB29P) AppleWebKit/537.36 (KHTML, like Gecko) Chrome/125.0.6422.175 Mobile Safari/537.36 (compatible; GoogleOther)" 66.249.77.4
66.249.77.2 - - [19/Jun/2024:11:33:38 +0800] "GET / HTTP/1.0" 200 13829 "-" "Mozilla/5.0 (compatible; Googlebot/2.1; +http://www.google.com/bot.html)" 66.249.77.2
66.249.77.2 - - [19/Jun/2024:11:33:39 +0800] "GET / HTTP/1.0" 200 13829 "-" "Mozilla/5.0 (Linux; Android 6.0.1; Nexus 5X Build/MMB29P) AppleWebKit/537.36 (KHTML, like Gecko) Chrome/125.0.6422.175 Mobile Safari/537.36 (compatible; Googlebot/2.1; +http://www.google.com/bot.html)" 66.249.77.2
69.191.249.211 - - [19/Jun/2024:11:35:04 +0800] "GET /annual_interim.php HTTP/1.0" 200 29165 "-" "BLP_bbot/0.1" 69.191.249.211
69.191.249.212 - - [19/Jun/2024:11:35:12 +0800] "GET /tc/pressrelease.php HTTP/1.0" 200 368714 "-" "BLP_bbot/0.1" 69.191.249.212
66.249.77.3 - - [19/Jun/2024:11:36:41 +0800] "GET /tc/pressrelease.php/tc/news/news/2006/LTN20061019123_C.pdf HTTP/1.0" 200 368714 "-" "Mozilla/5.0 (Linux; Android 6.0.1; Nexus 5X Build/MMB29P) AppleWebKit/537.36 (KHTML, like Gecko) Chrome/125.0.6422.175 Mobile Safari/537.36 (compatible; GoogleOther)" 66.249.77.3
119.5.165.13 - - [19/Jun/2024:11:37:11 +0800] "GET / HTTP/1.0" 200 13829 "-" "Mozilla/5.0 (Macintosh; Intel Mac OS X 10_15_7) AppleWebKit/537.36 (KHTML, like Gecko) Chrome/109.0.0.0 Safari/537.36" 119.5.165.13
69.191.249.220 - - [19/Jun/2024:11:37:14 +0800] "GET /pressrelease.php HTTP/1.0" 200 368765 "-" "BLP_bbot/0.1" 69.191.249.220
69.191.249.219 - - [19/Jun/2024:11:37:25 +0800] "GET /tc/annual_interim.php HTTP/1.0" 200 28903 "-" "BLP_bbot/0.1" 69.191.249.219
87.250.224.233 - - [19/Jun/2024:11:38:28 +0800] "GET /robots.txt HTTP/1.0" 404 9957 "-" "Mozilla/5.0 (compatible; YandexBot/3.0; +http://yandex.com/bots)" 87.250.224.233
213.180.203.216 - - [19/Jun/2024:11:38:29 +0800] "GET /tc/news/2004/CWF110.pdf HTTP/1.0" 200 33576 "-" "Mozilla/5.0 (compatible; YandexBot/3.0; +http://yandex.com/bots)" 213.180.203.216
69.191.249.201 - - [19/Jun/2024:11:38:55 +0800] "GET /annual_interim.php HTTP/1.0" 200 29165 "-" "BLP_bbot/0.1" 69.191.249.201
69.191.249.216 - - [19/Jun/2024:11:39:05 +0800] "GET /tc/pressrelease.php HTTP/1.0" 200 368714 "-" "BLP_bbot/0.1" 69.191.249.216
121.237.36.28 - - [19/Jun/2024:11:39:53 +0800] "GET / HTTP/1.0" 200 13829 "-" "Mozilla/5.0 (Macintosh; Intel Mac OS X 10_11) AppleWebKit/601.1.27 (KHTML, like Gecko) Chrome/47.0.2526.106 Safari/601.1.27" 121.237.36.28
66.249.77.4 - - [19/Jun/2024:11:40:58 +0800] "GET /tc/pressrelease.php/tc/news/news/2006/LTN20061005100_C.htm HTTP/1.0" 200 368714 "-" "Mozilla/5.0 (Linux; Android 6.0.1; Nexus 5X Build/MMB29P) AppleWebKit/537.36 (KHTML, like Gecko) Chrome/125.0.6422.175 Mobile Safari/537.36 (compatible; GoogleOther)" 66.249.77.4
69.191.249.211 - - [19/Jun/2024:11:41:19 +0800] "GET /pressrelease.php HTTP/1.0" 200 368765 "-" "BLP_bbot/0.1" 69.191.249.211
121.237.36.29 - - [19/Jun/2024:11:41:22 +0800] "GET /favicon.ico HTTP/1.0" 404 9957 "-" "Dalvik/2.1.0 (Linux; U; Android 9.0; ZTE BA520 Build/MRA58K)" 121.237.36.29
