66.249.77.4 - - [19/Jun/2024:14:15:49 +0800] "GET /news/pdf/LTN20101021009.pdf HTTP/1.0" 200 159028 "-" "Mozilla/5.0 (Linux; Android 6.0.1; Nexus 5X Build/MMB29P) AppleWebKit/537.36 (KHTML, like Gecko) Chrome/125.0.6422.175 Mobile Safari/537.36 (compatible; GoogleOther)" 66.249.77.4
69.191.249.207 - - [19/Jun/2024:14:16:13 +0800] "GET /tc/pressrelease.php HTTP/1.0" 200 368714 "-" "BLP_bbot/0.1" 69.191.249.207
69.191.249.218 - - [19/Jun/2024:14:17:57 +0800] "GET /tc/annual_interim.php HTTP/1.0" 200 28903 "-" "BLP_bbot/0.1" 69.191.249.218
69.191.249.207 - - [19/Jun/2024:14:18:40 +0800] "GET /pressrelease.php HTTP/1.0" 200 368765 "-" "BLP_bbot/0.1" 69.191.249.207
69.191.249.210 - - [19/Jun/2024:14:19:18 +0800] "GET /annual_interim.php HTTP/1.0" 200 29165 "-" "BLP_bbot/0.1" 69.191.249.210
69.191.249.210 - - [19/Jun/2024:14:20:22 +0800] "GET /tc/pressrelease.php HTTP/1.0" 200 368714 "-" "BLP_bbot/0.1" 69.191.249.210
69.191.249.206 - - [19/Jun/2024:14:21:59 +0800] "GET /tc/annual_interim.php HTTP/1.0" 200 28903 "-" "BLP_bbot/0.1" 69.191.249.206
69.191.249.201 - - [19/Jun/2024:14:22:38 +0800] "GET /pressrelease.php HTTP/1.0" 200 368765 "-" "BLP_bbot/0.1" 69.191.249.201
69.191.249.221 - - [19/Jun/2024:14:23:18 +0800] "GET /annual_interim.php HTTP/1.0" 200 29165 "-" "BLP_bbot/0.1" 69.191.249.221
69.191.249.220 - - [19/Jun/2024:14:24:23 +0800] "GET /tc/pressrelease.php HTTP/1.0" 200 368714 "-" "BLP_bbot/0.1" 69.191.249.220
173.252.87.115 - - [19/Jun/2024:14:25:03 +0800] "GET /annual_interim.php HTTP/1.0" 200 29165 "-" "facebookexternalhit/1.1 (+http://www.facebook.com/externalhit_uatext.php)" 173.252.87.115
69.191.249.212 - - [19/Jun/2024:14:25:55 +0800] "GET /tc/annual_interim.php HTTP/1.0" 200 28903 "-" "BLP_bbot/0.1" 69.191.249.212
69.191.249.217 - - [19/Jun/2024:14:26:48 +0800] "GET /pressrelease.php HTTP/1.0" 200 368765 "-" "BLP_bbot/0.1" 69.191.249.217
66.249.77.4 - - [19/Jun/2024:14:27:03 +0800] "GET /tc/pressrelease.php/tc/news/news/2007/CWF0607101.pdf HTTP/1.0" 200 368714 "-" "Mozilla/5.0 (Linux; Android 6.0.1; Nexus 5X Build/MMB29P) AppleWebKit/537.36 (KHTML, like Gecko) Chrome/125.0.6422.175 Mobile Safari/537.36 (compatible; GoogleOther)" 66.249.77.4
69.191.249.212 - - [19/Jun/2024:14:27:28 +0800] "GET /annual_interim.php HTTP/1.0" 200 29165 "-" "BLP_bbot/0.1" 69.191.249.212
66.249.77.3 - - [19/Jun/2024:14:27:48 +0800] "GET / HTTP/1.0" 200 13829 "-" "Mozilla/5.0 (compatible; Googlebot/2.1; +http://www.google.com/bot.html)" 66.249.77.3
69.191.249.212 - - [19/Jun/2024:14:28:32 +0800] "GET /tc/pressrelease.php HTTP/1.0" 200 368714 "-" "BLP_bbot/0.1" 69.191.249.212
125.87.87.104 - - [19/Jun/2024:14:29:15 +0800] "GET /tc/pressrelease.php HTTP/1.0" 200 368714 "-" "Mozilla/5.0 (Macintosh; Intel Mac OS X 10_15_7) AppleWebKit/537.36 (KHTML, like Gecko) Chrome/109.0.0.0 Safari/537.36" 125.87.87.104
69.191.249.206 - - [19/Jun/2024:14:30:06 +0800] "GET /tc/annual_interim.php HTTP/1.0" 200 28903 "-" "BLP_bbot/0.1" 69.191.249.206
69.191.249.218 - - [19/Jun/2024:14:30:42 +0800] "GET /pressrelease.php HTTP/1.0" 200 368765 "-" "BLP_bbot/0.1" 69.191.249.218
69.191.249.220 - - [19/Jun/2024:14:31:37 +0800] "GET /annual_interim.php HTTP/1.0" 200 29165 "-" "BLP_bbot/0.1" 69.191.249.220
69.191.249.206 - - [19/Jun/2024:14:32:37 +0800] "GET /tc/pressrelease.php HTTP/1.0" 200 368714 "-" "BLP_bbot/0.1" 69.191.249.206
69.191.249.216 - - [19/Jun/2024:14:34:03 +0800] "GET /tc/annual_interim.php HTTP/1.0" 200 28903 "-" "BLP_bbot/0.1" 69.191.249.216
69.191.249.217 - - [19/Jun/2024:14:34:44 +0800] "GET /pressrelease.php HTTP/1.0" 200 368765 "-" "BLP_bbot/0.1" 69.191.249.217
69.191.249.212 - - [19/Jun/2024:14:35:40 +0800] "GET /annual_interim.php HTTP/1.0" 200 29165 "-" "BLP_bbot/0.1" 69.191.249.212
69.191.249.212 - - [19/Jun/2024:14:36:50 +0800] "GET /tc/pressrelease.php HTTP/1.0" 200 368714 "-" "BLP_bbot/0.1" 69.191.249.212
60.20.199.59 - - [19/Jun/2024:14:37:01 +0800] "GET / HTTP/1.0" 200 13829 "-" "Mozilla/5.0 (Macintosh; Intel Mac OS X 10_15_7) AppleWebKit/537.36 (KHTML, like Gecko) Chrome/109.0.0.0 Safari/537.36" 60.20.199.59
69.191.249.210 - - [19/Jun/2024:14:38:03 +0800] "GET /tc/annual_interim.php HTTP/1.0" 200 28903 "-" "BLP_bbot/0.1" 69.191.249.210
69.191.249.210 - - [19/Jun/2024:14:38:41 +0800] "GET /pressrelease.php HTTP/1.0" 200 368765 "-" "BLP_bbot/0.1" 69.191.249.210
69.191.249.212 - - [19/Jun/2024:14:39:29 +0800] "GET /annual_interim.php HTTP/1.0" 200 29165 "-" "BLP_bbot/0.1" 69.191.249.212
69.191.249.210 - - [19/Jun/2024:14:40:56 +0800] "GET /tc/pressrelease.php HTTP/1.0" 200 368714 "-" "BLP_bbot/0.1" 69.191.249.210
66.249.77.2 - - [19/Jun/2024:14:41:50 +0800] "GET / HTTP/1.0" 200 13829 "-" "Mozilla/5.0 (Linux; Android 6.0.1; Nexus 5X Build/MMB29P) AppleWebKit/537.36 (KHTML, like Gecko) Chrome/125.0.6422.175 Mobile Safari/537.36 (compatible; Googlebot/2.1; +http://www.google.com/bot.html)" 66.249.77.2
69.191.249.211 - - [19/Jun/2024:14:41:54 +0800] "GET /tc/annual_interim.php HTTP/1.0" 200 28903 "-" "BLP_bbot/0.1" 69.191.249.211
66.249.77.2 - - [19/Jun/2024:14:42:20 +0800] "GET /favicon.ico HTTP/1.0" 404 9957 "-" "Googlebot-Image/1.0" 66.249.77.2
69.191.249.218 - - [19/Jun/2024:14:42:36 +0800] "GET /pressrelease.php HTTP/1.0" 200 368765 "-" "BLP_bbot/0.1" 69.191.249.218
69.191.249.217 - - [19/Jun/2024:14:43:23 +0800] "GET /annual_interim.php HTTP/1.0" 200 29165 "-" "BLP_bbot/0.1" 69.191.249.217
66.249.69.67 - - [19/Jun/2024:14:43:50 +0800] "GET / HTTP/1.0" 200 13829 "-" "Mozilla/5.0 (compatible; Googlebot/2.1; +http://www.google.com/bot.html)" 66.249.69.67
69.191.249.201 - - [19/Jun/2024:14:45:07 +0800] "GET /tc/pressrelease.php HTTP/1.0" 200 368714 "-" "BLP_bbot/0.1" 69.191.249.201
69.191.249.206 - - [19/Jun/2024:14:46:01 +0800] "GET /tc/annual_interim.php HTTP/1.0" 200 28903 "-" "BLP_bbot/0.1" 69.191.249.206
69.191.249.216 - - [19/Jun/2024:14:46:27 +0800] "GET /pressrelease.php HTTP/1.0" 200 368765 "-" "BLP_bbot/0.1" 69.191.249.216
66.249.77.2 - - [19/Jun/2024:14:46:57 +0800] "GET /tc/pressrelease.php/tc/news/pdf/LTN201809031066_C.pdf HTTP/1.0" 200 368714 "-" "Mozilla/5.0 (Linux; Android 6.0.1; Nexus 5X Build/MMB29P) AppleWebKit/537.36 (KHTML, like Gecko) Chrome/125.0.6422.175 Mobile Safari/537.36 (compatible; GoogleOther)" 66.249.77.2
69.191.249.220 - - [19/Jun/2024:14:47:12 +0800] "GET /annual_interim.php HTTP/1.0" 200 29165 "-" "BLP_bbot/0.1" 69.191.249.220
69.191.249.216 - - [19/Jun/2024:14:49:11 +0800] "GET /tc/pressrelease.php HTTP/1.0" 200 368714 "-" "BLP_bbot/0.1" 69.191.249.216
69.191.249.210 - - [19/Jun/2024:14:50:11 +0800] "GET /tc/annual_interim.php HTTP/1.0" 200 28903 "-" "BLP_bbot/0.1" 69.191.249.210
69.191.249.211 - - [19/Jun/2024:14:50:29 +0800] "GET /pressrelease.php HTTP/1.0" 200 368765 "-" "BLP_bbot/0.1" 69.191.249.211
69.191.249.217 - - [19/Jun/2024:14:51:23 +0800] "GET /annual_interim.php HTTP/1.0" 200 29165 "-" "BLP_bbot/0.1" 69.191.249.217
66.249.77.2 - - [19/Jun/2024:14:52:34 +0800] "GET /tc/pressrelease.php/news/news/pdf/LTN20160805340_C.pdf HTTP/1.0" 200 368714 "-" "Mozilla/5.0 (Linux; Android 6.0.1; Nexus 5X Build/MMB29P) AppleWebKit/537.36 (KHTML, like Gecko) Chrome/125.0.6422.175 Mobile Safari/537.36 (compatible; GoogleOther)" 66.249.77.2
69.191.249.211 - - [19/Jun/2024:14:53:04 +0800] "GET /tc/pressrelease.php HTTP/1.0" 200 368714 "-" "BLP_bbot/0.1" 69.191.249.211
69.191.249.206 - - [19/Jun/2024:14:54:24 +0800] "GET /tc/annual_interim.php HTTP/1.0" 200 28903 "-" "BLP_bbot/0.1" 69.191.249.206
69.191.249.201 - - [19/Jun/2024:14:54:28 +0800] "GET /pressrelease.php HTTP/1.0" 200 368765 "-" "BLP_bbot/0.1" 69.191.249.201
69.191.249.206 - - [19/Jun/2024:14:55:27 +0800] "GET /annual_interim.php HTTP/1.0" 200 29165 "-" "BLP_bbot/0.1" 69.191.249.206
114.119.145.194 - - [19/Jun/2024:14:55:59 +0800] "GET /news/pdf/2020021000289.pdf HTTP/1.0" 200 379958 "http://1166hk.com/pressrelease.php" "Mozilla/5.0 (Linux; Android 7.0;) AppleWebKit/537.36 (KHTML, like Gecko) Mobile Safari/537.36 (compatible; PetalBot;+https://webmaster.petalsearch.com/site/petalbot)" 10.179.80.153, 114.119.145.194
69.191.249.212 - - [19/Jun/2024:14:57:00 +0800] "GET /tc/pressrelease.php HTTP/1.0" 200 368714 "-" "BLP_bbot/0.1" 69.191.249.212
69.191.249.219 - - [19/Jun/2024:14:58:27 +0800] "GET /pressrelease.php HTTP/1.0" 200 368765 "-" "BLP_bbot/0.1" 69.191.249.219
69.191.249.211 - - [19/Jun/2024:14:58:34 +0800] "GET /tc/annual_interim.php HTTP/1.0" 200 28903 "-" "BLP_bbot/0.1" 69.191.249.211
69.191.249.207 - - [19/Jun/2024:14:59:17 +0800] "GET /annual_interim.php HTTP/1.0" 200 29165 "-" "BLP_bbot/0.1" 69.191.249.207
66.249.77.4 - - [19/Jun/2024:15:00:48 +0800] "GET /tc/pressrelease.php/tc/news/pdf/news/2005/LTN20050628034_C.pdf HTTP/1.0" 200 368714 "-" "Mozilla/5.0 (Linux; Android 6.0.1; Nexus 5X Build/MMB29P) AppleWebKit/537.36 (KHTML, like Gecko) Chrome/125.0.6422.175 Mobile Safari/537.36 (compatible; GoogleOther)" 66.249.77.4
69.191.249.221 - - [19/Jun/2024:15:00:54 +0800] "GET /tc/pressrelease.php HTTP/1.0" 200 368714 "-" "BLP_bbot/0.1" 69.191.249.221
66.249.77.4 - - [19/Jun/2024:15:01:04 +0800] "GET /news/pdf/LTN20110601407.pdf HTTP/1.0" 200 60221 "-" "Mozilla/5.0 (Linux; Android 6.0.1; Nexus 5X Build/MMB29P) AppleWebKit/537.36 (KHTML, like Gecko) Chrome/125.0.6422.175 Mobile Safari/537.36 (compatible; Googlebot/2.1; +http://www.google.com/bot.html)" 66.249.77.4
69.191.249.206 - - [19/Jun/2024:15:02:34 +0800] "GET /pressrelease.php HTTP/1.0" 200 368765 "-" "BLP_bbot/0.1" 69.191.249.206
69.191.249.219 - - [19/Jun/2024:15:02:40 +0800] "GET /tc/annual_interim.php HTTP/1.0" 200 28903 "-" "BLP_bbot/0.1" 69.191.249.219
121.52.252.83 - - [19/Jun/2024:15:03:11 +0800] "GET / HTTP/1.0" 200 13829 "-" "Mozilla/5.0 (Windows NT 6.1; Win64; x64) AppleWebKit/537.36 (KHTML, like Gecko) Chrome/65.0.3325.181 Safari/537.36" 121.52.252.83
69.191.249.206 - - [19/Jun/2024:15:03:28 +0800] "GET /annual_interim.php HTTP/1.0" 200 29165 "-" "BLP_bbot/0.1" 69.191.249.206
49.0.231.208 - - [19/Jun/2024:15:04:31 +0800] "GET / HTTP/1.0" 200 13829 "-" "Mozilla/5.0 (Windows NT 10.0; WOW64) AppleWebKit/537.36 (KHTML, like Gecko) Chrome/92.0.4837.120 Safari/537.36" 49.0.231.208
69.191.249.217 - - [19/Jun/2024:15:04:54 +0800] "GET /tc/pressrelease.php HTTP/1.0" 200 368714 "-" "BLP_bbot/0.1" 69.191.249.217
66.249.77.3 - - [19/Jun/2024:15:05:06 +0800] "GET /news/pdf/LTN201903121035.pdf HTTP/1.0" 200 468602 "-" "Mozilla/5.0 (Linux; Android 6.0.1; Nexus 5X Build/MMB29P) AppleWebKit/537.36 (KHTML, like Gecko) Chrome/125.0.6422.175 Mobile Safari/537.36 (compatible; Googlebot/2.1; +http://www.google.com/bot.html)" 66.249.77.3
66.249.77.2 - - [19/Jun/2024:15:05:11 +0800] "GET /tc/tc/news/2007/C-20070928-01.pdf HTTP/1.0" 404 9957 "-" "Mozilla/5.0 (Linux; Android 6.0.1; Nexus 5X Build/MMB29P) AppleWebKit/537.36 (KHTML, like Gecko) Chrome/125.0.6422.175 Mobile Safari/537.36 (compatible; Googlebot/2.1; +http://www.google.com/bot.html)" 66.249.77.2
69.191.249.219 - - [19/Jun/2024:15:06:43 +0800] "GET /tc/annual_interim.php HTTP/1.0" 200 28903 "-" "BLP_bbot/0.1" 69.191.249.219
69.191.249.218 - - [19/Jun/2024:15:06:46 +0800] "GET /pressrelease.php HTTP/1.0" 200 368765 "-" "BLP_bbot/0.1" 69.191.249.218
69.191.249.218 - - [19/Jun/2024:15:07:31 +0800] "GET /annual_interim.php HTTP/1.0" 200 29165 "-" "BLP_bbot/0.1" 69.191.249.218
192.44.68.132 - - [19/Jun/2024:15:07:32 +0800] "GET /images/logo.gif HTTP/1.0" 200 3202 "-" "Mozilla/5.0 (X11; Ubuntu; Linux x86_64; rv:72.0) Gecko/20100101 Firefox/72.0" 192.44.68.132
69.191.249.219 - - [19/Jun/2024:15:09:04 +0800] "GET /tc/pressrelease.php HTTP/1.0" 200 368714 "-" "BLP_bbot/0.1" 69.191.249.219
42.236.17.88 - - [19/Jun/2024:15:10:21 +0800] "GET /index.php HTTP/1.0" 200 13829 "http://www.1166hk.com/index.php" "Mozilla/5.0 (Windows NT 6.1; WOW64) AppleWebKit/537.36 (KHTML, like Gecko) Chrome/50.0.2661.102 Safari/537.36; 360Spider" 42.236.17.88
69.191.249.201 - - [19/Jun/2024:15:10:38 +0800] "GET /tc/annual_interim.php HTTP/1.0" 200 28903 "-" "BLP_bbot/0.1" 69.191.249.201
69.191.249.221 - - [19/Jun/2024:15:10:39 +0800] "GET /pressrelease.php HTTP/1.0" 200 368765 "-" "BLP_bbot/0.1" 69.191.249.221
69.191.249.216 - - [19/Jun/2024:15:11:28 +0800] "GET /annual_interim.php HTTP/1.0" 200 29165 "-" "BLP_bbot/0.1" 69.191.249.216
66.249.77.2 - - [19/Jun/2024:15:12:03 +0800] "GET /tc/pressrelease.php/tc/tc/news/2008/C-20081230-02.pdf HTTP/1.0" 200 368714 "-" "Mozilla/5.0 (Linux; Android 6.0.1; Nexus 5X Build/MMB29P) AppleWebKit/537.36 (KHTML, like Gecko) Chrome/125.0.6422.175 Mobile Safari/537.36 (compatible; GoogleOther)" 66.249.77.2
69.191.249.219 - - [19/Jun/2024:15:13:06 +0800] "GET /tc/pressrelease.php HTTP/1.0" 200 368714 "-" "BLP_bbot/0.1" 69.191.249.219
42.236.17.48 - - [19/Jun/2024:15:14:27 +0800] "GET / HTTP/1.0" 200 13829 "http://1166hk.com/" "Mozilla/5.0 (Windows NT 6.1; WOW64) AppleWebKit/537.36 (KHTML, like Gecko) Chrome/50.0.2661.102 Safari/537.36; 360Spider" 42.236.17.48
69.191.249.201 - - [19/Jun/2024:15:14:28 +0800] "GET /tc/annual_interim.php HTTP/1.0" 200 28903 "-" "BLP_bbot/0.1" 69.191.249.201
69.191.249.212 - - [19/Jun/2024:15:14:51 +0800] "GET /pressrelease.php HTTP/1.0" 200 368765 "-" "BLP_bbot/0.1" 69.191.249.212
69.191.249.216 - - [19/Jun/2024:15:15:25 +0800] "GET /annual_interim.php HTTP/1.0" 200 29165 "-" "BLP_bbot/0.1" 69.191.249.216
69.191.249.221 - - [19/Jun/2024:15:17:05 +0800] "GET /tc/pressrelease.php HTTP/1.0" 200 368714 "-" "BLP_bbot/0.1" 69.191.249.221
66.249.77.4 - - [19/Jun/2024:15:17:16 +0800] "GET /board_comm.php HTTP/1.0" 200 12162 "-" "Mozilla/5.0 (Linux; Android 6.0.1; Nexus 5X Build/MMB29P) AppleWebKit/537.36 (KHTML, like Gecko) Chrome/125.0.6422.175 Mobile Safari/537.36 (compatible; Googlebot/2.1; +http://www.google.com/bot.html)" 66.249.77.4
69.191.249.217 - - [19/Jun/2024:15:18:27 +0800] "GET /tc/annual_interim.php HTTP/1.0" 200 28903 "-" "BLP_bbot/0.1" 69.191.249.217
69.191.249.216 - - [19/Jun/2024:15:19:02 +0800] "GET /pressrelease.php HTTP/1.0" 200 368765 "-" "BLP_bbot/0.1" 69.191.249.216
69.191.249.206 - - [19/Jun/2024:15:19:18 +0800] "GET /annual_interim.php HTTP/1.0" 200 29165 "-" "BLP_bbot/0.1" 69.191.249.206
77.75.77.62 - - [19/Jun/2024:15:19:47 +0800] "GET /robots.txt HTTP/1.0" 404 9957 "-" "Mozilla/5.0 (compatible; SeznamBot/4.0; +http://napoveda.seznam.cz/seznambot-intro/)" 77.75.77.62
77.75.77.62 - - [19/Jun/2024:15:19:47 +0800] "GET /memo.php HTTP/1.0" 200 11330 "-" "Mozilla/5.0 (compatible; SeznamBot/4.0; +http://napoveda.seznam.cz/seznambot-intro/)" 77.75.77.62
69.191.249.221 - - [19/Jun/2024:15:21:11 +0800] "GET /tc/pressrelease.php HTTP/1.0" 200 368714 "-" "BLP_bbot/0.1" 69.191.249.221
69.191.249.206 - - [19/Jun/2024:15:22:22 +0800] "GET /tc/annual_interim.php HTTP/1.0" 200 28903 "-" "BLP_bbot/0.1" 69.191.249.206
69.191.249.201 - - [19/Jun/2024:15:22:56 +0800] "GET /pressrelease.php HTTP/1.0" 200 368765 "-" "BLP_bbot/0.1" 69.191.249.201
69.191.249.219 - - [19/Jun/2024:15:23:10 +0800] "GET /annual_interim.php HTTP/1.0" 200 29165 "-" "BLP_bbot/0.1" 69.191.249.219
66.249.77.3 - - [19/Jun/2024:15:23:42 +0800] "GET /news/pdf/LTN20140225036_C.pdf HTTP/1.0" 200 1151096 "-" "Mozilla/5.0 (Linux; Android 6.0.1; Nexus 5X Build/MMB29P) AppleWebKit/537.36 (KHTML, like Gecko) Chrome/125.0.6422.175 Mobile Safari/537.36 (compatible; Googlebot/2.1; +http://www.google.com/bot.html)" 66.249.77.3
66.249.77.2 - - [19/Jun/2024:15:23:54 +0800] "GET /tc/pressrelease.php/tc/news/news/2008/C-20081230-04.pdf HTTP/1.0" 200 368714 "-" "Mozilla/5.0 (Linux; Android 6.0.1; Nexus 5X Build/MMB29P) AppleWebKit/537.36 (KHTML, like Gecko) Chrome/125.0.6422.175 Mobile Safari/537.36 (compatible; GoogleOther)" 66.249.77.2
69.191.249.201 - - [19/Jun/2024:15:25:24 +0800] "GET /tc/pressrelease.php HTTP/1.0" 200 368714 "-" "BLP_bbot/0.1" 69.191.249.201
114.119.130.33 - - [19/Jun/2024:15:26:13 +0800] "GET /news/pdf/LTN20151020198_C.pdf HTTP/1.0" 200 430744 "http://www.1166hk.com/tc/pressrelease.php" "Mozilla/5.0 (Linux; Android 7.0;) AppleWebKit/537.36 (KHTML, like Gecko) Mobile Safari/537.36 (compatible; PetalBot;+https://webmaster.petalsearch.com/site/petalbot)" 10.179.80.37, 114.119.130.33
42.236.17.117 - - [19/Jun/2024:15:26:15 +0800] "GET / HTTP/1.0" 200 13829 "http://www.1166hk.com/" "Mozilla/5.0 (Windows NT 6.1; WOW64) AppleWebKit/537.36 (KHTML, like Gecko) Chrome/50.0.2661.102 Safari/537.36; 360Spider" 42.236.17.117
69.191.249.218 - - [19/Jun/2024:15:26:30 +0800] "GET /tc/annual_interim.php HTTP/1.0" 200 28903 "-" "BLP_bbot/0.1" 69.191.249.218
40.77.167.65 - - [19/Jun/2024:15:26:34 +0800] "GET /news/pdf/LTN20170912289.pdf HTTP/1.0" 200 37468 "-" "Mozilla/5.0 AppleWebKit/537.36 (KHTML, like Gecko; compatible; bingbot/2.0; +http://www.bing.com/bingbot.htm) Chrome/116.0.1938.76 Safari/537.36" 40.77.167.65
66.249.77.3 - - [19/Jun/2024:15:26:39 +0800] "GET / HTTP/1.0" 200 13829 "-" "Mozilla/5.0 (compatible; Googlebot/2.1; +http://www.google.com/bot.html)" 66.249.77.3
69.191.249.221 - - [19/Jun/2024:15:26:47 +0800] "GET /pressrelease.php HTTP/1.0" 200 368765 "-" "BLP_bbot/0.1" 69.191.249.221
69.191.249.216 - - [19/Jun/2024:15:27:10 +0800] "GET /annual_interim.php HTTP/1.0" 200 29165 "-" "BLP_bbot/0.1" 69.191.249.216
114.119.141.71 - - [19/Jun/2024:15:27:40 +0800] "GET /news/pdf/LTN20140225041.pdf HTTP/1.0" 200 70249 "http://1166hk.com/pressrelease.php" "Mozilla/5.0 (Linux; Android 7.0;) AppleWebKit/537.36 (KHTML, like Gecko) Mobile Safari/537.36 (compatible; PetalBot;+https://webmaster.petalsearch.com/site/petalbot)" 10.179.80.147, 114.119.141.71
54.36.232.187 - - [19/Jun/2024:15:28:26 +0800] "GET /news/pdf/LTN20130227650_C.pdf HTTP/1.0" 200 1204142 "-" "Mozilla/5.0 (Windows NT 10.0; Win64; x64; rv:126.0) Gecko/20100101 Firefox/126.0" 54.36.232.187
162.19.226.146 - - [19/Jun/2024:15:28:59 +0800] "GET /tc/news/2004/CWF109.pdf HTTP/1.0" 200 53426 "-" "Mozilla/5.0 (Windows NT 10.0; Win64; x64) AppleWebKit/537.36 (KHTML, like Gecko) Chrome/125.0.0.0 Safari/537.36 Edg/125.0.2535.67" 162.19.226.146
113.228.98.107 - - [19/Jun/2024:15:29:01 +0800] "GET /tc/pressrelease.php HTTP/1.0" 200 368714 "-" "Mozilla/5.0 (Macintosh; Intel Mac OS X 10_15_7) AppleWebKit/537.36 (KHTML, like Gecko) Chrome/109.0.0.0 Safari/537.36" 113.228.98.107
89.58.51.171 - - [19/Jun/2024:15:29:04 +0800] "GET /news/pdf/2022100301327.pdf HTTP/1.0" 200 60499 "-" "Mozilla/5.0 (Windows NT 10.0; Win64; x64) AppleWebKit/537.36 (KHTML, like Gecko) Chrome/125.0.0.0 Safari/537.36" 89.58.51.171
114.119.138.183 - - [19/Jun/2024:15:29:06 +0800] "GET /news/pdf/LTN20101018200_C.pdf HTTP/1.0" 200 143141 "http://1166hk.com/tc/pressrelease.php" "Mozilla/5.0 (Linux; Android 7.0;) AppleWebKit/537.36 (KHTML, like Gecko) Mobile Safari/537.36 (compatible; PetalBot;+https://webmaster.petalsearch.com/site/petalbot)" 10.179.80.47, 114.119.138.183
67.83.107.36 - - [19/Jun/2024:15:29:11 +0800] "GET /tc/news/2009/C-20090710-01.pdf HTTP/1.0" 200 302606 "-" "Mozilla/5.0 (Windows NT 10.0; Win64; x64) AppleWebKit/537.36 (KHTML, like Gecko) Chrome/125.0.0.0 Safari/537.36 OPR/110.0.0.0" 67.83.107.36
135.181.31.125 - - [19/Jun/2024:15:29:19 +0800] "GET /news/pdf/LTN20110506715_C.pdf HTTP/1.0" 200 140366 "-" "Mozilla/5.0 (Windows NT 10.0; Win64; x64) AppleWebKit/537.36 (KHTML, like Gecko) Chrome/125.0.0.0 Safari/537.36 OPR/110.0.0.0" 135.181.31.125
69.191.249.217 - - [19/Jun/2024:15:29:24 +0800] "GET /tc/pressrelease.php HTTP/1.0" 200 368714 "-" "BLP_bbot/0.1" 69.191.249.217
37.120.189.199 - - [19/Jun/2024:15:29:25 +0800] "GET /news/pdf/LTN20150308026_C.pdf HTTP/1.0" 200 188270 "-" "Mozilla/5.0 (Windows NT 10.0; Win64; x64) AppleWebKit/537.36 (KHTML, like Gecko) Chrome/125.0.0.0 Safari/537.36" 37.120.189.199
78.94.254.26 - - [19/Jun/2024:15:29:27 +0800] "GET /tc/news/2007/C-20071217-01.pdf HTTP/1.0" 200 261104 "-" "Mozilla/5.0 (Windows NT 10.0; Win64; x64) AppleWebKit/537.36 (KHTML, like Gecko) Chrome/125.0.0.0 Safari/537.36 Edg/125.0.2535.67" 78.94.254.26
95.217.9.35 - - [19/Jun/2024:15:29:44 +0800] "GET /news/pdf/LTN20131022262_C.pdf HTTP/1.0" 200 190210 "-" "Mozilla/5.0 (Windows NT 10.0; Win64; x64) AppleWebKit/537.36 (KHTML, like Gecko) Chrome/125.0.0.0 Safari/537.36 Edg/125.0.2535.67" 95.217.9.35
65.109.109.110 - - [19/Jun/2024:15:29:48 +0800] "GET /news/pdf/2020102200407_c.pdf HTTP/1.0" 200 745393 "-" "Mozilla/5.0 (Windows NT 10.0; Win64; x64) AppleWebKit/537.36 (KHTML, like Gecko) Chrome/125.0.0.0 Safari/537.36 OPR/110.0.0.0" 65.109.109.110
65.109.109.110 - - [19/Jun/2024:15:30:28 +0800] "GET /news/pdf/2022110800599.pdf HTTP/1.0" 200 455440 "-" "Mozilla/5.0 (Windows NT 10.0; Win64; x64) AppleWebKit/537.36 (KHTML, like Gecko) Chrome/125.0.0.0 Safari/537.36" 65.109.109.110
69.191.249.218 - - [19/Jun/2024:15:30:29 +0800] "GET /tc/annual_interim.php HTTP/1.0" 200 28903 "-" "BLP_bbot/0.1" 69.191.249.218
54.36.232.187 - - [19/Jun/2024:15:30:33 +0800] "GET /news/pdf/LTN20150210168_C.pdf HTTP/1.0" 200 122430 "-" "Mozilla/5.0 (Windows NT 10.0; Win64; x64) AppleWebKit/537.36 (KHTML, like Gecko) Chrome/125.0.0.0 Safari/537.36" 54.36.232.187
135.181.31.125 - - [19/Jun/2024:15:30:36 +0800] "GET /news/pdf/LTN20100726627_C.pdf HTTP/1.0" 200 141618 "-" "Mozilla/5.0 (Windows NT 10.0; Win64; x64; rv:126.0) Gecko/20100101 Firefox/126.0" 135.181.31.125
69.191.249.219 - - [19/Jun/2024:15:30:58 +0800] "GET /pressrelease.php HTTP/1.0" 200 368765 "-" "BLP_bbot/0.1" 69.191.249.219
54.36.232.187 - - [19/Jun/2024:15:31:12 +0800] "GET /news/pdf/2022110900177.pdf HTTP/1.0" 200 452987 "-" "Mozilla/5.0 (Windows NT 10.0; Win64; x64; rv:126.0) Gecko/20100101 Firefox/126.0" 54.36.232.187
69.191.249.201 - - [19/Jun/2024:15:31:20 +0800] "GET /annual_interim.php HTTP/1.0" 200 29165 "-" "BLP_bbot/0.1" 69.191.249.201
70.108.9.176 - - [19/Jun/2024:15:31:38 +0800] "GET /news/pdf/2022102700427.pdf HTTP/1.0" 200 1659054 "-" "Mozilla/5.0 (Windows NT 10.0; Win64; x64) AppleWebKit/537.36 (KHTML, like Gecko) Chrome/125.0.0.0 Safari/537.36 OPR/110.0.0.0" 70.108.9.176
135.181.141.12 - - [19/Jun/2024:15:31:40 +0800] "GET /news/pdf/LTN20120507486_C.pdf HTTP/1.0" 200 173650 "-" "Mozilla/5.0 (Windows NT 10.0; Win64; x64) AppleWebKit/537.36 (KHTML, like Gecko) Chrome/125.0.0.0 Safari/537.36 OPR/110.0.0.0" 135.181.141.12
54.36.232.187 - - [19/Jun/2024:15:31:54 +0800] "GET /news/pdf/LTN20150416454_C.pdf HTTP/1.0" 200 655974 "-" "Mozilla/5.0 (Windows NT 10.0; Win64; x64) AppleWebKit/537.36 (KHTML, like Gecko) Chrome/125.0.0.0 Safari/537.36 Edg/125.0.2535.67" 54.36.232.187
95.217.1.198 - - [19/Jun/2024:15:31:54 +0800] "GET /news/pdf/LTN20160510339_C.pdf HTTP/1.0" 200 138283 "-" "Mozilla/5.0 (Windows NT 10.0; Win64; x64; rv:126.0) Gecko/20100101 Firefox/126.0" 95.217.1.198
89.58.48.103 - - [19/Jun/2024:15:32:00 +0800] "GET /news/pdf/LTN201708241050_C.pdf HTTP/1.0" 200 115233 "-" "Mozilla/5.0 (Windows NT 10.0; Win64; x64) AppleWebKit/537.36 (KHTML, like Gecko) Chrome/125.0.0.0 Safari/537.36 OPR/110.0.0.0" 89.58.48.103
152.53.46.88 - - [19/Jun/2024:15:32:48 +0800] "GET /news/pdf/LTN20171025192_C.pdf HTTP/1.0" 200 490492 "-" "Mozilla/5.0 (Windows NT 10.0; Win64; x64) AppleWebKit/537.36 (KHTML, like Gecko) Chrome/125.0.0.0 Safari/537.36 OPR/110.0.0.0" 152.53.46.88
69.191.249.221 - - [19/Jun/2024:15:33:25 +0800] "GET /tc/pressrelease.php HTTP/1.0" 200 368714 "-" "BLP_bbot/0.1" 69.191.249.221
94.177.106.87 - - [19/Jun/2024:15:33:35 +0800] "GET /news/pdf/2022092901748.pdf HTTP/1.0" 200 817030 "-" "Mozilla/5.0 (Windows NT 10.0; Win64; x64) AppleWebKit/537.36 (KHTML, like Gecko) Chrome/125.0.0.0 Safari/537.36 Edg/125.0.2535.67" 94.177.106.87
66.249.77.4 - - [19/Jun/2024:15:34:18 +0800] "GET / HTTP/1.0" 200 13829 "-" "Mozilla/5.0 (compatible; Googlebot/2.1; +http://www.google.com/bot.html)" 66.249.77.4
69.191.249.211 - - [19/Jun/2024:15:34:31 +0800] "GET /tc/annual_interim.php HTTP/1.0" 200 28903 "-" "BLP_bbot/0.1" 69.191.249.211
69.191.249.210 - - [19/Jun/2024:15:34:49 +0800] "GET /pressrelease.php HTTP/1.0" 200 368765 "-" "BLP_bbot/0.1" 69.191.249.210
54.36.232.187 - - [19/Jun/2024:15:35:05 +0800] "GET /tc/news/2005/LTN20051017084_C.pdf HTTP/1.0" 200 168467 "-" "Mozilla/5.0 (Windows NT 10.0; Win64; x64) AppleWebKit/537.36 (KHTML, like Gecko) Chrome/125.0.0.0 Safari/537.36 Edg/125.0.2535.67" 54.36.232.187
69.191.249.207 - - [19/Jun/2024:15:35:18 +0800] "GET /annual_interim.php HTTP/1.0" 200 29165 "-" "BLP_bbot/0.1" 69.191.249.207
65.21.136.254 - - [19/Jun/2024:15:36:41 +0800] "GET /news/pdf/2022110102142.pdf HTTP/1.0" 200 60501 "-" "Mozilla/5.0 (Windows NT 10.0; Win64; x64) AppleWebKit/537.36 (KHTML, like Gecko) Chrome/125.0.0.0 Safari/537.36 OPR/110.0.0.0" 65.21.136.254
125.70.210.215 - - [19/Jun/2024:15:37:22 +0800] "GET / HTTP/1.0" 200 13829 "-" "Mozilla/5.0 (Macintosh; Intel Mac OS X 10_15_7) AppleWebKit/537.36 (KHTML, like Gecko) Chrome/109.0.0.0 Safari/537.36" 125.70.210.215
69.191.249.207 - - [19/Jun/2024:15:37:35 +0800] "GET /tc/pressrelease.php HTTP/1.0" 200 368714 "-" "BLP_bbot/0.1" 69.191.249.207
69.191.249.220 - - [19/Jun/2024:15:38:39 +0800] "GET /tc/annual_interim.php HTTP/1.0" 200 28903 "-" "BLP_bbot/0.1" 69.191.249.220
149.56.241.154 - - [19/Jun/2024:15:38:48 +0800] "GET /news/pdf/LTN20100430544_C.pdf HTTP/1.0" 200 115052 "-" "Mozilla/5.0 (Windows NT 10.0; Win64; x64) AppleWebKit/537.36 (KHTML, like Gecko) Chrome/125.0.0.0 Safari/537.36" 149.56.241.154
69.191.249.217 - - [19/Jun/2024:15:39:00 +0800] "GET /pressrelease.php HTTP/1.0" 200 368765 "-" "BLP_bbot/0.1" 69.191.249.217
69.191.249.220 - - [19/Jun/2024:15:39:14 +0800] "GET /annual_interim.php HTTP/1.0" 200 29165 "-" "BLP_bbot/0.1" 69.191.249.220
152.53.32.161 - - [19/Jun/2024:15:39:48 +0800] "GET /tc/news/2007/C-20070813-01.pdf HTTP/1.0" 200 48885 "-" "Mozilla/5.0 (Windows NT 10.0; Win64; x64) AppleWebKit/537.36 (KHTML, like Gecko) Chrome/125.0.0.0 Safari/537.36" 152.53.32.161
176.9.137.113 - - [19/Jun/2024:15:40:33 +0800] "GET /news/pdf/LTN20100409294_C.pdf HTTP/1.0" 200 129994 "-" "Mozilla/5.0 (Windows NT 10.0; Win64; x64) AppleWebKit/537.36 (KHTML, like Gecko) Chrome/125.0.0.0 Safari/537.36 OPR/110.0.0.0" 176.9.137.113
66.249.77.3 - - [19/Jun/2024:15:40:43 +0800] "GET / HTTP/1.0" 200 13829 "-" "Mozilla/5.0 (Linux; Android 6.0.1; Nexus 5X Build/MMB29P) AppleWebKit/537.36 (KHTML, like Gecko) Chrome/125.0.6422.175 Mobile Safari/537.36 (compatible; Googlebot/2.1; +http://www.google.com/bot.html)" 66.249.77.3
69.191.249.211 - - [19/Jun/2024:15:41:38 +0800] "GET /tc/pressrelease.php HTTP/1.0" 200 368714 "-" "BLP_bbot/0.1" 69.191.249.211
141.40.176.234 - - [19/Jun/2024:15:42:00 +0800] "GET /news/pdf/2022110900171.pdf HTTP/1.0" 200 76183 "-" "Mozilla/5.0 (Windows NT 10.0; Win64; x64; rv:126.0) Gecko/20100101 Firefox/126.0" 141.40.176.234
69.191.249.212 - - [19/Jun/2024:15:42:41 +0800] "GET /tc/annual_interim.php HTTP/1.0" 200 28903 "-" "BLP_bbot/0.1" 69.191.249.212
69.191.249.217 - - [19/Jun/2024:15:43:06 +0800] "GET /pressrelease.php HTTP/1.0" 200 368765 "-" "BLP_bbot/0.1" 69.191.249.217
69.191.249.219 - - [19/Jun/2024:15:43:10 +0800] "GET /annual_interim.php HTTP/1.0" 200 29165 "-" "BLP_bbot/0.1" 69.191.249.219
114.119.138.183 - - [19/Jun/2024:15:43:13 +0800] "GET /news/pdf/LTN20161020263.pdf HTTP/1.0" 200 74752 "http://www.1166hk.com/pressrelease.php" "Mozilla/5.0 (Linux; Android 7.0;) AppleWebKit/537.36 (KHTML, like Gecko) Mobile Safari/537.36 (compatible; PetalBot;+https://webmaster.petalsearch.com/site/petalbot)" 10.179.80.225, 114.119.138.183
70.108.9.176 - - [19/Jun/2024:15:44:04 +0800] "GET /news/pdf/LTN20161020250_C.pdf HTTP/1.0" 200 274922 "-" "Mozilla/5.0 (Windows NT 10.0; Win64; x64) AppleWebKit/537.36 (KHTML, like Gecko) Chrome/125.0.0.0 Safari/537.36 Edg/125.0.2535.67" 70.108.9.176
54.36.232.187 - - [19/Jun/2024:15:44:36 +0800] "GET /news/pdf/LTN20160401470_C.pdf HTTP/1.0" 200 235228 "-" "Mozilla/5.0 (Windows NT 10.0; Win64; x64) AppleWebKit/537.36 (KHTML, like Gecko) Chrome/125.0.0.0 Safari/537.36" 54.36.232.187
114.119.141.71 - - [19/Jun/2024:15:44:36 +0800] "GET /news/pdf/2024031900371_c.pdf HTTP/1.0" 200 478772 "http://1166hk.com/tc/pressrelease.php" "Mozilla/5.0 (Linux; Android 7.0;) AppleWebKit/537.36 (KHTML, like Gecko) Mobile Safari/537.36 (compatible; PetalBot;+https://webmaster.petalsearch.com/site/petalbot)" 10.179.80.244, 114.119.141.71
69.191.249.219 - - [19/Jun/2024:15:45:34 +0800] "GET /tc/pressrelease.php HTTP/1.0" 200 368714 "-" "BLP_bbot/0.1" 69.191.249.219
65.109.109.110 - - [19/Jun/2024:15:45:49 +0800] "GET /news/pdf/LTN20171103654_C.pdf HTTP/1.0" 200 202705 "-" "Mozilla/5.0 (Windows NT 10.0; Win64; x64) AppleWebKit/537.36 (KHTML, like Gecko) Chrome/125.0.0.0 Safari/537.36 Edg/125.0.2535.67" 65.109.109.110
66.249.69.67 - - [19/Jun/2024:15:46:32 +0800] "GET / HTTP/1.0" 200 13829 "-" "Mozilla/5.0 (compatible; Googlebot/2.1; +http://www.google.com/bot.html)" 66.249.69.67
69.191.249.217 - - [19/Jun/2024:15:46:33 +0800] "GET /tc/annual_interim.php HTTP/1.0" 200 28903 "-" "BLP_bbot/0.1" 69.191.249.217
69.191.249.212 - - [19/Jun/2024:15:47:02 +0800] "GET /annual_interim.php HTTP/1.0" 200 29165 "-" "BLP_bbot/0.1" 69.191.249.212
18.236.111.169 - - [19/Jun/2024:15:47:08 +0800] "GET /robots.txt HTTP/1.0" 404 9957 "-" "Mozilla/5.0 (Linux; Android 6.0; HTC Onemini 2 Build/MRA58K) AppleWebKit/533.25 (KHTML, like Gecko) Chrome/53.0.3041.380 Mobile Safari/537.0" 18.236.111.169
18.236.111.169 - - [19/Jun/2024:15:47:08 +0800] "GET /news/2005/E_Solartech(AR).pdf HTTP/1.0" 200 353498 "-" "Mozilla/5.0 (Linux; U; Linux i650 ) AppleWebKit/601.11 (KHTML, like Gecko) Chrome/47.0.3996.206 Safari/536" 18.236.111.169
69.191.249.220 - - [19/Jun/2024:15:47:08 +0800] "GET /pressrelease.php HTTP/1.0" 200 368765 "-" "BLP_bbot/0.1" 69.191.249.220
69.191.249.221 - - [19/Jun/2024:15:49:42 +0800] "GET /tc/pressrelease.php HTTP/1.0" 200 368714 "-" "BLP_bbot/0.1" 69.191.249.221
69.191.249.217 - - [19/Jun/2024:15:50:37 +0800] "GET /tc/annual_interim.php HTTP/1.0" 200 28903 "-" "BLP_bbot/0.1" 69.191.249.217
69.191.249.207 - - [19/Jun/2024:15:51:07 +0800] "GET /pressrelease.php HTTP/1.0" 200 368765 "-" "BLP_bbot/0.1" 69.191.249.207
69.191.249.206 - - [19/Jun/2024:15:51:10 +0800] "GET /annual_interim.php HTTP/1.0" 200 29165 "-" "BLP_bbot/0.1" 69.191.249.206
113.8.244.210 - - [19/Jun/2024:15:51:18 +0800] "GET /plus/erraddsave.php HTTP/1.0" 404 9957 "-" "-" 113.8.244.210
77.75.77.62 - - [19/Jun/2024:15:52:49 +0800] "GET /E-WCTOR2022.pdf HTTP/1.0" 200 20872 "-" "Mozilla/5.0 (compatible; SeznamBot/4.0; +http://napoveda.seznam.cz/seznambot-intro/)" 77.75.77.62
70.108.9.176 - - [19/Jun/2024:15:53:34 +0800] "GET /news/pdf/2022050301587_c.pdf HTTP/1.0" 200 123490 "-" "Mozilla/5.0 (Windows NT 10.0; Win64; x64; rv:126.0) Gecko/20100101 Firefox/126.0" 70.108.9.176
69.191.249.206 - - [19/Jun/2024:15:53:54 +0800] "GET /tc/pressrelease.php HTTP/1.0" 200 368714 "-" "BLP_bbot/0.1" 69.191.249.206
69.191.249.218 - - [19/Jun/2024:15:54:27 +0800] "GET /tc/annual_interim.php HTTP/1.0" 200 28903 "-" "BLP_bbot/0.1" 69.191.249.218
69.191.249.221 - - [19/Jun/2024:15:54:57 +0800] "GET /pressrelease.php HTTP/1.0" 200 368765 "-" "BLP_bbot/0.1" 69.191.249.221
69.191.249.217 - - [19/Jun/2024:15:55:00 +0800] "GET /annual_interim.php HTTP/1.0" 200 29165 "-" "BLP_bbot/0.1" 69.191.249.217
35.95.128.206 - - [19/Jun/2024:15:55:07 +0800] "GET /robots.txt HTTP/1.0" 404 9957 "-" "Mozilla/5.0 (Linux x86_64) Gecko/20100101 Firefox/66.6" 35.95.128.206
35.95.128.206 - - [19/Jun/2024:15:55:25 +0800] "GET /news/pdf/LTN20160317182_C.pdf HTTP/1.0" 200 728775 "-" "Mozilla/5.0 (compatible; MSIE 11.0; Windows; U; Windows NT 6.0;; en-US Trident/7.0)" 35.95.128.206
180.102.110.169 - - [19/Jun/2024:15:56:22 +0800] "GET / HTTP/1.0" 200 13829 "-" "Sogou web spider/4.0(+http://www.sogou.com/docs/help/webmasters.htm#07)" 180.102.110.169
18.236.111.169 - - [19/Jun/2024:15:56:41 +0800] "GET /news/pdf/2024031900299.pdf HTTP/1.0" 200 70932 "-" "Mozilla/5.0 (iPhone; CPU iPhone OS 9_8_4; like Mac OS X) AppleWebKit/602.23 (KHTML, like Gecko) Chrome/51.0.3883.219 Mobile Safari/536.2" 18.236.111.169
65.109.109.110 - - [19/Jun/2024:15:57:02 +0800] "GET /news/pdf/LTN20170901424_C.pdf HTTP/1.0" 200 245082 "-" "Mozilla/5.0 (Windows NT 10.0; Win64; x64) AppleWebKit/537.36 (KHTML, like Gecko) Chrome/125.0.0.0 Safari/537.36 OPR/110.0.0.0" 65.109.109.110
54.36.232.187 - - [19/Jun/2024:15:57:28 +0800] "GET /news/pdf/LTN20190603973_C.pdf HTTP/1.0" 200 869497 "-" "Mozilla/5.0 (Windows NT 10.0; Win64; x64) AppleWebKit/537.36 (KHTML, like Gecko) Chrome/125.0.0.0 Safari/537.36 OPR/110.0.0.0" 54.36.232.187
69.191.249.201 - - [19/Jun/2024:15:57:44 +0800] "GET /tc/pressrelease.php HTTP/1.0" 200 368714 "-" "BLP_bbot/0.1" 69.191.249.201
69.191.249.206 - - [19/Jun/2024:15:58:35 +0800] "GET /tc/annual_interim.php HTTP/1.0" 200 28903 "-" "BLP_bbot/0.1" 69.191.249.206
69.191.249.219 - - [19/Jun/2024:15:58:50 +0800] "GET /annual_interim.php HTTP/1.0" 200 29165 "-" "BLP_bbot/0.1" 69.191.249.219
69.191.249.216 - - [19/Jun/2024:15:58:54 +0800] "GET /pressrelease.php HTTP/1.0" 200 368765 "-" "BLP_bbot/0.1" 69.191.249.216
54.36.232.187 - - [19/Jun/2024:15:59:18 +0800] "GET /news/pdf/LTN20101004537_C.pdf HTTP/1.0" 200 200144 "-" "Mozilla/5.0 (Windows NT 10.0; Win64; x64; rv:126.0) Gecko/20100101 Firefox/126.0" 54.36.232.187
5.255.91.93 - - [19/Jun/2024:15:59:20 +0800] "GET /tc/news/2009/C-20090513-01.pdf HTTP/1.0" 200 149036 "-" "Mozilla/5.0 (Windows NT 10.0; Win64; x64) AppleWebKit/537.36 (KHTML, like Gecko) Chrome/125.0.0.0 Safari/537.36" 5.255.91.93
18.236.111.169 - - [19/Jun/2024:15:59:22 +0800] "GET /news/pdf/2023120800532.pdf HTTP/1.0" 200 470197 "-" "Mozilla/5.0 (iPod; CPU iPod OS 9_9_1; like Mac OS X) AppleWebKit/534.45 (KHTML, like Gecko) Chrome/52.0.2982.187 Mobile Safari/536.7" 18.236.111.169
95.217.9.41 - - [19/Jun/2024:15:59:30 +0800] "GET /news/pdf/2020092901671_c.pdf HTTP/1.0" 200 1170881 "-" "Mozilla/5.0 (Windows NT 10.0; Win64; x64; rv:126.0) Gecko/20100101 Firefox/126.0" 95.217.9.41
45.123.203.250 - - [19/Jun/2024:16:00:13 +0800] "GET /tc/pressrelease.php HTTP/1.0" 200 368714 "-" "Mozilla/5.0 (Windows NT 6.1; Win64; x64) AppleWebKit/537.36 (KHTML, like Gecko) Chrome/73.0.3683.103 Safari/537.36" 45.123.203.250
69.191.249.219 - - [19/Jun/2024:16:01:46 +0800] "GET /tc/pressrelease.php HTTP/1.0" 200 368714 "-" "BLP_bbot/0.1" 69.191.249.219
85.17.4.153 - - [19/Jun/2024:16:01:54 +0800] "GET /tc/news/2009/C-20090731-01.pdf HTTP/1.0" 200 137908 "-" "Mozilla/5.0 (Windows NT 10.0; Win64; x64; rv:126.0) Gecko/20100101 Firefox/126.0" 85.17.4.153
69.191.249.220 - - [19/Jun/2024:16:02:45 +0800] "GET /tc/annual_interim.php HTTP/1.0" 200 28903 "-" "BLP_bbot/0.1" 69.191.249.220
69.191.249.201 - - [19/Jun/2024:16:02:46 +0800] "GET /annual_interim.php HTTP/1.0" 200 29165 "-" "BLP_bbot/0.1" 69.191.249.201
69.191.249.207 - - [19/Jun/2024:16:02:48 +0800] "GET /pressrelease.php HTTP/1.0" 200 368765 "-" "BLP_bbot/0.1" 69.191.249.207
121.52.252.84 - - [19/Jun/2024:16:03:09 +0800] "GET / HTTP/1.0" 200 13829 "-" "Mozilla/5.0 (Windows NT 6.1; Win64; x64) AppleWebKit/537.36 (KHTML, like Gecko) Chrome/65.0.3325.181 Safari/537.36" 121.52.252.84
35.95.128.206 - - [19/Jun/2024:16:01:19 +0800] "GET /news/pdf/LTN20171025176_C.pdf HTTP/1.0" 200 3565489 "-" "Mozilla/5.0 (Windows NT 10.5; x64; en-US) AppleWebKit/602.41 (KHTML, like Gecko) Chrome/50.0.3671.333 Safari/603" 35.95.128.206
18.236.111.169 - - [19/Jun/2024:16:03:44 +0800] "GET /news/2009/E-20090330-01.pdf HTTP/1.0" 200 499869 "-" "Mozilla/5.0 (Android; Android 5.1; SM-G928H Build/LRX22G) AppleWebKit/602.5 (KHTML, like Gecko) Chrome/47.0.1038.230 Mobile Safari/537.5" 18.236.111.169
35.95.128.206 - - [19/Jun/2024:16:04:15 +0800] "GET /news/pdf/LTN20130308425_C.pdf HTTP/1.0" 200 1606246 "-" "Mozilla/5.0 (Macintosh; U; Intel Mac OS X 10_8_1) AppleWebKit/600.37 (KHTML, like Gecko) Chrome/52.0.1195.155 Safari/533" 35.95.128.206
69.191.249.210 - - [19/Jun/2024:16:05:47 +0800] "GET /tc/pressrelease.php HTTP/1.0" 200 368714 "-" "BLP_bbot/0.1" 69.191.249.210
69.191.249.211 - - [19/Jun/2024:16:06:52 +0800] "GET /tc/annual_interim.php HTTP/1.0" 200 28903 "-" "BLP_bbot/0.1" 69.191.249.211
69.191.249.216 - - [19/Jun/2024:16:06:53 +0800] "GET /annual_interim.php HTTP/1.0" 200 29165 "-" "BLP_bbot/0.1" 69.191.249.216
69.191.249.217 - - [19/Jun/2024:16:06:58 +0800] "GET /pressrelease.php HTTP/1.0" 200 368765 "-" "BLP_bbot/0.1" 69.191.249.217
18.236.111.169 - - [19/Jun/2024:16:07:01 +0800] "GET /news/pdf/2023022700783.pdf HTTP/1.0" 200 698894 "-" "Mozilla/5.0 (Windows; U; Windows NT 10.4;) AppleWebKit/534.49 (KHTML, like Gecko) Chrome/55.0.1416.132 Safari/601.5 Edge/13.46846" 18.236.111.169
89.58.55.156 - - [19/Jun/2024:16:07:35 +0800] "GET /news/pdf/2022110900167.pdf HTTP/1.0" 200 229600 "-" "Mozilla/5.0 (Windows NT 10.0; Win64; x64; rv:126.0) Gecko/20100101 Firefox/126.0" 89.58.55.156
135.181.214.38 - - [19/Jun/2024:16:07:43 +0800] "GET /news/pdf/LTN20120416619_C.pdf HTTP/1.0" 200 974328 "-" "Mozilla/5.0 (Windows NT 10.0; Win64; x64) AppleWebKit/537.36 (KHTML, like Gecko) Chrome/125.0.0.0 Safari/537.36 Edg/125.0.2535.67" 135.181.214.38
135.181.141.11 - - [19/Jun/2024:16:08:43 +0800] "GET /news/pdf/LTN20151102572_C.pdf HTTP/1.0" 200 201105 "-" "Mozilla/5.0 (Windows NT 10.0; Win64; x64) AppleWebKit/537.36 (KHTML, like Gecko) Chrome/125.0.0.0 Safari/537.36" 135.181.141.11
35.95.128.206 - - [19/Jun/2024:16:09:14 +0800] "GET /news/pdf/2023090400832_c.pdf HTTP/1.0" 200 128239 "-" "Mozilla/5.0 (Linux; U; Linux i676 x86_64) AppleWebKit/535.5 (KHTML, like Gecko) Chrome/55.0.2595.288 Safari/600" 35.95.128.206
18.236.111.169 - - [19/Jun/2024:16:09:42 +0800] "GET /news/pdf/2024031900370.pdf HTTP/1.0" 200 478772 "-" "Mozilla/5.0 (Macintosh; Intel Mac OS X 9_8_6) Gecko/20100101 Firefox/74.8" 18.236.111.169
5.255.91.93 - - [19/Jun/2024:16:09:52 +0800] "GET /news/pdf/2022101300824.pdf HTTP/1.0" 200 446867 "-" "Mozilla/5.0 (Windows NT 10.0; Win64; x64) AppleWebKit/537.36 (KHTML, like Gecko) Chrome/125.0.0.0 Safari/537.36 Edg/125.0.2535.67" 5.255.91.93
69.191.249.201 - - [19/Jun/2024:16:10:00 +0800] "GET /tc/pressrelease.php HTTP/1.0" 200 368714 "-" "BLP_bbot/0.1" 69.191.249.201
176.9.137.113 - - [19/Jun/2024:16:10:28 +0800] "GET /news/pdf/2022110900175.pdf HTTP/1.0" 200 91337 "-" "Mozilla/5.0 (Windows NT 10.0; Win64; x64) AppleWebKit/537.36 (KHTML, like Gecko) Chrome/125.0.0.0 Safari/537.36 Edg/125.0.2535.67" 176.9.137.113
69.191.249.211 - - [19/Jun/2024:16:10:49 +0800] "GET /tc/annual_interim.php HTTP/1.0" 200 28903 "-" "BLP_bbot/0.1" 69.191.249.211
69.191.249.211 - - [19/Jun/2024:16:11:01 +0800] "GET /annual_interim.php HTTP/1.0" 200 29165 "-" "BLP_bbot/0.1" 69.191.249.211
69.191.249.216 - - [19/Jun/2024:16:11:01 +0800] "GET /pressrelease.php HTTP/1.0" 200 368765 "-" "BLP_bbot/0.1" 69.191.249.216
18.236.111.169 - - [19/Jun/2024:16:12:23 +0800] "GET /news/pdf/2024031900344_c.pdf HTTP/1.0" 200 572843 "-" "Mozilla/5.0 (compatible; MSIE 11.0; Windows; Windows NT 6.3; x64; en-US Trident/7.0)" 18.236.111.169
69.191.249.206 - - [19/Jun/2024:16:13:56 +0800] "GET /tc/pressrelease.php HTTP/1.0" 200 368714 "-" "BLP_bbot/0.1" 69.191.249.206
69.191.249.212 - - [19/Jun/2024:16:15:00 +0800] "GET /tc/annual_interim.php HTTP/1.0" 200 28903 "-" "BLP_bbot/0.1" 69.191.249.212
69.191.249.210 - - [19/Jun/2024:16:15:02 +0800] "GET /pressrelease.php HTTP/1.0" 200 368765 "-" "BLP_bbot/0.1" 69.191.249.210
69.191.249.220 - - [19/Jun/2024:16:15:11 +0800] "GET /annual_interim.php HTTP/1.0" 200 29165 "-" "BLP_bbot/0.1" 69.191.249.220
18.236.111.169 - - [19/Jun/2024:16:15:39 +0800] "GET /news/pdf/2024022800888_c.pdf HTTP/1.0" 200 981232 "-" "Mozilla/5.0 (Android; Android 7.1; LG-H930 Build/NRD90C) AppleWebKit/600.48 (KHTML, like Gecko) Chrome/53.0.1607.285 Mobile Safari/603.9" 18.236.111.169
173.252.83.23 - - [19/Jun/2024:16:16:20 +0800] "GET /links.php HTTP/1.0" 200 12422 "-" "facebookexternalhit/1.1 (+http://www.facebook.com/externalhit_uatext.php)" 173.252.83.23
69.191.249.219 - - [19/Jun/2024:16:17:46 +0800] "GET /tc/pressrelease.php HTTP/1.0" 200 368714 "-" "BLP_bbot/0.1" 69.191.249.219
66.249.77.4 - - [19/Jun/2024:16:18:17 +0800] "GET /tc/pressrelease.php/tc/news/news/2009/C-20090219-01.pdf HTTP/1.0" 200 368714 "-" "Mozilla/5.0 (Linux; Android 6.0.1; Nexus 5X Build/MMB29P) AppleWebKit/537.36 (KHTML, like Gecko) Chrome/125.0.6422.175 Mobile Safari/537.36 (compatible; Googlebot/2.1; +http://www.google.com/bot.html)" 66.249.77.4
69.191.249.206 - - [19/Jun/2024:16:19:00 +0800] "GET /annual_interim.php HTTP/1.0" 200 29165 "-" "BLP_bbot/0.1" 69.191.249.206
69.191.249.212 - - [19/Jun/2024:16:19:04 +0800] "GET /tc/annual_interim.php HTTP/1.0" 200 28903 "-" "BLP_bbot/0.1" 69.191.249.212
69.191.249.207 - - [19/Jun/2024:16:19:14 +0800] "GET /pressrelease.php HTTP/1.0" 200 368765 "-" "BLP_bbot/0.1" 69.191.249.207
18.236.111.169 - - [19/Jun/2024:16:18:43 +0800] "GET /news/pdf/LTN20151020189.pdf HTTP/1.0" 200 2170441 "-" "Mozilla/5.0 (Linux; Linux i643 x86_64) AppleWebKit/535.29 (KHTML, like Gecko) Chrome/49.0.3769.271 Safari/533" 18.236.111.169
135.181.31.125 - - [19/Jun/2024:16:21:15 +0800] "GET /news/pdf/2022092301109.pdf HTTP/1.0" 200 462389 "-" "Mozilla/5.0 (Windows NT 10.0; Win64; x64; rv:126.0) Gecko/20100101 Firefox/126.0" 135.181.31.125
18.236.111.169 - - [19/Jun/2024:16:21:23 +0800] "GET /news/pdf/2024022300974_c.pdf HTTP/1.0" 200 530370 "-" "Mozilla/5.0 (U; Linux i676 x86_64; en-US) Gecko/20100101 Firefox/69.5" 18.236.111.169
69.191.249.210 - - [19/Jun/2024:16:21:54 +0800] "GET /tc/pressrelease.php HTTP/1.0" 200 368714 "-" "BLP_bbot/0.1" 69.191.249.210
69.191.249.217 - - [19/Jun/2024:16:22:59 +0800] "GET /tc/annual_interim.php HTTP/1.0" 200 28903 "-" "BLP_bbot/0.1" 69.191.249.217
69.191.249.212 - - [19/Jun/2024:16:23:06 +0800] "GET /pressrelease.php HTTP/1.0" 200 368765 "-" "BLP_bbot/0.1" 69.191.249.212
69.191.249.206 - - [19/Jun/2024:16:23:06 +0800] "GET /annual_interim.php HTTP/1.0" 200 29165 "-" "BLP_bbot/0.1" 69.191.249.206
176.9.137.113 - - [19/Jun/2024:16:23:44 +0800] "GET /news/pdf/2020022701162_c.pdf HTTP/1.0" 200 1070768 "-" "Mozilla/5.0 (Windows NT 10.0; Win64; x64) AppleWebKit/537.36 (KHTML, like Gecko) Chrome/125.0.0.0 Safari/537.36 Edg/125.0.2535.67" 176.9.137.113
176.9.137.113 - - [19/Jun/2024:16:23:49 +0800] "GET /news/pdf/2022050401512_c.pdf HTTP/1.0" 200 506436 "-" "Mozilla/5.0 (Windows NT 10.0; Win64; x64; rv:126.0) Gecko/20100101 Firefox/126.0" 176.9.137.113
18.236.111.169 - - [19/Jun/2024:16:24:01 +0800] "GET /news/pdf/2023060102273_c.pdf HTTP/1.0" 200 125202 "-" "Mozilla/5.0 (compatible; MSIE 10.0; Windows NT 6.1; x64 Trident/6.0)" 18.236.111.169
135.181.214.38 - - [19/Jun/2024:16:24:45 +0800] "GET /news/pdf/LTN201407021058_C.pdf HTTP/1.0" 200 201334 "-" "Mozilla/5.0 (Windows NT 10.0; Win64; x64) AppleWebKit/537.36 (KHTML, like Gecko) Chrome/125.0.0.0 Safari/537.36" 135.181.214.38
66.249.77.4 - - [19/Jun/2024:16:25:07 +0800] "GET / HTTP/1.0" 200 13829 "-" "Mozilla/5.0 (compatible; Googlebot/2.1; +http://www.google.com/bot.html)" 66.249.77.4
69.191.249.220 - - [19/Jun/2024:16:25:57 +0800] "GET /tc/pressrelease.php HTTP/1.0" 200 368714 "-" "BLP_bbot/0.1" 69.191.249.220
69.191.249.210 - - [19/Jun/2024:16:26:48 +0800] "GET /tc/annual_interim.php HTTP/1.0" 200 28903 "-" "BLP_bbot/0.1" 69.191.249.210
69.191.249.212 - - [19/Jun/2024:16:27:07 +0800] "GET /annual_interim.php HTTP/1.0" 200 29165 "-" "BLP_bbot/0.1" 69.191.249.212
69.191.249.207 - - [19/Jun/2024:16:27:19 +0800] "GET /pressrelease.php HTTP/1.0" 200 368765 "-" "BLP_bbot/0.1" 69.191.249.207
69.171.230.4 - - [19/Jun/2024:16:27:49 +0800] "GET /company.php HTTP/1.0" 200 12986 "-" "facebookexternalhit/1.1 (+http://www.facebook.com/externalhit_uatext.php)" 69.171.230.4
175.155.180.11 - - [19/Jun/2024:16:29:30 +0800] "GET /tc/pressrelease.php HTTP/1.0" 200 368714 "-" "Mozilla/5.0 (Macintosh; Intel Mac OS X 10_15_7) AppleWebKit/537.36 (KHTML, like Gecko) Chrome/109.0.0.0 Safari/537.36" 175.155.180.11
69.191.249.211 - - [19/Jun/2024:16:30:10 +0800] "GET /tc/pressrelease.php HTTP/1.0" 200 368714 "-" "BLP_bbot/0.1" 69.191.249.211
54.36.232.187 - - [19/Jun/2024:16:30:10 +0800] "GET /tc/news/2008/C-20090109-01.pdf HTTP/1.0" 200 396067 "-" "Mozilla/5.0 (Windows NT 10.0; Win64; x64) AppleWebKit/537.36 (KHTML, like Gecko) Chrome/125.0.0.0 Safari/537.36 Edg/125.0.2535.67" 54.36.232.187
69.191.249.218 - - [19/Jun/2024:16:30:55 +0800] "GET /tc/annual_interim.php HTTP/1.0" 200 28903 "-" "BLP_bbot/0.1" 69.191.249.218
69.191.249.207 - - [19/Jun/2024:16:31:10 +0800] "GET /annual_interim.php HTTP/1.0" 200 29165 "-" "BLP_bbot/0.1" 69.191.249.207
69.191.249.220 - - [19/Jun/2024:16:31:28 +0800] "GET /pressrelease.php HTTP/1.0" 200 368765 "-" "BLP_bbot/0.1" 69.191.249.220
116.203.212.167 - - [19/Jun/2024:16:32:48 +0800] "GET /news/pdf/LTN20160331426_C.pdf HTTP/1.0" 200 176702 "-" "Mozilla/5.0 (Windows NT 10.0; Win64; x64) AppleWebKit/537.36 (KHTML, like Gecko) Chrome/125.0.0.0 Safari/537.36" 116.203.212.167
168.119.108.166 - - [19/Jun/2024:16:33:14 +0800] "GET /news/pdf/LTN20151201380_C.pdf HTTP/1.0" 200 201462 "-" "Mozilla/5.0 (Windows NT 10.0; Win64; x64) AppleWebKit/537.36 (KHTML, like Gecko) Chrome/125.0.0.0 Safari/537.36" 168.119.108.166
69.191.249.217 - - [19/Jun/2024:16:34:00 +0800] "GET /tc/pressrelease.php HTTP/1.0" 200 368714 "-" "BLP_bbot/0.1" 69.191.249.217
173.252.107.7 - - [19/Jun/2024:16:34:34 +0800] "GET /contact.php HTTP/1.0" 200 11082 "-" "Python/3.10 aiohttp/3.9.3" 173.252.107.7
69.191.249.217 - - [19/Jun/2024:16:35:06 +0800] "GET /tc/annual_interim.php HTTP/1.0" 200 28903 "-" "BLP_bbot/0.1" 69.191.249.217
69.191.249.216 - - [19/Jun/2024:16:35:08 +0800] "GET /annual_interim.php HTTP/1.0" 200 29165 "-" "BLP_bbot/0.1" 69.191.249.216
69.191.249.221 - - [19/Jun/2024:16:35:29 +0800] "GET /pressrelease.php HTTP/1.0" 200 368765 "-" "BLP_bbot/0.1" 69.191.249.221
65.109.109.110 - - [19/Jun/2024:16:37:55 +0800] "GET /news/pdf/LTN20161201460_C.pdf HTTP/1.0" 200 245260 "-" "Mozilla/5.0 (Windows NT 10.0; Win64; x64) AppleWebKit/537.36 (KHTML, like Gecko) Chrome/125.0.0.0 Safari/537.36 OPR/110.0.0.0" 65.109.109.110
119.41.205.136 - - [19/Jun/2024:16:38:04 +0800] "GET / HTTP/1.0" 200 13829 "-" "Mozilla/5.0 (Macintosh; Intel Mac OS X 10_15_7) AppleWebKit/537.36 (KHTML, like Gecko) Chrome/109.0.0.0 Safari/537.36" 119.41.205.136
69.191.249.212 - - [19/Jun/2024:16:38:12 +0800] "GET /tc/pressrelease.php HTTP/1.0" 200 368714 "-" "BLP_bbot/0.1" 69.191.249.212
69.191.249.201 - - [19/Jun/2024:16:39:07 +0800] "GET /annual_interim.php HTTP/1.0" 200 29165 "-" "BLP_bbot/0.1" 69.191.249.201
69.191.249.221 - - [19/Jun/2024:16:39:16 +0800] "GET /tc/annual_interim.php HTTP/1.0" 200 28903 "-" "BLP_bbot/0.1" 69.191.249.221
69.191.249.217 - - [19/Jun/2024:16:39:34 +0800] "GET /pressrelease.php HTTP/1.0" 200 368765 "-" "BLP_bbot/0.1" 69.191.249.217
66.249.77.4 - - [19/Jun/2024:16:40:23 +0800] "GET / HTTP/1.0" 200 13829 "-" "Mozilla/5.0 (Linux; Android 6.0.1; Nexus 5X Build/MMB29P) AppleWebKit/537.36 (KHTML, like Gecko) Chrome/125.0.6422.175 Mobile Safari/537.36 (compatible; Googlebot/2.1; +http://www.google.com/bot.html)" 66.249.77.4
69.191.249.221 - - [19/Jun/2024:16:42:15 +0800] "GET /tc/pressrelease.php HTTP/1.0" 200 368714 "-" "BLP_bbot/0.1" 69.191.249.221
69.191.249.219 - - [19/Jun/2024:16:42:59 +0800] "GET /annual_interim.php HTTP/1.0" 200 29165 "-" "BLP_bbot/0.1" 69.191.249.219
69.191.249.220 - - [19/Jun/2024:16:43:17 +0800] "GET /tc/annual_interim.php HTTP/1.0" 200 28903 "-" "BLP_bbot/0.1" 69.191.249.220
69.191.249.210 - - [19/Jun/2024:16:43:27 +0800] "GET /pressrelease.php HTTP/1.0" 200 368765 "-" "BLP_bbot/0.1" 69.191.249.210
66.249.77.2 - - [19/Jun/2024:16:45:28 +0800] "GET /tc/pressrelease.php/tc/news/notices.php HTTP/1.0" 200 368714 "-" "Mozilla/5.0 (Linux; Android 6.0.1; Nexus 5X Build/MMB29P) AppleWebKit/537.36 (KHTML, like Gecko) Chrome/125.0.6422.175 Mobile Safari/537.36 (compatible; Googlebot/2.1; +http://www.google.com/bot.html)" 66.249.77.2
69.191.249.212 - - [19/Jun/2024:16:46:14 +0800] "GET /tc/pressrelease.php HTTP/1.0" 200 368714 "-" "BLP_bbot/0.1" 69.191.249.212
95.217.5.33 - - [19/Jun/2024:16:46:28 +0800] "GET /news/pdf/2021090101192_c.pdf HTTP/1.0" 200 130661 "-" "Mozilla/5.0 (Windows NT 10.0; Win64; x64; rv:126.0) Gecko/20100101 Firefox/126.0" 95.217.5.33
69.191.249.219 - - [19/Jun/2024:16:46:57 +0800] "GET /annual_interim.php HTTP/1.0" 200 29165 "-" "BLP_bbot/0.1" 69.191.249.219
69.191.249.201 - - [19/Jun/2024:16:47:11 +0800] "GET /tc/annual_interim.php HTTP/1.0" 200 28903 "-" "BLP_bbot/0.1" 69.191.249.201
69.191.249.212 - - [19/Jun/2024:16:47:17 +0800] "GET /pressrelease.php HTTP/1.0" 200 368765 "-" "BLP_bbot/0.1" 69.191.249.212
66.249.77.4 - - [19/Jun/2024:16:47:19 +0800] "GET /news/pdf/LTN20120228529_C.pdf HTTP/1.0" 200 392885 "-" "Mozilla/5.0 (Linux; Android 6.0.1; Nexus 5X Build/MMB29P) AppleWebKit/537.36 (KHTML, like Gecko) Chrome/125.0.6422.175 Mobile Safari/537.36 (compatible; GoogleOther)" 66.249.77.4
116.179.32.218 - - [19/Jun/2024:16:48:58 +0800] "GET /news/pdf/LTN20170922762_C.pdf HTTP/1.0" 200 66608 "-" "Mozilla/5.0 (compatible; Baiduspider/2.0; +http://www.baidu.com/search/spider.html)" 116.179.32.218
69.191.249.207 - - [19/Jun/2024:16:50:05 +0800] "GET /tc/pressrelease.php HTTP/1.0" 200 368714 "-" "BLP_bbot/0.1" 69.191.249.207
69.191.249.217 - - [19/Jun/2024:16:51:01 +0800] "GET /annual_interim.php HTTP/1.0" 200 29165 "-" "BLP_bbot/0.1" 69.191.249.217
69.191.249.220 - - [19/Jun/2024:16:51:15 +0800] "GET /pressrelease.php HTTP/1.0" 200 368765 "-" "BLP_bbot/0.1" 69.191.249.220
69.191.249.211 - - [19/Jun/2024:16:51:17 +0800] "GET /tc/annual_interim.php HTTP/1.0" 200 28903 "-" "BLP_bbot/0.1" 69.191.249.211
66.249.69.66 - - [19/Jun/2024:16:53:28 +0800] "GET /news/pdf/2021092801094_c.pdf HTTP/1.0" 200 529117 "-" "Mozilla/5.0 (Linux; Android 6.0.1; Nexus 5X Build/MMB29P) AppleWebKit/537.36 (KHTML, like Gecko) Chrome/125.0.6422.175 Mobile Safari/537.36 (compatible; Googlebot/2.1; +http://www.google.com/bot.html)" 66.249.69.66
69.191.249.211 - - [19/Jun/2024:16:54:02 +0800] "GET /tc/pressrelease.php HTTP/1.0" 200 368714 "-" "BLP_bbot/0.1" 69.191.249.211
