69.191.249.217 - - [19/Jun/2024:11:41:35 +0800] "GET /tc/annual_interim.php HTTP/1.0" 200 28903 "-" "BLP_bbot/0.1" 69.191.249.217
121.237.36.30 - - [19/Jun/2024:11:42:34 +0800] "GET / HTTP/1.0" 200 13829 "-" "Mozilla/5.0 (Linux; Android 5.1.1; SM801 Build/LMY47V; wv) AppleWebKit/537.36 (KHTML, like Gecko) Version/4.0 Chrome/53.0.2785.49 Mobile MQQBrowser/6.2 TBS/043305 Safari/537.36 MicroMessenger/6.5.8.1060 NetType/WIFI Language/zh_CN" 121.237.36.30
69.191.249.211 - - [19/Jun/2024:11:43:03 +0800] "GET /annual_interim.php HTTP/1.0" 200 29165 "-" "BLP_bbot/0.1" 69.191.249.211
66.249.77.4 - - [19/Jun/2024:11:43:07 +0800] "GET /news/pdf/2022022200508.pdf HTTP/1.0" 200 462025 "-" "Mozilla/5.0 (Linux; Android 6.0.1; Nexus 5X Build/MMB29P) AppleWebKit/537.36 (KHTML, like Gecko) Chrome/125.0.6422.175 Mobile Safari/537.36 (compatible; GoogleOther)" 66.249.77.4
69.191.249.216 - - [19/Jun/2024:11:43:08 +0800] "GET /tc/pressrelease.php HTTP/1.0" 200 368714 "-" "BLP_bbot/0.1" 69.191.249.216
66.249.77.3 - - [19/Jun/2024:11:45:14 +0800] "GET /tc/pressrelease.php/tc/news/2008/news/2007/CW01166.pdf HTTP/1.0" 200 368714 "-" "Mozilla/5.0 (Linux; Android 6.0.1; Nexus 5X Build/MMB29P) AppleWebKit/537.36 (KHTML, like Gecko) Chrome/125.0.6422.175 Mobile Safari/537.36 (compatible; Googlebot/2.1; +http://www.google.com/bot.html)" 66.249.77.3
69.191.249.216 - - [19/Jun/2024:11:45:19 +0800] "GET /pressrelease.php HTTP/1.0" 200 368765 "-" "BLP_bbot/0.1" 69.191.249.216
69.191.249.221 - - [19/Jun/2024:11:45:27 +0800] "GET /tc/annual_interim.php HTTP/1.0" 200 28903 "-" "BLP_bbot/0.1" 69.191.249.221
69.191.249.201 - - [19/Jun/2024:11:47:15 +0800] "GET /annual_interim.php HTTP/1.0" 200 29165 "-" "BLP_bbot/0.1" 69.191.249.201
69.191.249.211 - - [19/Jun/2024:11:47:19 +0800] "GET /tc/pressrelease.php HTTP/1.0" 200 368714 "-" "BLP_bbot/0.1" 69.191.249.211
66.249.77.3 - - [19/Jun/2024:11:48:49 +0800] "GET /index.php HTTP/1.0" 200 13829 "-" "Mozilla/5.0 (Linux; Android 6.0.1; Nexus 5X Build/MMB29P) AppleWebKit/537.36 (KHTML, like Gecko) Chrome/125.0.6422.175 Mobile Safari/537.36 (compatible; Googlebot/2.1; +http://www.google.com/bot.html)" 66.249.77.3
69.191.249.219 - - [19/Jun/2024:11:49:22 +0800] "GET /pressrelease.php HTTP/1.0" 200 368765 "-" "BLP_bbot/0.1" 69.191.249.219
69.191.249.210 - - [19/Jun/2024:11:49:25 +0800] "GET /tc/annual_interim.php HTTP/1.0" 200 28903 "-" "BLP_bbot/0.1" 69.191.249.210
66.249.77.3 - - [19/Jun/2024:11:49:33 +0800] "GET /news/pdf/ltn20191101331.pdf HTTP/1.0" 200 69885 "-" "Mozilla/5.0 (Linux; Android 6.0.1; Nexus 5X Build/MMB29P) AppleWebKit/537.36 (KHTML, like Gecko) Chrome/125.0.6422.175 Mobile Safari/537.36 (compatible; GoogleOther)" 66.249.77.3
121.237.36.27 - - [19/Jun/2024:11:49:47 +0800] "GET / HTTP/1.0" 200 13829 "-" "Dalvik/2.1.0 (Linux; U; Android 9.0; ZTE BA520 Build/MRA58K)" 121.237.36.27
69.191.249.219 - - [19/Jun/2024:11:51:21 +0800] "GET /tc/pressrelease.php HTTP/1.0" 200 368714 "-" "BLP_bbot/0.1" 69.191.249.219
69.191.249.207 - - [19/Jun/2024:11:51:22 +0800] "GET /annual_interim.php HTTP/1.0" 200 29165 "-" "BLP_bbot/0.1" 69.191.249.207
69.191.249.218 - - [19/Jun/2024:11:53:17 +0800] "GET /pressrelease.php HTTP/1.0" 200 368765 "-" "BLP_bbot/0.1" 69.191.249.218
69.191.249.217 - - [19/Jun/2024:11:53:26 +0800] "GET /tc/annual_interim.php HTTP/1.0" 200 28903 "-" "BLP_bbot/0.1" 69.191.249.217
69.191.249.220 - - [19/Jun/2024:11:55:14 +0800] "GET /tc/pressrelease.php HTTP/1.0" 200 368714 "-" "BLP_bbot/0.1" 69.191.249.220
69.191.249.218 - - [19/Jun/2024:11:55:25 +0800] "GET /annual_interim.php HTTP/1.0" 200 29165 "-" "BLP_bbot/0.1" 69.191.249.218
66.249.77.3 - - [19/Jun/2024:11:55:43 +0800] "GET /tc/pressrelease.php/tc/news/memo.php HTTP/1.0" 200 368714 "-" "Mozilla/5.0 (Linux; Android 6.0.1; Nexus 5X Build/MMB29P) AppleWebKit/537.36 (KHTML, like Gecko) Chrome/125.0.6422.175 Mobile Safari/537.36 (compatible; GoogleOther)" 66.249.77.3
66.249.77.3 - - [19/Jun/2024:11:55:58 +0800] "GET /news/pdf/2022010301386.pdf HTTP/1.0" 200 62116 "-" "Mozilla/5.0 (Linux; Android 6.0.1; Nexus 5X Build/MMB29P) AppleWebKit/537.36 (KHTML, like Gecko) Chrome/125.0.6422.175 Mobile Safari/537.36 (compatible; GoogleOther)" 66.249.77.3
69.191.249.212 - - [19/Jun/2024:11:57:21 +0800] "GET /tc/annual_interim.php HTTP/1.0" 200 28903 "-" "BLP_bbot/0.1" 69.191.249.212
69.191.249.219 - - [19/Jun/2024:11:57:29 +0800] "GET /pressrelease.php HTTP/1.0" 200 368765 "-" "BLP_bbot/0.1" 69.191.249.219
69.191.249.221 - - [19/Jun/2024:11:59:15 +0800] "GET /annual_interim.php HTTP/1.0" 200 29165 "-" "BLP_bbot/0.1" 69.191.249.221
69.191.249.217 - - [19/Jun/2024:11:59:21 +0800] "GET /tc/pressrelease.php HTTP/1.0" 200 368714 "-" "BLP_bbot/0.1" 69.191.249.217
69.191.249.207 - - [19/Jun/2024:12:01:27 +0800] "GET /pressrelease.php HTTP/1.0" 200 368765 "-" "BLP_bbot/0.1" 69.191.249.207
69.191.249.221 - - [19/Jun/2024:12:01:29 +0800] "GET /tc/annual_interim.php HTTP/1.0" 200 28903 "-" "BLP_bbot/0.1" 69.191.249.221
66.249.77.3 - - [19/Jun/2024:12:02:24 +0800] "GET /news/pdf/LTN20140912191.pdf HTTP/1.0" 200 38975 "-" "Mozilla/5.0 (Linux; Android 6.0.1; Nexus 5X Build/MMB29P) AppleWebKit/537.36 (KHTML, like Gecko) Chrome/125.0.6422.175 Mobile Safari/537.36 (compatible; GoogleOther)" 66.249.77.3
8.134.97.72 - - [19/Jun/2024:12:03:05 +0800] "GET / HTTP/1.0" 200 13829 "-" "Mozilla/5.0 (Windows NT 6.1; Win64; x64) AppleWebKit/537.36 (KHTML, like Gecko) Chrome/65.0.3325.181 Safari/537.36" 8.134.97.72
69.191.249.201 - - [19/Jun/2024:12:03:22 +0800] "GET /tc/pressrelease.php HTTP/1.0" 200 368714 "-" "BLP_bbot/0.1" 69.191.249.201
69.191.249.212 - - [19/Jun/2024:12:03:26 +0800] "GET /annual_interim.php HTTP/1.0" 200 29165 "-" "BLP_bbot/0.1" 69.191.249.212
66.249.77.2 - - [19/Jun/2024:12:04:42 +0800] "GET /tc/pressrelease.php/news/news/2007/C_1166290807.pdf HTTP/1.0" 200 368714 "-" "Mozilla/5.0 (Linux; Android 6.0.1; Nexus 5X Build/MMB29P) AppleWebKit/537.36 (KHTML, like Gecko) Chrome/125.0.6422.175 Mobile Safari/537.36 (compatible; Googlebot/2.1; +http://www.google.com/bot.html)" 66.249.77.2
69.191.249.217 - - [19/Jun/2024:12:05:27 +0800] "GET /pressrelease.php HTTP/1.0" 200 368765 "-" "BLP_bbot/0.1" 69.191.249.217
69.191.249.207 - - [19/Jun/2024:12:05:40 +0800] "GET /tc/annual_interim.php HTTP/1.0" 200 28903 "-" "BLP_bbot/0.1" 69.191.249.207
69.191.249.219 - - [19/Jun/2024:12:07:19 +0800] "GET /tc/pressrelease.php HTTP/1.0" 200 368714 "-" "BLP_bbot/0.1" 69.191.249.219
69.191.249.201 - - [19/Jun/2024:12:07:37 +0800] "GET /annual_interim.php HTTP/1.0" 200 29165 "-" "BLP_bbot/0.1" 69.191.249.201
66.249.77.3 - - [19/Jun/2024:12:08:50 +0800] "GET /news/pdf/LTN20140225037.pdf HTTP/1.0" 200 57532 "-" "Mozilla/5.0 (Linux; Android 6.0.1; Nexus 5X Build/MMB29P) AppleWebKit/537.36 (KHTML, like Gecko) Chrome/125.0.6422.175 Mobile Safari/537.36 (compatible; GoogleOther)" 66.249.77.3
69.191.249.201 - - [19/Jun/2024:12:09:38 +0800] "GET /pressrelease.php HTTP/1.0" 200 368765 "-" "BLP_bbot/0.1" 69.191.249.201
69.191.249.219 - - [19/Jun/2024:12:09:39 +0800] "GET /tc/annual_interim.php HTTP/1.0" 200 28903 "-" "BLP_bbot/0.1" 69.191.249.219
119.13.107.77 - - [19/Jun/2024:12:10:34 +0800] "GET /news/pdf/LTN20101026208_C.pdf HTTP/1.0" 200 270431 "-" "Mozilla/5.0 (Windows NT 10.0; Win64; x64) AppleWebKit/537.36 (KHTML, like Gecko) Chrome/107.0.0.0 Safari/537.36" 119.13.107.77
66.249.77.5 - - [19/Jun/2024:12:10:43 +0800] "GET /tc/pressrelease.php/tc/news/company.php HTTP/1.0" 200 368714 "-" "Mozilla/5.0 (Linux; Android 6.0.1; Nexus 5X Build/MMB29P) AppleWebKit/537.36 (KHTML, like Gecko) Chrome/125.0.6422.175 Mobile Safari/537.36 (compatible; GoogleOther)" 66.249.77.5
223.72.29.196 - - [19/Jun/2024:12:11:26 +0800] "GET /news/pdf/LTN20120319410_C.pdf HTTP/1.0" 200 252398 "http://www.1166hk.com/tc/pressrelease.php" "Mozilla/5.0 (Linux; Android 9; V1924A Build/PKQ1.190714.001; wv) AppleWebKit/537.36 (KHTML, like Gecko) Chrome/58.0.4342.89 Mobile Safari/537.36 VivoBrowser/6.7.12.0" 223.72.29.196
69.191.249.220 - - [19/Jun/2024:12:11:29 +0800] "GET /tc/pressrelease.php HTTP/1.0" 200 368714 "-" "BLP_bbot/0.1" 69.191.249.220
69.191.249.207 - - [19/Jun/2024:12:11:41 +0800] "GET /annual_interim.php HTTP/1.0" 200 29165 "-" "BLP_bbot/0.1" 69.191.249.207
69.191.249.219 - - [19/Jun/2024:12:13:30 +0800] "GET /pressrelease.php HTTP/1.0" 200 368765 "-" "BLP_bbot/0.1" 69.191.249.219
69.191.249.211 - - [19/Jun/2024:12:13:32 +0800] "GET /tc/annual_interim.php HTTP/1.0" 200 28903 "-" "BLP_bbot/0.1" 69.191.249.211
66.249.77.4 - - [19/Jun/2024:12:15:16 +0800] "GET /tc/pressrelease.php/tc/news/pdf/LTN20140416592_C.pdf HTTP/1.0" 200 368714 "-" "Mozilla/5.0 (Linux; Android 6.0.1; Nexus 5X Build/MMB29P) AppleWebKit/537.36 (KHTML, like Gecko) Chrome/125.0.6422.175 Mobile Safari/537.36 (compatible; GoogleOther)" 66.249.77.4
69.191.249.210 - - [19/Jun/2024:12:15:32 +0800] "GET /annual_interim.php HTTP/1.0" 200 29165 "-" "BLP_bbot/0.1" 69.191.249.210
69.191.249.217 - - [19/Jun/2024:12:15:41 +0800] "GET /tc/pressrelease.php HTTP/1.0" 200 368714 "-" "BLP_bbot/0.1" 69.191.249.217
69.191.249.210 - - [19/Jun/2024:12:17:26 +0800] "GET /pressrelease.php HTTP/1.0" 200 368765 "-" "BLP_bbot/0.1" 69.191.249.210
69.191.249.220 - - [19/Jun/2024:12:17:42 +0800] "GET /tc/annual_interim.php HTTP/1.0" 200 28903 "-" "BLP_bbot/0.1" 69.191.249.220
69.191.249.207 - - [19/Jun/2024:12:19:43 +0800] "GET /annual_interim.php HTTP/1.0" 200 29165 "-" "BLP_bbot/0.1" 69.191.249.207
173.252.83.115 - - [19/Jun/2024:12:19:51 +0800] "GET /tc/index.php HTTP/1.0" 200 13641 "-" "facebookexternalhit/1.1 (+http://www.facebook.com/externalhit_uatext.php)" 173.252.83.115
69.191.249.212 - - [19/Jun/2024:12:19:52 +0800] "GET /tc/pressrelease.php HTTP/1.0" 200 368714 "-" "BLP_bbot/0.1" 69.191.249.212
69.191.249.206 - - [19/Jun/2024:12:21:31 +0800] "GET /pressrelease.php HTTP/1.0" 200 368765 "-" "BLP_bbot/0.1" 69.191.249.206
66.249.77.3 - - [19/Jun/2024:12:21:42 +0800] "GET /tc/pressrelease.php/tc/news/news/2009/C-20090304-01.pdf HTTP/1.0" 200 368714 "-" "Mozilla/5.0 (Linux; Android 6.0.1; Nexus 5X Build/MMB29P) AppleWebKit/537.36 (KHTML, like Gecko) Chrome/125.0.6422.175 Mobile Safari/537.36 (compatible; GoogleOther)" 66.249.77.3
69.191.249.201 - - [19/Jun/2024:12:21:54 +0800] "GET /tc/annual_interim.php HTTP/1.0" 200 28903 "-" "BLP_bbot/0.1" 69.191.249.201
69.191.249.207 - - [19/Jun/2024:12:23:33 +0800] "GET /annual_interim.php HTTP/1.0" 200 29165 "-" "BLP_bbot/0.1" 69.191.249.207
69.191.249.207 - - [19/Jun/2024:12:24:01 +0800] "GET /tc/pressrelease.php HTTP/1.0" 200 368714 "-" "BLP_bbot/0.1" 69.191.249.207
114.119.145.194 - - [19/Jun/2024:12:24:23 +0800] "GET /news/pdf/LTN20120416628.pdf HTTP/1.0" 200 64823 "http://www.1166hk.com/pressrelease.php" "Mozilla/5.0 (Linux; Android 7.0;) AppleWebKit/537.36 (KHTML, like Gecko) Mobile Safari/537.36 (compatible; PetalBot;+https://webmaster.petalsearch.com/site/petalbot)" 10.179.80.120, 114.119.145.194
69.191.249.212 - - [19/Jun/2024:12:25:31 +0800] "GET /pressrelease.php HTTP/1.0" 200 368765 "-" "BLP_bbot/0.1" 69.191.249.212
114.119.155.78 - - [19/Jun/2024:12:25:41 +0800] "GET /news/pdf/LTN20110128542_C.pdf HTTP/1.0" 200 166514 "http://www.1166hk.com/tc/pressrelease.php" "Mozilla/5.0 (Linux; Android 7.0;) AppleWebKit/537.36 (KHTML, like Gecko) Mobile Safari/537.36 (compatible; PetalBot;+https://webmaster.petalsearch.com/site/petalbot)" 10.179.80.186, 114.119.155.78
66.249.77.3 - - [19/Jun/2024:12:25:43 +0800] "GET /tc/pressrelease.php/tc/news/news/2006/LTN20060525060_C.xls HTTP/1.0" 200 368714 "-" "Mozilla/5.0 (Linux; Android 6.0.1; Nexus 5X Build/MMB29P) AppleWebKit/537.36 (KHTML, like Gecko) Chrome/125.0.6422.175 Mobile Safari/537.36 (compatible; GoogleOther)" 66.249.77.3
69.191.249.201 - - [19/Jun/2024:12:25:52 +0800] "GET /tc/annual_interim.php HTTP/1.0" 200 28903 "-" "BLP_bbot/0.1" 69.191.249.201
69.191.249.216 - - [19/Jun/2024:12:27:27 +0800] "GET /annual_interim.php HTTP/1.0" 200 29165 "-" "BLP_bbot/0.1" 69.191.249.216
69.191.249.218 - - [19/Jun/2024:12:27:58 +0800] "GET /tc/pressrelease.php HTTP/1.0" 200 368714 "-" "BLP_bbot/0.1" 69.191.249.218
66.249.77.3 - - [19/Jun/2024:12:28:07 +0800] "GET /news/pdf/2021060102170.pdf HTTP/1.0" 200 58788 "-" "Mozilla/5.0 (Linux; Android 6.0.1; Nexus 5X Build/MMB29P) AppleWebKit/537.36 (KHTML, like Gecko) Chrome/125.0.6422.175 Mobile Safari/537.36 (compatible; GoogleOther)" 66.249.77.3
114.119.137.174 - - [19/Jun/2024:12:28:26 +0800] "GET /tc/news/2006/LTN20061005100_C.htm HTTP/1.0" 200 3939 "http://1166hk.com/tc/pressrelease.php" "Mozilla/5.0 (Linux; Android 7.0;) AppleWebKit/537.36 (KHTML, like Gecko) Mobile Safari/537.36 (compatible; PetalBot;+https://webmaster.petalsearch.com/site/petalbot)" 10.179.80.44, 114.119.137.174
220.160.254.12 - - [19/Jun/2024:12:29:03 +0800] "GET /tc/pressrelease.php HTTP/1.0" 200 368714 "-" "Mozilla/5.0 (Macintosh; Intel Mac OS X 10_15_7) AppleWebKit/537.36 (KHTML, like Gecko) Chrome/109.0.0.0 Safari/537.36" 220.160.254.12
69.191.249.211 - - [19/Jun/2024:12:29:22 +0800] "GET /pressrelease.php HTTP/1.0" 200 368765 "-" "BLP_bbot/0.1" 69.191.249.211
114.119.155.78 - - [19/Jun/2024:12:29:45 +0800] "GET /news/2008/E-20080516-01.pdf HTTP/1.0" 200 109747 "http://1166hk.com/pressrelease.php" "Mozilla/5.0 (Linux; Android 7.0;) AppleWebKit/537.36 (KHTML, like Gecko) Mobile Safari/537.36 (compatible; PetalBot;+https://webmaster.petalsearch.com/site/petalbot)" 10.179.80.250, 114.119.155.78
69.191.249.207 - - [19/Jun/2024:12:29:50 +0800] "GET /tc/annual_interim.php HTTP/1.0" 200 28903 "-" "BLP_bbot/0.1" 69.191.249.207
3.87.99.251 - - [19/Jun/2024:12:30:43 +0800] "GET /annual_interim.php HTTP/1.0" 200 29165 "-" "Mozilla/5.0 (X11; Linux x86_64) AppleWebKit/537.36 (KHTML, like Gecko) Chrome/60.0.3112.50 Safari/537.36" 3.87.99.251
3.87.99.251 - - [19/Jun/2024:12:30:52 +0800] "GET /company.php HTTP/1.0" 200 12986 "-" "Mozilla/5.0 (X11; Linux x86_64) AppleWebKit/537.36 (KHTML, like Gecko) Chrome/60.0.3112.50 Safari/537.36" 3.87.99.251
3.87.99.251 - - [19/Jun/2024:12:30:53 +0800] "GET /board_comm.php HTTP/1.0" 200 12162 "-" "Mozilla/5.0 (X11; Linux x86_64) AppleWebKit/537.36 (KHTML, like Gecko) Chrome/60.0.3112.50 Safari/537.36" 3.87.99.251
3.87.99.251 - - [19/Jun/2024:12:30:54 +0800] "GET /memo.php HTTP/1.0" 200 11330 "-" "Mozilla/5.0 (X11; Linux x86_64) AppleWebKit/537.36 (KHTML, like Gecko) Chrome/60.0.3112.50 Safari/537.36" 3.87.99.251
3.87.99.251 - - [19/Jun/2024:12:30:55 +0800] "GET /pressrelease.php HTTP/1.0" 200 368765 "-" "Mozilla/5.0 (X11; Linux x86_64) AppleWebKit/537.36 (KHTML, like Gecko) Chrome/60.0.3112.50 Safari/537.36" 3.87.99.251
3.87.99.251 - - [19/Jun/2024:12:30:55 +0800] "GET /common.css HTTP/1.0" 200 2745 "http://www.1166hk.com/pressrelease.php" "Mozilla/5.0 (X11; Linux x86_64) AppleWebKit/537.36 (KHTML, like Gecko) Chrome/60.0.3112.50 Safari/537.36" 3.87.99.251
3.87.99.251 - - [19/Jun/2024:12:30:55 +0800] "GET /iesuck.js HTTP/1.0" 200 877 "http://www.1166hk.com/pressrelease.php" "Mozilla/5.0 (X11; Linux x86_64) AppleWebKit/537.36 (KHTML, like Gecko) Chrome/60.0.3112.50 Safari/537.36" 3.87.99.251
3.87.99.251 - - [19/Jun/2024:12:30:55 +0800] "GET /images/bt_home.gif HTTP/1.0" 200 452 "http://www.1166hk.com/pressrelease.php" "Mozilla/5.0 (X11; Linux x86_64) AppleWebKit/537.36 (KHTML, like Gecko) Chrome/60.0.3112.50 Safari/537.36" 3.87.99.251
3.87.99.251 - - [19/Jun/2024:12:30:55 +0800] "GET /images/heading1.jpg HTTP/1.0" 200 21104 "http://www.1166hk.com/pressrelease.php" "Mozilla/5.0 (X11; Linux x86_64) AppleWebKit/537.36 (KHTML, like Gecko) Chrome/60.0.3112.50 Safari/537.36" 3.87.99.251
3.87.99.251 - - [19/Jun/2024:12:30:56 +0800] "GET /images/web-1_04.gif HTTP/1.0" 200 311 "http://www.1166hk.com/pressrelease.php" "Mozilla/5.0 (X11; Linux x86_64) AppleWebKit/537.36 (KHTML, like Gecko) Chrome/60.0.3112.50 Safari/537.36" 3.87.99.251
3.87.99.251 - - [19/Jun/2024:12:30:56 +0800] "GET /images/bt_contact.gif HTTP/1.0" 200 565 "http://www.1166hk.com/pressrelease.php" "Mozilla/5.0 (X11; Linux x86_64) AppleWebKit/537.36 (KHTML, like Gecko) Chrome/60.0.3112.50 Safari/537.36" 3.87.99.251
3.87.99.251 - - [19/Jun/2024:12:30:56 +0800] "GET /images/bt_eng_sel.gif HTTP/1.0" 200 710 "http://www.1166hk.com/pressrelease.php" "Mozilla/5.0 (X11; Linux x86_64) AppleWebKit/537.36 (KHTML, like Gecko) Chrome/60.0.3112.50 Safari/537.36" 3.87.99.251
3.87.99.251 - - [19/Jun/2024:12:30:56 +0800] "GET /images/bt_chin.gif HTTP/1.0" 200 566 "http://www.1166hk.com/pressrelease.php" "Mozilla/5.0 (X11; Linux x86_64) AppleWebKit/537.36 (KHTML, like Gecko) Chrome/60.0.3112.50 Safari/537.36" 3.87.99.251
3.87.99.251 - - [19/Jun/2024:12:30:56 +0800] "GET /images/spacer.gif HTTP/1.0" 200 301 "http://www.1166hk.com/pressrelease.php" "Mozilla/5.0 (X11; Linux x86_64) AppleWebKit/537.36 (KHTML, like Gecko) Chrome/60.0.3112.50 Safari/537.36" 3.87.99.251
3.87.99.251 - - [19/Jun/2024:12:30:56 +0800] "GET /images/heading-pressrelease.gif HTTP/1.0" 200 1802 "http://www.1166hk.com/pressrelease.php" "Mozilla/5.0 (X11; Linux x86_64) AppleWebKit/537.36 (KHTML, like Gecko) Chrome/60.0.3112.50 Safari/537.36" 3.87.99.251
3.87.99.251 - - [19/Jun/2024:12:30:56 +0800] "GET /images/acrobat-icon.gif HTTP/1.0" 200 1305 "http://www.1166hk.com/pressrelease.php" "Mozilla/5.0 (X11; Linux x86_64) AppleWebKit/537.36 (KHTML, like Gecko) Chrome/60.0.3112.50 Safari/537.36" 3.87.99.251
3.87.99.251 - - [19/Jun/2024:12:30:56 +0800] "GET /images/logo.gif HTTP/1.0" 200 3202 "http://www.1166hk.com/pressrelease.php" "Mozilla/5.0 (X11; Linux x86_64) AppleWebKit/537.36 (KHTML, like Gecko) Chrome/60.0.3112.50 Safari/537.36" 3.87.99.251
3.87.99.251 - - [19/Jun/2024:12:30:56 +0800] "GET /images/bt_home_up.gif HTTP/1.0" 200 1729 "http://www.1166hk.com/pressrelease.php" "Mozilla/5.0 (X11; Linux x86_64) AppleWebKit/537.36 (KHTML, like Gecko) Chrome/60.0.3112.50 Safari/537.36" 3.87.99.251
69.191.249.217 - - [19/Jun/2024:12:31:33 +0800] "GET /annual_interim.php HTTP/1.0" 200 29165 "-" "BLP_bbot/0.1" 69.191.249.217
66.249.77.2 - - [19/Jun/2024:12:31:41 +0800] "GET / HTTP/1.0" 200 13829 "-" "Mozilla/5.0 (Linux; Android 6.0.1; Nexus 5X Build/MMB29P) AppleWebKit/537.36 (KHTML, like Gecko) Chrome/125.0.6422.175 Mobile Safari/537.36 (compatible; Googlebot/2.1; +http://www.google.com/bot.html)" 66.249.77.2
66.249.77.3 - - [19/Jun/2024:12:31:42 +0800] "GET / HTTP/1.0" 200 13829 "-" "Mozilla/5.0 (compatible; Googlebot/2.1; +http://www.google.com/bot.html)" 66.249.77.3
69.191.249.207 - - [19/Jun/2024:12:32:06 +0800] "GET /tc/pressrelease.php HTTP/1.0" 200 368714 "-" "BLP_bbot/0.1" 69.191.249.207
69.191.249.220 - - [19/Jun/2024:12:33:35 +0800] "GET /pressrelease.php HTTP/1.0" 200 368765 "-" "BLP_bbot/0.1" 69.191.249.220
192.44.68.145 - - [19/Jun/2024:12:33:49 +0800] "GET /images/heading-links.gif HTTP/1.0" 200 1436 "-" "Mozilla/5.0 (X11; Ubuntu; Linux x86_64; rv:72.0) Gecko/20100101 Firefox/72.0" 192.44.68.145
69.191.249.220 - - [19/Jun/2024:12:33:59 +0800] "GET /tc/annual_interim.php HTTP/1.0" 200 28903 "-" "BLP_bbot/0.1" 69.191.249.220
66.249.77.4 - - [19/Jun/2024:12:34:33 +0800] "GET /news/pdf/LTN20110601407.pdf HTTP/1.0" 200 60221 "-" "Mozilla/5.0 (Linux; Android 6.0.1; Nexus 5X Build/MMB29P) AppleWebKit/537.36 (KHTML, like Gecko) Chrome/125.0.6422.175 Mobile Safari/537.36 (compatible; GoogleOther)" 66.249.77.4
69.191.249.218 - - [19/Jun/2024:12:35:45 +0800] "GET /annual_interim.php HTTP/1.0" 200 29165 "-" "BLP_bbot/0.1" 69.191.249.218
69.191.249.211 - - [19/Jun/2024:12:36:07 +0800] "GET /tc/pressrelease.php HTTP/1.0" 200 368714 "-" "BLP_bbot/0.1" 69.191.249.211
171.81.86.228 - - [19/Jun/2024:12:37:02 +0800] "GET / HTTP/1.0" 200 13829 "-" "Mozilla/5.0 (Macintosh; Intel Mac OS X 10_15_7) AppleWebKit/537.36 (KHTML, like Gecko) Chrome/109.0.0.0 Safari/537.36" 171.81.86.228
69.191.249.212 - - [19/Jun/2024:12:37:42 +0800] "GET /pressrelease.php HTTP/1.0" 200 368765 "-" "BLP_bbot/0.1" 69.191.249.212
69.191.249.212 - - [19/Jun/2024:12:37:56 +0800] "GET /tc/annual_interim.php HTTP/1.0" 200 28903 "-" "BLP_bbot/0.1" 69.191.249.212
69.191.249.217 - - [19/Jun/2024:12:39:53 +0800] "GET /annual_interim.php HTTP/1.0" 200 29165 "-" "BLP_bbot/0.1" 69.191.249.217
69.191.249.218 - - [19/Jun/2024:12:40:15 +0800] "GET /tc/pressrelease.php HTTP/1.0" 200 368714 "-" "BLP_bbot/0.1" 69.191.249.218
66.249.77.3 - - [19/Jun/2024:12:40:43 +0800] "GET /tc/pressrelease.php/tc/news/news/2006/LTN20060526073_C.xls HTTP/1.0" 200 368714 "-" "Mozilla/5.0 (Linux; Android 6.0.1; Nexus 5X Build/MMB29P) AppleWebKit/537.36 (KHTML, like Gecko) Chrome/125.0.6422.175 Mobile Safari/537.36 (compatible; GoogleOther)" 66.249.77.3
69.171.249.11 - - [19/Jun/2024:12:40:57 +0800] "GET /notices.php HTTP/1.0" 200 10627 "-" "facebookexternalhit/1.1 (+http://www.facebook.com/externalhit_uatext.php)" 69.171.249.11
69.191.249.207 - - [19/Jun/2024:12:41:51 +0800] "GET /pressrelease.php HTTP/1.0" 200 368765 "-" "BLP_bbot/0.1" 69.191.249.207
69.191.249.221 - - [19/Jun/2024:12:41:51 +0800] "GET /tc/annual_interim.php HTTP/1.0" 200 28903 "-" "BLP_bbot/0.1" 69.191.249.221
69.191.249.216 - - [19/Jun/2024:12:44:00 +0800] "GET /annual_interim.php HTTP/1.0" 200 29165 "-" "BLP_bbot/0.1" 69.191.249.216
69.191.249.212 - - [19/Jun/2024:12:44:21 +0800] "GET /tc/pressrelease.php HTTP/1.0" 200 368714 "-" "BLP_bbot/0.1" 69.191.249.212
66.249.77.3 - - [19/Jun/2024:12:44:27 +0800] "GET / HTTP/1.0" 200 13829 "-" "Mozilla/5.0 (Linux; Android 6.0.1; Nexus 5X Build/MMB29P) AppleWebKit/537.36 (KHTML, like Gecko) Chrome/125.0.6422.175 Mobile Safari/537.36 (compatible; Googlebot/2.1; +http://www.google.com/bot.html)" 66.249.77.3
69.191.249.206 - - [19/Jun/2024:12:45:57 +0800] "GET /tc/annual_interim.php HTTP/1.0" 200 28903 "-" "BLP_bbot/0.1" 69.191.249.206
69.191.249.219 - - [19/Jun/2024:12:45:59 +0800] "GET /pressrelease.php HTTP/1.0" 200 368765 "-" "BLP_bbot/0.1" 69.191.249.219
66.249.77.4 - - [19/Jun/2024:12:46:45 +0800] "GET /tc/pressrelease.php/tc/news/pdf/LTN20131022251_C HTTP/1.0" 200 368714 "-" "Mozilla/5.0 (Linux; Android 6.0.1; Nexus 5X Build/MMB29P) AppleWebKit/537.36 (KHTML, like Gecko) Chrome/125.0.6422.175 Mobile Safari/537.36 (compatible; GoogleOther)" 66.249.77.4
69.191.249.220 - - [19/Jun/2024:12:47:59 +0800] "GET /annual_interim.php HTTP/1.0" 200 29165 "-" "BLP_bbot/0.1" 69.191.249.220
69.191.249.212 - - [19/Jun/2024:12:48:19 +0800] "GET /tc/pressrelease.php HTTP/1.0" 200 368714 "-" "BLP_bbot/0.1" 69.191.249.212
66.249.77.4 - - [19/Jun/2024:12:49:56 +0800] "GET /tc/pressrelease.php/news/2009/news/2004/20041201.pdf HTTP/1.0" 200 368714 "-" "Mozilla/5.0 (Linux; Android 6.0.1; Nexus 5X Build/MMB29P) AppleWebKit/537.36 (KHTML, like Gecko) Chrome/125.0.6422.175 Mobile Safari/537.36 (compatible; GoogleOther)" 66.249.77.4
69.191.249.201 - - [19/Jun/2024:12:50:00 +0800] "GET /pressrelease.php HTTP/1.0" 200 368765 "-" "BLP_bbot/0.1" 69.191.249.201
69.191.249.221 - - [19/Jun/2024:12:50:01 +0800] "GET /tc/annual_interim.php HTTP/1.0" 200 28903 "-" "BLP_bbot/0.1" 69.191.249.221
40.77.167.32 - - [19/Jun/2024:12:51:35 +0800] "GET / HTTP/1.0" 200 13829 "-" "Mozilla/5.0 AppleWebKit/537.36 (KHTML, like Gecko; compatible; bingbot/2.0; +http://www.bing.com/bingbot.htm) Chrome/116.0.1938.76 Safari/537.36" 40.77.167.32
69.191.249.220 - - [19/Jun/2024:12:52:09 +0800] "GET /tc/pressrelease.php HTTP/1.0" 200 368714 "-" "BLP_bbot/0.1" 69.191.249.220
69.191.249.220 - - [19/Jun/2024:12:52:11 +0800] "GET /annual_interim.php HTTP/1.0" 200 29165 "-" "BLP_bbot/0.1" 69.191.249.220
66.249.77.3 - - [19/Jun/2024:12:53:50 +0800] "GET /tc/pressrelease.php/tc/news/2009/news/2006/C1166_Dissemination.pdf HTTP/1.0" 200 368714 "-" "Mozilla/5.0 (Linux; Android 6.0.1; Nexus 5X Build/MMB29P) AppleWebKit/537.36 (KHTML, like Gecko) Chrome/125.0.6422.175 Mobile Safari/537.36 (compatible; GoogleOther)" 66.249.77.3
69.191.249.206 - - [19/Jun/2024:12:53:52 +0800] "GET /pressrelease.php HTTP/1.0" 200 368765 "-" "BLP_bbot/0.1" 69.191.249.206
69.191.249.211 - - [19/Jun/2024:12:54:08 +0800] "GET /tc/annual_interim.php HTTP/1.0" 200 28903 "-" "BLP_bbot/0.1" 69.191.249.211
69.191.249.207 - - [19/Jun/2024:12:56:01 +0800] "GET /tc/pressrelease.php HTTP/1.0" 200 368714 "-" "BLP_bbot/0.1" 69.191.249.207
69.191.249.211 - - [19/Jun/2024:12:56:06 +0800] "GET /annual_interim.php HTTP/1.0" 200 29165 "-" "BLP_bbot/0.1" 69.191.249.211
69.191.249.206 - - [19/Jun/2024:12:57:43 +0800] "GET /pressrelease.php HTTP/1.0" 200 368765 "-" "BLP_bbot/0.1" 69.191.249.206
69.191.249.206 - - [19/Jun/2024:12:58:02 +0800] "GET /tc/annual_interim.php HTTP/1.0" 200 28903 "-" "BLP_bbot/0.1" 69.191.249.206
69.171.230.9 - - [19/Jun/2024:12:59:55 +0800] "GET /annual_interim.php HTTP/1.0" 200 29165 "-" "facebookexternalhit/1.1 (+http://www.facebook.com/externalhit_uatext.php)" 69.171.230.9
69.191.249.206 - - [19/Jun/2024:13:00:04 +0800] "GET /annual_interim.php HTTP/1.0" 200 29165 "-" "BLP_bbot/0.1" 69.191.249.206
69.191.249.207 - - [19/Jun/2024:13:00:08 +0800] "GET /tc/pressrelease.php HTTP/1.0" 200 368714 "-" "BLP_bbot/0.1" 69.191.249.207
66.249.77.2 - - [19/Jun/2024:13:00:16 +0800] "GET /tc/pressrelease.php/tc/news/pdf/news/2006/LTN20060525060_C.xls HTTP/1.0" 200 368714 "-" "Mozilla/5.0 (Linux; Android 6.0.1; Nexus 5X Build/MMB29P) AppleWebKit/537.36 (KHTML, like Gecko) Chrome/125.0.6422.175 Mobile Safari/537.36 (compatible; GoogleOther)" 66.249.77.2
69.191.249.207 - - [19/Jun/2024:13:01:43 +0800] "GET /pressrelease.php HTTP/1.0" 200 368765 "-" "BLP_bbot/0.1" 69.191.249.207
69.191.249.219 - - [19/Jun/2024:13:02:02 +0800] "GET /tc/annual_interim.php HTTP/1.0" 200 28903 "-" "BLP_bbot/0.1" 69.191.249.219
8.134.96.31 - - [19/Jun/2024:13:03:14 +0800] "GET / HTTP/1.0" 200 13829 "-" "Mozilla/5.0 (Windows NT 6.1; Win64; x64) AppleWebKit/537.36 (KHTML, like Gecko) Chrome/65.0.3325.181 Safari/537.36" 8.134.96.31
69.191.249.212 - - [19/Jun/2024:13:04:07 +0800] "GET /annual_interim.php HTTP/1.0" 200 29165 "-" "BLP_bbot/0.1" 69.191.249.212
69.191.249.211 - - [19/Jun/2024:13:04:12 +0800] "GET /tc/pressrelease.php HTTP/1.0" 200 368714 "-" "BLP_bbot/0.1" 69.191.249.211
69.191.249.219 - - [19/Jun/2024:13:05:41 +0800] "GET /pressrelease.php HTTP/1.0" 200 368765 "-" "BLP_bbot/0.1" 69.191.249.219
69.191.249.212 - - [19/Jun/2024:13:06:00 +0800] "GET /tc/annual_interim.php HTTP/1.0" 200 28903 "-" "BLP_bbot/0.1" 69.191.249.212
66.249.77.2 - - [19/Jun/2024:13:06:41 +0800] "GET /tc/pressrelease.php/tc/news/pdf/2020030201336_c.pdf HTTP/1.0" 200 368714 "-" "Mozilla/5.0 (Linux; Android 6.0.1; Nexus 5X Build/MMB29P) AppleWebKit/537.36 (KHTML, like Gecko) Chrome/125.0.6422.175 Mobile Safari/537.36 (compatible; GoogleOther)" 66.249.77.2
69.191.249.211 - - [19/Jun/2024:13:07:56 +0800] "GET /annual_interim.php HTTP/1.0" 200 29165 "-" "BLP_bbot/0.1" 69.191.249.211
69.191.249.219 - - [19/Jun/2024:13:08:11 +0800] "GET /tc/pressrelease.php HTTP/1.0" 200 368714 "-" "BLP_bbot/0.1" 69.191.249.219
69.191.249.210 - - [19/Jun/2024:13:09:34 +0800] "GET /pressrelease.php HTTP/1.0" 200 368765 "-" "BLP_bbot/0.1" 69.191.249.210
66.249.77.2 - - [19/Jun/2024:13:09:49 +0800] "GET /Hua_Yi_Copper_Products_SC/guan_yu_wo_men.html HTTP/1.0" 200 19607 "-" "Mozilla/5.0 (Linux; Android 6.0.1; Nexus 5X Build/MMB29P) AppleWebKit/537.36 (KHTML, like Gecko) Chrome/99.0.4844.84 Mobile Safari/537.36 (compatible; Googlebot/2.1; +http://www.google.com/bot.html)" 66.249.77.2
146.75.187.12 - - [19/Jun/2024:13:09:49 +0800] "GET /Hua_Yi_Copper_Products_SC/bg_nav.png HTTP/1.0" 404 9957 "http://www.1166hk.com/Hua_Yi_Copper_Products_SC/guan_yu_wo_men.html" "Mozilla/5.0 (iPhone; CPU iPhone OS 17_5 like Mac OS X) AppleWebKit/605.1.15 (KHTML, like Gecko) CriOS/126.0.6478.54 Mobile/15E148 Safari/604.1" 146.75.187.12
146.75.187.13 - - [19/Jun/2024:13:09:49 +0800] "GET /favicon.ico HTTP/1.0" 404 9957 "-" "Mozilla/5.0 (iPhone; CPU iPhone OS 17_5 like Mac OS X) AppleWebKit/605.1.15 (KHTML, like Gecko) CriOS/126.0.6478.54 Mobile/15E148 Safari/604.1" 146.75.187.13
66.249.77.3 - - [19/Jun/2024:13:09:50 +0800] "GET /Hua_Yi_Copper_Products_SC/guan_yu_wo_men.html HTTP/1.0" 200 19607 "-" "Mozilla/5.0 (compatible; Googlebot/2.1; +http://www.google.com/bot.html)" 66.249.77.3
66.249.77.4 - - [19/Jun/2024:13:09:50 +0800] "GET /Hua_Yi_Copper_Products_SC/Scripts/iWebSite.js HTTP/1.0" 200 146386 "http://www.1166hk.com/Hua_Yi_Copper_Products_SC/guan_yu_wo_men.html" "Mozilla/5.0 AppleWebKit/537.36 (KHTML, like Gecko; compatible; Googlebot/2.1; +http://www.google.com/bot.html) Chrome/125.0.6422.154 Safari/537.36" 66.249.77.4
66.249.77.3 - - [19/Jun/2024:13:09:52 +0800] "GET /Hua_Yi_Copper_Products_SC/Scripts/iWebSite.js HTTP/1.0" 200 146386 "http://www.1166hk.com/Hua_Yi_Copper_Products_SC/guan_yu_wo_men.html" "Mozilla/5.0 (Linux; Android 6.0.1; Nexus 5X Build/MMB29P) AppleWebKit/537.36 (KHTML, like Gecko) Chrome/125.0.6422.154 Mobile Safari/537.36 (compatible; Googlebot/2.1; +http://www.google.com/bot.html)" 66.249.77.3
66.249.77.2 - - [19/Jun/2024:13:09:53 +0800] "GET /Hua_Yi_Copper_Products_SC/feed.xml HTTP/1.0" 200 2445 "http://www.1166hk.com/Hua_Yi_Copper_Products_SC/guan_yu_wo_men.html" "Mozilla/5.0 AppleWebKit/537.36 (KHTML, like Gecko; compatible; Googlebot/2.1; +http://www.google.com/bot.html) Chrome/125.0.6422.154 Safari/537.36" 66.249.77.2
66.249.77.3 - - [19/Jun/2024:13:09:53 +0800] "GET /Hua_Yi_Copper_Products_SC/feed.xml HTTP/1.0" 200 2445 "http://www.1166hk.com/Hua_Yi_Copper_Products_SC/guan_yu_wo_men.html" "Mozilla/5.0 (Linux; Android 6.0.1; Nexus 5X Build/MMB29P) AppleWebKit/537.36 (KHTML, like Gecko) Chrome/125.0.6422.154 Mobile Safari/537.36 (compatible; Googlebot/2.1; +http://www.google.com/bot.html)" 66.249.77.3
69.191.249.217 - - [19/Jun/2024:13:09:59 +0800] "GET /tc/annual_interim.php HTTP/1.0" 200 28903 "-" "BLP_bbot/0.1" 69.191.249.217
124.236.100.56 - - [19/Jun/2024:13:10:23 +0800] "GET / HTTP/1.0" 200 13829 "-" "Mozilla/5.0 (Linux; Android 10; Pixel 4) AppleWebKit/537.36 (KHTML, like Gecko) Chrome/123.0.0.0 Mobile Safari/537.36" 124.236.100.56
69.191.249.211 - - [19/Jun/2024:13:12:05 +0800] "GET /annual_interim.php HTTP/1.0" 200 29165 "-" "BLP_bbot/0.1" 69.191.249.211
69.191.249.206 - - [19/Jun/2024:13:12:08 +0800] "GET /tc/pressrelease.php HTTP/1.0" 200 368714 "-" "BLP_bbot/0.1" 69.191.249.206
195.191.219.132 - - [19/Jun/2024:13:12:23 +0800] "GET /robots.txt HTTP/1.0" 404 9957 "-" "Mozilla/5.0 (compatible; MJ12bot/v1.4.8; http://mj12bot.com/)" 195.191.219.132
195.191.219.132 - - [19/Jun/2024:13:12:25 +0800] "GET / HTTP/1.0" 200 13829 "-" "Mozilla/5.0 (compatible; MJ12bot/v1.4.8; http://mj12bot.com/)" 195.191.219.132
66.249.77.2 - - [19/Jun/2024:13:13:07 +0800] "GET /tc/pressrelease.php/tc/news/pdf/LTN20151123343_C.pdf HTTP/1.0" 200 368714 "-" "Mozilla/5.0 (Linux; Android 6.0.1; Nexus 5X Build/MMB29P) AppleWebKit/537.36 (KHTML, like Gecko) Chrome/125.0.6422.175 Mobile Safari/537.36 (compatible; GoogleOther)" 66.249.77.2
69.191.249.207 - - [19/Jun/2024:13:13:44 +0800] "GET /pressrelease.php HTTP/1.0" 200 368765 "-" "BLP_bbot/0.1" 69.191.249.207
69.191.249.218 - - [19/Jun/2024:13:13:58 +0800] "GET /tc/annual_interim.php HTTP/1.0" 200 28903 "-" "BLP_bbot/0.1" 69.191.249.218
209.11.218.77 - - [19/Jun/2024:13:14:41 +0800] "GET /pressrelease.php HTTP/1.0" 200 368765 "-" "Mozilla/4.0 (compatible; MSIE 7.0; Windows NT 6.2; Win64; x64; Trident/7.0; .NET4.0C; .NET4.0E)" 209.11.218.77
209.11.218.77 - - [19/Jun/2024:13:14:42 +0800] "GET /common.css HTTP/1.0" 200 2745 "-" "Mozilla/4.0 (compatible; MSIE 7.0; Windows NT 6.2; Win64; x64; Trident/7.0; .NET4.0C; .NET4.0E)" 209.11.218.77
209.11.218.77 - - [19/Jun/2024:13:14:43 +0800] "GET /images/acrobat-icon.gif HTTP/1.0" 200 1305 "-" "Mozilla/4.0 (compatible; MSIE 7.0; Windows NT 6.2; Win64; x64; Trident/7.0; .NET4.0C; .NET4.0E)" 209.11.218.77
209.11.218.77 - - [19/Jun/2024:13:14:43 +0800] "GET /images/acrobat-icon.gif'%20width='16'%20height='16'%20border='0' HTTP/1.0" 404 9957 "-" "Mozilla/4.0 (compatible; MSIE 7.0; Windows NT 6.2; Win64; x64; Trident/7.0; .NET4.0C; .NET4.0E)" 209.11.218.77
209.11.218.77 - - [19/Jun/2024:13:14:43 +0800] "GET /images/bt_chin.gif HTTP/1.0" 200 566 "-" "Mozilla/4.0 (compatible; MSIE 7.0; Windows NT 6.2; Win64; x64; Trident/7.0; .NET4.0C; .NET4.0E)" 209.11.218.77
209.11.218.77 - - [19/Jun/2024:13:14:43 +0800] "GET /images/bt_contact.gif HTTP/1.0" 200 565 "-" "Mozilla/4.0 (compatible; MSIE 7.0; Windows NT 6.2; Win64; x64; Trident/7.0; .NET4.0C; .NET4.0E)" 209.11.218.77
209.11.218.77 - - [19/Jun/2024:13:14:43 +0800] "GET /images/bt_eng_sel.gif HTTP/1.0" 200 710 "-" "Mozilla/4.0 (compatible; MSIE 7.0; Windows NT 6.2; Win64; x64; Trident/7.0; .NET4.0C; .NET4.0E)" 209.11.218.77
209.11.218.77 - - [19/Jun/2024:13:14:43 +0800] "GET /images/bt_home.gif HTTP/1.0" 200 452 "-" "Mozilla/4.0 (compatible; MSIE 7.0; Windows NT 6.2; Win64; x64; Trident/7.0; .NET4.0C; .NET4.0E)" 209.11.218.77
209.11.218.77 - - [19/Jun/2024:13:14:43 +0800] "GET /images/heading-pressrelease.gif HTTP/1.0" 200 1802 "-" "Mozilla/4.0 (compatible; MSIE 7.0; Windows NT 6.2; Win64; x64; Trident/7.0; .NET4.0C; .NET4.0E)" 209.11.218.77
209.11.218.77 - - [19/Jun/2024:13:14:43 +0800] "GET /images/heading1.jpg HTTP/1.0" 200 21104 "-" "Mozilla/4.0 (compatible; MSIE 7.0; Windows NT 6.2; Win64; x64; Trident/7.0; .NET4.0C; .NET4.0E)" 209.11.218.77
209.11.218.77 - - [19/Jun/2024:13:14:43 +0800] "GET /images/logo.gif HTTP/1.0" 200 3202 "-" "Mozilla/4.0 (compatible; MSIE 7.0; Windows NT 6.2; Win64; x64; Trident/7.0; .NET4.0C; .NET4.0E)" 209.11.218.77
209.11.218.77 - - [19/Jun/2024:13:14:44 +0800] "GET /images/spacer.gif HTTP/1.0" 200 301 "-" "Mozilla/4.0 (compatible; MSIE 7.0; Windows NT 6.2; Win64; x64; Trident/7.0; .NET4.0C; .NET4.0E)" 209.11.218.77
209.11.218.77 - - [19/Jun/2024:13:14:44 +0800] "GET /images/web-1_04.gif HTTP/1.0" 200 311 "-" "Mozilla/4.0 (compatible; MSIE 7.0; Windows NT 6.2; Win64; x64; Trident/7.0; .NET4.0C; .NET4.0E)" 209.11.218.77
209.11.218.77 - - [19/Jun/2024:13:14:46 +0800] "GET /pressrelease.php HTTP/1.0" 200 368765 "-" "-" 209.11.218.77
209.11.218.77 - - [19/Jun/2024:13:14:47 +0800] "GET /pressrelease.php HTTP/1.0" 200 368765 "-" "-" 209.11.218.77
69.191.249.207 - - [19/Jun/2024:13:15:58 +0800] "GET /annual_interim.php HTTP/1.0" 200 29165 "-" "BLP_bbot/0.1" 69.191.249.207
69.191.249.217 - - [19/Jun/2024:13:16:18 +0800] "GET /tc/pressrelease.php HTTP/1.0" 200 368714 "-" "BLP_bbot/0.1" 69.191.249.217
69.191.249.221 - - [19/Jun/2024:13:17:52 +0800] "GET /pressrelease.php HTTP/1.0" 200 368765 "-" "BLP_bbot/0.1" 69.191.249.221
69.191.249.221 - - [19/Jun/2024:13:18:07 +0800] "GET /tc/annual_interim.php HTTP/1.0" 200 28903 "-" "BLP_bbot/0.1" 69.191.249.221
66.249.77.3 - - [19/Jun/2024:13:19:33 +0800] "GET /tc/pressrelease.php/news/news/pdf/LTN20150416486_C.pdf HTTP/1.0" 200 368714 "-" "Mozilla/5.0 (Linux; Android 6.0.1; Nexus 5X Build/MMB29P) AppleWebKit/537.36 (KHTML, like Gecko) Chrome/125.0.6422.175 Mobile Safari/537.36 (compatible; GoogleOther)" 66.249.77.3
69.191.249.218 - - [19/Jun/2024:13:20:06 +0800] "GET /annual_interim.php HTTP/1.0" 200 29165 "-" "BLP_bbot/0.1" 69.191.249.218
69.191.249.207 - - [19/Jun/2024:13:20:12 +0800] "GET /tc/pressrelease.php HTTP/1.0" 200 368714 "-" "BLP_bbot/0.1" 69.191.249.207
69.191.249.206 - - [19/Jun/2024:13:21:50 +0800] "GET /pressrelease.php HTTP/1.0" 200 368765 "-" "BLP_bbot/0.1" 69.191.249.206
69.191.249.217 - - [19/Jun/2024:13:21:56 +0800] "GET /tc/annual_interim.php HTTP/1.0" 200 28903 "-" "BLP_bbot/0.1" 69.191.249.217
66.249.69.66 - - [19/Jun/2024:13:22:28 +0800] "GET /news/pdf/2020080302040_c.pdf HTTP/1.0" 200 262963 "-" "Mozilla/5.0 (Linux; Android 6.0.1; Nexus 5X Build/MMB29P) AppleWebKit/537.36 (KHTML, like Gecko) Chrome/125.0.6422.175 Mobile Safari/537.36 (compatible; Googlebot/2.1; +http://www.google.com/bot.html)" 66.249.69.66
69.191.249.219 - - [19/Jun/2024:13:24:05 +0800] "GET /annual_interim.php HTTP/1.0" 200 29165 "-" "BLP_bbot/0.1" 69.191.249.219
69.191.249.211 - - [19/Jun/2024:13:24:20 +0800] "GET /tc/pressrelease.php HTTP/1.0" 200 368714 "-" "BLP_bbot/0.1" 69.191.249.211
69.191.249.201 - - [19/Jun/2024:13:25:50 +0800] "GET /tc/annual_interim.php HTTP/1.0" 200 28903 "-" "BLP_bbot/0.1" 69.191.249.201
69.191.249.201 - - [19/Jun/2024:13:25:56 +0800] "GET /pressrelease.php HTTP/1.0" 200 368765 "-" "BLP_bbot/0.1" 69.191.249.201
66.249.77.3 - - [19/Jun/2024:13:25:58 +0800] "GET /tc/pressrelease.php/tc/news/pdf/ltn20191101332_c.pdf HTTP/1.0" 200 368714 "-" "Mozilla/5.0 (Linux; Android 6.0.1; Nexus 5X Build/MMB29P) AppleWebKit/537.36 (KHTML, like Gecko) Chrome/125.0.6422.175 Mobile Safari/537.36 (compatible; GoogleOther)" 66.249.77.3
69.191.249.201 - - [19/Jun/2024:13:27:55 +0800] "GET /annual_interim.php HTTP/1.0" 200 29165 "-" "BLP_bbot/0.1" 69.191.249.201
69.191.249.218 - - [19/Jun/2024:13:28:24 +0800] "GET /tc/pressrelease.php HTTP/1.0" 200 368714 "-" "BLP_bbot/0.1" 69.191.249.218
125.87.81.130 - - [19/Jun/2024:13:29:32 +0800] "GET /tc/pressrelease.php HTTP/1.0" 200 368714 "-" "Mozilla/5.0 (Macintosh; Intel Mac OS X 10_15_7) AppleWebKit/537.36 (KHTML, like Gecko) Chrome/109.0.0.0 Safari/537.36" 125.87.81.130
69.191.249.218 - - [19/Jun/2024:13:29:44 +0800] "GET /tc/annual_interim.php HTTP/1.0" 200 28903 "-" "BLP_bbot/0.1" 69.191.249.218
66.249.77.4 - - [19/Jun/2024:13:29:45 +0800] "GET / HTTP/1.0" 200 13829 "-" "Mozilla/5.0 (compatible; Googlebot/2.1; +http://www.google.com/bot.html)" 66.249.77.4
69.191.249.217 - - [19/Jun/2024:13:30:08 +0800] "GET /pressrelease.php HTTP/1.0" 200 368765 "-" "BLP_bbot/0.1" 69.191.249.217
69.191.249.211 - - [19/Jun/2024:13:31:59 +0800] "GET /annual_interim.php HTTP/1.0" 200 29165 "-" "BLP_bbot/0.1" 69.191.249.211
69.191.249.211 - - [19/Jun/2024:13:32:14 +0800] "GET /tc/pressrelease.php HTTP/1.0" 200 368714 "-" "BLP_bbot/0.1" 69.191.249.211
66.249.77.3 - - [19/Jun/2024:13:32:24 +0800] "GET /tc/pressrelease.php/tc/news/pdf/LTN20190211380_C.pdf HTTP/1.0" 200 368714 "-" "Mozilla/5.0 (Linux; Android 6.0.1; Nexus 5X Build/MMB29P) AppleWebKit/537.36 (KHTML, like Gecko) Chrome/125.0.6422.175 Mobile Safari/537.36 (compatible; GoogleOther)" 66.249.77.3
66.249.69.67 - - [19/Jun/2024:13:33:33 +0800] "GET /tc/news/2008/C-20080117-01.pdf HTTP/1.0" 200 676960 "-" "Mozilla/5.0 (Linux; Android 6.0.1; Nexus 5X Build/MMB29P) AppleWebKit/537.36 (KHTML, like Gecko) Chrome/125.0.6422.175 Mobile Safari/537.36 (compatible; Googlebot/2.1; +http://www.google.com/bot.html)" 66.249.69.67
69.191.249.210 - - [19/Jun/2024:13:33:39 +0800] "GET /tc/annual_interim.php HTTP/1.0" 200 28903 "-" "BLP_bbot/0.1" 69.191.249.210
69.191.249.219 - - [19/Jun/2024:13:34:18 +0800] "GET /pressrelease.php HTTP/1.0" 200 368765 "-" "BLP_bbot/0.1" 69.191.249.219
66.249.69.67 - - [19/Jun/2024:13:34:38 +0800] "GET /tc/news/2008/C-20081219-01.pdf HTTP/1.0" 200 45374 "-" "Mozilla/5.0 (Linux; Android 6.0.1; Nexus 5X Build/MMB29P) AppleWebKit/537.36 (KHTML, like Gecko) Chrome/125.0.6422.175 Mobile Safari/537.36 (compatible; Googlebot/2.1; +http://www.google.com/bot.html)" 66.249.69.67
69.191.249.207 - - [19/Jun/2024:13:35:49 +0800] "GET /annual_interim.php HTTP/1.0" 200 29165 "-" "BLP_bbot/0.1" 69.191.249.207
69.191.249.210 - - [19/Jun/2024:13:36:05 +0800] "GET /tc/pressrelease.php HTTP/1.0" 200 368714 "-" "BLP_bbot/0.1" 69.191.249.210
66.249.77.2 - - [19/Jun/2024:13:36:40 +0800] "GET /news/pdf/LTN20101021009.pdf HTTP/1.0" 200 159028 "-" "Mozilla/5.0 (Linux; Android 6.0.1; Nexus 5X Build/MMB29P) AppleWebKit/537.36 (KHTML, like Gecko) Chrome/125.0.6422.175 Mobile Safari/537.36 (compatible; Googlebot/2.1; +http://www.google.com/bot.html)" 66.249.77.2
125.78.217.63 - - [19/Jun/2024:13:37:31 +0800] "GET / HTTP/1.0" 200 13829 "-" "Mozilla/5.0 (Macintosh; Intel Mac OS X 10_15_7) AppleWebKit/537.36 (KHTML, like Gecko) Chrome/109.0.0.0 Safari/537.36" 125.78.217.63
69.191.249.206 - - [19/Jun/2024:13:37:43 +0800] "GET /tc/annual_interim.php HTTP/1.0" 200 28903 "-" "BLP_bbot/0.1" 69.191.249.206
69.191.249.211 - - [19/Jun/2024:13:38:09 +0800] "GET /pressrelease.php HTTP/1.0" 200 368765 "-" "BLP_bbot/0.1" 69.191.249.211
66.249.77.3 - - [19/Jun/2024:13:38:50 +0800] "GET /tc/pressrelease.php/tc/news/news/2009/C-20090219-01.pdf HTTP/1.0" 200 368714 "-" "Mozilla/5.0 (Linux; Android 6.0.1; Nexus 5X Build/MMB29P) AppleWebKit/537.36 (KHTML, like Gecko) Chrome/125.0.6422.175 Mobile Safari/537.36 (compatible; GoogleOther)" 66.249.77.3
69.171.249.8 - - [19/Jun/2024:13:39:42 +0800] "GET /contact.php HTTP/1.0" 200 11082 "-" "facebookexternalhit/1.1 (+http://www.facebook.com/externalhit_uatext.php)" 69.171.249.8
69.191.249.207 - - [19/Jun/2024:13:39:48 +0800] "GET /annual_interim.php HTTP/1.0" 200 29165 "-" "BLP_bbot/0.1" 69.191.249.207
69.191.249.212 - - [19/Jun/2024:13:40:14 +0800] "GET /tc/pressrelease.php HTTP/1.0" 200 368714 "-" "BLP_bbot/0.1" 69.191.249.212
66.249.77.4 - - [19/Jun/2024:13:41:46 +0800] "GET /news/pdf/2022050501030.pdf HTTP/1.0" 200 374042 "-" "Mozilla/5.0 (Linux; Android 6.0.1; Nexus 5X Build/MMB29P) AppleWebKit/537.36 (KHTML, like Gecko) Chrome/125.0.6422.175 Mobile Safari/537.36 (compatible; Googlebot/2.1; +http://www.google.com/bot.html)" 66.249.77.4
69.191.249.211 - - [19/Jun/2024:13:41:48 +0800] "GET /tc/annual_interim.php HTTP/1.0" 200 28903 "-" "BLP_bbot/0.1" 69.191.249.211
69.191.249.201 - - [19/Jun/2024:13:42:19 +0800] "GET /pressrelease.php HTTP/1.0" 200 368765 "-" "BLP_bbot/0.1" 69.191.249.201
69.191.249.220 - - [19/Jun/2024:13:43:45 +0800] "GET /annual_interim.php HTTP/1.0" 200 29165 "-" "BLP_bbot/0.1" 69.191.249.220
66.249.77.3 - - [19/Jun/2024:13:43:46 +0800] "GET / HTTP/1.0" 200 13829 "-" "Mozilla/5.0 (Linux; Android 6.0.1; Nexus 5X Build/MMB29P) AppleWebKit/537.36 (KHTML, like Gecko) Chrome/125.0.6422.175 Mobile Safari/537.36 (compatible; Googlebot/2.1; +http://www.google.com/bot.html)" 66.249.77.3
66.249.77.3 - - [19/Jun/2024:13:43:58 +0800] "GET /favicon.ico HTTP/1.0" 404 9957 "-" "Googlebot-Image/1.0" 66.249.77.3
69.191.249.216 - - [19/Jun/2024:13:44:04 +0800] "GET /tc/pressrelease.php HTTP/1.0" 200 368714 "-" "BLP_bbot/0.1" 69.191.249.216
66.249.77.2 - - [19/Jun/2024:13:45:16 +0800] "GET /news/pdf/LTN20100419507.pdf HTTP/1.0" 200 29042 "-" "Mozilla/5.0 (Linux; Android 6.0.1; Nexus 5X Build/MMB29P) AppleWebKit/537.36 (KHTML, like Gecko) Chrome/125.0.6422.175 Mobile Safari/537.36 (compatible; GoogleOther)" 66.249.77.2
69.191.249.221 - - [19/Jun/2024:13:45:55 +0800] "GET /tc/annual_interim.php HTTP/1.0" 200 28903 "-" "BLP_bbot/0.1" 69.191.249.221
69.191.249.216 - - [19/Jun/2024:13:46:27 +0800] "GET /pressrelease.php HTTP/1.0" 200 368765 "-" "BLP_bbot/0.1" 69.191.249.216
69.191.249.207 - - [19/Jun/2024:13:47:46 +0800] "GET /annual_interim.php HTTP/1.0" 200 29165 "-" "BLP_bbot/0.1" 69.191.249.207
69.191.249.219 - - [19/Jun/2024:13:48:05 +0800] "GET /tc/pressrelease.php HTTP/1.0" 200 368714 "-" "BLP_bbot/0.1" 69.191.249.219
66.249.77.3 - - [19/Jun/2024:13:48:22 +0800] "GET /news/pdf/2020120102167.pdf HTTP/1.0" 200 75940 "-" "Mozilla/5.0 (Linux; Android 6.0.1; Nexus 5X Build/MMB29P) AppleWebKit/537.36 (KHTML, like Gecko) Chrome/125.0.6422.175 Mobile Safari/537.36 (compatible; Googlebot/2.1; +http://www.google.com/bot.html)" 66.249.77.3
69.191.249.216 - - [19/Jun/2024:13:49:47 +0800] "GET /tc/annual_interim.php HTTP/1.0" 200 28903 "-" "BLP_bbot/0.1" 69.191.249.216
69.191.249.216 - - [19/Jun/2024:13:50:24 +0800] "GET /pressrelease.php HTTP/1.0" 200 368765 "-" "BLP_bbot/0.1" 69.191.249.216
66.249.77.3 - - [19/Jun/2024:13:51:24 +0800] "GET /news/pdf/LTN20160714348.pdf HTTP/1.0" 200 77765 "-" "Mozilla/5.0 (Linux; Android 6.0.1; Nexus 5X Build/MMB29P) AppleWebKit/537.36 (KHTML, like Gecko) Chrome/125.0.6422.175 Mobile Safari/537.36 (compatible; Googlebot/2.1; +http://www.google.com/bot.html)" 66.249.77.3
66.249.77.2 - - [19/Jun/2024:13:51:41 +0800] "GET /news/pdf/2022050501030.pdf HTTP/1.0" 200 374042 "-" "Mozilla/5.0 (Linux; Android 6.0.1; Nexus 5X Build/MMB29P) AppleWebKit/537.36 (KHTML, like Gecko) Chrome/125.0.6422.175 Mobile Safari/537.36 (compatible; GoogleOther)" 66.249.77.2
69.191.249.217 - - [19/Jun/2024:13:51:43 +0800] "GET /annual_interim.php HTTP/1.0" 200 29165 "-" "BLP_bbot/0.1" 69.191.249.217
69.191.249.212 - - [19/Jun/2024:13:52:06 +0800] "GET /tc/pressrelease.php HTTP/1.0" 200 368714 "-" "BLP_bbot/0.1" 69.191.249.212
66.249.77.2 - - [19/Jun/2024:13:53:27 +0800] "GET /news/pdf/LTN20100928605.pdf HTTP/1.0" 200 174135 "-" "Mozilla/5.0 (Linux; Android 6.0.1; Nexus 5X Build/MMB29P) AppleWebKit/537.36 (KHTML, like Gecko) Chrome/125.0.6422.175 Mobile Safari/537.36 (compatible; Googlebot/2.1; +http://www.google.com/bot.html)" 66.249.77.2
69.191.249.206 - - [19/Jun/2024:13:53:55 +0800] "GET /tc/annual_interim.php HTTP/1.0" 200 28903 "-" "BLP_bbot/0.1" 69.191.249.206
69.191.249.201 - - [19/Jun/2024:13:54:26 +0800] "GET /pressrelease.php HTTP/1.0" 200 368765 "-" "BLP_bbot/0.1" 69.191.249.201
66.249.69.67 - - [19/Jun/2024:13:54:28 +0800] "GET /news/pdf/LTN201603301018_C.pdf HTTP/1.0" 200 189169 "-" "Mozilla/5.0 (Linux; Android 6.0.1; Nexus 5X Build/MMB29P) AppleWebKit/537.36 (KHTML, like Gecko) Chrome/125.0.6422.175 Mobile Safari/537.36 (compatible; Googlebot/2.1; +http://www.google.com/bot.html)" 66.249.69.67
69.191.249.220 - - [19/Jun/2024:13:55:32 +0800] "GET /annual_interim.php HTTP/1.0" 200 29165 "-" "BLP_bbot/0.1" 69.191.249.220
69.191.249.207 - - [19/Jun/2024:13:55:58 +0800] "GET /tc/pressrelease.php HTTP/1.0" 200 368714 "-" "BLP_bbot/0.1" 69.191.249.207
69.191.249.220 - - [19/Jun/2024:13:58:05 +0800] "GET /tc/annual_interim.php HTTP/1.0" 200 28903 "-" "BLP_bbot/0.1" 69.191.249.220
66.249.77.4 - - [19/Jun/2024:13:58:07 +0800] "GET /news/pdf/2020120102167.pdf HTTP/1.0" 200 75940 "-" "Mozilla/5.0 (Linux; Android 6.0.1; Nexus 5X Build/MMB29P) AppleWebKit/537.36 (KHTML, like Gecko) Chrome/125.0.6422.175 Mobile Safari/537.36 (compatible; GoogleOther)" 66.249.77.4
69.191.249.210 - - [19/Jun/2024:13:58:27 +0800] "GET /pressrelease.php HTTP/1.0" 200 368765 "-" "BLP_bbot/0.1" 69.191.249.210
66.249.77.2 - - [19/Jun/2024:13:59:30 +0800] "GET /news/pdf/LTN20100419507.pdf HTTP/1.0" 200 29042 "-" "Mozilla/5.0 (Linux; Android 6.0.1; Nexus 5X Build/MMB29P) AppleWebKit/537.36 (KHTML, like Gecko) Chrome/125.0.6422.175 Mobile Safari/537.36 (compatible; Googlebot/2.1; +http://www.google.com/bot.html)" 66.249.77.2
69.191.249.217 - - [19/Jun/2024:13:59:37 +0800] "GET /annual_interim.php HTTP/1.0" 200 29165 "-" "BLP_bbot/0.1" 69.191.249.217
69.191.249.217 - - [19/Jun/2024:14:00:07 +0800] "GET /tc/pressrelease.php HTTP/1.0" 200 368714 "-" "BLP_bbot/0.1" 69.191.249.217
69.191.249.218 - - [19/Jun/2024:14:01:58 +0800] "GET /tc/annual_interim.php HTTP/1.0" 200 28903 "-" "BLP_bbot/0.1" 69.191.249.218
66.249.77.4 - - [19/Jun/2024:14:02:28 +0800] "GET /tc/pressrelease.php/tc/news/pdf/2020030201336_c.pdf HTTP/1.0" 200 368714 "-" "Mozilla/5.0 (Linux; Android 6.0.1; Nexus 5X Build/MMB29P) AppleWebKit/537.36 (KHTML, like Gecko) Chrome/125.0.6422.175 Mobile Safari/537.36 (compatible; Googlebot/2.1; +http://www.google.com/bot.html)" 66.249.77.4
69.191.249.221 - - [19/Jun/2024:14:02:29 +0800] "GET /pressrelease.php HTTP/1.0" 200 368765 "-" "BLP_bbot/0.1" 69.191.249.221
69.191.249.216 - - [19/Jun/2024:14:03:35 +0800] "GET /annual_interim.php HTTP/1.0" 200 29165 "-" "BLP_bbot/0.1" 69.191.249.216
106.15.38.13 - - [19/Jun/2024:14:03:43 +0800] "GET / HTTP/1.0" 200 13829 "-" "Mozilla/5.0 (Windows NT 6.1; Win64; x64) AppleWebKit/537.36 (KHTML, like Gecko) Chrome/65.0.3325.181 Safari/537.36" 106.15.38.13
69.191.249.201 - - [19/Jun/2024:14:04:14 +0800] "GET /tc/pressrelease.php HTTP/1.0" 200 368714 "-" "BLP_bbot/0.1" 69.191.249.201
66.249.77.3 - - [19/Jun/2024:14:04:33 +0800] "GET /news/pdf/LTN20160714348.pdf HTTP/1.0" 200 77765 "-" "Mozilla/5.0 (Linux; Android 6.0.1; Nexus 5X Build/MMB29P) AppleWebKit/537.36 (KHTML, like Gecko) Chrome/125.0.6422.175 Mobile Safari/537.36 (compatible; GoogleOther)" 66.249.77.3
121.229.156.115 - - [19/Jun/2024:14:05:42 +0800] "GET / HTTP/1.0" 200 13829 "-" "Sogou web spider/4.0(+http://www.sogou.com/docs/help/webmasters.htm#07)" 121.229.156.115
69.191.249.201 - - [19/Jun/2024:14:05:55 +0800] "GET /tc/annual_interim.php HTTP/1.0" 200 28903 "-" "BLP_bbot/0.1" 69.191.249.201
69.191.249.216 - - [19/Jun/2024:14:06:41 +0800] "GET /pressrelease.php HTTP/1.0" 200 368765 "-" "BLP_bbot/0.1" 69.191.249.216
69.191.249.210 - - [19/Jun/2024:14:07:29 +0800] "GET /annual_interim.php HTTP/1.0" 200 29165 "-" "BLP_bbot/0.1" 69.191.249.210
69.191.249.211 - - [19/Jun/2024:14:08:14 +0800] "GET /tc/pressrelease.php HTTP/1.0" 200 368714 "-" "BLP_bbot/0.1" 69.191.249.211
66.249.77.3 - - [19/Jun/2024:14:08:20 +0800] "GET /tc/news/2007/C-20071015-01.pdf HTTP/1.0" 200 508156 "-" "Mozilla/5.0 (Linux; Android 6.0.1; Nexus 5X Build/MMB29P) AppleWebKit/537.36 (KHTML, like Gecko) Chrome/125.0.6422.175 Mobile Safari/537.36 (compatible; Googlebot/2.1; +http://www.google.com/bot.html)" 66.249.77.3
69.191.249.207 - - [19/Jun/2024:14:10:02 +0800] "GET /tc/annual_interim.php HTTP/1.0" 200 28903 "-" "BLP_bbot/0.1" 69.191.249.207
69.191.249.211 - - [19/Jun/2024:14:10:45 +0800] "GET /pressrelease.php HTTP/1.0" 200 368765 "-" "BLP_bbot/0.1" 69.191.249.211
69.191.249.217 - - [19/Jun/2024:14:11:23 +0800] "GET /annual_interim.php HTTP/1.0" 200 29165 "-" "BLP_bbot/0.1" 69.191.249.217
69.191.249.206 - - [19/Jun/2024:14:12:11 +0800] "GET /tc/pressrelease.php HTTP/1.0" 200 368714 "-" "BLP_bbot/0.1" 69.191.249.206
66.249.77.4 - - [19/Jun/2024:14:12:28 +0800] "GET /tc/pressrelease.php/tc/news/annual_interim.php HTTP/1.0" 200 368714 "-" "Mozilla/5.0 (Linux; Android 6.0.1; Nexus 5X Build/MMB29P) AppleWebKit/537.36 (KHTML, like Gecko) Chrome/125.0.6422.175 Mobile Safari/537.36 (compatible; Googlebot/2.1; +http://www.google.com/bot.html)" 66.249.77.4
69.191.249.217 - - [19/Jun/2024:14:14:05 +0800] "GET /tc/annual_interim.php HTTP/1.0" 200 28903 "-" "BLP_bbot/0.1" 69.191.249.217
69.191.249.221 - - [19/Jun/2024:14:14:40 +0800] "GET /pressrelease.php HTTP/1.0" 200 368765 "-" "BLP_bbot/0.1" 69.191.249.221
69.191.249.218 - - [19/Jun/2024:14:15:21 +0800] "GET /annual_interim.php HTTP/1.0" 200 29165 "-" "BLP_bbot/0.1" 69.191.249.218
